Build Information
Failed to build swift-app-attest, reference main (df27f3), with Swift 6.2 for Wasm on 21 Aug 2026 21:20:26 UTC.
Build Command
bash -c docker run --pull=always --rm -v "checkouts-54344844-0":/host -w "$PWD" -e JAVA_HOME="/root/.sdkman/candidates/java/current" -e SPI_BUILD="1" -e SPI_PROCESSING="1" registry.gitlab.com/saguaro1/spi-images:wasm-6.2-latest swift build --swift-sdk swift-6.2-RELEASE_wasm 2>&1Build Log
========================================
RunAll
========================================
Builder version: 5.0.2
Interrupt handler set up.
========================================
Checkout
========================================
Clone URL: https://github.com/tixster/swift-app-attest.git
Reference: main
Initialized empty Git repository in /host/spi-builder-workspace/.git/
hint: Using 'master' as the name for the initial branch. This default branch name
hint: is subject to change. To configure the initial branch name to use in all
hint: of your new repositories, which will suppress this warning, call:
hint:
hint: git config --global init.defaultBranch <name>
hint:
hint: Names commonly chosen instead of 'master' are 'main', 'trunk' and
hint: 'development'. The just-created branch can be renamed via this command:
hint:
hint: git branch -m <name>
From https://github.com/tixster/swift-app-attest
* branch main -> FETCH_HEAD
* [new branch] main -> origin/main
HEAD is now at df27f32 both nonce signature forms
Cloned https://github.com/tixster/swift-app-attest.git
Revision (git rev-parse @):
df27f3239687904c925c33466e9af44775ba9e47
SPI manifest file found: $PWD/.spi.yml
SUCCESS checkout https://github.com/tixster/swift-app-attest.git at main
========================================
Build
========================================
Selected platform: wasm
Swift version: 6.2
Building package at path: $PWD
https://github.com/tixster/swift-app-attest.git
Running build ...
bash -c docker run --pull=always --rm -v "checkouts-54344844-0":/host -w "$PWD" -e JAVA_HOME="/root/.sdkman/candidates/java/current" -e SPI_BUILD="1" -e SPI_PROCESSING="1" registry.gitlab.com/saguaro1/spi-images:wasm-6.2-latest swift build --swift-sdk swift-6.2-RELEASE_wasm 2>&1
wasm-6.2-latest: Pulling from saguaro1/spi-images
Digest: sha256:70428a4f4110aef5b17a27427e965f31cf3855e8cf1dfdc416ed61c780337965
Status: Image is up to date for registry.gitlab.com/saguaro1/spi-images:wasm-6.2-latest
Fetching https://github.com/apple/swift-asn1.git
Fetching https://github.com/swiftlang/swift-docc-plugin.git
Fetching https://github.com/apple/swift-certificates.git
Fetching https://github.com/apple/swift-crypto.git
[1/2345] Fetching swift-docc-plugin
[2/20670] Fetching swift-docc-plugin, swift-crypto
[3240/22609] Fetching swift-docc-plugin, swift-crypto, swift-asn1
[3485/30110] Fetching swift-docc-plugin, swift-crypto, swift-asn1, swift-certificates
Fetched https://github.com/apple/swift-asn1.git from cache (0.62s)
Fetched https://github.com/swiftlang/swift-docc-plugin.git from cache (0.62s)
[7384/25826] Fetching swift-crypto, swift-certificates
Fetched https://github.com/apple/swift-certificates.git from cache (1.20s)
Fetched https://github.com/apple/swift-crypto.git from cache (1.21s)
Computing version for https://github.com/swiftlang/swift-docc-plugin.git
Computed https://github.com/swiftlang/swift-docc-plugin.git at 1.5.0 (2.14s)
Fetching https://github.com/swiftlang/swift-docc-symbolkit
[1/3809] Fetching swift-docc-symbolkit
Fetched https://github.com/swiftlang/swift-docc-symbolkit from cache (0.62s)
Computing version for https://github.com/swiftlang/swift-docc-symbolkit
Computed https://github.com/swiftlang/swift-docc-symbolkit at 1.0.0 (0.82s)
Computing version for https://github.com/apple/swift-asn1.git
Computed https://github.com/apple/swift-asn1.git at 1.7.1 (0.88s)
Computing version for https://github.com/apple/swift-certificates.git
Computed https://github.com/apple/swift-certificates.git at 1.19.4 (0.21s)
Computing version for https://github.com/apple/swift-crypto.git
Computed https://github.com/apple/swift-crypto.git at 4.5.1 (0.47s)
Creating working copy for https://github.com/apple/swift-asn1.git
Working copy of https://github.com/apple/swift-asn1.git resolved at 1.7.1
Creating working copy for https://github.com/apple/swift-crypto.git
Working copy of https://github.com/apple/swift-crypto.git resolved at 4.5.1
Creating working copy for https://github.com/apple/swift-certificates.git
Working copy of https://github.com/apple/swift-certificates.git resolved at 1.19.4
Creating working copy for https://github.com/swiftlang/swift-docc-symbolkit
Working copy of https://github.com/swiftlang/swift-docc-symbolkit resolved at 1.0.0
Creating working copy for https://github.com/swiftlang/swift-docc-plugin.git
Working copy of https://github.com/swiftlang/swift-docc-plugin.git resolved at 1.5.0
[1/1] Compiling plugin Swift-DocC Preview
[2/2] Compiling plugin Swift-DocC
Building for debugging...
[2/385] Write sources
[12/385] Compiling vpaes-armv8-linux.S
[13/385] Compiling SimpleFIPS202.c
[14/385] Compiling CXKCPShims shims.c
[15/385] Compiling vpaes-armv8-apple.S
[16/385] Compiling vpaes-armv7-linux.S
[17/385] Compiling aes-gcm-avx512-x86_64-linux.S
[18/385] Compiling aes-gcm-avx512-x86_64-apple.S
[19/385] Compiling KeccakHash.c
[20/385] Compiling KeccakSponge.c
[21/385] Compiling fiat_p256_adx_sqr.S
[22/385] Write swift-version-24593BA9C3E375BF.txt
[23/385] Compiling fiat_p256_adx_mul.S
[24/385] Compiling fiat_curve25519_adx_square.S
[25/385] Compiling fiat_curve25519_adx_mul.S
[26/385] Compiling md5-x86_64-linux.S
[27/385] Compiling md5-x86_64-apple.S
[28/385] Compiling md5-586-linux.S
[29/408] Compiling md5-586-apple.S
[30/408] Compiling chacha20_poly1305_x86_64-linux.S
[31/408] Compiling chacha20_poly1305_x86_64-apple.S
[32/408] Compiling chacha20_poly1305_armv8-win.S
[33/408] Compiling CCryptoBoringSSLShims shims.c
[34/408] Compiling chacha20_poly1305_armv8-linux.S
[35/408] Compiling chacha20_poly1305_armv8-apple.S
[36/408] Compiling chacha-x86_64-linux.S
[37/408] Compiling chacha-x86_64-apple.S
[38/408] Compiling chacha-x86-linux.S
[39/408] Compiling chacha-x86-apple.S
[40/408] Compiling chacha-armv8-win.S
[41/408] Compiling rand.cc
[42/408] Compiling chacha-armv8-linux.S
[43/408] Compiling chacha-armv8-apple.S
[44/408] Compiling aes128gcmsiv-x86_64-linux.S
[45/408] Compiling chacha-armv4-linux.S
[46/408] Compiling aes128gcmsiv-x86_64-apple.S
[47/408] Compiling x86_64-mont5-linux.S
[48/408] Compiling x86_64-mont5-apple.S
[49/408] Compiling x86_64-mont-linux.S
[50/408] Compiling x86_64-mont-apple.S
[51/408] Compiling x86-mont-linux.S
[52/408] Compiling x86-mont-apple.S
[53/408] Compiling vpaes-x86_64-linux.S
[54/408] Compiling vpaes-x86_64-apple.S
[55/408] Compiling vpaes-x86-linux.S
[56/408] Compiling vpaes-armv8-win.S
[56/408] Compiling vpaes-x86-apple.S
[58/408] Compiling sha512-x86_64-linux.S
[59/408] Compiling sha512-armv8-win.S
[60/408] Compiling sha512-x86_64-apple.S
[61/408] Compiling err_data.cc
[62/408] Compiling sha512-armv8-linux.S
[63/408] Compiling sha512-armv4-linux.S
[64/408] Compiling sha512-586-linux.S
[65/408] Compiling sha512-armv8-apple.S
[66/408] Compiling sha512-586-apple.S
[67/408] Compiling sha256-armv8-linux.S
[68/408] Compiling sha256-x86_64-linux.S
[68/408] Compiling sha256-x86_64-apple.S
[70/408] Compiling sha256-armv8-win.S
[71/408] Compiling sha256-armv8-apple.S
[72/408] Compiling sha256-armv4-linux.S
[73/408] Compiling sha256-586-apple.S
[74/408] Compiling sha256-586-linux.S
[75/408] Compiling sha1-x86_64-linux.S
[76/408] Compiling sha1-armv8-win.S
[77/408] Compiling sha1-x86_64-apple.S
[78/408] Compiling sha1-armv8-linux.S
[79/408] Compiling sha1-armv8-apple.S
[80/408] Compiling sha1-586-apple.S
[81/408] Compiling sha1-armv4-large-linux.S
[82/408] Compiling rsaz-avx2-linux.S
[83/408] Compiling sha1-586-linux.S
[84/408] Compiling rdrand-x86_64-linux.S
[85/408] Compiling rsaz-avx2-apple.S
[86/408] Compiling p256_beeu-x86_64-asm-linux.S
[87/408] Compiling rdrand-x86_64-apple.S
[88/408] Compiling p256_beeu-x86_64-asm-apple.S
[89/408] Compiling p256_beeu-armv8-asm-linux.S
[90/408] Compiling p256_beeu-armv8-asm-win.S
[91/408] Compiling p256_beeu-armv8-asm-apple.S
[92/408] Compiling p256-x86_64-asm-linux.S
[93/408] Compiling p256-armv8-asm-win.S
[94/408] Compiling p256-armv8-asm-linux.S
[95/408] Compiling p256-x86_64-asm-apple.S
[96/408] Compiling ghashv8-armv8-win.S
[97/408] Compiling p256-armv8-asm-apple.S
[98/408] Compiling ghashv8-armv8-linux.S
[99/408] Compiling ghashv8-armv8-apple.S
[100/408] Compiling ghashv8-armv7-linux.S
[101/408] Compiling ghash-x86_64-linux.S
[102/408] Compiling ghash-x86_64-apple.S
[103/408] Compiling ghash-x86-linux.S
[104/408] Compiling ghash-x86-apple.S
[105/408] Compiling ghash-ssse3-x86_64-linux.S
[106/408] Compiling ghash-ssse3-x86_64-apple.S
[107/408] Compiling ghash-ssse3-x86-linux.S
[108/408] Compiling ghash-ssse3-x86-apple.S
[109/408] Compiling ghash-neon-armv8-win.S
[110/408] Compiling ghash-neon-armv8-linux.S
[111/408] Compiling ghash-neon-armv8-apple.S
[112/408] Compiling co-586-apple.S
[113/408] Compiling ghash-armv4-linux.S
[114/408] Compiling co-586-linux.S
[115/408] Compiling bsaes-armv7-linux.S
[116/408] Compiling bn-armv8-linux.S
[117/408] Compiling bn-armv8-win.S
[118/408] Compiling bn-armv8-apple.S
[119/408] Compiling bn-586-linux.S
[120/408] Compiling bn-586-apple.S
[121/408] Compiling armv8-mont-apple.S
[122/408] Compiling armv8-mont-linux.S
[123/408] Compiling armv8-mont-win.S
[124/408] Compiling armv4-mont-linux.S
[125/408] Compiling aesv8-gcm-armv8-win.S
[126/408] Compiling aesv8-gcm-armv8-linux.S
[127/408] Compiling aesv8-gcm-armv8-apple.S
[128/408] Compiling aesv8-armv8-win.S
[129/408] Compiling aesv8-armv8-apple.S
[130/408] Compiling aesv8-armv8-linux.S
[131/408] Compiling aesv8-armv7-linux.S
[132/408] Compiling aesni-x86_64-linux.S
[133/408] Compiling aesni-x86_64-apple.S
[134/408] Compiling aesni-x86-linux.S
[135/408] Compiling aesni-x86-apple.S
[136/408] Compiling aesni-gcm-x86_64-linux.S
[136/408] Compiling aesni-gcm-x86_64-apple.S
[138/408] Compiling aes-gcm-avx2-x86_64-linux.S
[139/408] Compiling aes-gcm-avx2-x86_64-apple.S
[140/408] Compiling xwing.cc
[141/408] Compiling x_x509a.cc
[142/408] Compiling x_spki.cc
[143/408] Compiling x_x509.cc
[144/408] Compiling x_sig.cc
[145/408] Compiling x_pubkey.cc
[146/408] Compiling x_req.cc
[147/408] Compiling x_name.cc
[149/408] Compiling _CertificateInternals _TinyArray.swift
[150/408] Emitting module _CertificateInternals
[150/409] Compiling x_crl.cc
[152/409] Compiling SwiftASN1 ASN1Integer.swift
[153/409] Compiling SwiftASN1 ASN1Null.swift
[154/409] Compiling SwiftASN1 ASN1.swift
[155/409] Compiling SwiftASN1 BER.swift
[156/409] Compiling SwiftASN1 ASN1Any.swift
[157/409] Emitting module SwiftASN1
[158/411] Compiling x_exten.cc
[159/411] Compiling x_attrib.cc
[161/411] Compiling SwiftASN1 TimeUtilities.swift
[162/411] Compiling SwiftASN1 UTCTime.swift
[162/411] Compiling x_all.cc
[163/411] Compiling KeccakP-1600-opt64.c
[165/411] Compiling SwiftASN1 ArraySliceBigint.swift
[166/411] Compiling SwiftASN1 GeneralizedTime.swift
[167/411] Compiling SwiftASN1 ObjectIdentifier.swift
[168/411] Compiling SwiftASN1 PEMDocument.swift
[169/411] Compiling SwiftASN1 ASN1OctetString.swift
[170/411] Compiling SwiftASN1 ASN1Strings.swift
[171/411] Compiling SwiftASN1 ASN1BitString.swift
[172/411] Compiling SwiftASN1 ASN1Boolean.swift
[173/411] Compiling SwiftASN1 ASN1Identifier.swift
[174/411] Compiling SwiftASN1 DER.swift
[175/411] Compiling SwiftASN1 Errors.swift
[175/412] Compiling x_algor.cc
[178/412] Emitting module AppAttestCore
[179/412] Compiling AppAttestCore TransportDTO.swift
[180/412] Compiling AppAttestCore AppAttestEnvironment.swift
[181/412] Compiling AppAttestCore AppAttestKeyID.swift
[181/413] Compiling x509rset.cc
[183/413] Compiling x509spki.cc
[184/413] Compiling x509name.cc
[186/417] Emitting module AppAttestClient
[187/417] Compiling AppAttestClient AppAttestClientError.swift
[188/417] Compiling AppAttestClient AppAttestService.swift
[189/417] Compiling AppAttestClient Exports.swift
[190/418] Compiling x509cset.cc
[191/418] Compiling x509_vpm.cc
[192/418] Compiling x509_txt.cc
[193/418] Compiling x509_vfy.cc
[194/418] Compiling x509_v3.cc
[195/418] Compiling x509_trs.cc
[196/418] Compiling x509_set.cc
[197/418] Compiling x509_req.cc
[198/418] Compiling x509_obj.cc
[199/418] Compiling x509_lu.cc
[200/418] Compiling x509_ext.cc
[201/418] Compiling x509_def.cc
[202/418] Compiling x509_d2.cc
[203/418] Compiling x509_att.cc
[204/418] Compiling x509_cmp.cc
[205/418] Compiling x509.cc
[206/418] Compiling v3_utl.cc
[207/418] Compiling v3_skey.cc
[208/418] Compiling v3_pmaps.cc
[209/418] Compiling v3_purp.cc
[210/418] Compiling v3_prn.cc
[211/418] Compiling v3_ocsp.cc
[212/418] Compiling v3_pcons.cc
[213/418] Compiling v3_ncons.cc
[214/418] Compiling v3_int.cc
[215/418] Compiling v3_lib.cc
[216/418] Compiling v3_info.cc
[217/418] Compiling v3_ia5.cc
[218/418] Compiling v3_genn.cc
[218/418] Compiling v3_extku.cc
[220/418] Compiling v3_enum.cc
[221/418] Compiling v3_crld.cc
[222/418] Compiling v3_cpols.cc
[223/418] Compiling v3_conf.cc
[224/418] Compiling v3_bitst.cc
[225/418] Compiling v3_bcons.cc
[226/418] Compiling v3_akeya.cc
[227/418] Compiling v3_alt.cc
[228/418] Compiling v3_akey.cc
[229/418] Compiling t_x509a.cc
[230/418] Compiling t_x509.cc
[231/418] Compiling t_req.cc
[232/418] Compiling t_crl.cc
[233/418] Compiling i2d_pr.cc
[234/418] Compiling name_print.cc
[235/418] Compiling policy.cc
[236/418] Compiling rsa_pss.cc
[237/418] Compiling by_file.cc
[238/418] Compiling a_verify.cc
[239/418] Compiling by_dir.cc
[240/418] Compiling voprf.cc
[241/418] Compiling asn1_gen.cc
[242/418] Compiling algorithm.cc
[243/418] Compiling a_sign.cc
[244/418] Compiling a_digest.cc
[245/418] Compiling thread_win.cc
[246/418] Compiling thread_pthread.cc
[247/418] Compiling trust_token.cc
[248/418] Compiling pmbtoken.cc
[249/418] Compiling thread.cc
[250/418] Compiling thread_none.cc
[251/418] Compiling stack.cc
[252/418] Compiling siphash.cc
[253/418] Compiling spake2plus.cc
[254/418] Compiling sha512.cc
[255/418] Compiling slhdsa.cc
[256/418] Compiling sha1.cc
[257/418] Compiling sha256.cc
[258/418] Compiling rsa_print.cc
[259/418] Compiling rsa_extra.cc
[260/418] Compiling rc4.cc
[261/418] Compiling refcount.cc
[262/418] Compiling rsa_crypt.cc
[263/418] Compiling windows.cc
[264/418] Compiling urandom.cc
[265/418] Compiling trusty.cc
[266/418] Compiling passive.cc
[267/418] Compiling rsa_asn1.cc
[268/418] Compiling poly1305_arm_asm.S
[269/418] Compiling ios.cc
[270/418] Compiling getentropy.cc
[271/418] Compiling fork_detect.cc
[272/418] Compiling forkunsafe.cc
[273/418] Compiling deterministic.cc
[274/418] Compiling poly1305_vec.cc
[275/418] Compiling poly1305_arm.cc
[276/418] Compiling poly1305.cc
[277/418] Compiling pool.cc
[278/418] Compiling pkcs8.cc
[279/418] Compiling pkcs7.cc
[280/418] Compiling p5_pbev2.cc
[281/418] Compiling pkcs7_x509.cc
[282/418] Compiling pkcs8_x509.cc
[283/418] Compiling pem_xaux.cc
[284/418] Compiling pem_pkey.cc
[285/418] Compiling pem_x509.cc
[286/418] Compiling pem_pk8.cc
[287/418] Compiling mlkem.cc
[288/418] Compiling obj_xref.cc
[289/418] Compiling pem_oth.cc
[290/418] Compiling pem_info.cc
[291/418] Compiling pem_all.cc
[292/418] Compiling pem_lib.cc
[293/418] Compiling obj.cc
[294/418] Compiling poly_rq_mul.S
[295/418] Compiling mldsa.cc
[296/418] Compiling mem.cc
[297/418] Compiling fips_shared_support.cc
[298/418] Compiling lhash.cc
[299/418] Compiling hrss.cc
[300/418] Compiling md5.cc
[301/418] Compiling md4.cc
[302/418] Compiling fuzzer_mode.cc
[303/418] Compiling kyber.cc
[304/418] Compiling hpke.cc
[305/418] Compiling ex_data.cc
[306/418] Compiling scrypt.cc
[307/418] Compiling pbkdf.cc
[308/418] Compiling print.cc
[309/418] Compiling sign.cc
[310/418] Compiling p_x25519_asn1.cc
[311/418] Compiling p_x25519.cc
[312/418] Compiling p_rsa_asn1.cc
[313/418] Compiling p_hkdf.cc
[314/418] Compiling p_rsa.cc
[315/418] Compiling p_ed25519_asn1.cc
[316/418] Compiling p_ed25519.cc
[317/418] Compiling p_ec_asn1.cc
[318/418] Compiling p_ec.cc
[319/418] Compiling p_dsa_asn1.cc
[320/418] Compiling p_dh_asn1.cc
[321/418] Compiling p_dh.cc
[322/418] Compiling evp_ctx.cc
[323/418] Compiling err.cc
[324/418] Compiling engine.cc
[325/418] Compiling ecdsa_p1363.cc
[326/418] Compiling evp_asn1.cc
[327/418] Compiling evp.cc
[328/418] Compiling ecdh.cc
[329/418] Compiling ecdsa_asn1.cc
[330/418] Compiling ec_derive.cc
[331/418] Compiling hash_to_curve.cc
[332/418] Compiling bcm.cc
[333/418] Compiling dsa.cc
[334/418] Compiling dsa_asn1.cc
[335/418] Compiling ec_asn1.cc
[336/418] Compiling x25519-asm-arm.S
[337/418] Compiling digest_extra.cc
[338/418] Compiling params.cc
[339/418] Compiling des.cc
[340/418] Compiling dh_asn1.cc
[341/418] Compiling curve25519_64_adx.cc
[342/418] Compiling spake25519.cc
[343/418] Compiling crypto.cc
[344/418] Compiling cpu_intel.cc
[345/418] Compiling curve25519.cc
[346/418] Compiling cpu_aarch64_sysreg.cc
[347/418] Compiling cpu_arm_freebsd.cc
[348/418] Compiling cpu_arm_linux.cc
[349/418] Compiling cpu_aarch64_openbsd.cc
[350/418] Compiling cpu_aarch64_linux.cc
[351/418] Compiling cpu_aarch64_fuchsia.cc
[352/418] Compiling cpu_aarch64_win.cc
[353/418] Compiling cpu_aarch64_apple.cc
[354/418] Compiling conf.cc
[355/418] Compiling tls_cbc.cc
[356/418] Compiling e_rc2.cc
[357/418] Compiling get_cipher.cc
[358/418] Compiling cms.cc
[359/418] Compiling e_tls.cc
[360/418] Compiling e_rc4.cc
[361/418] Compiling e_null.cc
[362/418] Compiling e_des.cc
[363/418] Compiling e_chacha20poly1305.cc
[364/418] Compiling e_aesgcmsiv.cc
[365/418] Compiling e_aeseax.cc
[366/418] Compiling derive_key.cc
[367/418] Compiling chacha.cc
[368/418] Compiling e_aesctrhmac.cc
[369/418] Compiling unicode.cc
[370/418] Compiling cbs.cc
[371/418] Compiling sqrt.cc
[372/418] Compiling buf.cc
[373/418] Compiling cbb.cc
[374/418] Compiling asn1_compat.cc
[375/418] Compiling exponentiation.cc
[376/418] Compiling div.cc
[377/418] Compiling ber.cc
[378/418] Compiling blake2.cc
[379/418] Compiling convert.cc
[380/418] Compiling bn_asn1.cc
[381/418] Compiling printf.cc
[382/418] Compiling pair.cc
[383/418] Compiling hexdump.cc
[384/418] Compiling file.cc
[385/418] Compiling fd.cc
[386/418] Compiling errno.cc
[387/418] Compiling bio_mem.cc
[388/418] Compiling base64.cc
[389/418] Compiling bio.cc
[390/418] Compiling tasn_fre.cc
[391/418] Compiling tasn_typ.cc
[392/418] Compiling tasn_utl.cc
[393/418] Compiling tasn_new.cc
[394/418] Compiling tasn_enc.cc
[395/418] Compiling posix_time.cc
[396/418] Compiling f_int.cc
[397/418] Compiling f_string.cc
[398/418] Compiling asn_pack.cc
[399/418] Compiling tasn_dec.cc
[400/418] Compiling asn1_par.cc
[401/418] Compiling asn1_lib.cc
[402/418] Compiling a_utctm.cc
[403/418] Compiling a_type.cc
[404/418] Compiling a_time.cc
[405/418] Compiling a_strnid.cc
[406/418] Compiling a_octet.cc
[407/418] Compiling a_mbstr.cc
[408/418] Compiling a_strex.cc
[409/418] Compiling a_object.cc
[410/418] Compiling a_i2d_fp.cc
[411/418] Compiling a_dup.cc
[412/418] Compiling a_int.cc
[413/418] Compiling a_bool.cc
[414/418] Compiling a_d2i_fp.cc
[415/418] Compiling a_gentm.cc
[416/418] Compiling aes.cc
[416/418] Compiling a_bitstr.cc
[419/426] Compiling CryptoBoringWrapper RandomBytes.swift
[420/426] Compiling CryptoBoringWrapper FiniteFieldArithmeticContext.swift
[421/426] Compiling CryptoBoringWrapper ArbitraryPrecisionInteger.swift
[422/426] Compiling CryptoBoringWrapper CryptoKitErrors_boring.swift
[423/426] Compiling CryptoBoringWrapper EllipticCurve.swift
[424/426] Compiling CryptoBoringWrapper EllipticCurvePoint.swift
[425/426] Compiling CryptoBoringWrapper BoringSSLAEAD.swift
[426/426] Emitting module CryptoBoringWrapper
[428/511] Emitting module Crypto
[429/522] Compiling Crypto AES-GCM.swift
[430/522] Compiling Crypto AES-GCM_boring.swift
[431/522] Compiling Crypto ChaChaPoly_boring.swift
[432/522] Compiling Crypto ChaChaPoly.swift
[433/522] Compiling Crypto Cipher.swift
[434/522] Compiling Crypto Nonces.swift
[435/522] Compiling Crypto ASN1.swift
[436/522] Compiling Crypto ASN1Any.swift
[437/522] Compiling Crypto ASN1BitString.swift
[438/522] Compiling Crypto ASN1Boolean.swift
[439/522] Compiling Crypto ASN1Identifier.swift
[440/522] Compiling Crypto ASN1Integer.swift
[441/522] Compiling Crypto Signature.swift
[442/522] Compiling Crypto CryptoKitErrors_boring.swift
[443/522] Compiling Crypto Optional+withUnsafeBytes_boring.swift
[444/522] Compiling Crypto RNG_boring.swift
[445/522] Compiling Crypto SafeCompare_boring.swift
[446/522] Compiling Crypto Zeroization_boring.swift
[447/522] Compiling Crypto _CryptoModuleAnchor.swift
[448/522] Compiling Crypto PrettyBytes.swift
[449/522] Compiling Crypto SafeCompare.swift
[450/522] Compiling Crypto SecureBytes.swift
[451/522] Compiling Crypto Zeroization.swift
[452/522] Compiling Crypto ASN1Null.swift
[453/522] Compiling Crypto ASN1OctetString.swift
[454/522] Compiling Crypto ASN1Strings.swift
[455/522] Compiling Crypto ArraySliceBigint.swift
[456/522] Compiling Crypto GeneralizedTime.swift
[457/522] Compiling Crypto ObjectIdentifier.swift
[458/522] Compiling Crypto ECDSASignature.swift
[459/522] Compiling Crypto PEMDocument.swift
[460/522] Compiling Crypto PKCS8PrivateKey.swift
[461/522] Compiling Crypto SEC1PrivateKey.swift
[462/522] Compiling Crypto SubjectPublicKeyInfo.swift
[463/522] Compiling Crypto CryptoError_boring.swift
[464/522] Compiling Crypto Insecure_HashFunctions.swift
[465/522] Compiling Crypto MLKEM_boring.swift
[466/522] Compiling Crypto MLKEM_wrapper.swift
[467/522] Compiling Crypto XWing_boring.swift
[468/522] Compiling Crypto KEM-Errors.swift
[469/522] Compiling Crypto KEM.swift
[470/522] Compiling Crypto MLKEM.swift
[471/522] Compiling Crypto XWing.swift
[472/522] Compiling Crypto ECDH_boring.swift
[473/522] Compiling Crypto DH.swift
[474/522] Compiling Crypto ECDH.swift
[475/522] Compiling Crypto ANSIx963.swift
[476/522] Compiling Crypto HKDF.swift
[477/522] Compiling Crypto AESWrap.swift
[478/522] Compiling Crypto AESWrap_boring.swift
[479/522] Compiling Crypto Ed25519_boring.swift
[480/522] Compiling Crypto NISTCurvesKeys_boring.swift
[481/522] Compiling Crypto X25519Keys_boring.swift
[482/522] Compiling Crypto Curve25519.swift
[483/522] Compiling Crypto Ed25519Keys.swift
[484/522] Compiling Crypto NISTCurvesKeys.swift
[485/522] Compiling Crypto X25519Keys.swift
[486/522] Compiling Crypto SymmetricKeys.swift
[487/522] Compiling Crypto HMAC.swift
[488/522] Compiling Crypto HPKE-LabeledExtract.swift
[489/522] Compiling Crypto HPKE-Utils.swift
[490/522] Compiling Crypto DHKEM.swift
[491/522] Compiling Crypto HPKE-KEM-Curve25519.swift
[492/522] Compiling Crypto HPKE-NIST-EC-KEMs.swift
[493/522] Compiling Crypto HPKE-KEM.swift
[494/522] Compiling Crypto HPKE-Errors.swift
[495/522] Compiling Crypto HPKE.swift
[496/522] Compiling Crypto HPKE-Context.swift
[497/522] Compiling Crypto HPKE-KeySchedule.swift
[498/522] Compiling Crypto HPKE-Modes.swift
[499/522] Compiling Crypto Insecure.swift
[500/522] Compiling Crypto MACFunctions.swift
[501/522] Compiling Crypto MessageAuthenticationCode.swift
[502/522] Compiling Crypto AES.swift
[503/522] Compiling Crypto ECDSASignature_boring.swift
[504/522] Compiling Crypto ECDSA_boring.swift
[505/522] Compiling Crypto EdDSA_boring.swift
[506/522] Compiling Crypto MLDSA_boring.swift
[507/522] Compiling Crypto MLDSA_wrapper.swift
[508/522] Compiling Crypto ECDSA.swift
[509/522] Compiling Crypto Ed25519.swift
[510/522] Compiling Crypto MLDSA.swift
[511/522] Compiling Crypto CryptoKitErrors.swift
[512/522] Compiling Crypto Digest_boring.swift
[513/522] Compiling Crypto Digest.swift
[514/522] Compiling Crypto Digests.swift
[515/522] Compiling Crypto HashFunctions.swift
[516/522] Compiling Crypto HashFunctions_SHA2.swift
[517/522] Compiling Crypto HashFunctions_SHA3.swift
[518/522] Compiling Crypto Digest_xkcp.swift
[519/522] Compiling Crypto HPKE-AEAD.swift
[520/522] Compiling Crypto HPKE-Ciphersuite.swift
[521/522] Compiling Crypto HPKE-KDF.swift
[522/522] Compiling Crypto HPKE-KexKeyDerivation.swift
error: emit-module command failed with exit code 1 (use -v to see invocation)
[524/585] Emitting module CryptoExtras
/host/spi-builder-workspace/.build/checkouts/swift-crypto/Sources/CryptoExtras/Util/ThreadSpecific/ThreadSpecific.swift:33:36: error: cannot find type 'ThreadOpsSystem' in scope
31 |
32 | private class Key {
33 | private var underlyingKey: ThreadOpsSystem.ThreadSpecificKey
| `- error: cannot find type 'ThreadOpsSystem' in scope
34 |
35 | internal init(destructor: @escaping ThreadOpsSystem.ThreadSpecificKeyDestructor) {
/host/spi-builder-workspace/.build/checkouts/swift-crypto/Sources/CryptoExtras/Util/ThreadSpecific/ThreadSpecific.swift:35:45: error: cannot find type 'ThreadOpsSystem' in scope
33 | private var underlyingKey: ThreadOpsSystem.ThreadSpecificKey
34 |
35 | internal init(destructor: @escaping ThreadOpsSystem.ThreadSpecificKeyDestructor) {
| `- error: cannot find type 'ThreadOpsSystem' in scope
36 | self.underlyingKey = ThreadOpsSystem.allocateThreadSpecificValue(destructor: destructor)
37 | }
/host/spi-builder-workspace/.build/checkouts/swift-crypto/Sources/CryptoExtras/Util/ThreadSpecific/ThreadSpecific.swift:35:35: error: @escaping attribute only applies to function types
33 | private var underlyingKey: ThreadOpsSystem.ThreadSpecificKey
34 |
35 | internal init(destructor: @escaping ThreadOpsSystem.ThreadSpecificKeyDestructor) {
| `- error: @escaping attribute only applies to function types
36 | self.underlyingKey = ThreadOpsSystem.allocateThreadSpecificValue(destructor: destructor)
37 | }
[525/593] Compiling CryptoExtras ThreadOps.swift
/host/spi-builder-workspace/.build/checkouts/swift-crypto/Sources/CryptoExtras/Util/ThreadSpecific/ThreadSpecific.swift:33:36: error: cannot find type 'ThreadOpsSystem' in scope
31 |
32 | private class Key {
33 | private var underlyingKey: ThreadOpsSystem.ThreadSpecificKey
| `- error: cannot find type 'ThreadOpsSystem' in scope
34 |
35 | internal init(destructor: @escaping ThreadOpsSystem.ThreadSpecificKeyDestructor) {
/host/spi-builder-workspace/.build/checkouts/swift-crypto/Sources/CryptoExtras/Util/ThreadSpecific/ThreadSpecific.swift:35:45: error: cannot find type 'ThreadOpsSystem' in scope
33 | private var underlyingKey: ThreadOpsSystem.ThreadSpecificKey
34 |
35 | internal init(destructor: @escaping ThreadOpsSystem.ThreadSpecificKeyDestructor) {
| `- error: cannot find type 'ThreadOpsSystem' in scope
36 | self.underlyingKey = ThreadOpsSystem.allocateThreadSpecificValue(destructor: destructor)
37 | }
/host/spi-builder-workspace/.build/checkouts/swift-crypto/Sources/CryptoExtras/Util/ThreadSpecific/ThreadSpecific.swift:35:35: error: @escaping attribute only applies to function types
33 | private var underlyingKey: ThreadOpsSystem.ThreadSpecificKey
34 |
35 | internal init(destructor: @escaping ThreadOpsSystem.ThreadSpecificKeyDestructor) {
| `- error: @escaping attribute only applies to function types
36 | self.underlyingKey = ThreadOpsSystem.allocateThreadSpecificValue(destructor: destructor)
37 | }
/host/spi-builder-workspace/.build/checkouts/swift-crypto/Sources/CryptoExtras/Util/ThreadSpecific/ThreadSpecific.swift:36:34: error: cannot find 'ThreadOpsSystem' in scope
34 |
35 | internal init(destructor: @escaping ThreadOpsSystem.ThreadSpecificKeyDestructor) {
36 | self.underlyingKey = ThreadOpsSystem.allocateThreadSpecificValue(destructor: destructor)
| `- error: cannot find 'ThreadOpsSystem' in scope
37 | }
38 |
/host/spi-builder-workspace/.build/checkouts/swift-crypto/Sources/CryptoExtras/Util/ThreadSpecific/ThreadSpecific.swift:40:13: error: cannot find 'ThreadOpsSystem' in scope
38 |
39 | deinit {
40 | ThreadOpsSystem.deallocateThreadSpecificValue(self.underlyingKey)
| `- error: cannot find 'ThreadOpsSystem' in scope
41 | }
42 |
/host/spi-builder-workspace/.build/checkouts/swift-crypto/Sources/CryptoExtras/Util/ThreadSpecific/ThreadSpecific.swift:44:13: error: cannot find 'ThreadOpsSystem' in scope
42 |
43 | func get() -> UnsafeMutableRawPointer? {
44 | ThreadOpsSystem.getThreadSpecificValue(self.underlyingKey)
| `- error: cannot find 'ThreadOpsSystem' in scope
45 | }
46 |
/host/spi-builder-workspace/.build/checkouts/swift-crypto/Sources/CryptoExtras/Util/ThreadSpecific/ThreadSpecific.swift:48:13: error: cannot find 'ThreadOpsSystem' in scope
46 |
47 | func set(value: UnsafeMutableRawPointer?) {
48 | ThreadOpsSystem.setThreadSpecificValue(key: self.underlyingKey, value: value)
| `- error: cannot find 'ThreadOpsSystem' in scope
49 | }
50 | }
[526/593] Compiling CryptoExtras ThreadPosix.swift
/host/spi-builder-workspace/.build/checkouts/swift-crypto/Sources/CryptoExtras/Util/ThreadSpecific/ThreadSpecific.swift:33:36: error: cannot find type 'ThreadOpsSystem' in scope
31 |
32 | private class Key {
33 | private var underlyingKey: ThreadOpsSystem.ThreadSpecificKey
| `- error: cannot find type 'ThreadOpsSystem' in scope
34 |
35 | internal init(destructor: @escaping ThreadOpsSystem.ThreadSpecificKeyDestructor) {
/host/spi-builder-workspace/.build/checkouts/swift-crypto/Sources/CryptoExtras/Util/ThreadSpecific/ThreadSpecific.swift:35:45: error: cannot find type 'ThreadOpsSystem' in scope
33 | private var underlyingKey: ThreadOpsSystem.ThreadSpecificKey
34 |
35 | internal init(destructor: @escaping ThreadOpsSystem.ThreadSpecificKeyDestructor) {
| `- error: cannot find type 'ThreadOpsSystem' in scope
36 | self.underlyingKey = ThreadOpsSystem.allocateThreadSpecificValue(destructor: destructor)
37 | }
/host/spi-builder-workspace/.build/checkouts/swift-crypto/Sources/CryptoExtras/Util/ThreadSpecific/ThreadSpecific.swift:35:35: error: @escaping attribute only applies to function types
33 | private var underlyingKey: ThreadOpsSystem.ThreadSpecificKey
34 |
35 | internal init(destructor: @escaping ThreadOpsSystem.ThreadSpecificKeyDestructor) {
| `- error: @escaping attribute only applies to function types
36 | self.underlyingKey = ThreadOpsSystem.allocateThreadSpecificValue(destructor: destructor)
37 | }
/host/spi-builder-workspace/.build/checkouts/swift-crypto/Sources/CryptoExtras/Util/ThreadSpecific/ThreadSpecific.swift:36:34: error: cannot find 'ThreadOpsSystem' in scope
34 |
35 | internal init(destructor: @escaping ThreadOpsSystem.ThreadSpecificKeyDestructor) {
36 | self.underlyingKey = ThreadOpsSystem.allocateThreadSpecificValue(destructor: destructor)
| `- error: cannot find 'ThreadOpsSystem' in scope
37 | }
38 |
/host/spi-builder-workspace/.build/checkouts/swift-crypto/Sources/CryptoExtras/Util/ThreadSpecific/ThreadSpecific.swift:40:13: error: cannot find 'ThreadOpsSystem' in scope
38 |
39 | deinit {
40 | ThreadOpsSystem.deallocateThreadSpecificValue(self.underlyingKey)
| `- error: cannot find 'ThreadOpsSystem' in scope
41 | }
42 |
/host/spi-builder-workspace/.build/checkouts/swift-crypto/Sources/CryptoExtras/Util/ThreadSpecific/ThreadSpecific.swift:44:13: error: cannot find 'ThreadOpsSystem' in scope
42 |
43 | func get() -> UnsafeMutableRawPointer? {
44 | ThreadOpsSystem.getThreadSpecificValue(self.underlyingKey)
| `- error: cannot find 'ThreadOpsSystem' in scope
45 | }
46 |
/host/spi-builder-workspace/.build/checkouts/swift-crypto/Sources/CryptoExtras/Util/ThreadSpecific/ThreadSpecific.swift:48:13: error: cannot find 'ThreadOpsSystem' in scope
46 |
47 | func set(value: UnsafeMutableRawPointer?) {
48 | ThreadOpsSystem.setThreadSpecificValue(key: self.underlyingKey, value: value)
| `- error: cannot find 'ThreadOpsSystem' in scope
49 | }
50 | }
[527/593] Compiling CryptoExtras ThreadSpecific.swift
/host/spi-builder-workspace/.build/checkouts/swift-crypto/Sources/CryptoExtras/Util/ThreadSpecific/ThreadSpecific.swift:33:36: error: cannot find type 'ThreadOpsSystem' in scope
31 |
32 | private class Key {
33 | private var underlyingKey: ThreadOpsSystem.ThreadSpecificKey
| `- error: cannot find type 'ThreadOpsSystem' in scope
34 |
35 | internal init(destructor: @escaping ThreadOpsSystem.ThreadSpecificKeyDestructor) {
/host/spi-builder-workspace/.build/checkouts/swift-crypto/Sources/CryptoExtras/Util/ThreadSpecific/ThreadSpecific.swift:35:45: error: cannot find type 'ThreadOpsSystem' in scope
33 | private var underlyingKey: ThreadOpsSystem.ThreadSpecificKey
34 |
35 | internal init(destructor: @escaping ThreadOpsSystem.ThreadSpecificKeyDestructor) {
| `- error: cannot find type 'ThreadOpsSystem' in scope
36 | self.underlyingKey = ThreadOpsSystem.allocateThreadSpecificValue(destructor: destructor)
37 | }
/host/spi-builder-workspace/.build/checkouts/swift-crypto/Sources/CryptoExtras/Util/ThreadSpecific/ThreadSpecific.swift:35:35: error: @escaping attribute only applies to function types
33 | private var underlyingKey: ThreadOpsSystem.ThreadSpecificKey
34 |
35 | internal init(destructor: @escaping ThreadOpsSystem.ThreadSpecificKeyDestructor) {
| `- error: @escaping attribute only applies to function types
36 | self.underlyingKey = ThreadOpsSystem.allocateThreadSpecificValue(destructor: destructor)
37 | }
/host/spi-builder-workspace/.build/checkouts/swift-crypto/Sources/CryptoExtras/Util/ThreadSpecific/ThreadSpecific.swift:36:34: error: cannot find 'ThreadOpsSystem' in scope
34 |
35 | internal init(destructor: @escaping ThreadOpsSystem.ThreadSpecificKeyDestructor) {
36 | self.underlyingKey = ThreadOpsSystem.allocateThreadSpecificValue(destructor: destructor)
| `- error: cannot find 'ThreadOpsSystem' in scope
37 | }
38 |
/host/spi-builder-workspace/.build/checkouts/swift-crypto/Sources/CryptoExtras/Util/ThreadSpecific/ThreadSpecific.swift:40:13: error: cannot find 'ThreadOpsSystem' in scope
38 |
39 | deinit {
40 | ThreadOpsSystem.deallocateThreadSpecificValue(self.underlyingKey)
| `- error: cannot find 'ThreadOpsSystem' in scope
41 | }
42 |
/host/spi-builder-workspace/.build/checkouts/swift-crypto/Sources/CryptoExtras/Util/ThreadSpecific/ThreadSpecific.swift:44:13: error: cannot find 'ThreadOpsSystem' in scope
42 |
43 | func get() -> UnsafeMutableRawPointer? {
44 | ThreadOpsSystem.getThreadSpecificValue(self.underlyingKey)
| `- error: cannot find 'ThreadOpsSystem' in scope
45 | }
46 |
/host/spi-builder-workspace/.build/checkouts/swift-crypto/Sources/CryptoExtras/Util/ThreadSpecific/ThreadSpecific.swift:48:13: error: cannot find 'ThreadOpsSystem' in scope
46 |
47 | func set(value: UnsafeMutableRawPointer?) {
48 | ThreadOpsSystem.setThreadSpecificValue(key: self.underlyingKey, value: value)
| `- error: cannot find 'ThreadOpsSystem' in scope
49 | }
50 | }
[528/593] Compiling CryptoExtras ThreadWindows.swift
/host/spi-builder-workspace/.build/checkouts/swift-crypto/Sources/CryptoExtras/Util/ThreadSpecific/ThreadSpecific.swift:33:36: error: cannot find type 'ThreadOpsSystem' in scope
31 |
32 | private class Key {
33 | private var underlyingKey: ThreadOpsSystem.ThreadSpecificKey
| `- error: cannot find type 'ThreadOpsSystem' in scope
34 |
35 | internal init(destructor: @escaping ThreadOpsSystem.ThreadSpecificKeyDestructor) {
/host/spi-builder-workspace/.build/checkouts/swift-crypto/Sources/CryptoExtras/Util/ThreadSpecific/ThreadSpecific.swift:35:45: error: cannot find type 'ThreadOpsSystem' in scope
33 | private var underlyingKey: ThreadOpsSystem.ThreadSpecificKey
34 |
35 | internal init(destructor: @escaping ThreadOpsSystem.ThreadSpecificKeyDestructor) {
| `- error: cannot find type 'ThreadOpsSystem' in scope
36 | self.underlyingKey = ThreadOpsSystem.allocateThreadSpecificValue(destructor: destructor)
37 | }
/host/spi-builder-workspace/.build/checkouts/swift-crypto/Sources/CryptoExtras/Util/ThreadSpecific/ThreadSpecific.swift:35:35: error: @escaping attribute only applies to function types
33 | private var underlyingKey: ThreadOpsSystem.ThreadSpecificKey
34 |
35 | internal init(destructor: @escaping ThreadOpsSystem.ThreadSpecificKeyDestructor) {
| `- error: @escaping attribute only applies to function types
36 | self.underlyingKey = ThreadOpsSystem.allocateThreadSpecificValue(destructor: destructor)
37 | }
/host/spi-builder-workspace/.build/checkouts/swift-crypto/Sources/CryptoExtras/Util/ThreadSpecific/ThreadSpecific.swift:36:34: error: cannot find 'ThreadOpsSystem' in scope
34 |
35 | internal init(destructor: @escaping ThreadOpsSystem.ThreadSpecificKeyDestructor) {
36 | self.underlyingKey = ThreadOpsSystem.allocateThreadSpecificValue(destructor: destructor)
| `- error: cannot find 'ThreadOpsSystem' in scope
37 | }
38 |
/host/spi-builder-workspace/.build/checkouts/swift-crypto/Sources/CryptoExtras/Util/ThreadSpecific/ThreadSpecific.swift:40:13: error: cannot find 'ThreadOpsSystem' in scope
38 |
39 | deinit {
40 | ThreadOpsSystem.deallocateThreadSpecificValue(self.underlyingKey)
| `- error: cannot find 'ThreadOpsSystem' in scope
41 | }
42 |
/host/spi-builder-workspace/.build/checkouts/swift-crypto/Sources/CryptoExtras/Util/ThreadSpecific/ThreadSpecific.swift:44:13: error: cannot find 'ThreadOpsSystem' in scope
42 |
43 | func get() -> UnsafeMutableRawPointer? {
44 | ThreadOpsSystem.getThreadSpecificValue(self.underlyingKey)
| `- error: cannot find 'ThreadOpsSystem' in scope
45 | }
46 |
/host/spi-builder-workspace/.build/checkouts/swift-crypto/Sources/CryptoExtras/Util/ThreadSpecific/ThreadSpecific.swift:48:13: error: cannot find 'ThreadOpsSystem' in scope
46 |
47 | func set(value: UnsafeMutableRawPointer?) {
48 | ThreadOpsSystem.setThreadSpecificValue(key: self.underlyingKey, value: value)
| `- error: cannot find 'ThreadOpsSystem' in scope
49 | }
50 | }
[529/593] Compiling CryptoExtras DLEQ.swift
/host/spi-builder-workspace/.build/checkouts/swift-crypto/Sources/CryptoExtras/Util/ThreadSpecific/ThreadSpecific.swift:33:36: error: cannot find type 'ThreadOpsSystem' in scope
31 |
32 | private class Key {
33 | private var underlyingKey: ThreadOpsSystem.ThreadSpecificKey
| `- error: cannot find type 'ThreadOpsSystem' in scope
34 |
35 | internal init(destructor: @escaping ThreadOpsSystem.ThreadSpecificKeyDestructor) {
/host/spi-builder-workspace/.build/checkouts/swift-crypto/Sources/CryptoExtras/Util/ThreadSpecific/ThreadSpecific.swift:35:45: error: cannot find type 'ThreadOpsSystem' in scope
33 | private var underlyingKey: ThreadOpsSystem.ThreadSpecificKey
34 |
35 | internal init(destructor: @escaping ThreadOpsSystem.ThreadSpecificKeyDestructor) {
| `- error: cannot find type 'ThreadOpsSystem' in scope
36 | self.underlyingKey = ThreadOpsSystem.allocateThreadSpecificValue(destructor: destructor)
37 | }
/host/spi-builder-workspace/.build/checkouts/swift-crypto/Sources/CryptoExtras/Util/ThreadSpecific/ThreadSpecific.swift:35:35: error: @escaping attribute only applies to function types
33 | private var underlyingKey: ThreadOpsSystem.ThreadSpecificKey
34 |
35 | internal init(destructor: @escaping ThreadOpsSystem.ThreadSpecificKeyDestructor) {
| `- error: @escaping attribute only applies to function types
36 | self.underlyingKey = ThreadOpsSystem.allocateThreadSpecificValue(destructor: destructor)
37 | }
/host/spi-builder-workspace/.build/checkouts/swift-crypto/Sources/CryptoExtras/Util/ThreadSpecific/ThreadSpecific.swift:36:34: error: cannot find 'ThreadOpsSystem' in scope
34 |
35 | internal init(destructor: @escaping ThreadOpsSystem.ThreadSpecificKeyDestructor) {
36 | self.underlyingKey = ThreadOpsSystem.allocateThreadSpecificValue(destructor: destructor)
| `- error: cannot find 'ThreadOpsSystem' in scope
37 | }
38 |
/host/spi-builder-workspace/.build/checkouts/swift-crypto/Sources/CryptoExtras/Util/ThreadSpecific/ThreadSpecific.swift:40:13: error: cannot find 'ThreadOpsSystem' in scope
38 |
39 | deinit {
40 | ThreadOpsSystem.deallocateThreadSpecificValue(self.underlyingKey)
| `- error: cannot find 'ThreadOpsSystem' in scope
41 | }
42 |
/host/spi-builder-workspace/.build/checkouts/swift-crypto/Sources/CryptoExtras/Util/ThreadSpecific/ThreadSpecific.swift:44:13: error: cannot find 'ThreadOpsSystem' in scope
42 |
43 | func get() -> UnsafeMutableRawPointer? {
44 | ThreadOpsSystem.getThreadSpecificValue(self.underlyingKey)
| `- error: cannot find 'ThreadOpsSystem' in scope
45 | }
46 |
/host/spi-builder-workspace/.build/checkouts/swift-crypto/Sources/CryptoExtras/Util/ThreadSpecific/ThreadSpecific.swift:48:13: error: cannot find 'ThreadOpsSystem' in scope
46 |
47 | func set(value: UnsafeMutableRawPointer?) {
48 | ThreadOpsSystem.setThreadSpecificValue(key: self.underlyingKey, value: value)
| `- error: cannot find 'ThreadOpsSystem' in scope
49 | }
50 | }
[530/593] Compiling CryptoExtras Prover.swift
/host/spi-builder-workspace/.build/checkouts/swift-crypto/Sources/CryptoExtras/Util/ThreadSpecific/ThreadSpecific.swift:33:36: error: cannot find type 'ThreadOpsSystem' in scope
31 |
32 | private class Key {
33 | private var underlyingKey: ThreadOpsSystem.ThreadSpecificKey
| `- error: cannot find type 'ThreadOpsSystem' in scope
34 |
35 | internal init(destructor: @escaping ThreadOpsSystem.ThreadSpecificKeyDestructor) {
/host/spi-builder-workspace/.build/checkouts/swift-crypto/Sources/CryptoExtras/Util/ThreadSpecific/ThreadSpecific.swift:35:45: error: cannot find type 'ThreadOpsSystem' in scope
33 | private var underlyingKey: ThreadOpsSystem.ThreadSpecificKey
34 |
35 | internal init(destructor: @escaping ThreadOpsSystem.ThreadSpecificKeyDestructor) {
| `- error: cannot find type 'ThreadOpsSystem' in scope
36 | self.underlyingKey = ThreadOpsSystem.allocateThreadSpecificValue(destructor: destructor)
37 | }
/host/spi-builder-workspace/.build/checkouts/swift-crypto/Sources/CryptoExtras/Util/ThreadSpecific/ThreadSpecific.swift:35:35: error: @escaping attribute only applies to function types
33 | private var underlyingKey: ThreadOpsSystem.ThreadSpecificKey
34 |
35 | internal init(destructor: @escaping ThreadOpsSystem.ThreadSpecificKeyDestructor) {
| `- error: @escaping attribute only applies to function types
36 | self.underlyingKey = ThreadOpsSystem.allocateThreadSpecificValue(destructor: destructor)
37 | }
/host/spi-builder-workspace/.build/checkouts/swift-crypto/Sources/CryptoExtras/Util/ThreadSpecific/ThreadSpecific.swift:36:34: error: cannot find 'ThreadOpsSystem' in scope
34 |
35 | internal init(destructor: @escaping ThreadOpsSystem.ThreadSpecificKeyDestructor) {
36 | self.underlyingKey = ThreadOpsSystem.allocateThreadSpecificValue(destructor: destructor)
| `- error: cannot find 'ThreadOpsSystem' in scope
37 | }
38 |
/host/spi-builder-workspace/.build/checkouts/swift-crypto/Sources/CryptoExtras/Util/ThreadSpecific/ThreadSpecific.swift:40:13: error: cannot find 'ThreadOpsSystem' in scope
38 |
39 | deinit {
40 | ThreadOpsSystem.deallocateThreadSpecificValue(self.underlyingKey)
| `- error: cannot find 'ThreadOpsSystem' in scope
41 | }
42 |
/host/spi-builder-workspace/.build/checkouts/swift-crypto/Sources/CryptoExtras/Util/ThreadSpecific/ThreadSpecific.swift:44:13: error: cannot find 'ThreadOpsSystem' in scope
42 |
43 | func get() -> UnsafeMutableRawPointer? {
44 | ThreadOpsSystem.getThreadSpecificValue(self.underlyingKey)
| `- error: cannot find 'ThreadOpsSystem' in scope
45 | }
46 |
/host/spi-builder-workspace/.build/checkouts/swift-crypto/Sources/CryptoExtras/Util/ThreadSpecific/ThreadSpecific.swift:48:13: error: cannot find 'ThreadOpsSystem' in scope
46 |
47 | func set(value: UnsafeMutableRawPointer?) {
48 | ThreadOpsSystem.setThreadSpecificValue(key: self.underlyingKey, value: value)
| `- error: cannot find 'ThreadOpsSystem' in scope
49 | }
50 | }
[531/593] Compiling CryptoExtras Verifier.swift
/host/spi-builder-workspace/.build/checkouts/swift-crypto/Sources/CryptoExtras/Util/ThreadSpecific/ThreadSpecific.swift:33:36: error: cannot find type 'ThreadOpsSystem' in scope
31 |
32 | private class Key {
33 | private var underlyingKey: ThreadOpsSystem.ThreadSpecificKey
| `- error: cannot find type 'ThreadOpsSystem' in scope
34 |
35 | internal init(destructor: @escaping ThreadOpsSystem.ThreadSpecificKeyDestructor) {
/host/spi-builder-workspace/.build/checkouts/swift-crypto/Sources/CryptoExtras/Util/ThreadSpecific/ThreadSpecific.swift:35:45: error: cannot find type 'ThreadOpsSystem' in scope
33 | private var underlyingKey: ThreadOpsSystem.ThreadSpecificKey
34 |
35 | internal init(destructor: @escaping ThreadOpsSystem.ThreadSpecificKeyDestructor) {
| `- error: cannot find type 'ThreadOpsSystem' in scope
36 | self.underlyingKey = ThreadOpsSystem.allocateThreadSpecificValue(destructor: destructor)
37 | }
/host/spi-builder-workspace/.build/checkouts/swift-crypto/Sources/CryptoExtras/Util/ThreadSpecific/ThreadSpecific.swift:35:35: error: @escaping attribute only applies to function types
33 | private var underlyingKey: ThreadOpsSystem.ThreadSpecificKey
34 |
35 | internal init(destructor: @escaping ThreadOpsSystem.ThreadSpecificKeyDestructor) {
| `- error: @escaping attribute only applies to function types
36 | self.underlyingKey = ThreadOpsSystem.allocateThreadSpecificValue(destructor: destructor)
37 | }
/host/spi-builder-workspace/.build/checkouts/swift-crypto/Sources/CryptoExtras/Util/ThreadSpecific/ThreadSpecific.swift:36:34: error: cannot find 'ThreadOpsSystem' in scope
34 |
35 | internal init(destructor: @escaping ThreadOpsSystem.ThreadSpecificKeyDestructor) {
36 | self.underlyingKey = ThreadOpsSystem.allocateThreadSpecificValue(destructor: destructor)
| `- error: cannot find 'ThreadOpsSystem' in scope
37 | }
38 |
/host/spi-builder-workspace/.build/checkouts/swift-crypto/Sources/CryptoExtras/Util/ThreadSpecific/ThreadSpecific.swift:40:13: error: cannot find 'ThreadOpsSystem' in scope
38 |
39 | deinit {
40 | ThreadOpsSystem.deallocateThreadSpecificValue(self.underlyingKey)
| `- error: cannot find 'ThreadOpsSystem' in scope
41 | }
42 |
/host/spi-builder-workspace/.build/checkouts/swift-crypto/Sources/CryptoExtras/Util/ThreadSpecific/ThreadSpecific.swift:44:13: error: cannot find 'ThreadOpsSystem' in scope
42 |
43 | func get() -> UnsafeMutableRawPointer? {
44 | ThreadOpsSystem.getThreadSpecificValue(self.underlyingKey)
| `- error: cannot find 'ThreadOpsSystem' in scope
45 | }
46 |
/host/spi-builder-workspace/.build/checkouts/swift-crypto/Sources/CryptoExtras/Util/ThreadSpecific/ThreadSpecific.swift:48:13: error: cannot find 'ThreadOpsSystem' in scope
46 |
47 | func set(value: UnsafeMutableRawPointer?) {
48 | ThreadOpsSystem.setThreadSpecificValue(key: self.underlyingKey, value: value)
| `- error: cannot find 'ThreadOpsSystem' in scope
49 | }
50 | }
[532/593] Compiling CryptoExtras ZKPToolbox.swift
/host/spi-builder-workspace/.build/checkouts/swift-crypto/Sources/CryptoExtras/Util/ThreadSpecific/ThreadSpecific.swift:33:36: error: cannot find type 'ThreadOpsSystem' in scope
31 |
32 | private class Key {
33 | private var underlyingKey: ThreadOpsSystem.ThreadSpecificKey
| `- error: cannot find type 'ThreadOpsSystem' in scope
34 |
35 | internal init(destructor: @escaping ThreadOpsSystem.ThreadSpecificKeyDestructor) {
/host/spi-builder-workspace/.build/checkouts/swift-crypto/Sources/CryptoExtras/Util/ThreadSpecific/ThreadSpecific.swift:35:45: error: cannot find type 'ThreadOpsSystem' in scope
33 | private var underlyingKey: ThreadOpsSystem.ThreadSpecificKey
34 |
35 | internal init(destructor: @escaping ThreadOpsSystem.ThreadSpecificKeyDestructor) {
| `- error: cannot find type 'ThreadOpsSystem' in scope
36 | self.underlyingKey = ThreadOpsSystem.allocateThreadSpecificValue(destructor: destructor)
37 | }
/host/spi-builder-workspace/.build/checkouts/swift-crypto/Sources/CryptoExtras/Util/ThreadSpecific/ThreadSpecific.swift:35:35: error: @escaping attribute only applies to function types
33 | private var underlyingKey: ThreadOpsSystem.ThreadSpecificKey
34 |
35 | internal init(destructor: @escaping ThreadOpsSystem.ThreadSpecificKeyDestructor) {
| `- error: @escaping attribute only applies to function types
36 | self.underlyingKey = ThreadOpsSystem.allocateThreadSpecificValue(destructor: destructor)
37 | }
/host/spi-builder-workspace/.build/checkouts/swift-crypto/Sources/CryptoExtras/Util/ThreadSpecific/ThreadSpecific.swift:36:34: error: cannot find 'ThreadOpsSystem' in scope
34 |
35 | internal init(destructor: @escaping ThreadOpsSystem.ThreadSpecificKeyDestructor) {
36 | self.underlyingKey = ThreadOpsSystem.allocateThreadSpecificValue(destructor: destructor)
| `- error: cannot find 'ThreadOpsSystem' in scope
37 | }
38 |
/host/spi-builder-workspace/.build/checkouts/swift-crypto/Sources/CryptoExtras/Util/ThreadSpecific/ThreadSpecific.swift:40:13: error: cannot find 'ThreadOpsSystem' in scope
38 |
39 | deinit {
40 | ThreadOpsSystem.deallocateThreadSpecificValue(self.underlyingKey)
| `- error: cannot find 'ThreadOpsSystem' in scope
41 | }
42 |
/host/spi-builder-workspace/.build/checkouts/swift-crypto/Sources/CryptoExtras/Util/ThreadSpecific/ThreadSpecific.swift:44:13: error: cannot find 'ThreadOpsSystem' in scope
42 |
43 | func get() -> UnsafeMutableRawPointer? {
44 | ThreadOpsSystem.getThreadSpecificValue(self.underlyingKey)
| `- error: cannot find 'ThreadOpsSystem' in scope
45 | }
46 |
/host/spi-builder-workspace/.build/checkouts/swift-crypto/Sources/CryptoExtras/Util/ThreadSpecific/ThreadSpecific.swift:48:13: error: cannot find 'ThreadOpsSystem' in scope
46 |
47 | func set(value: UnsafeMutableRawPointer?) {
48 | ThreadOpsSystem.setThreadSpecificValue(key: self.underlyingKey, value: value)
| `- error: cannot find 'ThreadOpsSystem' in scope
49 | }
50 | }
[533/593] Compiling CryptoExtras Data+Extensions.swift
[534/593] Compiling CryptoExtras DigestType.swift
[535/593] Compiling CryptoExtras Error.swift
[536/593] Compiling CryptoExtras I2OSP.swift
[537/593] Compiling CryptoExtras IntegerEncoding.swift
[538/593] Compiling CryptoExtras PEMDocument.swift
[539/593] Compiling CryptoExtras PrettyBytes.swift
[540/593] Compiling CryptoExtras SubjectPublicKeyInfo.swift
[541/593] Compiling CryptoExtras ARCServer.swift
[542/593] Compiling CryptoExtras ChaCha20CTR_boring.swift
[543/593] Compiling CryptoExtras ChaCha20CTR.swift
[544/593] Compiling CryptoExtras BoringSSLSHA512256Context.swift
[545/593] Compiling CryptoExtras BoringSSLSHA512256HashFunction.swift
[546/593] Compiling CryptoExtras SHA512256.swift
[547/593] Compiling CryptoExtras SHA512256Digest.swift
[548/593] Compiling CryptoExtras Curve25519+PEM.swift
[549/593] Compiling CryptoExtras ObjectIdentifier.swift
[550/593] Compiling CryptoExtras PBKDF2.swift
[551/593] Compiling CryptoExtras Scrypt_boring.swift
[552/593] Compiling CryptoExtras Scrypt.swift
[553/593] Compiling CryptoExtras OPRF.swift
[554/593] Compiling CryptoExtras OPRFClient.swift
[555/593] Compiling CryptoExtras OPRFServer.swift
[556/593] Compiling CryptoExtras VOPRF+API.swift
[557/593] Compiling CryptoExtras VOPRFClient.swift
[558/593] Compiling CryptoExtras VOPRFServer.swift
[559/593] Compiling CryptoExtras PKCS8DERRepresentation.swift
[560/593] Compiling CryptoExtras PKCS8PrivateKey.swift
[561/593] Compiling CryptoExtras RFC8410AlgorithmIdentifier.swift
[562/593] Compiling CryptoExtras ECToolbox_boring.swift
[563/593] Compiling CryptoExtras ECToolbox.swift
[564/593] Compiling CryptoExtras HashToField.swift
[565/593] Compiling CryptoExtras KDF.swift
[566/593] Compiling CryptoExtras PBKDF2_boring.swift
[567/593] Compiling CryptoExtras PBKDF2_commoncrypto.swift
[568/593] Compiling CryptoExtras BoringSSLPassphraseCallbackManager.swift
[569/593] Compiling CryptoExtras RSA+BlindSigning.swift
[570/593] Compiling CryptoExtras RSA.swift
[571/593] Compiling CryptoExtras RSA_boring.swift
[572/593] Compiling CryptoExtras Reexport.swift
[573/593] Compiling CryptoExtras Zeroization_boring.swift
[574/593] Compiling CryptoExtras BoringSSLHelpers.swift
[575/593] Compiling CryptoExtras CryptoKitErrors_boring.swift
[576/593] Compiling CryptoExtras CMAC.swift
[577/593] Compiling CryptoExtras ARC+API.swift
[578/593] Compiling CryptoExtras ARC.swift
[579/593] Compiling CryptoExtras ARCCredential.swift
[580/593] Compiling CryptoExtras ARCEncoding.swift
[581/593] Compiling CryptoExtras ARCPrecredential.swift
[582/593] Compiling CryptoExtras ARCPresentation.swift
[583/593] Compiling CryptoExtras ARCRequest.swift
[584/593] Compiling CryptoExtras ARCResponse.swift
[585/593] Compiling CryptoExtras AES_CBC.swift
[586/593] Compiling CryptoExtras AES_CFB.swift
[587/593] Compiling CryptoExtras AES_CTR.swift
[588/593] Compiling CryptoExtras AES_GCM_SIV.swift
[589/593] Compiling CryptoExtras Block Function.swift
[590/593] Compiling CryptoExtras AES_CBC_boring.swift
[591/593] Compiling CryptoExtras AES_CFB_boring.swift
[592/593] Compiling CryptoExtras AES_CTR_boring.swift
[593/593] Compiling CryptoExtras AES_GCM_SIV_boring.swift
BUILD FAILURE 6.2 wasm