The Swift Package Index logo.Swift Package Index

Build Information

Failed to build Appcues, reference main (b1f4b2), with Swift 6.1 for Wasm on 17 Oct 2026 12:36:23 UTC.

Build Command

bash -c docker run --pull=always --rm -v "checkouts-54344844-1":/host -w "$PWD" -e JAVA_HOME="/root/.sdkman/candidates/java/current" -e SPI_BUILD="1" -e SPI_PROCESSING="1" registry.gitlab.com/saguaro1/spi-images:wasm-6.1-latest swift build --swift-sdk wasm32-unknown-wasi 2>&1

Build Log

========================================
RunAll
========================================
Builder version: 5.1.3
Interrupt handler set up.
========================================
Checkout
========================================
Clone URL: https://github.com/appcues/appcues-ios-sdk.git
Reference: main
Initialized empty Git repository in /host/spi-builder-workspace/.git/
hint: Using 'master' as the name for the initial branch. This default branch name
hint: is subject to change. To configure the initial branch name to use in all
hint: of your new repositories, which will suppress this warning, call:
hint:
hint: 	git config --global init.defaultBranch <name>
hint:
hint: Names commonly chosen instead of 'master' are 'main', 'trunk' and
hint: 'development'. The just-created branch can be renamed via this command:
hint:
hint: 	git branch -m <name>
From https://github.com/appcues/appcues-ios-sdk
 * branch            main       -> FETCH_HEAD
 * [new branch]      main       -> origin/main
HEAD is now at b1f4b29 🍏 Update version to 5.0.4
Cloned https://github.com/appcues/appcues-ios-sdk.git
Revision (git rev-parse @):
b1f4b2976687f0abe2c2b5f392e20c23c4080ef4
SUCCESS checkout https://github.com/appcues/appcues-ios-sdk.git at main
========================================
Build
========================================
Selected platform:         wasm
Swift version:             6.1
Building package at path:  $PWD
https://github.com/appcues/appcues-ios-sdk.git
https://github.com/appcues/appcues-ios-sdk.git
WARNING: environment variable SUPPRESS_SWIFT_6_FLAGS is not set
Running build ...
bash -c docker run --pull=always --rm -v "checkouts-54344844-1":/host -w "$PWD" -e JAVA_HOME="/root/.sdkman/candidates/java/current" -e SPI_BUILD="1" -e SPI_PROCESSING="1" registry.gitlab.com/saguaro1/spi-images:wasm-6.1-latest swift build --swift-sdk wasm32-unknown-wasi -Xswiftc -Xfrontend -Xswiftc -stats-output-dir -Xswiftc -Xfrontend -Xswiftc .stats -Xswiftc -strict-concurrency=complete -Xswiftc -enable-upcoming-feature -Xswiftc StrictConcurrency -Xswiftc -enable-upcoming-feature -Xswiftc DisableOutwardActorInference -Xswiftc -enable-upcoming-feature -Xswiftc GlobalActorIsolatedTypesUsability -Xswiftc -enable-upcoming-feature -Xswiftc InferSendableFromCaptures 2>&1
wasm-6.1-latest: Pulling from saguaro1/spi-images
Digest: sha256:8209621f35c5a12749e7df75bbcb99eccb508d0196da99f6ac3bcf5f4827df31
Status: Image is up to date for registry.gitlab.com/saguaro1/spi-images:wasm-6.1-latest
warning: 'spi-builder-workspace': found 1 file(s) which are unhandled; explicitly declare them as resources or exclude from the target
    /host/spi-builder-workspace/Sources/AppcuesKit/Presentation/Assets.xcassets
Building for debugging...
[0/3] Write sources
[2/3] Write swift-version-24593BA9C3E375BF.txt
error: emit-module command failed with exit code 1 (use -v to see invocation)
[4/181] Emitting module AppcuesNotificationService
/host/spi-builder-workspace/Sources/AppcuesNotificationService/AppcuesNotificationServiceExtension.swift:9:8: error: no such module 'UserNotifications'
 7 | //
 8 |
 9 | import UserNotifications
   |        `- error: no such module 'UserNotifications'
10 | import UniformTypeIdentifiers
11 | import CoreServices
[5/181] Compiling AppcuesNotificationService AppcuesNotificationServiceExtension.swift
/host/spi-builder-workspace/Sources/AppcuesNotificationService/AppcuesNotificationServiceExtension.swift:9:8: error: no such module 'UserNotifications'
 7 | //
 8 |
 9 | import UserNotifications
   |        `- error: no such module 'UserNotifications'
10 | import UniformTypeIdentifiers
11 | import CoreServices
Running build ...
bash -c docker run --pull=always --rm -v "checkouts-54344844-1":/host -w "$PWD" -e JAVA_HOME="/root/.sdkman/candidates/java/current" -e SPI_BUILD="1" -e SPI_PROCESSING="1" registry.gitlab.com/saguaro1/spi-images:wasm-6.1-latest swift build --swift-sdk wasm32-unknown-wasi 2>&1
wasm-6.1-latest: Pulling from saguaro1/spi-images
Digest: sha256:8209621f35c5a12749e7df75bbcb99eccb508d0196da99f6ac3bcf5f4827df31
Status: Image is up to date for registry.gitlab.com/saguaro1/spi-images:wasm-6.1-latest
warning: 'spi-builder-workspace': found 1 file(s) which are unhandled; explicitly declare them as resources or exclude from the target
    /host/spi-builder-workspace/Sources/AppcuesKit/Presentation/Assets.xcassets
[0/1] Planning build
Building for debugging...
[0/1] Write swift-version-24593BA9C3E375BF.txt
[2/27] Compiling AppcuesNotificationService AppcuesNotificationServiceExtension.swift
/host/spi-builder-workspace/Sources/AppcuesNotificationService/AppcuesNotificationServiceExtension.swift:9:8: error: no such module 'UserNotifications'
 7 | //
 8 |
 9 | import UserNotifications
   |        `- error: no such module 'UserNotifications'
10 | import UniformTypeIdentifiers
11 | import CoreServices
error: emit-module command failed with exit code 1 (use -v to see invocation)
[3/28] Emitting module AppcuesNotificationService
/host/spi-builder-workspace/Sources/AppcuesNotificationService/AppcuesNotificationServiceExtension.swift:9:8: error: no such module 'UserNotifications'
 7 | //
 8 |
 9 | import UserNotifications
   |        `- error: no such module 'UserNotifications'
10 | import UniformTypeIdentifiers
11 | import CoreServices
BUILD FAILURE 6.1 wasm