Build Information
Failed to build SwiftCompilationDatabase, reference master (810f04), with Swift 6.4 for visionOS using Xcode 27.0 on 17 Sep 2026 02:54:42 UTC.
Build Command
No build command. This typically means the build failed at an early stage where we determine the build command.Build Log
========================================
RunAll
========================================
Builder version: 5.1.0
Interrupt handler set up.
========================================
Checkout
========================================
Clone URL: https://github.com/jerrymarino/SwiftCompilationDatabase.git
Reference: master
Initialized empty Git repository in /Users/admin/builder/spi-builder-workspace/.git/
From https://github.com/jerrymarino/SwiftCompilationDatabase
* branch master -> FETCH_HEAD
* [new branch] master -> origin/master
HEAD is now at 810f040 Spartan Message Parser library
Cloned https://github.com/jerrymarino/SwiftCompilationDatabase.git
Revision (git rev-parse @):
810f040e97ebe97210d64a644d8d386e35a6358d
SUCCESS checkout https://github.com/jerrymarino/SwiftCompilationDatabase.git at master
========================================
Build
========================================
Selected platform: visionOS
Swift version: 6.4
Building package at path: $PWD
https://github.com/jerrymarino/SwiftCompilationDatabase.git
Command line invocation:
/Applications/Xcode-27.0.0-Release.Candidate.app/Contents/Developer/usr/bin/xcodebuild -IDEClonedSourcePackagesDirPathOverride=/Users/admin/builder/spi-builder-workspace/.dependencies -resolvePackageDependencies
Resolve Package Graph
Library product “LogParser” contains a target of type executable (“SwiftCompilationDatabase”). Library products may not include executable targets.
Resolve Package Graph
Library product “LogParser” contains a target of type executable (“SwiftCompilationDatabase”). Library products may not include executable targets.
Resolved source packages:
spi-builder-workspace: (null)
2026-09-16 22:54:41.676 xcodebuild[529:3031] Writing error result bundle to /var/folders/xq/y_g06wb113726d38xsyx71_h0000gn/T/ResultBundle_2026-16-09_22-54-0041.xcresult
xcodebuild: error: Could not resolve package dependencies:
Library product “LogParser” contains a target of type executable (“SwiftCompilationDatabase”). Library products may not include executable targets.
Command line invocation:
/Applications/Xcode-27.0.0-Release.Candidate.app/Contents/Developer/usr/bin/xcodebuild -IDEClonedSourcePackagesDirPathOverride=/Users/admin/builder/spi-builder-workspace/.dependencies -resolvePackageDependencies
Resolve Package Graph
Library product “LogParser” contains a target of type executable (“SwiftCompilationDatabase”). Library products may not include executable targets.
Resolved source packages:
spi-builder-workspace: (null)
2026-09-16 22:54:42.772 xcodebuild[599:3691] Writing error result bundle to /var/folders/xq/y_g06wb113726d38xsyx71_h0000gn/T/ResultBundle_2026-16-09_22-54-0042.xcresult
xcodebuild: error: Could not resolve package dependencies:
Library product “LogParser” contains a target of type executable (“SwiftCompilationDatabase”). Library products may not include executable targets.
BUILD FAILURE 6.4 visionOS