Build Information
Failed to build MarkdownKit, reference 1.7.3 (39ea7a), with Swift 6.4 for watchOS using Xcode 27.0 on 22 Sep 2026 12:58:56 UTC.
Build Command
env DEVELOPER_DIR=/Applications/Xcode-27.0.0-Release.Candidate.app xcrun xcodebuild -IDEClonedSourcePackagesDirPathOverride=$PWD/.dependencies -skipMacroValidation -skipPackagePluginValidation -derivedDataPath $PWD/.derivedData build -scheme MarkdownKit-Package -destination generic/platform=watchOSBuild Log
========================================
RunAll
========================================
Builder version: 5.1.0
Interrupt handler set up.
========================================
Checkout
========================================
Clone URL: https://github.com/bmoliveira/MarkdownKit.git
Reference: 1.7.3
Initialized empty Git repository in /Users/admin/builder/spi-builder-workspace/.git/
From https://github.com/bmoliveira/MarkdownKit
* tag 1.7.3 -> FETCH_HEAD
HEAD is now at 39ea7a3 Merge pull request #122 from bmoliveira/bo/fix-utf-16-link
Cloned https://github.com/bmoliveira/MarkdownKit.git
Revision (git rev-parse @):
39ea7a3fc7e65bcafe55152592b834859be574a5
SUCCESS checkout https://github.com/bmoliveira/MarkdownKit.git at 1.7.3
========================================
Build
========================================
Selected platform: watchOS
Swift version: 6.4
Building package at path: $PWD
https://github.com/bmoliveira/MarkdownKit.git
Command line invocation:
/Applications/Xcode-27.0.0-Release.Candidate.app/Contents/Developer/usr/bin/xcodebuild -IDEClonedSourcePackagesDirPathOverride=/Users/admin/builder/spi-builder-workspace/.dependencies -resolvePackageDependencies
Resolve Package Graph
Fetching from https://github.com/Alamofire/Alamofire
Creating working copy of package ‘Alamofire’
Checking out 5.12.2 of package ‘Alamofire’
Resolved source packages:
Alamofire: https://github.com/Alamofire/Alamofire @ 5.12.2
resolved source packages: Alamofire
{
"dependencies" : [
],
"manifest_display_name" : "MarkdownKit",
"name" : "MarkdownKit",
"path" : "/Users/admin/builder/spi-builder-workspace",
"platforms" : [
{
"name" : "macos",
"version" : "12.0"
},
{
"name" : "ios",
"version" : "15.0"
}
],
"products" : [
{
"name" : "MarkdownKit",
"targets" : [
"MarkdownKit"
],
"type" : {
"library" : [
"automatic"
]
}
},
{
"name" : "MarkdownKit-Dynamic",
"targets" : [
"MarkdownKit"
],
"type" : {
"library" : [
"dynamic"
]
}
}
],
"targets" : [
{
"c99name" : "MarkdownKitTests",
"module_type" : "SwiftTarget",
"name" : "MarkdownKitTests",
"path" : "MarkdownKit/Tests",
"sources" : [
"MarkdownParserTests.swift"
],
"target_dependencies" : [
"MarkdownKit"
],
"type" : "test"
},
{
"c99name" : "MarkdownKit",
"module_type" : "SwiftTarget",
"name" : "MarkdownKit",
"path" : "MarkdownKit/Sources",
"product_memberships" : [
"MarkdownKit",
"MarkdownKit-Dynamic"
],
"sources" : [
"AppKit/Elements/Code/MarkdownCode+AppKit.swift",
"AppKit/Elements/Header/MarkdownHeader+AppKit.swift",
"AppKit/Elements/Link/MarkdownLink+AppKit.swift",
"AppKit/Extensions/MarkdownFont+Traits.swift",
"AppKit/MarkdownParser+AppKit.swift",
"Common/Elements/Bold/MarkdownBold.swift",
"Common/Elements/Code/MarkdownCode.swift",
"Common/Elements/Escaping/MarkdownCodeEscaping.swift",
"Common/Elements/Escaping/MarkdownEscaping.swift",
"Common/Elements/Escaping/MarkdownUnescaping.swift",
"Common/Elements/Header/MarkdownHeader.swift",
"Common/Elements/Italic/MarkdownItalic.swift",
"Common/Elements/Link/MarkdownAutomaticLink.swift",
"Common/Elements/Link/MarkdownLink.swift",
"Common/Elements/List/MarkdownList.swift",
"Common/Elements/Quote/MarkdownQuote.swift",
"Common/Elements/Strikethrough/MarkdownStrikethrough.swift",
"Common/Extensions/String+UTF16.swift",
"Common/MarkdownParser.swift",
"Common/Protocols/MarkdownCommonElement.swift",
"Common/Protocols/MarkdownElement.swift",
"Common/Protocols/MarkdownLevelElement.swift",
"Common/Protocols/MarkdownLinkElement.swift",
"Common/Protocols/MarkdownStyle.swift",
"Common/Typealias.swift",
"UIKit/Elements/Code/MarkdownCode+UIKit.swift",
"UIKit/Elements/Header/MarkdownHeader+UIKit.swift",
"UIKit/Elements/Link/MarkdownLink+UIKit.swift",
"UIKit/Extensions/UIFont+Traits.swift",
"UIKit/MarkdownParser+UIKit.swift"
],
"type" : "library"
}
],
"tools_version" : "5.10"
}
{
"project" : {
"configurations" : [
"Debug",
"Release"
],
"name" : "MarkdownKit",
"schemes" : [
"Example iOS",
"Example macOS",
"MarkdownKit iOS",
"MarkdownKit macOS"
],
"targets" : [
"Example iOS",
"Example macOS",
"MarkdownKit iOS",
"MarkdownKit macOS",
"MarkdownKit-test"
]
}
}
{
"workspace" : {
"name" : "MarkdownKit",
"schemes" : [
"MarkdownKit",
"MarkdownKit-Dynamic",
"MarkdownKit-Package"
]
}
}
2026-09-22 08:58:45.220 xcodebuild[723:4300] [MT] IDERunDestination: Supported platforms for the buildables in the current scheme is empty.
Running build ...
env DEVELOPER_DIR=/Applications/Xcode-27.0.0-Release.Candidate.app xcrun xcodebuild -IDEClonedSourcePackagesDirPathOverride=$PWD/.dependencies -skipMacroValidation -skipPackagePluginValidation -derivedDataPath $PWD/.derivedData build -scheme MarkdownKit-Package -destination generic/platform=watchOS
Command line invocation:
/Applications/Xcode-27.0.0-Release.Candidate.app/Contents/Developer/usr/bin/xcodebuild -IDEClonedSourcePackagesDirPathOverride=/Users/admin/builder/spi-builder-workspace/.dependencies -skipMacroValidation -skipPackagePluginValidation -derivedDataPath /Users/admin/builder/spi-builder-workspace/.derivedData build -scheme MarkdownKit-Package -destination generic/platform=watchOS
Resolve Package Graph
Resolved source packages:
MarkdownKit: /Users/admin/builder/spi-builder-workspace
ComputePackagePrebuildTargetDependencyGraph
Prepare packages
CreateBuildRequest
SendProjectDescription
CreateBuildOperation
ComputeTargetDependencyGraph
note: Building targets in dependency order
note: Target dependency graph (3 targets)
Target 'MarkdownKit-Dynamic-product' in project 'MarkdownKit'
➜ Explicit dependency on target 'MarkdownKit' in project 'MarkdownKit'
Target 'MarkdownKit-product' in project 'MarkdownKit'
➜ Explicit dependency on target 'MarkdownKit' in project 'MarkdownKit'
Target 'MarkdownKit' in project 'MarkdownKit' (no dependencies)
GatherProvisioningInputs
CreateBuildDescription
ExecuteExternalTool /Applications/Xcode-27.0.0-Release.Candidate.app/Contents/Developer/Toolchains/XcodeDefault.xctoolchain/usr/bin/clang -v -E -dM -isysroot /Applications/Xcode-27.0.0-Release.Candidate.app/Contents/Developer/Platforms/WatchOS.platform/Developer/SDKs/WatchOS27.0.sdk -x c -c /dev/null
ExecuteExternalTool /Applications/Xcode-27.0.0-Release.Candidate.app/Contents/Developer/Toolchains/XcodeDefault.xctoolchain/usr/bin/swiftc --version
ExecuteExternalTool /Applications/Xcode-27.0.0-Release.Candidate.app/Contents/Developer/Toolchains/XcodeDefault.xctoolchain/usr/bin/ld -version_details
Build description signature: 0f64bf02612e15f2d39fdd9b16009f11
Build description path: /Users/admin/builder/spi-builder-workspace/.derivedData/Build/Intermediates.noindex/XCBuildData/0f64bf02612e15f2d39fdd9b16009f11.xcbuilddata
CreateBuildDirectory /Users/admin/builder/spi-builder-workspace/.derivedData/SDKExplicitPrecompiledModules
cd /Users/admin/builder/spi-builder-workspace/.swiftpm/xcode
builtin-create-build-directory /Users/admin/builder/spi-builder-workspace/.derivedData/SDKExplicitPrecompiledModules
CreateBuildDirectory /Users/admin/builder/spi-builder-workspace/.derivedData/ModuleCache.noindex
cd /Users/admin/builder/spi-builder-workspace/.swiftpm/xcode
builtin-create-build-directory /Users/admin/builder/spi-builder-workspace/.derivedData/ModuleCache.noindex
CreateBuildDirectory /Users/admin/builder/spi-builder-workspace/.derivedData/CompilationCache.noindex
cd /Users/admin/builder/spi-builder-workspace/.swiftpm/xcode
builtin-create-build-directory /Users/admin/builder/spi-builder-workspace/.derivedData/CompilationCache.noindex
CreateBuildDirectory /Users/admin/builder/spi-builder-workspace/.derivedData/Build/Products
cd /Users/admin/builder/spi-builder-workspace/.swiftpm/xcode
builtin-create-build-directory /Users/admin/builder/spi-builder-workspace/.derivedData/Build/Products
CreateBuildDirectory /Users/admin/builder/spi-builder-workspace/.derivedData/Build/Intermediates.noindex
cd /Users/admin/builder/spi-builder-workspace/.swiftpm/xcode
builtin-create-build-directory /Users/admin/builder/spi-builder-workspace/.derivedData/Build/Intermediates.noindex
ClangStatCache /Applications/Xcode-27.0.0-Release.Candidate.app/Contents/Developer/Toolchains/XcodeDefault.xctoolchain/usr/bin/clang-stat-cache /Applications/Xcode-27.0.0-Release.Candidate.app/Contents/Developer/Platforms/WatchOS.platform/Developer/SDKs/WatchOS27.0.sdk /Users/admin/builder/spi-builder-workspace/.derivedData/SDKStatCaches.noindex/watchos27.0-24R360-e829b21a6f8c9b70876ba0858053c04477534ef55a1706bf4c1112bbb242f0a2.sdkstatcache
cd /Users/admin/builder/spi-builder-workspace/.swiftpm/xcode
/Applications/Xcode-27.0.0-Release.Candidate.app/Contents/Developer/Toolchains/XcodeDefault.xctoolchain/usr/bin/clang-stat-cache /Applications/Xcode-27.0.0-Release.Candidate.app/Contents/Developer/Platforms/WatchOS.platform/Developer/SDKs/WatchOS27.0.sdk -o /Users/admin/builder/spi-builder-workspace/.derivedData/SDKStatCaches.noindex/watchos27.0-24R360-e829b21a6f8c9b70876ba0858053c04477534ef55a1706bf4c1112bbb242f0a2.sdkstatcache
CreateBuildDirectory /Users/admin/builder/spi-builder-workspace/.derivedData/Build/Intermediates.noindex/SwiftExplicitPrecompiledModules
cd /Users/admin/builder/spi-builder-workspace/.swiftpm/xcode
builtin-create-build-directory /Users/admin/builder/spi-builder-workspace/.derivedData/Build/Intermediates.noindex/SwiftExplicitPrecompiledModules
CreateBuildDirectory /Users/admin/builder/spi-builder-workspace/.derivedData/Build/Intermediates.noindex/ExplicitPrecompiledModules
cd /Users/admin/builder/spi-builder-workspace/.swiftpm/xcode
builtin-create-build-directory /Users/admin/builder/spi-builder-workspace/.derivedData/Build/Intermediates.noindex/ExplicitPrecompiledModules
CreateBuildDirectory /Users/admin/builder/spi-builder-workspace/.derivedData/Build/Intermediates.noindex/PrecompiledHeaders
cd /Users/admin/builder/spi-builder-workspace/.swiftpm/xcode
builtin-create-build-directory /Users/admin/builder/spi-builder-workspace/.derivedData/Build/Intermediates.noindex/PrecompiledHeaders
CreateBuildDirectory /Users/admin/builder/spi-builder-workspace/.derivedData/Build/Products/Debug-watchos
cd /Users/admin/builder/spi-builder-workspace/.swiftpm/xcode
builtin-create-build-directory /Users/admin/builder/spi-builder-workspace/.derivedData/Build/Products/Debug-watchos
CreateBuildDirectory /Users/admin/builder/spi-builder-workspace/.derivedData/Build/Intermediates.noindex/EagerLinkingTBDs/Debug-watchos
cd /Users/admin/builder/spi-builder-workspace/.swiftpm/xcode
builtin-create-build-directory /Users/admin/builder/spi-builder-workspace/.derivedData/Build/Intermediates.noindex/EagerLinkingTBDs/Debug-watchos
CreateBuildDirectory /Users/admin/builder/spi-builder-workspace/.derivedData/Build/Products/Debug-watchos/PackageFrameworks
cd /Users/admin/builder/spi-builder-workspace/.swiftpm/xcode
builtin-create-build-directory /Users/admin/builder/spi-builder-workspace/.derivedData/Build/Products/Debug-watchos/PackageFrameworks
WriteAuxiliaryFile /Users/admin/builder/spi-builder-workspace/.derivedData/Build/Intermediates.noindex/MarkdownKit.build/Debug-watchos/MarkdownKit-t.build/MarkdownKit.modulemap (in target 'MarkdownKit' from project 'MarkdownKit')
cd /Users/admin/builder/spi-builder-workspace
write-file /Users/admin/builder/spi-builder-workspace/.derivedData/Build/Intermediates.noindex/MarkdownKit.build/Debug-watchos/MarkdownKit-t.build/MarkdownKit.modulemap
WriteAuxiliaryFile /Users/admin/builder/spi-builder-workspace/.derivedData/Build/Intermediates.noindex/MarkdownKit.build/Debug-watchos/MarkdownKit-t.build/Objects-normal/arm64_32/MarkdownKit-OutputFileMap.json (in target 'MarkdownKit' from project 'MarkdownKit')
cd /Users/admin/builder/spi-builder-workspace
write-file /Users/admin/builder/spi-builder-workspace/.derivedData/Build/Intermediates.noindex/MarkdownKit.build/Debug-watchos/MarkdownKit-t.build/Objects-normal/arm64_32/MarkdownKit-OutputFileMap.json
WriteAuxiliaryFile /Users/admin/builder/spi-builder-workspace/.derivedData/Build/Intermediates.noindex/MarkdownKit.build/Debug-watchos/MarkdownKit-t.build/Objects-normal/arm64_32/MarkdownKit.SwiftConstValuesFileList (in target 'MarkdownKit' from project 'MarkdownKit')
cd /Users/admin/builder/spi-builder-workspace
write-file /Users/admin/builder/spi-builder-workspace/.derivedData/Build/Intermediates.noindex/MarkdownKit.build/Debug-watchos/MarkdownKit-t.build/Objects-normal/arm64_32/MarkdownKit.SwiftConstValuesFileList
WriteAuxiliaryFile /Users/admin/builder/spi-builder-workspace/.derivedData/Build/Intermediates.noindex/MarkdownKit.build/Debug-watchos/MarkdownKit-t.build/Objects-normal/arm64_32/MarkdownKit_const_extract_protocols.json (in target 'MarkdownKit' from project 'MarkdownKit')
cd /Users/admin/builder/spi-builder-workspace
write-file /Users/admin/builder/spi-builder-workspace/.derivedData/Build/Intermediates.noindex/MarkdownKit.build/Debug-watchos/MarkdownKit-t.build/Objects-normal/arm64_32/MarkdownKit_const_extract_protocols.json
WriteAuxiliaryFile /Users/admin/builder/spi-builder-workspace/.derivedData/Build/Intermediates.noindex/MarkdownKit.build/Debug-watchos/MarkdownKit-t.build/Objects-normal/arm64_32/MarkdownKit.SwiftFileList (in target 'MarkdownKit' from project 'MarkdownKit')
cd /Users/admin/builder/spi-builder-workspace
write-file /Users/admin/builder/spi-builder-workspace/.derivedData/Build/Intermediates.noindex/MarkdownKit.build/Debug-watchos/MarkdownKit-t.build/Objects-normal/arm64_32/MarkdownKit.SwiftFileList
WriteAuxiliaryFile /Users/admin/builder/spi-builder-workspace/.derivedData/Build/Intermediates.noindex/MarkdownKit.build/Debug-watchos/MarkdownKit-t.build/Objects-normal/arm64/MarkdownKit-OutputFileMap.json (in target 'MarkdownKit' from project 'MarkdownKit')
cd /Users/admin/builder/spi-builder-workspace
write-file /Users/admin/builder/spi-builder-workspace/.derivedData/Build/Intermediates.noindex/MarkdownKit.build/Debug-watchos/MarkdownKit-t.build/Objects-normal/arm64/MarkdownKit-OutputFileMap.json
WriteAuxiliaryFile /Users/admin/builder/spi-builder-workspace/.derivedData/Build/Intermediates.noindex/MarkdownKit.build/Debug-watchos/MarkdownKit-t.build/Objects-normal/arm64_32/MarkdownKit.LinkFileList (in target 'MarkdownKit' from project 'MarkdownKit')
cd /Users/admin/builder/spi-builder-workspace
write-file /Users/admin/builder/spi-builder-workspace/.derivedData/Build/Intermediates.noindex/MarkdownKit.build/Debug-watchos/MarkdownKit-t.build/Objects-normal/arm64_32/MarkdownKit.LinkFileList
WriteAuxiliaryFile /Users/admin/builder/spi-builder-workspace/.derivedData/Build/Intermediates.noindex/MarkdownKit.build/Debug-watchos/MarkdownKit-t.build/Objects-normal/arm64/MarkdownKit_const_extract_protocols.json (in target 'MarkdownKit' from project 'MarkdownKit')
cd /Users/admin/builder/spi-builder-workspace
write-file /Users/admin/builder/spi-builder-workspace/.derivedData/Build/Intermediates.noindex/MarkdownKit.build/Debug-watchos/MarkdownKit-t.build/Objects-normal/arm64/MarkdownKit_const_extract_protocols.json
WriteAuxiliaryFile /Users/admin/builder/spi-builder-workspace/.derivedData/Build/Intermediates.noindex/MarkdownKit.build/Debug-watchos/MarkdownKit-t.build/Objects-normal/arm64/MarkdownKit.SwiftFileList (in target 'MarkdownKit' from project 'MarkdownKit')
cd /Users/admin/builder/spi-builder-workspace
write-file /Users/admin/builder/spi-builder-workspace/.derivedData/Build/Intermediates.noindex/MarkdownKit.build/Debug-watchos/MarkdownKit-t.build/Objects-normal/arm64/MarkdownKit.SwiftFileList
WriteAuxiliaryFile /Users/admin/builder/spi-builder-workspace/.derivedData/Build/Intermediates.noindex/MarkdownKit.build/Debug-watchos/MarkdownKit-t.build/Objects-normal/arm64/MarkdownKit.SwiftConstValuesFileList (in target 'MarkdownKit' from project 'MarkdownKit')
cd /Users/admin/builder/spi-builder-workspace
write-file /Users/admin/builder/spi-builder-workspace/.derivedData/Build/Intermediates.noindex/MarkdownKit.build/Debug-watchos/MarkdownKit-t.build/Objects-normal/arm64/MarkdownKit.SwiftConstValuesFileList
WriteAuxiliaryFile /Users/admin/builder/spi-builder-workspace/.derivedData/Build/Intermediates.noindex/MarkdownKit.build/Debug-watchos/MarkdownKit-t.build/Objects-normal/arm64/MarkdownKit.LinkFileList (in target 'MarkdownKit' from project 'MarkdownKit')
cd /Users/admin/builder/spi-builder-workspace
write-file /Users/admin/builder/spi-builder-workspace/.derivedData/Build/Intermediates.noindex/MarkdownKit.build/Debug-watchos/MarkdownKit-t.build/Objects-normal/arm64/MarkdownKit.LinkFileList
WriteAuxiliaryFile /Users/admin/builder/spi-builder-workspace/.derivedData/Build/Intermediates.noindex/MarkdownKit.build/Debug-watchos/MarkdownKit-t.build/MarkdownKit.DependencyStaticMetadataFileList (in target 'MarkdownKit' from project 'MarkdownKit')
cd /Users/admin/builder/spi-builder-workspace
write-file /Users/admin/builder/spi-builder-workspace/.derivedData/Build/Intermediates.noindex/MarkdownKit.build/Debug-watchos/MarkdownKit-t.build/MarkdownKit.DependencyStaticMetadataFileList
WriteAuxiliaryFile /Users/admin/builder/spi-builder-workspace/.derivedData/Build/Intermediates.noindex/MarkdownKit.build/Debug-watchos/MarkdownKit-t.build/MarkdownKit.DependencyMetadataFileList (in target 'MarkdownKit' from project 'MarkdownKit')
cd /Users/admin/builder/spi-builder-workspace
write-file /Users/admin/builder/spi-builder-workspace/.derivedData/Build/Intermediates.noindex/MarkdownKit.build/Debug-watchos/MarkdownKit-t.build/MarkdownKit.DependencyMetadataFileList
Copy /Users/admin/builder/spi-builder-workspace/.derivedData/Build/Intermediates.noindex/GeneratedModuleMaps-watchos/MarkdownKit.modulemap /Users/admin/builder/spi-builder-workspace/.derivedData/Build/Intermediates.noindex/MarkdownKit.build/Debug-watchos/MarkdownKit-t.build/MarkdownKit.modulemap (in target 'MarkdownKit' from project 'MarkdownKit')
cd /Users/admin/builder/spi-builder-workspace
builtin-copy -exclude .DS_Store -exclude CVS -exclude .svn -exclude .git -exclude .hg -resolve-src-symlinks /Users/admin/builder/spi-builder-workspace/.derivedData/Build/Intermediates.noindex/MarkdownKit.build/Debug-watchos/MarkdownKit-t.build/MarkdownKit.modulemap /Users/admin/builder/spi-builder-workspace/.derivedData/Build/Intermediates.noindex/GeneratedModuleMaps-watchos
WriteAuxiliaryFile /Users/admin/builder/spi-builder-workspace/.derivedData/Build/Intermediates.noindex/MarkdownKit.build/Debug-watchos/MarkdownKit-Dynamic-product-t.build/Objects-normal/arm64_32/MarkdownKit-Dynamic.LinkFileList (in target 'MarkdownKit-Dynamic-product' from project 'MarkdownKit')
cd /Users/admin/builder/spi-builder-workspace
write-file /Users/admin/builder/spi-builder-workspace/.derivedData/Build/Intermediates.noindex/MarkdownKit.build/Debug-watchos/MarkdownKit-Dynamic-product-t.build/Objects-normal/arm64_32/MarkdownKit-Dynamic.LinkFileList
WriteAuxiliaryFile /Users/admin/builder/spi-builder-workspace/.derivedData/Build/Intermediates.noindex/MarkdownKit.build/Debug-watchos/MarkdownKit-Dynamic-product-t.build/Objects-normal/arm64/MarkdownKit-Dynamic.LinkFileList (in target 'MarkdownKit-Dynamic-product' from project 'MarkdownKit')
cd /Users/admin/builder/spi-builder-workspace
write-file /Users/admin/builder/spi-builder-workspace/.derivedData/Build/Intermediates.noindex/MarkdownKit.build/Debug-watchos/MarkdownKit-Dynamic-product-t.build/Objects-normal/arm64/MarkdownKit-Dynamic.LinkFileList
WriteAuxiliaryFile /Users/admin/builder/spi-builder-workspace/.derivedData/Build/Intermediates.noindex/MarkdownKit.build/Debug-watchos/MarkdownKit-Dynamic-product-t.build/empty-MarkdownKit-Dynamic.plist (in target 'MarkdownKit-Dynamic-product' from project 'MarkdownKit')
cd /Users/admin/builder/spi-builder-workspace
write-file /Users/admin/builder/spi-builder-workspace/.derivedData/Build/Intermediates.noindex/MarkdownKit.build/Debug-watchos/MarkdownKit-Dynamic-product-t.build/empty-MarkdownKit-Dynamic.plist
WriteAuxiliaryFile /Users/admin/builder/spi-builder-workspace/.derivedData/Build/Intermediates.noindex/MarkdownKit.build/Debug-watchos/MarkdownKit-Dynamic-product-t.build/MarkdownKit-Dynamic.DependencyStaticMetadataFileList (in target 'MarkdownKit-Dynamic-product' from project 'MarkdownKit')
cd /Users/admin/builder/spi-builder-workspace
write-file /Users/admin/builder/spi-builder-workspace/.derivedData/Build/Intermediates.noindex/MarkdownKit.build/Debug-watchos/MarkdownKit-Dynamic-product-t.build/MarkdownKit-Dynamic.DependencyStaticMetadataFileList
WriteAuxiliaryFile /Users/admin/builder/spi-builder-workspace/.derivedData/Build/Intermediates.noindex/MarkdownKit.build/Debug-watchos/MarkdownKit-Dynamic-product-t.build/MarkdownKit-Dynamic.DependencyMetadataFileList (in target 'MarkdownKit-Dynamic-product' from project 'MarkdownKit')
cd /Users/admin/builder/spi-builder-workspace
write-file /Users/admin/builder/spi-builder-workspace/.derivedData/Build/Intermediates.noindex/MarkdownKit.build/Debug-watchos/MarkdownKit-Dynamic-product-t.build/MarkdownKit-Dynamic.DependencyMetadataFileList
MkDir /Users/admin/builder/spi-builder-workspace/.derivedData/Build/Products/Debug-watchos/PackageFrameworks/MarkdownKit-Dynamic.framework (in target 'MarkdownKit-Dynamic-product' from project 'MarkdownKit')
cd /Users/admin/builder/spi-builder-workspace
/bin/mkdir -p /Users/admin/builder/spi-builder-workspace/.derivedData/Build/Products/Debug-watchos/PackageFrameworks/MarkdownKit-Dynamic.framework
SwiftDriver MarkdownKit normal arm64_32 com.apple.xcode.tools.swift.compiler (in target 'MarkdownKit' from project 'MarkdownKit')
cd /Users/admin/builder/spi-builder-workspace/.swiftpm/xcode
builtin-SwiftDriver -- /Applications/Xcode-27.0.0-Release.Candidate.app/Contents/Developer/Toolchains/XcodeDefault.xctoolchain/usr/bin/swiftc -parse-as-library -module-name MarkdownKit -Onone @/Users/admin/builder/spi-builder-workspace/.derivedData/Build/Intermediates.noindex/MarkdownKit.build/Debug-watchos/MarkdownKit-t.build/Objects-normal/arm64_32/MarkdownKit.SwiftFileList -DSWIFT_PACKAGE -DDEBUG -DSWIFT_MODULE_RESOURCE_BUNDLE_UNAVAILABLE -DXcode -plugin-path /Applications/Xcode-27.0.0-Release.Candidate.app/Contents/Developer/Toolchains/XcodeDefault.xctoolchain/usr/lib/swift/host/plugins/testing -enable-experimental-feature DebugDescriptionMacro -sdk /Applications/Xcode-27.0.0-Release.Candidate.app/Contents/Developer/Platforms/WatchOS.platform/Developer/SDKs/WatchOS27.0.sdk -target arm64_32-apple-watchos9.0 -g -module-cache-path /Users/admin/builder/spi-builder-workspace/.derivedData/ModuleCache.noindex -Xfrontend -serialize-debugging-options -profile-coverage-mapping -profile-generate -enable-testing -index-store-path /Users/admin/builder/spi-builder-workspace/.derivedData/Index.noindex/DataStore -Xcc -D_LIBCPP_HARDENING_MODE\=_LIBCPP_HARDENING_MODE_DEBUG -swift-version 5 -I /Users/admin/builder/spi-builder-workspace/.derivedData/Build/Products/Debug-watchos -Isystem /Applications/Xcode-27.0.0-Release.Candidate.app/Contents/Developer/Platforms/WatchOS.platform/Developer/usr/lib -F /Users/admin/builder/spi-builder-workspace/.derivedData/Build/Products/Debug-watchos -F /Applications/Xcode-27.0.0-Release.Candidate.app/Contents/Developer/Platforms/WatchOS.platform/Developer/Library/Frameworks -F /Applications/Xcode-27.0.0-Release.Candidate.app/Contents/Developer/Platforms/WatchOS.platform/Developer/SDKs/WatchOS27.0.sdk/Developer/Library/Frameworks -c -j10 -enable-batch-mode -incremental -Xcc -ivfsstatcache -Xcc /Users/admin/builder/spi-builder-workspace/.derivedData/SDKStatCaches.noindex/watchos27.0-24R360-e829b21a6f8c9b70876ba0858053c04477534ef55a1706bf4c1112bbb242f0a2.sdkstatcache -output-file-map /Users/admin/builder/spi-builder-workspace/.derivedData/Build/Intermediates.noindex/MarkdownKit.build/Debug-watchos/MarkdownKit-t.build/Objects-normal/arm64_32/MarkdownKit-OutputFileMap.json -save-temps -no-color-diagnostics -explicit-module-build -module-cache-path /Users/admin/builder/spi-builder-workspace/.derivedData/Build/Intermediates.noindex/SwiftExplicitPrecompiledModules -clang-scanner-module-cache-path /Users/admin/builder/spi-builder-workspace/.derivedData/ModuleCache.noindex -sdk-module-cache-path /Users/admin/builder/spi-builder-workspace/.derivedData/SDKExplicitPrecompiledModules -emit-dependencies -emit-module -emit-module-path /Users/admin/builder/spi-builder-workspace/.derivedData/Build/Intermediates.noindex/MarkdownKit.build/Debug-watchos/MarkdownKit-t.build/Objects-normal/arm64_32/MarkdownKit.swiftmodule -serialize-diagnostics -dependency-scan-serialize-diagnostics-path /Users/admin/builder/spi-builder-workspace/.derivedData/Build/Intermediates.noindex/MarkdownKit.build/Debug-watchos/MarkdownKit-t.build/Objects-normal/arm64_32/MarkdownKit-dependency-scan.dia -validate-clang-modules-once -clang-build-session-file /Users/admin/builder/spi-builder-workspace/.derivedData/ModuleCache.noindex/Session.modulevalidation -Xcc -fmodules-prune-interval\=86400 -Xcc -fmodules-prune-after\=345600 -package-name spi_builder_workspace -emit-const-values -const-gather-protocols-list /Users/admin/builder/spi-builder-workspace/.derivedData/Build/Intermediates.noindex/MarkdownKit.build/Debug-watchos/MarkdownKit-t.build/Objects-normal/arm64_32/MarkdownKit_const_extract_protocols.json -Xcc -I/Users/admin/builder/spi-builder-workspace/.derivedData/Build/Products/Debug-watchos/include -Xcc -I/Users/admin/builder/spi-builder-workspace/.derivedData/Build/Intermediates.noindex/MarkdownKit.build/Debug-watchos/MarkdownKit-t.build/DerivedSources-normal/arm64_32 -Xcc -I/Users/admin/builder/spi-builder-workspace/.derivedData/Build/Intermediates.noindex/MarkdownKit.build/Debug-watchos/MarkdownKit-t.build/DerivedSources/arm64_32 -Xcc -I/Users/admin/builder/spi-builder-workspace/.derivedData/Build/Intermediates.noindex/MarkdownKit.build/Debug-watchos/MarkdownKit-t.build/DerivedSources -Xcc -DSWIFT_PACKAGE -Xcc -DDEBUG\=1 -emit-objc-header -emit-objc-header-path /Users/admin/builder/spi-builder-workspace/.derivedData/Build/Intermediates.noindex/MarkdownKit.build/Debug-watchos/MarkdownKit-t.build/Objects-normal/arm64_32/MarkdownKit-Swift.h -working-directory /Users/admin/builder/spi-builder-workspace/.swiftpm/xcode -experimental-emit-module-separately -disable-cmo
SwiftDriver MarkdownKit normal arm64 com.apple.xcode.tools.swift.compiler (in target 'MarkdownKit' from project 'MarkdownKit')
cd /Users/admin/builder/spi-builder-workspace/.swiftpm/xcode
builtin-SwiftDriver -- /Applications/Xcode-27.0.0-Release.Candidate.app/Contents/Developer/Toolchains/XcodeDefault.xctoolchain/usr/bin/swiftc -parse-as-library -module-name MarkdownKit -Onone @/Users/admin/builder/spi-builder-workspace/.derivedData/Build/Intermediates.noindex/MarkdownKit.build/Debug-watchos/MarkdownKit-t.build/Objects-normal/arm64/MarkdownKit.SwiftFileList -DSWIFT_PACKAGE -DDEBUG -DSWIFT_MODULE_RESOURCE_BUNDLE_UNAVAILABLE -DXcode -plugin-path /Applications/Xcode-27.0.0-Release.Candidate.app/Contents/Developer/Toolchains/XcodeDefault.xctoolchain/usr/lib/swift/host/plugins/testing -enable-experimental-feature DebugDescriptionMacro -sdk /Applications/Xcode-27.0.0-Release.Candidate.app/Contents/Developer/Platforms/WatchOS.platform/Developer/SDKs/WatchOS27.0.sdk -target arm64-apple-watchos9.0 -g -module-cache-path /Users/admin/builder/spi-builder-workspace/.derivedData/ModuleCache.noindex -Xfrontend -serialize-debugging-options -profile-coverage-mapping -profile-generate -enable-testing -index-store-path /Users/admin/builder/spi-builder-workspace/.derivedData/Index.noindex/DataStore -Xcc -D_LIBCPP_HARDENING_MODE\=_LIBCPP_HARDENING_MODE_DEBUG -swift-version 5 -I /Users/admin/builder/spi-builder-workspace/.derivedData/Build/Products/Debug-watchos -Isystem /Applications/Xcode-27.0.0-Release.Candidate.app/Contents/Developer/Platforms/WatchOS.platform/Developer/usr/lib -F /Users/admin/builder/spi-builder-workspace/.derivedData/Build/Products/Debug-watchos -F /Applications/Xcode-27.0.0-Release.Candidate.app/Contents/Developer/Platforms/WatchOS.platform/Developer/Library/Frameworks -F /Applications/Xcode-27.0.0-Release.Candidate.app/Contents/Developer/Platforms/WatchOS.platform/Developer/SDKs/WatchOS27.0.sdk/Developer/Library/Frameworks -c -j10 -enable-batch-mode -incremental -Xcc -ivfsstatcache -Xcc /Users/admin/builder/spi-builder-workspace/.derivedData/SDKStatCaches.noindex/watchos27.0-24R360-e829b21a6f8c9b70876ba0858053c04477534ef55a1706bf4c1112bbb242f0a2.sdkstatcache -output-file-map /Users/admin/builder/spi-builder-workspace/.derivedData/Build/Intermediates.noindex/MarkdownKit.build/Debug-watchos/MarkdownKit-t.build/Objects-normal/arm64/MarkdownKit-OutputFileMap.json -save-temps -no-color-diagnostics -explicit-module-build -module-cache-path /Users/admin/builder/spi-builder-workspace/.derivedData/Build/Intermediates.noindex/SwiftExplicitPrecompiledModules -clang-scanner-module-cache-path /Users/admin/builder/spi-builder-workspace/.derivedData/ModuleCache.noindex -sdk-module-cache-path /Users/admin/builder/spi-builder-workspace/.derivedData/SDKExplicitPrecompiledModules -emit-dependencies -emit-module -emit-module-path /Users/admin/builder/spi-builder-workspace/.derivedData/Build/Intermediates.noindex/MarkdownKit.build/Debug-watchos/MarkdownKit-t.build/Objects-normal/arm64/MarkdownKit.swiftmodule -serialize-diagnostics -dependency-scan-serialize-diagnostics-path /Users/admin/builder/spi-builder-workspace/.derivedData/Build/Intermediates.noindex/MarkdownKit.build/Debug-watchos/MarkdownKit-t.build/Objects-normal/arm64/MarkdownKit-dependency-scan.dia -validate-clang-modules-once -clang-build-session-file /Users/admin/builder/spi-builder-workspace/.derivedData/ModuleCache.noindex/Session.modulevalidation -Xcc -fmodules-prune-interval\=86400 -Xcc -fmodules-prune-after\=345600 -package-name spi_builder_workspace -emit-const-values -const-gather-protocols-list /Users/admin/builder/spi-builder-workspace/.derivedData/Build/Intermediates.noindex/MarkdownKit.build/Debug-watchos/MarkdownKit-t.build/Objects-normal/arm64/MarkdownKit_const_extract_protocols.json -Xcc -I/Users/admin/builder/spi-builder-workspace/.derivedData/Build/Products/Debug-watchos/include -Xcc -I/Users/admin/builder/spi-builder-workspace/.derivedData/Build/Intermediates.noindex/MarkdownKit.build/Debug-watchos/MarkdownKit-t.build/DerivedSources-normal/arm64 -Xcc -I/Users/admin/builder/spi-builder-workspace/.derivedData/Build/Intermediates.noindex/MarkdownKit.build/Debug-watchos/MarkdownKit-t.build/DerivedSources/arm64 -Xcc -I/Users/admin/builder/spi-builder-workspace/.derivedData/Build/Intermediates.noindex/MarkdownKit.build/Debug-watchos/MarkdownKit-t.build/DerivedSources -Xcc -DSWIFT_PACKAGE -Xcc -DDEBUG\=1 -emit-objc-header -emit-objc-header-path /Users/admin/builder/spi-builder-workspace/.derivedData/Build/Intermediates.noindex/MarkdownKit.build/Debug-watchos/MarkdownKit-t.build/Objects-normal/arm64/MarkdownKit-Swift.h -working-directory /Users/admin/builder/spi-builder-workspace/.swiftpm/xcode -experimental-emit-module-separately -disable-cmo
SwiftExplicitDependencyGeneratePcm arm64_32 /Users/admin/builder/spi-builder-workspace/.derivedData/SDKExplicitPrecompiledModules/_Builtin_stdbool-A967K8W8YUYEC9SN52KJ7OO88.pcm
SwiftExplicitDependencyGeneratePcm arm64 /Users/admin/builder/spi-builder-workspace/.derivedData/SDKExplicitPrecompiledModules/SwiftShims-4MXFZPV6FEB0XBYXCGPWAMQGL.pcm
SwiftExplicitDependencyGeneratePcm arm64 /Users/admin/builder/spi-builder-workspace/.derivedData/SDKExplicitPrecompiledModules/ptrcheck-AIF0NDOYZ8ORBNHQAQR5NNB8M.pcm
SwiftExplicitDependencyGeneratePcm arm64_32 /Users/admin/builder/spi-builder-workspace/.derivedData/SDKExplicitPrecompiledModules/ptrauth-BFXF358ME5AK535N5A9Z766WU.pcm
SwiftExplicitDependencyGeneratePcm arm64_32 /Users/admin/builder/spi-builder-workspace/.derivedData/SDKExplicitPrecompiledModules/SwiftShims-9CQQGWTSNTN9EB5NSHDWUJICH.pcm
SwiftExplicitDependencyGeneratePcm arm64 /Users/admin/builder/spi-builder-workspace/.derivedData/SDKExplicitPrecompiledModules/_Builtin_stdbool-83J96QSOFE9VX04AAS6310UAE.pcm
SwiftExplicitDependencyGeneratePcm arm64 /Users/admin/builder/spi-builder-workspace/.derivedData/SDKExplicitPrecompiledModules/_Builtin_stddef-1FU30Y8SWFB7OUUHMJQH5J6FM.pcm
SwiftExplicitDependencyGeneratePcm arm64_32 /Users/admin/builder/spi-builder-workspace/.derivedData/SDKExplicitPrecompiledModules/_Builtin_stdarg-D305JG44A2WPI6CJY37X3QJE8.pcm
SwiftExplicitDependencyGeneratePcm arm64_32 /Users/admin/builder/spi-builder-workspace/.derivedData/SDKExplicitPrecompiledModules/ptrcheck-7ELIH9BTIGVKX3UBITM9N72WD.pcm
SwiftExplicitDependencyGeneratePcm arm64_32 /Users/admin/builder/spi-builder-workspace/.derivedData/SDKExplicitPrecompiledModules/_Builtin_stddef-H44EFHQX6XSS5MZ7QP6YJZ76.pcm
SwiftExplicitDependencyGeneratePcm arm64 /Users/admin/builder/spi-builder-workspace/.derivedData/SDKExplicitPrecompiledModules/ptrauth-3TZ9WJCGLYD25HQPWH4968ONX.pcm
SwiftExplicitDependencyGeneratePcm arm64 /Users/admin/builder/spi-builder-workspace/.derivedData/SDKExplicitPrecompiledModules/_SwiftConcurrencyShims-659N52XSKR5F0QSB880BH2FJR.pcm
SwiftExplicitDependencyGeneratePcm arm64 /Users/admin/builder/spi-builder-workspace/.derivedData/SDKExplicitPrecompiledModules/_AvailabilityInternal-BUNV3UXM65NT37THI4W1AM0SF.pcm
SwiftExplicitDependencyGeneratePcm arm64 /Users/admin/builder/spi-builder-workspace/.derivedData/SDKExplicitPrecompiledModules/DeveloperToolsSupport-E7CNISCB36UE8XQ9IOHK9XDX1.pcm
SwiftExplicitDependencyGeneratePcm arm64_32 /Users/admin/builder/spi-builder-workspace/.derivedData/SDKExplicitPrecompiledModules/_Builtin_float-6KO8O3PEWRCA4WC6PPLOYO6WJ.pcm
SwiftExplicitDependencyGeneratePcm arm64_32 /Users/admin/builder/spi-builder-workspace/.derivedData/SDKExplicitPrecompiledModules/_SwiftConcurrencyShims-6RTBPQ03V7BM9SPRK8SUE055H.pcm
SwiftExplicitDependencyGeneratePcm arm64 /Users/admin/builder/spi-builder-workspace/.derivedData/SDKExplicitPrecompiledModules/_Builtin_float-C0CW5Q4HGBQYKE77TC42IAFB5.pcm
SwiftExplicitDependencyGeneratePcm arm64_32 /Users/admin/builder/spi-builder-workspace/.derivedData/SDKExplicitPrecompiledModules/_AvailabilityInternal-244WAN3Z1QBT7PIA64EZEFY1R.pcm
SwiftExplicitDependencyGeneratePcm arm64 /Users/admin/builder/spi-builder-workspace/.derivedData/SDKExplicitPrecompiledModules/_Builtin_stdarg-A7UU8LE6MP85SM26YO7PBZNUQ.pcm
SwiftExplicitDependencyGeneratePcm arm64_32 /Users/admin/builder/spi-builder-workspace/.derivedData/SDKExplicitPrecompiledModules/DeveloperToolsSupport-DZU5G1OCMNWU0AQRULIFHUJ1Z.pcm
SwiftExplicitDependencyGeneratePcm arm64 /Users/admin/builder/spi-builder-workspace/.derivedData/SDKExplicitPrecompiledModules/_DarwinFoundation1-7SPX3MD0HMP55E4OLNCPNDQ53.pcm
SwiftExplicitDependencyGeneratePcm arm64_32 /Users/admin/builder/spi-builder-workspace/.derivedData/SDKExplicitPrecompiledModules/_DarwinFoundation1-2GWF9RFMPLQW4PDHS3NARVI3G.pcm
SwiftExplicitDependencyGeneratePcm arm64_32 /Users/admin/builder/spi-builder-workspace/.derivedData/SDKExplicitPrecompiledModules/_Builtin_limits-3VKBU2AFTD65PAJZ5CJ3LHFM2.pcm
SwiftExplicitDependencyGeneratePcm arm64 /Users/admin/builder/spi-builder-workspace/.derivedData/SDKExplicitPrecompiledModules/_DarwinFoundation2-D0XAPJU49S5E9XMKYOFGSTB1Q.pcm
SwiftExplicitDependencyGeneratePcm arm64 /Users/admin/builder/spi-builder-workspace/.derivedData/SDKExplicitPrecompiledModules/_Builtin_limits-9GWPA2B0H20DYUNYHYCWKABJG.pcm
SwiftExplicitDependencyGeneratePcm arm64_32 /Users/admin/builder/spi-builder-workspace/.derivedData/SDKExplicitPrecompiledModules/_DarwinFoundation2-9MY8GOSYRO0M9MKNXF6D3MBNK.pcm
SwiftExplicitDependencyGeneratePcm arm64 /Users/admin/builder/spi-builder-workspace/.derivedData/SDKExplicitPrecompiledModules/string_h-E6PRXK75PHIPCZFWOFCQ3QBMK.pcm
SwiftExplicitDependencyGeneratePcm arm64 /Users/admin/builder/spi-builder-workspace/.derivedData/SDKExplicitPrecompiledModules/sys_types-2KXQLI78OUCDP779AE68GZJ2.pcm
SwiftExplicitDependencyGeneratePcm arm64 /Users/admin/builder/spi-builder-workspace/.derivedData/SDKExplicitPrecompiledModules/_Builtin_stdint-8XMILLJZEGRN2XG7XZUXZ5RLX.pcm
SwiftExplicitDependencyGeneratePcm arm64 /Users/admin/builder/spi-builder-workspace/.derivedData/SDKExplicitPrecompiledModules/_Builtin_tgmath-8NQ96OZ0YHXEC24JI95P01UF8.pcm
SwiftExplicitDependencyGeneratePcm arm64_32 /Users/admin/builder/spi-builder-workspace/.derivedData/SDKExplicitPrecompiledModules/string_h-BFVLUQUSBZWYMLCU9QI7VZALW.pcm
SwiftExplicitDependencyGeneratePcm arm64_32 /Users/admin/builder/spi-builder-workspace/.derivedData/SDKExplicitPrecompiledModules/sys_types-8TLLMW08ZJWDGIIPKOYFGHHZW.pcm
SwiftExplicitDependencyGeneratePcm arm64_32 /Users/admin/builder/spi-builder-workspace/.derivedData/SDKExplicitPrecompiledModules/_Builtin_tgmath-23PGCKURCQILXMK0MYZRYDCOU.pcm
SwiftExplicitDependencyGeneratePcm arm64_32 /Users/admin/builder/spi-builder-workspace/.derivedData/SDKExplicitPrecompiledModules/_Builtin_stdint-1HMXWI3V0V4TXHRWZOMZGZ80Y.pcm
SwiftExplicitDependencyGeneratePcm arm64_32 /Users/admin/builder/spi-builder-workspace/.derivedData/SDKExplicitPrecompiledModules/_Builtin_intrinsics-196IIAKDQVU42DLOZP9OQCV76.pcm
SwiftExplicitDependencyGeneratePcm arm64_32 /Users/admin/builder/spi-builder-workspace/.derivedData/SDKExplicitPrecompiledModules/_DarwinFoundation3-3DUTYQDQSD9HUAAVY947NMWOI.pcm
SwiftExplicitDependencyGeneratePcm arm64_32 /Users/admin/builder/spi-builder-workspace/.derivedData/SDKExplicitPrecompiledModules/_Builtin_stdatomic-1TY035TURL76BF2U98PZPPZRX.pcm
SwiftExplicitDependencyGeneratePcm arm64 /Users/admin/builder/spi-builder-workspace/.derivedData/SDKExplicitPrecompiledModules/_DarwinFoundation3-B97LRG0E9GON2NUE65TVG81HU.pcm
SwiftExplicitDependencyGeneratePcm arm64 /Users/admin/builder/spi-builder-workspace/.derivedData/SDKExplicitPrecompiledModules/_Builtin_intrinsics-75960HIPCIYA06IUW8FIIPQT.pcm
SwiftExplicitDependencyGeneratePcm arm64 /Users/admin/builder/spi-builder-workspace/.derivedData/SDKExplicitPrecompiledModules/_Builtin_stdatomic-7JEFA3KBJJJN6TKJWY3OG1VG5.pcm
SwiftExplicitDependencyGeneratePcm arm64_32 /Users/admin/builder/spi-builder-workspace/.derivedData/SDKExplicitPrecompiledModules/_Builtin_inttypes-D2KPCR4PEX9AQA33NGLUT5SBR.pcm
SwiftExplicitDependencyGeneratePcm arm64 /Users/admin/builder/spi-builder-workspace/.derivedData/SDKExplicitPrecompiledModules/_Builtin_inttypes-3UQSCM7WNM9EK4HZML8TY5J3D.pcm
SwiftExplicitDependencyGeneratePcm arm64 /Users/admin/builder/spi-builder-workspace/.derivedData/SDKExplicitPrecompiledModules/Darwin-3984OXKFNSPE77NT743WK8SEX.pcm
SwiftExplicitDependencyGeneratePcm arm64_32 /Users/admin/builder/spi-builder-workspace/.derivedData/SDKExplicitPrecompiledModules/Darwin-3FVT1SKLN2ZQ5RVOABMTQBB34.pcm
SwiftExplicitDependencyGeneratePcm arm64_32 /Users/admin/builder/spi-builder-workspace/.derivedData/SDKExplicitPrecompiledModules/simd-21UNWYOBUZI1LVSQ99S1XBLMO.pcm
SwiftExplicitDependencyGeneratePcm arm64 /Users/admin/builder/spi-builder-workspace/.derivedData/SDKExplicitPrecompiledModules/simd-EH08NODU6574T74ZKU61VP9BW.pcm
SwiftExplicitDependencyGeneratePcm arm64 /Users/admin/builder/spi-builder-workspace/.derivedData/SDKExplicitPrecompiledModules/ObjectiveC-72IVD3VS2RS8Q28D9PIMY0KQP.pcm
SwiftExplicitDependencyGeneratePcm arm64 /Users/admin/builder/spi-builder-workspace/.derivedData/SDKExplicitPrecompiledModules/MachO-2U90NNSAQILBNBPS1SA4F8TYP.pcm
SwiftExplicitDependencyGeneratePcm arm64_32 /Users/admin/builder/spi-builder-workspace/.derivedData/SDKExplicitPrecompiledModules/MachO-56838ZJ0NC1EBAJ0O6O8QMPDX.pcm
SwiftExplicitDependencyGeneratePcm arm64_32 /Users/admin/builder/spi-builder-workspace/.derivedData/SDKExplicitPrecompiledModules/ObjectiveC-6IJNELR2E80E7LUKESVCP2KET.pcm
SwiftExplicitDependencyGeneratePcm arm64 /Users/admin/builder/spi-builder-workspace/.derivedData/SDKExplicitPrecompiledModules/os_object-3SDKD7F87FTZ26OON37DRYT6O.pcm
SwiftExplicitDependencyGeneratePcm arm64_32 /Users/admin/builder/spi-builder-workspace/.derivedData/SDKExplicitPrecompiledModules/os_object-5YWTC6L4756IWSTPGXS5NM0D0.pcm
SwiftExplicitDependencyGeneratePcm arm64 /Users/admin/builder/spi-builder-workspace/.derivedData/SDKExplicitPrecompiledModules/os_workgroup-89GG5G7YC2D0ZTK6AZXXQ20DH.pcm
SwiftExplicitDependencyGeneratePcm arm64_32 /Users/admin/builder/spi-builder-workspace/.derivedData/SDKExplicitPrecompiledModules/os_workgroup-5JHTPDMNBUNHLJI8LPHKQK1JK.pcm
SwiftExplicitDependencyGeneratePcm arm64 /Users/admin/builder/spi-builder-workspace/.derivedData/SDKExplicitPrecompiledModules/Spatial-44FJGYXFAT2AQAW9Z6T7YS02U.pcm
SwiftExplicitDependencyGeneratePcm arm64_32 /Users/admin/builder/spi-builder-workspace/.derivedData/SDKExplicitPrecompiledModules/Spatial-CWVWNML3T0NXVHZDKVLD3X1YZ.pcm
SwiftExplicitDependencyGeneratePcm arm64 /Users/admin/builder/spi-builder-workspace/.derivedData/SDKExplicitPrecompiledModules/Dispatch-1NLJOVAK60XP0DUB05XA59EIM.pcm
SwiftExplicitDependencyGeneratePcm arm64_32 /Users/admin/builder/spi-builder-workspace/.derivedData/SDKExplicitPrecompiledModules/Dispatch-2P62F1T4XV63S4P99TUDTOK2Q.pcm
SwiftExplicitDependencyGeneratePcm arm64 /Users/admin/builder/spi-builder-workspace/.derivedData/SDKExplicitPrecompiledModules/CoreFoundation-8T2L24YC5NU7WO6WQJWRY7W08.pcm
SwiftExplicitDependencyGeneratePcm arm64 /Users/admin/builder/spi-builder-workspace/.derivedData/SDKExplicitPrecompiledModules/XPC-40DR0X1DHKGCV4J1IOLFS8MOU.pcm
SwiftExplicitDependencyGeneratePcm arm64_32 /Users/admin/builder/spi-builder-workspace/.derivedData/SDKExplicitPrecompiledModules/CoreFoundation-8E6Y4BA3EXYKUGJ24GT9LGV3N.pcm
SwiftExplicitDependencyGeneratePcm arm64_32 /Users/admin/builder/spi-builder-workspace/.derivedData/SDKExplicitPrecompiledModules/XPC-81Y45QFY96XYYFCW2GT6FY8S4.pcm
SwiftExplicitDependencyGeneratePcm arm64_32 /Users/admin/builder/spi-builder-workspace/.derivedData/SDKExplicitPrecompiledModules/os-E5IGB442IA6SBB25TTCOLK2OC.pcm
SwiftExplicitDependencyGeneratePcm arm64 /Users/admin/builder/spi-builder-workspace/.derivedData/SDKExplicitPrecompiledModules/os-5DIL6Z9LFIGLMZAHM7X2T5435.pcm
SwiftExplicitDependencyGeneratePcm arm64_32 /Users/admin/builder/spi-builder-workspace/.derivedData/SDKExplicitPrecompiledModules/Security-D7TOWF88VWF67TB9HAFP5UWB1.pcm
SwiftExplicitDependencyGeneratePcm arm64_32 /Users/admin/builder/spi-builder-workspace/.derivedData/SDKExplicitPrecompiledModules/CoreGraphics-9FDXYX6BKBUT6TJ2VF819E7T5.pcm
SwiftExplicitDependencyGeneratePcm arm64 /Users/admin/builder/spi-builder-workspace/.derivedData/SDKExplicitPrecompiledModules/CoreGraphics-DWNZ73GEH98SBJXZ7DEXB420K.pcm
SwiftExplicitDependencyGeneratePcm arm64 /Users/admin/builder/spi-builder-workspace/.derivedData/SDKExplicitPrecompiledModules/Security-6RZ6YBRU8WCUHRFFRVUK5WKMM.pcm
SwiftExplicitDependencyGeneratePcm arm64_32 /Users/admin/builder/spi-builder-workspace/.derivedData/SDKExplicitPrecompiledModules/Foundation-BJ2VQGI3OGR34500MEQ1VKHPH.pcm
SwiftExplicitDependencyGeneratePcm arm64 /Users/admin/builder/spi-builder-workspace/.derivedData/SDKExplicitPrecompiledModules/Foundation-DLBKUSGXN8QHAT8W0OARR9S8A.pcm
SwiftExplicitDependencyGeneratePcm arm64_32 /Users/admin/builder/spi-builder-workspace/.derivedData/SDKExplicitPrecompiledModules/CoreText-C9X2REPZN2V5BSU4G80FCETDR.pcm
SwiftExplicitDependencyGeneratePcm arm64_32 /Users/admin/builder/spi-builder-workspace/.derivedData/SDKExplicitPrecompiledModules/CoreVideo-2P8HI0403J99LBDPKNFJ5D4DL.pcm
SwiftExplicitDependencyGeneratePcm arm64 /Users/admin/builder/spi-builder-workspace/.derivedData/SDKExplicitPrecompiledModules/CoreVideo-8MRR5MNWUOAW2DBPGUQ8FKK4.pcm
SwiftExplicitDependencyGeneratePcm arm64 /Users/admin/builder/spi-builder-workspace/.derivedData/SDKExplicitPrecompiledModules/CoreText-970YJN6NIYGK1316L35Z0O8QT.pcm
SwiftExplicitDependencyGeneratePcm arm64_32 /Users/admin/builder/spi-builder-workspace/.derivedData/SDKExplicitPrecompiledModules/UIUtilities-9YFVNIMRC5HRVOIARNWHP1E3H.pcm
SwiftExplicitDependencyGeneratePcm arm64_32 /Users/admin/builder/spi-builder-workspace/.derivedData/SDKExplicitPrecompiledModules/CoreTransferable-5D4IR6X37682FPHJ5CBPTKQV6.pcm
SwiftExplicitDependencyGeneratePcm arm64_32 /Users/admin/builder/spi-builder-workspace/.derivedData/SDKExplicitPrecompiledModules/UserNotifications-6TBN8TEAKO014N1T2QD926XED.pcm
SwiftExplicitDependencyGeneratePcm arm64_32 /Users/admin/builder/spi-builder-workspace/.derivedData/SDKExplicitPrecompiledModules/UniformTypeIdentifiers-CJZ3NTHPSBH4XWX5EVOG56UZS.pcm
SwiftExplicitDependencyGeneratePcm arm64_32 /Users/admin/builder/spi-builder-workspace/.derivedData/SDKExplicitPrecompiledModules/OSLog-D9AVFY0KWO7RVBIQ73CBIJVCN.pcm
SwiftExplicitDependencyGeneratePcm arm64_32 /Users/admin/builder/spi-builder-workspace/.derivedData/SDKExplicitPrecompiledModules/Accessibility-F385OMZ5GYBUY5O4QAJB4NRII.pcm
SwiftExplicitDependencyGeneratePcm arm64_32 /Users/admin/builder/spi-builder-workspace/.derivedData/SDKExplicitPrecompiledModules/Symbols-1H97WMG76HU94F5VGJR19PXFY.pcm
SwiftExplicitDependencyGeneratePcm arm64_32 /Users/admin/builder/spi-builder-workspace/.derivedData/SDKExplicitPrecompiledModules/DataDetection-U9BF7WHFVA6BZGFXXXP272PS.pcm
SwiftExplicitDependencyGeneratePcm arm64_32 /Users/admin/builder/spi-builder-workspace/.derivedData/SDKExplicitPrecompiledModules/_LocationEssentials-AQ1OL9QKC3LQLY5CNSRM1HB53.pcm
SwiftExplicitDependencyGeneratePcm arm64_32 /Users/admin/builder/spi-builder-workspace/.derivedData/SDKExplicitPrecompiledModules/QuartzCore-6375NPYACK5NYVHPMC1QQ8MC2.pcm
SwiftExplicitDependencyGeneratePcm arm64 /Users/admin/builder/spi-builder-workspace/.derivedData/SDKExplicitPrecompiledModules/DataDetection-7BNVI1SZW5ISQL5SX4WL2X7I5.pcm
SwiftExplicitDependencyGeneratePcm arm64 /Users/admin/builder/spi-builder-workspace/.derivedData/SDKExplicitPrecompiledModules/Accessibility-27QMG6ZQ1NKYTNBYFPM1XKNFC.pcm
SwiftExplicitDependencyGeneratePcm arm64 /Users/admin/builder/spi-builder-workspace/.derivedData/SDKExplicitPrecompiledModules/_LocationEssentials-5ZZDGDXB6HLQUC72SJW7YJ7MK.pcm
SwiftExplicitDependencyGeneratePcm arm64 /Users/admin/builder/spi-builder-workspace/.derivedData/SDKExplicitPrecompiledModules/OSLog-B7VGO357Y3GJG35TST7DKDSI3.pcm
SwiftExplicitDependencyGeneratePcm arm64 /Users/admin/builder/spi-builder-workspace/.derivedData/SDKExplicitPrecompiledModules/UIUtilities-IR7RNW23VAUKYI9MLCS9NL9A.pcm
SwiftExplicitDependencyGeneratePcm arm64 /Users/admin/builder/spi-builder-workspace/.derivedData/SDKExplicitPrecompiledModules/Symbols-3EFABTJ9L5PQDJ7RQCYQWEJMM.pcm
SwiftExplicitDependencyGeneratePcm arm64 /Users/admin/builder/spi-builder-workspace/.derivedData/SDKExplicitPrecompiledModules/UniformTypeIdentifiers-8L08Q8DQJV8C4AW84YVGFGTRN.pcm
SwiftExplicitDependencyGeneratePcm arm64 /Users/admin/builder/spi-builder-workspace/.derivedData/SDKExplicitPrecompiledModules/QuartzCore-94KFMWNOU7ZLUZNB4T5DLZC9D.pcm
SwiftExplicitDependencyGeneratePcm arm64_32 /Users/admin/builder/spi-builder-workspace/.derivedData/SDKExplicitPrecompiledModules/CoreLocation-8XU5YMYM4P11RQMYCQAG65ITK.pcm
SwiftExplicitDependencyGeneratePcm arm64 /Users/admin/builder/spi-builder-workspace/.derivedData/SDKExplicitPrecompiledModules/CoreTransferable-9PPG3SLJ55T4LITIFYX2M0NOZ.pcm
SwiftExplicitDependencyGeneratePcm arm64_32 /Users/admin/builder/spi-builder-workspace/.derivedData/SDKExplicitPrecompiledModules/SwiftUICore-3Q7WLRD8MR9R3NGIPUBQCP6F6.pcm
SwiftExplicitDependencyGeneratePcm arm64 /Users/admin/builder/spi-builder-workspace/.derivedData/SDKExplicitPrecompiledModules/UserNotifications-ARAH8MEQ0C2L0FBO39HITJMAO.pcm
SwiftExplicitDependencyGeneratePcm arm64 /Users/admin/builder/spi-builder-workspace/.derivedData/SDKExplicitPrecompiledModules/CoreLocation-ACKJ9K7ABI14F97Y46Y6SRR17.pcm
SwiftExplicitDependencyGeneratePcm arm64_32 /Users/admin/builder/spi-builder-workspace/.derivedData/SDKExplicitPrecompiledModules/CoreMotion-1XGTVTE5PP32UHME8AC63TL6.pcm
SwiftExplicitDependencyGeneratePcm arm64 /Users/admin/builder/spi-builder-workspace/.derivedData/SDKExplicitPrecompiledModules/SwiftUICore-C1DST1IX2Z0PTH5SJJZ1IULRB.pcm
SwiftExplicitDependencyGeneratePcm arm64 /Users/admin/builder/spi-builder-workspace/.derivedData/SDKExplicitPrecompiledModules/CoreMotion-6RD5K48QT1F4L9CATNFD2O7YB.pcm
SwiftExplicitDependencyGeneratePcm arm64_32 /Users/admin/builder/spi-builder-workspace/.derivedData/SDKExplicitPrecompiledModules/UIKit-6PPV7YPZ89CZPHYAP072QH8B6.pcm
SwiftExplicitDependencyGeneratePcm arm64 /Users/admin/builder/spi-builder-workspace/.derivedData/SDKExplicitPrecompiledModules/UIKit-27R3P1YMV4C6JLDT661G3MRIA.pcm
SwiftCompile normal arm64_32 Compiling\ MarkdownLink+UIKit.swift,\ UIFont+Traits.swift,\ MarkdownParser+UIKit.swift /Users/admin/builder/spi-builder-workspace/MarkdownKit/Sources/UIKit/Elements/Link/MarkdownLink+UIKit.swift /Users/admin/builder/spi-builder-workspace/MarkdownKit/Sources/UIKit/Extensions/UIFont+Traits.swift /Users/admin/builder/spi-builder-workspace/MarkdownKit/Sources/UIKit/MarkdownParser+UIKit.swift (in target 'MarkdownKit' from project 'MarkdownKit')
SwiftCompile normal arm64_32 /Users/admin/builder/spi-builder-workspace/MarkdownKit/Sources/UIKit/Elements/Link/MarkdownLink+UIKit.swift (in target 'MarkdownKit' from project 'MarkdownKit')
cd /Users/admin/builder/spi-builder-workspace/.swiftpm/xcode
builtin-SwiftPerFileCompile MarkdownLink+UIKit.swift
SwiftCompile normal arm64_32 /Users/admin/builder/spi-builder-workspace/MarkdownKit/Sources/UIKit/Extensions/UIFont+Traits.swift (in target 'MarkdownKit' from project 'MarkdownKit')
cd /Users/admin/builder/spi-builder-workspace/.swiftpm/xcode
builtin-SwiftPerFileCompile UIFont+Traits.swift
SwiftCompile normal arm64_32 /Users/admin/builder/spi-builder-workspace/MarkdownKit/Sources/UIKit/MarkdownParser+UIKit.swift (in target 'MarkdownKit' from project 'MarkdownKit')
cd /Users/admin/builder/spi-builder-workspace/.swiftpm/xcode
builtin-SwiftPerFileCompile MarkdownParser+UIKit.swift
SwiftCompile normal arm64_32 Compiling\ Typealias.swift,\ MarkdownCode+UIKit.swift,\ MarkdownHeader+UIKit.swift /Users/admin/builder/spi-builder-workspace/MarkdownKit/Sources/Common/Typealias.swift /Users/admin/builder/spi-builder-workspace/MarkdownKit/Sources/UIKit/Elements/Code/MarkdownCode+UIKit.swift /Users/admin/builder/spi-builder-workspace/MarkdownKit/Sources/UIKit/Elements/Header/MarkdownHeader+UIKit.swift (in target 'MarkdownKit' from project 'MarkdownKit')
SwiftCompile normal arm64_32 /Users/admin/builder/spi-builder-workspace/MarkdownKit/Sources/Common/Typealias.swift (in target 'MarkdownKit' from project 'MarkdownKit')
cd /Users/admin/builder/spi-builder-workspace/.swiftpm/xcode
builtin-SwiftPerFileCompile Typealias.swift
SwiftCompile normal arm64_32 /Users/admin/builder/spi-builder-workspace/MarkdownKit/Sources/UIKit/Elements/Code/MarkdownCode+UIKit.swift (in target 'MarkdownKit' from project 'MarkdownKit')
cd /Users/admin/builder/spi-builder-workspace/.swiftpm/xcode
builtin-SwiftPerFileCompile MarkdownCode+UIKit.swift
SwiftCompile normal arm64_32 /Users/admin/builder/spi-builder-workspace/MarkdownKit/Sources/UIKit/Elements/Header/MarkdownHeader+UIKit.swift (in target 'MarkdownKit' from project 'MarkdownKit')
cd /Users/admin/builder/spi-builder-workspace/.swiftpm/xcode
builtin-SwiftPerFileCompile MarkdownHeader+UIKit.swift
SwiftCompile normal arm64_32 Compiling\ MarkdownLevelElement.swift,\ MarkdownLinkElement.swift,\ MarkdownStyle.swift /Users/admin/builder/spi-builder-workspace/MarkdownKit/Sources/Common/Protocols/MarkdownLevelElement.swift /Users/admin/builder/spi-builder-workspace/MarkdownKit/Sources/Common/Protocols/MarkdownLinkElement.swift /Users/admin/builder/spi-builder-workspace/MarkdownKit/Sources/Common/Protocols/MarkdownStyle.swift (in target 'MarkdownKit' from project 'MarkdownKit')
SwiftCompile normal arm64_32 /Users/admin/builder/spi-builder-workspace/MarkdownKit/Sources/Common/Protocols/MarkdownLevelElement.swift (in target 'MarkdownKit' from project 'MarkdownKit')
cd /Users/admin/builder/spi-builder-workspace/.swiftpm/xcode
builtin-SwiftPerFileCompile MarkdownLevelElement.swift
SwiftCompile normal arm64_32 /Users/admin/builder/spi-builder-workspace/MarkdownKit/Sources/Common/Protocols/MarkdownLinkElement.swift (in target 'MarkdownKit' from project 'MarkdownKit')
cd /Users/admin/builder/spi-builder-workspace/.swiftpm/xcode
builtin-SwiftPerFileCompile MarkdownLinkElement.swift
SwiftCompile normal arm64_32 /Users/admin/builder/spi-builder-workspace/MarkdownKit/Sources/Common/Protocols/MarkdownStyle.swift (in target 'MarkdownKit' from project 'MarkdownKit')
cd /Users/admin/builder/spi-builder-workspace/.swiftpm/xcode
builtin-SwiftPerFileCompile MarkdownStyle.swift
SwiftCompile normal arm64_32 Compiling\ MarkdownParser.swift,\ MarkdownCommonElement.swift,\ MarkdownElement.swift /Users/admin/builder/spi-builder-workspace/MarkdownKit/Sources/Common/MarkdownParser.swift /Users/admin/builder/spi-builder-workspace/MarkdownKit/Sources/Common/Protocols/MarkdownCommonElement.swift /Users/admin/builder/spi-builder-workspace/MarkdownKit/Sources/Common/Protocols/MarkdownElement.swift (in target 'MarkdownKit' from project 'MarkdownKit')
/Users/admin/builder/spi-builder-workspace/MarkdownKit/Sources/UIKit/MarkdownParser+UIKit.swift:14:63: error: 'smallSystemFontSize' is unavailable in watchOS
12 |
13 | public extension MarkdownParser {
14 | static let defaultFont = UIFont.systemFont(ofSize: UIFont.smallSystemFontSize)
| `- error: 'smallSystemFontSize' is unavailable in watchOS
15 | static let defaultColor = UIColor.black
16 | }
/Applications/Xcode-27.0.0-Release.Candidate.app/Contents/Developer/Platforms/WatchOS.platform/Developer/SDKs/WatchOS27.0.sdk/System/Library/Frameworks/UIKit.framework/Headers/UIInterface.h:270:47: note: 'smallSystemFontSize' has been explicitly marked unavailable here
268 | @property(class, nonatomic, readonly) CGFloat labelFontSize API_UNAVAILABLE(tvos, watchos);
269 | @property(class, nonatomic, readonly) CGFloat buttonFontSize API_UNAVAILABLE(tvos, watchos);
270 | @property(class, nonatomic, readonly) CGFloat smallSystemFontSize API_UNAVAILABLE(tvos, watchos);
| `- note: 'smallSystemFontSize' has been explicitly marked unavailable here
271 | @property(class, nonatomic, readonly) CGFloat systemFontSize API_UNAVAILABLE(tvos, watchos);
272 | @property(class, nonatomic, readonly) CGFloat defaultFontSize API_UNAVAILABLE(macos, ios, tvos, watchos);
SwiftCompile normal arm64_32 /Users/admin/builder/spi-builder-workspace/MarkdownKit/Sources/Common/MarkdownParser.swift (in target 'MarkdownKit' from project 'MarkdownKit')
cd /Users/admin/builder/spi-builder-workspace/.swiftpm/xcode
builtin-SwiftPerFileCompile MarkdownParser.swift
SwiftCompile normal arm64_32 /Users/admin/builder/spi-builder-workspace/MarkdownKit/Sources/Common/Protocols/MarkdownCommonElement.swift (in target 'MarkdownKit' from project 'MarkdownKit')
cd /Users/admin/builder/spi-builder-workspace/.swiftpm/xcode
builtin-SwiftPerFileCompile MarkdownCommonElement.swift
SwiftCompile normal arm64_32 /Users/admin/builder/spi-builder-workspace/MarkdownKit/Sources/Common/Protocols/MarkdownElement.swift (in target 'MarkdownKit' from project 'MarkdownKit')
cd /Users/admin/builder/spi-builder-workspace/.swiftpm/xcode
builtin-SwiftPerFileCompile MarkdownElement.swift
SwiftCompile normal arm64_32 Compiling\ MarkdownAutomaticLink.swift,\ MarkdownLink.swift,\ MarkdownList.swift /Users/admin/builder/spi-builder-workspace/MarkdownKit/Sources/Common/Elements/Link/MarkdownAutomaticLink.swift /Users/admin/builder/spi-builder-workspace/MarkdownKit/Sources/Common/Elements/Link/MarkdownLink.swift /Users/admin/builder/spi-builder-workspace/MarkdownKit/Sources/Common/Elements/List/MarkdownList.swift (in target 'MarkdownKit' from project 'MarkdownKit')
SwiftCompile normal arm64_32 /Users/admin/builder/spi-builder-workspace/MarkdownKit/Sources/Common/Elements/Link/MarkdownAutomaticLink.swift (in target 'MarkdownKit' from project 'MarkdownKit')
cd /Users/admin/builder/spi-builder-workspace/.swiftpm/xcode
builtin-SwiftPerFileCompile MarkdownAutomaticLink.swift
SwiftCompile normal arm64_32 /Users/admin/builder/spi-builder-workspace/MarkdownKit/Sources/Common/Elements/Link/MarkdownLink.swift (in target 'MarkdownKit' from project 'MarkdownKit')
cd /Users/admin/builder/spi-builder-workspace/.swiftpm/xcode
builtin-SwiftPerFileCompile MarkdownLink.swift
SwiftCompile normal arm64_32 /Users/admin/builder/spi-builder-workspace/MarkdownKit/Sources/Common/Elements/List/MarkdownList.swift (in target 'MarkdownKit' from project 'MarkdownKit')
cd /Users/admin/builder/spi-builder-workspace/.swiftpm/xcode
builtin-SwiftPerFileCompile MarkdownList.swift
SwiftCompile normal arm64_32 Compiling\ MarkdownQuote.swift,\ MarkdownStrikethrough.swift,\ String+UTF16.swift /Users/admin/builder/spi-builder-workspace/MarkdownKit/Sources/Common/Elements/Quote/MarkdownQuote.swift /Users/admin/builder/spi-builder-workspace/MarkdownKit/Sources/Common/Elements/Strikethrough/MarkdownStrikethrough.swift /Users/admin/builder/spi-builder-workspace/MarkdownKit/Sources/Common/Extensions/String+UTF16.swift (in target 'MarkdownKit' from project 'MarkdownKit')
SwiftCompile normal arm64_32 /Users/admin/builder/spi-builder-workspace/MarkdownKit/Sources/Common/Elements/Quote/MarkdownQuote.swift (in target 'MarkdownKit' from project 'MarkdownKit')
cd /Users/admin/builder/spi-builder-workspace/.swiftpm/xcode
builtin-SwiftPerFileCompile MarkdownQuote.swift
SwiftCompile normal arm64_32 /Users/admin/builder/spi-builder-workspace/MarkdownKit/Sources/Common/Elements/Strikethrough/MarkdownStrikethrough.swift (in target 'MarkdownKit' from project 'MarkdownKit')
cd /Users/admin/builder/spi-builder-workspace/.swiftpm/xcode
builtin-SwiftPerFileCompile MarkdownStrikethrough.swift
SwiftCompile normal arm64_32 /Users/admin/builder/spi-builder-workspace/MarkdownKit/Sources/Common/Extensions/String+UTF16.swift (in target 'MarkdownKit' from project 'MarkdownKit')
cd /Users/admin/builder/spi-builder-workspace/.swiftpm/xcode
builtin-SwiftPerFileCompile String+UTF16.swift
SwiftCompile normal arm64_32 Compiling\ MarkdownUnescaping.swift,\ MarkdownHeader.swift,\ MarkdownItalic.swift /Users/admin/builder/spi-builder-workspace/MarkdownKit/Sources/Common/Elements/Escaping/MarkdownUnescaping.swift /Users/admin/builder/spi-builder-workspace/MarkdownKit/Sources/Common/Elements/Header/MarkdownHeader.swift /Users/admin/builder/spi-builder-workspace/MarkdownKit/Sources/Common/Elements/Italic/MarkdownItalic.swift (in target 'MarkdownKit' from project 'MarkdownKit')
SwiftCompile normal arm64_32 /Users/admin/builder/spi-builder-workspace/MarkdownKit/Sources/Common/Elements/Escaping/MarkdownUnescaping.swift (in target 'MarkdownKit' from project 'MarkdownKit')
cd /Users/admin/builder/spi-builder-workspace/.swiftpm/xcode
builtin-SwiftPerFileCompile MarkdownUnescaping.swift
SwiftCompile normal arm64_32 /Users/admin/builder/spi-builder-workspace/MarkdownKit/Sources/Common/Elements/Header/MarkdownHeader.swift (in target 'MarkdownKit' from project 'MarkdownKit')
cd /Users/admin/builder/spi-builder-workspace/.swiftpm/xcode
builtin-SwiftPerFileCompile MarkdownHeader.swift
SwiftCompile normal arm64_32 /Users/admin/builder/spi-builder-workspace/MarkdownKit/Sources/Common/Elements/Italic/MarkdownItalic.swift (in target 'MarkdownKit' from project 'MarkdownKit')
cd /Users/admin/builder/spi-builder-workspace/.swiftpm/xcode
builtin-SwiftPerFileCompile MarkdownItalic.swift
SwiftEmitModule normal arm64_32 Emitting\ module\ for\ MarkdownKit (in target 'MarkdownKit' from project 'MarkdownKit')
/Users/admin/builder/spi-builder-workspace/MarkdownKit/Sources/UIKit/Elements/Header/MarkdownHeader+UIKit.swift:14:67: error: 'smallSystemFontSize' is unavailable in watchOS
12 |
13 | public extension MarkdownHeader {
14 | static let defaultFont = UIFont.boldSystemFont(ofSize: UIFont.smallSystemFontSize)
| `- error: 'smallSystemFontSize' is unavailable in watchOS
15 | }
16 |
/Applications/Xcode-27.0.0-Release.Candidate.app/Contents/Developer/Platforms/WatchOS.platform/Developer/SDKs/WatchOS27.0.sdk/System/Library/Frameworks/UIKit.framework/Headers/UIInterface.h:270:47: note: 'smallSystemFontSize' has been explicitly marked unavailable here
268 | @property(class, nonatomic, readonly) CGFloat labelFontSize API_UNAVAILABLE(tvos, watchos);
269 | @property(class, nonatomic, readonly) CGFloat buttonFontSize API_UNAVAILABLE(tvos, watchos);
270 | @property(class, nonatomic, readonly) CGFloat smallSystemFontSize API_UNAVAILABLE(tvos, watchos);
| `- note: 'smallSystemFontSize' has been explicitly marked unavailable here
271 | @property(class, nonatomic, readonly) CGFloat systemFontSize API_UNAVAILABLE(tvos, watchos);
272 | @property(class, nonatomic, readonly) CGFloat defaultFontSize API_UNAVAILABLE(macos, ios, tvos, watchos);
/Users/admin/builder/spi-builder-workspace/MarkdownKit/Sources/UIKit/MarkdownParser+UIKit.swift:14:63: error: 'smallSystemFontSize' is unavailable in watchOS
12 |
13 | public extension MarkdownParser {
14 | static let defaultFont = UIFont.systemFont(ofSize: UIFont.smallSystemFontSize)
| `- error: 'smallSystemFontSize' is unavailable in watchOS
15 | static let defaultColor = UIColor.black
16 | }
/Applications/Xcode-27.0.0-Release.Candidate.app/Contents/Developer/Platforms/WatchOS.platform/Developer/SDKs/WatchOS27.0.sdk/System/Library/Frameworks/UIKit.framework/Headers/UIInterface.h:270:47: note: 'smallSystemFontSize' has been explicitly marked unavailable here
268 | @property(class, nonatomic, readonly) CGFloat labelFontSize API_UNAVAILABLE(tvos, watchos);
269 | @property(class, nonatomic, readonly) CGFloat buttonFontSize API_UNAVAILABLE(tvos, watchos);
270 | @property(class, nonatomic, readonly) CGFloat smallSystemFontSize API_UNAVAILABLE(tvos, watchos);
| `- note: 'smallSystemFontSize' has been explicitly marked unavailable here
271 | @property(class, nonatomic, readonly) CGFloat systemFontSize API_UNAVAILABLE(tvos, watchos);
272 | @property(class, nonatomic, readonly) CGFloat defaultFontSize API_UNAVAILABLE(macos, ios, tvos, watchos);
Failed frontend command:
/Applications/Xcode-27.0.0-Release.Candidate.app/Contents/Developer/Toolchains/XcodeDefault.xctoolchain/usr/bin/swift-frontend -frontend -emit-module -experimental-skip-non-inlinable-function-bodies-without-types /Users/admin/builder/spi-builder-workspace/MarkdownKit/Sources/AppKit/Elements/Code/MarkdownCode+AppKit.swift /Users/admin/builder/spi-builder-workspace/MarkdownKit/Sources/AppKit/Elements/Header/MarkdownHeader+AppKit.swift /Users/admin/builder/spi-builder-workspace/MarkdownKit/Sources/AppKit/Elements/Link/MarkdownLink+AppKit.swift /Users/admin/builder/spi-builder-workspace/MarkdownKit/Sources/AppKit/Extensions/MarkdownFont+Traits.swift /Users/admin/builder/spi-builder-workspace/MarkdownKit/Sources/AppKit/MarkdownParser+AppKit.swift /Users/admin/builder/spi-builder-workspace/MarkdownKit/Sources/Common/Elements/Bold/MarkdownBold.swift /Users/admin/builder/spi-builder-workspace/MarkdownKit/Sources/Common/Elements/Code/MarkdownCode.swift /Users/admin/builder/spi-builder-workspace/MarkdownKit/Sources/Common/Elements/Escaping/MarkdownCodeEscaping.swift /Users/admin/builder/spi-builder-workspace/MarkdownKit/Sources/Common/Elements/Escaping/MarkdownEscaping.swift /Users/admin/builder/spi-builder-workspace/MarkdownKit/Sources/Common/Elements/Escaping/MarkdownUnescaping.swift /Users/admin/builder/spi-builder-workspace/MarkdownKit/Sources/Common/Elements/Header/MarkdownHeader.swift /Users/admin/builder/spi-builder-workspace/MarkdownKit/Sources/Common/Elements/Italic/MarkdownItalic.swift /Users/admin/builder/spi-builder-workspace/MarkdownKit/Sources/Common/Elements/Link/MarkdownAutomaticLink.swift /Users/admin/builder/spi-builder-workspace/MarkdownKit/Sources/Common/Elements/Link/MarkdownLink.swift /Users/admin/builder/spi-builder-workspace/MarkdownKit/Sources/Common/Elements/List/MarkdownList.swift /Users/admin/builder/spi-builder-workspace/MarkdownKit/Sources/Common/Elements/Quote/MarkdownQuote.swift /Users/admin/builder/spi-builder-workspace/MarkdownKit/Sources/Common/Elements/Strikethrough/MarkdownStrikethrough.swift /Users/admin/builder/spi-builder-workspace/MarkdownKit/Sources/Common/Extensions/String+UTF16.swift /Users/admin/builder/spi-builder-workspace/MarkdownKit/Sources/Common/MarkdownParser.swift /Users/admin/builder/spi-builder-workspace/MarkdownKit/Sources/Common/Protocols/MarkdownCommonElement.swift /Users/admin/builder/spi-builder-workspace/MarkdownKit/Sources/Common/Protocols/MarkdownElement.swift /Users/admin/builder/spi-builder-workspace/MarkdownKit/Sources/Common/Protocols/MarkdownLevelElement.swift /Users/admin/builder/spi-builder-workspace/MarkdownKit/Sources/Common/Protocols/MarkdownLinkElement.swift /Users/admin/builder/spi-builder-workspace/MarkdownKit/Sources/Common/Protocols/MarkdownStyle.swift /Users/admin/builder/spi-builder-workspace/MarkdownKit/Sources/Common/Typealias.swift /Users/admin/builder/spi-builder-workspace/MarkdownKit/Sources/UIKit/Elements/Code/MarkdownCode+UIKit.swift /Users/admin/builder/spi-builder-workspace/MarkdownKit/Sources/UIKit/Elements/Header/MarkdownHeader+UIKit.swift /Users/admin/builder/spi-builder-workspace/MarkdownKit/Sources/UIKit/Elements/Link/MarkdownLink+UIKit.swift /Users/admin/builder/spi-builder-workspace/MarkdownKit/Sources/UIKit/Extensions/UIFont+Traits.swift /Users/admin/builder/spi-builder-workspace/MarkdownKit/Sources/UIKit/MarkdownParser+UIKit.swift -target arm64_32-apple-watchos9.0 -module-can-import-version UIKit 9127.0.84.1 9127.0.84 -disable-cross-import-overlay-search -load-resolved-plugin /Applications/Xcode-27.0.0-Release.Candidate.app/Contents/Developer/Platforms/WatchOS.platform/Developer/usr/lib/swift/host/plugins/libFoundationMacros.dylib\#/Applications/Xcode-27.0.0-Release.Candidate.app/Contents/Developer/Platforms/WatchOS.platform/Developer/usr/bin/swift-plugin-server\#FoundationMacros -load-resolved-plugin /Applications/Xcode-27.0.0-Release.Candidate.app/Contents/Developer/Platforms/WatchOS.platform/Developer/usr/lib/swift/host/plugins/libObservationMacros.dylib\#/Applications/Xcode-27.0.0-Release.Candidate.app/Contents/Developer/Platforms/WatchOS.platform/Developer/usr/bin/swift-plugin-server\#ObservationMacros -load-resolved-plugin /Applications/Xcode-27.0.0-Release.Candidate.app/Contents/Developer/Platforms/WatchOS.platform/Developer/usr/lib/swift/host/plugins/libSwiftMacros.dylib\#/Applications/Xcode-27.0.0-Release.Candidate.app/Contents/Developer/Platforms/WatchOS.platform/Developer/usr/bin/swift-plugin-server\#SwiftMacros -load-resolved-plugin /Applications/Xcode-27.0.0-Release.Candidate.app/Contents/Developer/Platforms/WatchOS.platform/Developer/usr/lib/swift/host/plugins/libSwiftUIMacros.dylib\#/Applications/Xcode-27.0.0-Release.Candidate.app/Contents/Developer/Platforms/WatchOS.platform/Developer/usr/bin/swift-plugin-server\#SwiftUIMacros -disable-implicit-swift-modules -Xcc -fno-implicit-modules -Xcc -fno-implicit-module-maps -explicit-swift-module-map-file /Users/admin/builder/spi-builder-workspace/.derivedData/Build/Intermediates.noindex/MarkdownKit.build/Debug-watchos/MarkdownKit-t.build/Objects-normal/arm64_32/MarkdownKit-dependencies-2.json -enable-objc-interop -sdk /Applications/Xcode-27.0.0-Release.Candidate.app/Contents/Developer/Platforms/WatchOS.platform/Developer/SDKs/WatchOS27.0.sdk -I /Users/admin/builder/spi-builder-workspace/.derivedData/Build/Products/Debug-watchos -Isystem /Applications/Xcode-27.0.0-Release.Candidate.app/Contents/Developer/Platforms/WatchOS.platform/Developer/usr/lib -F /Users/admin/builder/spi-builder-workspace/.derivedData/Build/Products/Debug-watchos -F /Applications/Xcode-27.0.0-Release.Candidate.app/Contents/Developer/Platforms/WatchOS.platform/Developer/Library/Frameworks -F /Applications/Xcode-27.0.0-Release.Candidate.app/Contents/Developer/Platforms/WatchOS.platform/Developer/SDKs/WatchOS27.0.sdk/Developer/Library/Frameworks -module-cache-path /Users/admin/builder/spi-builder-workspace/.derivedData/Build/Intermediates.noindex/SwiftExplicitPrecompiledModules -no-color-diagnostics -Xcc -fno-color-diagnostics -enable-testing -g -debug-info-format\=dwarf -dwarf-version\=4 -profile-generate -profile-coverage-mapping -swift-version 5 -Onone -D SWIFT_PACKAGE -D DEBUG -D SWIFT_MODULE_RESOURCE_BUNDLE_UNAVAILABLE -D Xcode -serialize-debugging-options -enable-experimental-feature DebugDescriptionMacro -empty-abi-descriptor -validate-clang-modules-once -clang-build-session-file /Users/admin/builder/spi-builder-workspace/.derivedData/ModuleCache.noindex/Session.modulevalidation -Xcc -working-directory -Xcc /Users/admin/builder/spi-builder-workspace/.swiftpm/xcode -enable-anonymous-context-mangled-names -file-compilation-dir /Users/admin/builder/spi-builder-workspace/.swiftpm/xcode -Xcc -D_LIBCPP_HARDENING_MODE\=_LIBCPP_HARDENING_MODE_DEBUG -Xcc -ivfsstatcache -Xcc /Users/admin/builder/spi-builder-workspace/.derivedData/SDKStatCaches.noindex/watchos27.0-24R360-e829b21a6f8c9b70876ba0858053c04477534ef55a1706bf4c1112bbb242f0a2.sdkstatcache -Xcc -fmodules-prune-interval\=86400 -Xcc -fmodules-prune-after\=345600 -Xcc -I/Users/admin/builder/spi-builder-workspace/.derivedData/Build/Products/Debug-watchos/include -Xcc -I/Users/admin/builder/spi-builder-workspace/.derivedData/Build/Intermediates.noindex/MarkdownKit.build/Debug-watchos/MarkdownKit-t.build/DerivedSources-normal/arm64_32 -Xcc -I/Users/admin/builder/spi-builder-workspace/.derivedData/Build/Intermediates.noindex/MarkdownKit.build/Debug-watchos/MarkdownKit-t.build/DerivedSources/arm64_32 -Xcc -I/Users/admin/builder/spi-builder-workspace/.derivedData/Build/Intermediates.noindex/MarkdownKit.build/Debug-watchos/MarkdownKit-t.build/DerivedSources -Xcc -DSWIFT_PACKAGE -Xcc -DDEBUG\=1 -no-auto-bridging-header-chaining -module-name MarkdownKit -package-name spi_builder_workspace -const-gather-protocols-file /Users/admin/builder/spi-builder-workspace/.derivedData/Build/Intermediates.noindex/MarkdownKit.build/Debug-watchos/MarkdownKit-t.build/Objects-normal/arm64_32/MarkdownKit_const_extract_protocols.json -disable-clang-spi -clang-target arm64_32-apple-watchos27.0 -target-sdk-version 27.0 -target-sdk-name watchos27.0 -in-process-plugin-server-path /Applications/Xcode-27.0.0-Release.Candidate.app/Contents/Developer/Toolchains/XcodeDefault.xctoolchain/usr/lib/swift/host/libSwiftInProcPluginServer.dylib -emit-module-doc-path /Users/admin/builder/spi-builder-workspace/.derivedData/Build/Intermediates.noindex/MarkdownKit.build/Debug-watchos/MarkdownKit-t.build/Objects-normal/arm64_32/MarkdownKit.swiftdoc -emit-module-source-info-path /Users/admin/builder/spi-builder-workspace/.derivedData/Build/Intermediates.noindex/MarkdownKit.build/Debug-watchos/MarkdownKit-t.build/Objects-normal/arm64_32/MarkdownKit.swiftsourceinfo -emit-objc-header-path /Users/admin/builder/spi-builder-workspace/.derivedData/Build/Intermediates.noindex/MarkdownKit.build/Debug-watchos/MarkdownKit-t.build/Objects-normal/arm64_32/MarkdownKit-Swift.h -serialize-diagnostics-path /Users/admin/builder/spi-builder-workspace/.derivedData/Build/Intermediates.noindex/MarkdownKit.build/Debug-watchos/MarkdownKit-t.build/Objects-normal/arm64_32/MarkdownKit-primary-emit-module.dia -emit-dependencies-path /Users/admin/builder/spi-builder-workspace/.derivedData/Build/Intermediates.noindex/MarkdownKit.build/Debug-watchos/MarkdownKit-t.build/Objects-normal/arm64_32/MarkdownKit-primary-emit-module.d -parse-as-library -o /Users/admin/builder/spi-builder-workspace/.derivedData/Build/Intermediates.noindex/MarkdownKit.build/Debug-watchos/MarkdownKit-t.build/Objects-normal/arm64_32/MarkdownKit.swiftmodule -emit-abi-descriptor-path /Users/admin/builder/spi-builder-workspace/.derivedData/Build/Intermediates.noindex/MarkdownKit.build/Debug-watchos/MarkdownKit-t.build/Objects-normal/arm64_32/MarkdownKit.abi.json
SwiftCompile normal arm64_32 (in target 'MarkdownKit' from project 'MarkdownKit')
cd /Users/admin/builder/spi-builder-workspace/.swiftpm/xcode
SwiftCompile normal arm64_32 Compiling\ MarkdownCode.swift,\ MarkdownCodeEscaping.swift,\ MarkdownEscaping.swift /Users/admin/builder/spi-builder-workspace/MarkdownKit/Sources/Common/Elements/Code/MarkdownCode.swift /Users/admin/builder/spi-builder-workspace/MarkdownKit/Sources/Common/Elements/Escaping/MarkdownCodeEscaping.swift /Users/admin/builder/spi-builder-workspace/MarkdownKit/Sources/Common/Elements/Escaping/MarkdownEscaping.swift (in target 'MarkdownKit' from project 'MarkdownKit')
SwiftCompile normal arm64_32 /Users/admin/builder/spi-builder-workspace/MarkdownKit/Sources/Common/Elements/Code/MarkdownCode.swift (in target 'MarkdownKit' from project 'MarkdownKit')
cd /Users/admin/builder/spi-builder-workspace/.swiftpm/xcode
builtin-SwiftPerFileCompile MarkdownCode.swift
SwiftCompile normal arm64_32 /Users/admin/builder/spi-builder-workspace/MarkdownKit/Sources/Common/Elements/Escaping/MarkdownCodeEscaping.swift (in target 'MarkdownKit' from project 'MarkdownKit')
cd /Users/admin/builder/spi-builder-workspace/.swiftpm/xcode
builtin-SwiftPerFileCompile MarkdownCodeEscaping.swift
SwiftCompile normal arm64_32 /Users/admin/builder/spi-builder-workspace/MarkdownKit/Sources/Common/Elements/Escaping/MarkdownEscaping.swift (in target 'MarkdownKit' from project 'MarkdownKit')
cd /Users/admin/builder/spi-builder-workspace/.swiftpm/xcode
builtin-SwiftPerFileCompile MarkdownEscaping.swift
SwiftCompile normal arm64_32 Compiling\ MarkdownFont+Traits.swift,\ MarkdownParser+AppKit.swift,\ MarkdownBold.swift /Users/admin/builder/spi-builder-workspace/MarkdownKit/Sources/AppKit/Extensions/MarkdownFont+Traits.swift /Users/admin/builder/spi-builder-workspace/MarkdownKit/Sources/AppKit/MarkdownParser+AppKit.swift /Users/admin/builder/spi-builder-workspace/MarkdownKit/Sources/Common/Elements/Bold/MarkdownBold.swift (in target 'MarkdownKit' from project 'MarkdownKit')
SwiftCompile normal arm64_32 /Users/admin/builder/spi-builder-workspace/MarkdownKit/Sources/AppKit/Extensions/MarkdownFont+Traits.swift (in target 'MarkdownKit' from project 'MarkdownKit')
cd /Users/admin/builder/spi-builder-workspace/.swiftpm/xcode
builtin-SwiftPerFileCompile MarkdownFont+Traits.swift
SwiftCompile normal arm64_32 /Users/admin/builder/spi-builder-workspace/MarkdownKit/Sources/AppKit/MarkdownParser+AppKit.swift (in target 'MarkdownKit' from project 'MarkdownKit')
cd /Users/admin/builder/spi-builder-workspace/.swiftpm/xcode
builtin-SwiftPerFileCompile MarkdownParser+AppKit.swift
SwiftCompile normal arm64_32 /Users/admin/builder/spi-builder-workspace/MarkdownKit/Sources/Common/Elements/Bold/MarkdownBold.swift (in target 'MarkdownKit' from project 'MarkdownKit')
cd /Users/admin/builder/spi-builder-workspace/.swiftpm/xcode
builtin-SwiftPerFileCompile MarkdownBold.swift
SwiftEmitModule normal arm64 Emitting\ module\ for\ MarkdownKit (in target 'MarkdownKit' from project 'MarkdownKit')
SwiftCompile normal arm64 (in target 'MarkdownKit' from project 'MarkdownKit')
cd /Users/admin/builder/spi-builder-workspace/.swiftpm/xcode
PruneExplicitPrecompiledModules /Users/admin/builder/spi-builder-workspace/.derivedData/Build/Intermediates.noindex/SwiftExplicitPrecompiledModules
PruneExplicitPrecompiledModules /Users/admin/builder/spi-builder-workspace/.derivedData/SDKExplicitPrecompiledModules
PruneExplicitPrecompiledModules /Users/admin/builder/spi-builder-workspace/.derivedData/Build/Intermediates.noindex/ExplicitPrecompiledModules
2026-09-22 08:58:46.834 xcodebuild[732:4408] [MT] IDERunDestination: Supported platforms for the buildables in the current scheme is empty.
** BUILD FAILED **
The following build commands failed:
SwiftEmitModule normal arm64_32 Emitting\ module\ for\ MarkdownKit (in target 'MarkdownKit' from project 'MarkdownKit')
SwiftCompile normal arm64_32 (in target 'MarkdownKit' from project 'MarkdownKit')
Building workspace MarkdownKit with scheme MarkdownKit-Package
(3 failures)
Command line invocation:
/Applications/Xcode-27.0.0-Release.Candidate.app/Contents/Developer/usr/bin/xcodebuild -IDEClonedSourcePackagesDirPathOverride=/Users/admin/builder/spi-builder-workspace/.dependencies -resolvePackageDependencies
Resolve Package Graph
Resolved source packages:
MarkdownKit: /Users/admin/builder/spi-builder-workspace
resolved source packages: MarkdownKit
2026-09-22 08:58:52.929 xcodebuild[859:4898] [MT] IDERunDestination: Supported platforms for the buildables in the current scheme is empty.
{
"dependencies" : [
],
"manifest_display_name" : "MarkdownKit",
"name" : "MarkdownKit",
"path" : "/Users/admin/builder/spi-builder-workspace",
"platforms" : [
{
"name" : "macos",
"version" : "12.0"
},
{
"name" : "ios",
"version" : "15.0"
}
],
"products" : [
{
"name" : "MarkdownKit",
"targets" : [
"MarkdownKit"
],
"type" : {
"library" : [
"automatic"
]
}
},
{
"name" : "MarkdownKit-Dynamic",
"targets" : [
"MarkdownKit"
],
"type" : {
"library" : [
"dynamic"
]
}
}
],
"targets" : [
{
"c99name" : "MarkdownKitTests",
"module_type" : "SwiftTarget",
"name" : "MarkdownKitTests",
"path" : "MarkdownKit/Tests",
"sources" : [
"MarkdownParserTests.swift"
],
"target_dependencies" : [
"MarkdownKit"
],
"type" : "test"
},
{
"c99name" : "MarkdownKit",
"module_type" : "SwiftTarget",
"name" : "MarkdownKit",
"path" : "MarkdownKit/Sources",
"product_memberships" : [
"MarkdownKit",
"MarkdownKit-Dynamic"
],
"sources" : [
"AppKit/Elements/Code/MarkdownCode+AppKit.swift",
"AppKit/Elements/Header/MarkdownHeader+AppKit.swift",
"AppKit/Elements/Link/MarkdownLink+AppKit.swift",
"AppKit/Extensions/MarkdownFont+Traits.swift",
"AppKit/MarkdownParser+AppKit.swift",
"Common/Elements/Bold/MarkdownBold.swift",
"Common/Elements/Code/MarkdownCode.swift",
"Common/Elements/Escaping/MarkdownCodeEscaping.swift",
"Common/Elements/Escaping/MarkdownEscaping.swift",
"Common/Elements/Escaping/MarkdownUnescaping.swift",
"Common/Elements/Header/MarkdownHeader.swift",
"Common/Elements/Italic/MarkdownItalic.swift",
"Common/Elements/Link/MarkdownAutomaticLink.swift",
"Common/Elements/Link/MarkdownLink.swift",
"Common/Elements/List/MarkdownList.swift",
"Common/Elements/Quote/MarkdownQuote.swift",
"Common/Elements/Strikethrough/MarkdownStrikethrough.swift",
"Common/Extensions/String+UTF16.swift",
"Common/MarkdownParser.swift",
"Common/Protocols/MarkdownCommonElement.swift",
"Common/Protocols/MarkdownElement.swift",
"Common/Protocols/MarkdownLevelElement.swift",
"Common/Protocols/MarkdownLinkElement.swift",
"Common/Protocols/MarkdownStyle.swift",
"Common/Typealias.swift",
"UIKit/Elements/Code/MarkdownCode+UIKit.swift",
"UIKit/Elements/Header/MarkdownHeader+UIKit.swift",
"UIKit/Elements/Link/MarkdownLink+UIKit.swift",
"UIKit/Extensions/UIFont+Traits.swift",
"UIKit/MarkdownParser+UIKit.swift"
],
"type" : "library"
}
],
"tools_version" : "5.10"
}
{
"workspace" : {
"name" : "MarkdownKit",
"schemes" : [
"MarkdownKit",
"MarkdownKit-Dynamic",
"MarkdownKit-Package"
]
}
}
2026-09-22 08:58:54.114 xcodebuild[867:4961] [MT] IDERunDestination: Supported platforms for the buildables in the current scheme is empty.
Running build ...
env DEVELOPER_DIR=/Applications/Xcode-27.0.0-Release.Candidate.app xcrun xcodebuild -IDEClonedSourcePackagesDirPathOverride=$PWD/.dependencies -skipMacroValidation -skipPackagePluginValidation -derivedDataPath $PWD/.derivedData build -scheme MarkdownKit-Package -destination generic/platform=watchOS
Command line invocation:
/Applications/Xcode-27.0.0-Release.Candidate.app/Contents/Developer/usr/bin/xcodebuild -IDEClonedSourcePackagesDirPathOverride=/Users/admin/builder/spi-builder-workspace/.dependencies -skipMacroValidation -skipPackagePluginValidation -derivedDataPath /Users/admin/builder/spi-builder-workspace/.derivedData build -scheme MarkdownKit-Package -destination generic/platform=watchOS
Resolve Package Graph
Resolved source packages:
MarkdownKit: /Users/admin/builder/spi-builder-workspace
ComputePackagePrebuildTargetDependencyGraph
Prepare packages
CreateBuildRequest
SendProjectDescription
CreateBuildOperation
ComputeTargetDependencyGraph
note: Building targets in dependency order
note: Target dependency graph (3 targets)
Target 'MarkdownKit-Dynamic-product' in project 'MarkdownKit'
➜ Explicit dependency on target 'MarkdownKit' in project 'MarkdownKit'
Target 'MarkdownKit-product' in project 'MarkdownKit'
➜ Explicit dependency on target 'MarkdownKit' in project 'MarkdownKit'
Target 'MarkdownKit' in project 'MarkdownKit' (no dependencies)
GatherProvisioningInputs
CreateBuildDescription
ClangStatCache /Applications/Xcode-27.0.0-Release.Candidate.app/Contents/Developer/Toolchains/XcodeDefault.xctoolchain/usr/bin/clang-stat-cache /Applications/Xcode-27.0.0-Release.Candidate.app/Contents/Developer/Platforms/WatchOS.platform/Developer/SDKs/WatchOS27.0.sdk /Users/admin/builder/spi-builder-workspace/.derivedData/SDKStatCaches.noindex/watchos27.0-24R360-e829b21a6f8c9b70876ba0858053c04477534ef55a1706bf4c1112bbb242f0a2.sdkstatcache
cd /Users/admin/builder/spi-builder-workspace/.swiftpm/xcode
/Applications/Xcode-27.0.0-Release.Candidate.app/Contents/Developer/Toolchains/XcodeDefault.xctoolchain/usr/bin/clang-stat-cache /Applications/Xcode-27.0.0-Release.Candidate.app/Contents/Developer/Platforms/WatchOS.platform/Developer/SDKs/WatchOS27.0.sdk -o /Users/admin/builder/spi-builder-workspace/.derivedData/SDKStatCaches.noindex/watchos27.0-24R360-e829b21a6f8c9b70876ba0858053c04477534ef55a1706bf4c1112bbb242f0a2.sdkstatcache
SwiftDriver MarkdownKit normal arm64_32 com.apple.xcode.tools.swift.compiler (in target 'MarkdownKit' from project 'MarkdownKit')
cd /Users/admin/builder/spi-builder-workspace/.swiftpm/xcode
builtin-SwiftDriver -- /Applications/Xcode-27.0.0-Release.Candidate.app/Contents/Developer/Toolchains/XcodeDefault.xctoolchain/usr/bin/swiftc -parse-as-library -module-name MarkdownKit -Onone @/Users/admin/builder/spi-builder-workspace/.derivedData/Build/Intermediates.noindex/MarkdownKit.build/Debug-watchos/MarkdownKit-t.build/Objects-normal/arm64_32/MarkdownKit.SwiftFileList -DSWIFT_PACKAGE -DDEBUG -DSWIFT_MODULE_RESOURCE_BUNDLE_UNAVAILABLE -DXcode -plugin-path /Applications/Xcode-27.0.0-Release.Candidate.app/Contents/Developer/Toolchains/XcodeDefault.xctoolchain/usr/lib/swift/host/plugins/testing -enable-experimental-feature DebugDescriptionMacro -sdk /Applications/Xcode-27.0.0-Release.Candidate.app/Contents/Developer/Platforms/WatchOS.platform/Developer/SDKs/WatchOS27.0.sdk -target arm64_32-apple-watchos9.0 -g -module-cache-path /Users/admin/builder/spi-builder-workspace/.derivedData/ModuleCache.noindex -Xfrontend -serialize-debugging-options -profile-coverage-mapping -profile-generate -enable-testing -index-store-path /Users/admin/builder/spi-builder-workspace/.derivedData/Index.noindex/DataStore -Xcc -D_LIBCPP_HARDENING_MODE\=_LIBCPP_HARDENING_MODE_DEBUG -swift-version 5 -I /Users/admin/builder/spi-builder-workspace/.derivedData/Build/Products/Debug-watchos -Isystem /Applications/Xcode-27.0.0-Release.Candidate.app/Contents/Developer/Platforms/WatchOS.platform/Developer/usr/lib -F /Users/admin/builder/spi-builder-workspace/.derivedData/Build/Products/Debug-watchos -F /Applications/Xcode-27.0.0-Release.Candidate.app/Contents/Developer/Platforms/WatchOS.platform/Developer/Library/Frameworks -F /Applications/Xcode-27.0.0-Release.Candidate.app/Contents/Developer/Platforms/WatchOS.platform/Developer/SDKs/WatchOS27.0.sdk/Developer/Library/Frameworks -c -j10 -enable-batch-mode -incremental -Xcc -ivfsstatcache -Xcc /Users/admin/builder/spi-builder-workspace/.derivedData/SDKStatCaches.noindex/watchos27.0-24R360-e829b21a6f8c9b70876ba0858053c04477534ef55a1706bf4c1112bbb242f0a2.sdkstatcache -output-file-map /Users/admin/builder/spi-builder-workspace/.derivedData/Build/Intermediates.noindex/MarkdownKit.build/Debug-watchos/MarkdownKit-t.build/Objects-normal/arm64_32/MarkdownKit-OutputFileMap.json -save-temps -no-color-diagnostics -explicit-module-build -module-cache-path /Users/admin/builder/spi-builder-workspace/.derivedData/Build/Intermediates.noindex/SwiftExplicitPrecompiledModules -clang-scanner-module-cache-path /Users/admin/builder/spi-builder-workspace/.derivedData/ModuleCache.noindex -sdk-module-cache-path /Users/admin/builder/spi-builder-workspace/.derivedData/SDKExplicitPrecompiledModules -emit-dependencies -emit-module -emit-module-path /Users/admin/builder/spi-builder-workspace/.derivedData/Build/Intermediates.noindex/MarkdownKit.build/Debug-watchos/MarkdownKit-t.build/Objects-normal/arm64_32/MarkdownKit.swiftmodule -serialize-diagnostics -dependency-scan-serialize-diagnostics-path /Users/admin/builder/spi-builder-workspace/.derivedData/Build/Intermediates.noindex/MarkdownKit.build/Debug-watchos/MarkdownKit-t.build/Objects-normal/arm64_32/MarkdownKit-dependency-scan.dia -validate-clang-modules-once -clang-build-session-file /Users/admin/builder/spi-builder-workspace/.derivedData/ModuleCache.noindex/Session.modulevalidation -Xcc -fmodules-prune-interval\=86400 -Xcc -fmodules-prune-after\=345600 -package-name spi_builder_workspace -emit-const-values -const-gather-protocols-list /Users/admin/builder/spi-builder-workspace/.derivedData/Build/Intermediates.noindex/MarkdownKit.build/Debug-watchos/MarkdownKit-t.build/Objects-normal/arm64_32/MarkdownKit_const_extract_protocols.json -Xcc -I/Users/admin/builder/spi-builder-workspace/.derivedData/Build/Products/Debug-watchos/include -Xcc -I/Users/admin/builder/spi-builder-workspace/.derivedData/Build/Intermediates.noindex/MarkdownKit.build/Debug-watchos/MarkdownKit-t.build/DerivedSources-normal/arm64_32 -Xcc -I/Users/admin/builder/spi-builder-workspace/.derivedData/Build/Intermediates.noindex/MarkdownKit.build/Debug-watchos/MarkdownKit-t.build/DerivedSources/arm64_32 -Xcc -I/Users/admin/builder/spi-builder-workspace/.derivedData/Build/Intermediates.noindex/MarkdownKit.build/Debug-watchos/MarkdownKit-t.build/DerivedSources -Xcc -DSWIFT_PACKAGE -Xcc -DDEBUG\=1 -emit-objc-header -emit-objc-header-path /Users/admin/builder/spi-builder-workspace/.derivedData/Build/Intermediates.noindex/MarkdownKit.build/Debug-watchos/MarkdownKit-t.build/Objects-normal/arm64_32/MarkdownKit-Swift.h -working-directory /Users/admin/builder/spi-builder-workspace/.swiftpm/xcode -experimental-emit-module-separately -disable-cmo
SwiftDriver MarkdownKit normal arm64 com.apple.xcode.tools.swift.compiler (in target 'MarkdownKit' from project 'MarkdownKit')
cd /Users/admin/builder/spi-builder-workspace/.swiftpm/xcode
builtin-SwiftDriver -- /Applications/Xcode-27.0.0-Release.Candidate.app/Contents/Developer/Toolchains/XcodeDefault.xctoolchain/usr/bin/swiftc -parse-as-library -module-name MarkdownKit -Onone @/Users/admin/builder/spi-builder-workspace/.derivedData/Build/Intermediates.noindex/MarkdownKit.build/Debug-watchos/MarkdownKit-t.build/Objects-normal/arm64/MarkdownKit.SwiftFileList -DSWIFT_PACKAGE -DDEBUG -DSWIFT_MODULE_RESOURCE_BUNDLE_UNAVAILABLE -DXcode -plugin-path /Applications/Xcode-27.0.0-Release.Candidate.app/Contents/Developer/Toolchains/XcodeDefault.xctoolchain/usr/lib/swift/host/plugins/testing -enable-experimental-feature DebugDescriptionMacro -sdk /Applications/Xcode-27.0.0-Release.Candidate.app/Contents/Developer/Platforms/WatchOS.platform/Developer/SDKs/WatchOS27.0.sdk -target arm64-apple-watchos9.0 -g -module-cache-path /Users/admin/builder/spi-builder-workspace/.derivedData/ModuleCache.noindex -Xfrontend -serialize-debugging-options -profile-coverage-mapping -profile-generate -enable-testing -index-store-path /Users/admin/builder/spi-builder-workspace/.derivedData/Index.noindex/DataStore -Xcc -D_LIBCPP_HARDENING_MODE\=_LIBCPP_HARDENING_MODE_DEBUG -swift-version 5 -I /Users/admin/builder/spi-builder-workspace/.derivedData/Build/Products/Debug-watchos -Isystem /Applications/Xcode-27.0.0-Release.Candidate.app/Contents/Developer/Platforms/WatchOS.platform/Developer/usr/lib -F /Users/admin/builder/spi-builder-workspace/.derivedData/Build/Products/Debug-watchos -F /Applications/Xcode-27.0.0-Release.Candidate.app/Contents/Developer/Platforms/WatchOS.platform/Developer/Library/Frameworks -F /Applications/Xcode-27.0.0-Release.Candidate.app/Contents/Developer/Platforms/WatchOS.platform/Developer/SDKs/WatchOS27.0.sdk/Developer/Library/Frameworks -c -j10 -enable-batch-mode -incremental -Xcc -ivfsstatcache -Xcc /Users/admin/builder/spi-builder-workspace/.derivedData/SDKStatCaches.noindex/watchos27.0-24R360-e829b21a6f8c9b70876ba0858053c04477534ef55a1706bf4c1112bbb242f0a2.sdkstatcache -output-file-map /Users/admin/builder/spi-builder-workspace/.derivedData/Build/Intermediates.noindex/MarkdownKit.build/Debug-watchos/MarkdownKit-t.build/Objects-normal/arm64/MarkdownKit-OutputFileMap.json -save-temps -no-color-diagnostics -explicit-module-build -module-cache-path /Users/admin/builder/spi-builder-workspace/.derivedData/Build/Intermediates.noindex/SwiftExplicitPrecompiledModules -clang-scanner-module-cache-path /Users/admin/builder/spi-builder-workspace/.derivedData/ModuleCache.noindex -sdk-module-cache-path /Users/admin/builder/spi-builder-workspace/.derivedData/SDKExplicitPrecompiledModules -emit-dependencies -emit-module -emit-module-path /Users/admin/builder/spi-builder-workspace/.derivedData/Build/Intermediates.noindex/MarkdownKit.build/Debug-watchos/MarkdownKit-t.build/Objects-normal/arm64/MarkdownKit.swiftmodule -serialize-diagnostics -dependency-scan-serialize-diagnostics-path /Users/admin/builder/spi-builder-workspace/.derivedData/Build/Intermediates.noindex/MarkdownKit.build/Debug-watchos/MarkdownKit-t.build/Objects-normal/arm64/MarkdownKit-dependency-scan.dia -validate-clang-modules-once -clang-build-session-file /Users/admin/builder/spi-builder-workspace/.derivedData/ModuleCache.noindex/Session.modulevalidation -Xcc -fmodules-prune-interval\=86400 -Xcc -fmodules-prune-after\=345600 -package-name spi_builder_workspace -emit-const-values -const-gather-protocols-list /Users/admin/builder/spi-builder-workspace/.derivedData/Build/Intermediates.noindex/MarkdownKit.build/Debug-watchos/MarkdownKit-t.build/Objects-normal/arm64/MarkdownKit_const_extract_protocols.json -Xcc -I/Users/admin/builder/spi-builder-workspace/.derivedData/Build/Products/Debug-watchos/include -Xcc -I/Users/admin/builder/spi-builder-workspace/.derivedData/Build/Intermediates.noindex/MarkdownKit.build/Debug-watchos/MarkdownKit-t.build/DerivedSources-normal/arm64 -Xcc -I/Users/admin/builder/spi-builder-workspace/.derivedData/Build/Intermediates.noindex/MarkdownKit.build/Debug-watchos/MarkdownKit-t.build/DerivedSources/arm64 -Xcc -I/Users/admin/builder/spi-builder-workspace/.derivedData/Build/Intermediates.noindex/MarkdownKit.build/Debug-watchos/MarkdownKit-t.build/DerivedSources -Xcc -DSWIFT_PACKAGE -Xcc -DDEBUG\=1 -emit-objc-header -emit-objc-header-path /Users/admin/builder/spi-builder-workspace/.derivedData/Build/Intermediates.noindex/MarkdownKit.build/Debug-watchos/MarkdownKit-t.build/Objects-normal/arm64/MarkdownKit-Swift.h -working-directory /Users/admin/builder/spi-builder-workspace/.swiftpm/xcode -experimental-emit-module-separately -disable-cmo
SwiftEmitModule normal arm64_32 Emitting\ module\ for\ MarkdownKit (in target 'MarkdownKit' from project 'MarkdownKit')
/Users/admin/builder/spi-builder-workspace/MarkdownKit/Sources/UIKit/Elements/Header/MarkdownHeader+UIKit.swift:14:67: error: 'smallSystemFontSize' is unavailable in watchOS
12 |
13 | public extension MarkdownHeader {
14 | static let defaultFont = UIFont.boldSystemFont(ofSize: UIFont.smallSystemFontSize)
| `- error: 'smallSystemFontSize' is unavailable in watchOS
15 | }
16 |
/Applications/Xcode-27.0.0-Release.Candidate.app/Contents/Developer/Platforms/WatchOS.platform/Developer/SDKs/WatchOS27.0.sdk/System/Library/Frameworks/UIKit.framework/Headers/UIInterface.h:270:47: note: 'smallSystemFontSize' has been explicitly marked unavailable here
268 | @property(class, nonatomic, readonly) CGFloat labelFontSize API_UNAVAILABLE(tvos, watchos);
269 | @property(class, nonatomic, readonly) CGFloat buttonFontSize API_UNAVAILABLE(tvos, watchos);
270 | @property(class, nonatomic, readonly) CGFloat smallSystemFontSize API_UNAVAILABLE(tvos, watchos);
| `- note: 'smallSystemFontSize' has been explicitly marked unavailable here
271 | @property(class, nonatomic, readonly) CGFloat systemFontSize API_UNAVAILABLE(tvos, watchos);
272 | @property(class, nonatomic, readonly) CGFloat defaultFontSize API_UNAVAILABLE(macos, ios, tvos, watchos);
/Users/admin/builder/spi-builder-workspace/MarkdownKit/Sources/UIKit/MarkdownParser+UIKit.swift:14:63: error: 'smallSystemFontSize' is unavailable in watchOS
12 |
13 | public extension MarkdownParser {
14 | static let defaultFont = UIFont.systemFont(ofSize: UIFont.smallSystemFontSize)
| `- error: 'smallSystemFontSize' is unavailable in watchOS
15 | static let defaultColor = UIColor.black
16 | }
/Applications/Xcode-27.0.0-Release.Candidate.app/Contents/Developer/Platforms/WatchOS.platform/Developer/SDKs/WatchOS27.0.sdk/System/Library/Frameworks/UIKit.framework/Headers/UIInterface.h:270:47: note: 'smallSystemFontSize' has been explicitly marked unavailable here
268 | @property(class, nonatomic, readonly) CGFloat labelFontSize API_UNAVAILABLE(tvos, watchos);
269 | @property(class, nonatomic, readonly) CGFloat buttonFontSize API_UNAVAILABLE(tvos, watchos);
270 | @property(class, nonatomic, readonly) CGFloat smallSystemFontSize API_UNAVAILABLE(tvos, watchos);
| `- note: 'smallSystemFontSize' has been explicitly marked unavailable here
271 | @property(class, nonatomic, readonly) CGFloat systemFontSize API_UNAVAILABLE(tvos, watchos);
272 | @property(class, nonatomic, readonly) CGFloat defaultFontSize API_UNAVAILABLE(macos, ios, tvos, watchos);
Failed frontend command:
SwiftCompile normal arm64_32 (in target 'MarkdownKit' from project 'MarkdownKit')
cd /Users/admin/builder/spi-builder-workspace/.swiftpm/xcode
/Applications/Xcode-27.0.0-Release.Candidate.app/Contents/Developer/Toolchains/XcodeDefault.xctoolchain/usr/bin/swift-frontend -frontend -emit-module -experimental-skip-non-inlinable-function-bodies-without-types /Users/admin/builder/spi-builder-workspace/MarkdownKit/Sources/AppKit/Elements/Code/MarkdownCode+AppKit.swift /Users/admin/builder/spi-builder-workspace/MarkdownKit/Sources/AppKit/Elements/Header/MarkdownHeader+AppKit.swift /Users/admin/builder/spi-builder-workspace/MarkdownKit/Sources/AppKit/Elements/Link/MarkdownLink+AppKit.swift /Users/admin/builder/spi-builder-workspace/MarkdownKit/Sources/AppKit/Extensions/MarkdownFont+Traits.swift /Users/admin/builder/spi-builder-workspace/MarkdownKit/Sources/AppKit/MarkdownParser+AppKit.swift /Users/admin/builder/spi-builder-workspace/MarkdownKit/Sources/Common/Elements/Bold/MarkdownBold.swift /Users/admin/builder/spi-builder-workspace/MarkdownKit/Sources/Common/Elements/Code/MarkdownCode.swift /Users/admin/builder/spi-builder-workspace/MarkdownKit/Sources/Common/Elements/Escaping/MarkdownCodeEscaping.swift /Users/admin/builder/spi-builder-workspace/MarkdownKit/Sources/Common/Elements/Escaping/MarkdownEscaping.swift /Users/admin/builder/spi-builder-workspace/MarkdownKit/Sources/Common/Elements/Escaping/MarkdownUnescaping.swift /Users/admin/builder/spi-builder-workspace/MarkdownKit/Sources/Common/Elements/Header/MarkdownHeader.swift /Users/admin/builder/spi-builder-workspace/MarkdownKit/Sources/Common/Elements/Italic/MarkdownItalic.swift /Users/admin/builder/spi-builder-workspace/MarkdownKit/Sources/Common/Elements/Link/MarkdownAutomaticLink.swift /Users/admin/builder/spi-builder-workspace/MarkdownKit/Sources/Common/Elements/Link/MarkdownLink.swift /Users/admin/builder/spi-builder-workspace/MarkdownKit/Sources/Common/Elements/List/MarkdownList.swift /Users/admin/builder/spi-builder-workspace/MarkdownKit/Sources/Common/Elements/Quote/MarkdownQuote.swift /Users/admin/builder/spi-builder-workspace/MarkdownKit/Sources/Common/Elements/Strikethrough/MarkdownStrikethrough.swift /Users/admin/builder/spi-builder-workspace/MarkdownKit/Sources/Common/Extensions/String+UTF16.swift /Users/admin/builder/spi-builder-workspace/MarkdownKit/Sources/Common/MarkdownParser.swift /Users/admin/builder/spi-builder-workspace/MarkdownKit/Sources/Common/Protocols/MarkdownCommonElement.swift /Users/admin/builder/spi-builder-workspace/MarkdownKit/Sources/Common/Protocols/MarkdownElement.swift /Users/admin/builder/spi-builder-workspace/MarkdownKit/Sources/Common/Protocols/MarkdownLevelElement.swift /Users/admin/builder/spi-builder-workspace/MarkdownKit/Sources/Common/Protocols/MarkdownLinkElement.swift /Users/admin/builder/spi-builder-workspace/MarkdownKit/Sources/Common/Protocols/MarkdownStyle.swift /Users/admin/builder/spi-builder-workspace/MarkdownKit/Sources/Common/Typealias.swift /Users/admin/builder/spi-builder-workspace/MarkdownKit/Sources/UIKit/Elements/Code/MarkdownCode+UIKit.swift /Users/admin/builder/spi-builder-workspace/MarkdownKit/Sources/UIKit/Elements/Header/MarkdownHeader+UIKit.swift /Users/admin/builder/spi-builder-workspace/MarkdownKit/Sources/UIKit/Elements/Link/MarkdownLink+UIKit.swift /Users/admin/builder/spi-builder-workspace/MarkdownKit/Sources/UIKit/Extensions/UIFont+Traits.swift /Users/admin/builder/spi-builder-workspace/MarkdownKit/Sources/UIKit/MarkdownParser+UIKit.swift -target arm64_32-apple-watchos9.0 -module-can-import-version UIKit 9127.0.84.1 9127.0.84 -disable-cross-import-overlay-search -load-resolved-plugin /Applications/Xcode-27.0.0-Release.Candidate.app/Contents/Developer/Platforms/WatchOS.platform/Developer/usr/lib/swift/host/plugins/libFoundationMacros.dylib\#/Applications/Xcode-27.0.0-Release.Candidate.app/Contents/Developer/Platforms/WatchOS.platform/Developer/usr/bin/swift-plugin-server\#FoundationMacros -load-resolved-plugin /Applications/Xcode-27.0.0-Release.Candidate.app/Contents/Developer/Platforms/WatchOS.platform/Developer/usr/lib/swift/host/plugins/libObservationMacros.dylib\#/Applications/Xcode-27.0.0-Release.Candidate.app/Contents/Developer/Platforms/WatchOS.platform/Developer/usr/bin/swift-plugin-server\#ObservationMacros -load-resolved-plugin /Applications/Xcode-27.0.0-Release.Candidate.app/Contents/Developer/Platforms/WatchOS.platform/Developer/usr/lib/swift/host/plugins/libSwiftMacros.dylib\#/Applications/Xcode-27.0.0-Release.Candidate.app/Contents/Developer/Platforms/WatchOS.platform/Developer/usr/bin/swift-plugin-server\#SwiftMacros -load-resolved-plugin /Applications/Xcode-27.0.0-Release.Candidate.app/Contents/Developer/Platforms/WatchOS.platform/Developer/usr/lib/swift/host/plugins/libSwiftUIMacros.dylib\#/Applications/Xcode-27.0.0-Release.Candidate.app/Contents/Developer/Platforms/WatchOS.platform/Developer/usr/bin/swift-plugin-server\#SwiftUIMacros -disable-implicit-swift-modules -Xcc -fno-implicit-modules -Xcc -fno-implicit-module-maps -explicit-swift-module-map-file /Users/admin/builder/spi-builder-workspace/.derivedData/Build/Intermediates.noindex/MarkdownKit.build/Debug-watchos/MarkdownKit-t.build/Objects-normal/arm64_32/MarkdownKit-dependencies-1.json -enable-objc-interop -sdk /Applications/Xcode-27.0.0-Release.Candidate.app/Contents/Developer/Platforms/WatchOS.platform/Developer/SDKs/WatchOS27.0.sdk -I /Users/admin/builder/spi-builder-workspace/.derivedData/Build/Products/Debug-watchos -Isystem /Applications/Xcode-27.0.0-Release.Candidate.app/Contents/Developer/Platforms/WatchOS.platform/Developer/usr/lib -F /Users/admin/builder/spi-builder-workspace/.derivedData/Build/Products/Debug-watchos -F /Applications/Xcode-27.0.0-Release.Candidate.app/Contents/Developer/Platforms/WatchOS.platform/Developer/Library/Frameworks -F /Applications/Xcode-27.0.0-Release.Candidate.app/Contents/Developer/Platforms/WatchOS.platform/Developer/SDKs/WatchOS27.0.sdk/Developer/Library/Frameworks -module-cache-path /Users/admin/builder/spi-builder-workspace/.derivedData/Build/Intermediates.noindex/SwiftExplicitPrecompiledModules -no-color-diagnostics -Xcc -fno-color-diagnostics -enable-testing -g -debug-info-format\=dwarf -dwarf-version\=4 -profile-generate -profile-coverage-mapping -swift-version 5 -Onone -D SWIFT_PACKAGE -D DEBUG -D SWIFT_MODULE_RESOURCE_BUNDLE_UNAVAILABLE -D Xcode -serialize-debugging-options -enable-experimental-feature DebugDescriptionMacro -empty-abi-descriptor -validate-clang-modules-once -clang-build-session-file /Users/admin/builder/spi-builder-workspace/.derivedData/ModuleCache.noindex/Session.modulevalidation -Xcc -working-directory -Xcc /Users/admin/builder/spi-builder-workspace/.swiftpm/xcode -enable-anonymous-context-mangled-names -file-compilation-dir /Users/admin/builder/spi-builder-workspace/.swiftpm/xcode -Xcc -D_LIBCPP_HARDENING_MODE\=_LIBCPP_HARDENING_MODE_DEBUG -Xcc -ivfsstatcache -Xcc /Users/admin/builder/spi-builder-workspace/.derivedData/SDKStatCaches.noindex/watchos27.0-24R360-e829b21a6f8c9b70876ba0858053c04477534ef55a1706bf4c1112bbb242f0a2.sdkstatcache -Xcc -fmodules-prune-interval\=86400 -Xcc -fmodules-prune-after\=345600 -Xcc -I/Users/admin/builder/spi-builder-workspace/.derivedData/Build/Products/Debug-watchos/include -Xcc -I/Users/admin/builder/spi-builder-workspace/.derivedData/Build/Intermediates.noindex/MarkdownKit.build/Debug-watchos/MarkdownKit-t.build/DerivedSources-normal/arm64_32 -Xcc -I/Users/admin/builder/spi-builder-workspace/.derivedData/Build/Intermediates.noindex/MarkdownKit.build/Debug-watchos/MarkdownKit-t.build/DerivedSources/arm64_32 -Xcc -I/Users/admin/builder/spi-builder-workspace/.derivedData/Build/Intermediates.noindex/MarkdownKit.build/Debug-watchos/MarkdownKit-t.build/DerivedSources -Xcc -DSWIFT_PACKAGE -Xcc -DDEBUG\=1 -no-auto-bridging-header-chaining -module-name MarkdownKit -package-name spi_builder_workspace -const-gather-protocols-file /Users/admin/builder/spi-builder-workspace/.derivedData/Build/Intermediates.noindex/MarkdownKit.build/Debug-watchos/MarkdownKit-t.build/Objects-normal/arm64_32/MarkdownKit_const_extract_protocols.json -disable-clang-spi -clang-target arm64_32-apple-watchos27.0 -target-sdk-version 27.0 -target-sdk-name watchos27.0 -in-process-plugin-server-path /Applications/Xcode-27.0.0-Release.Candidate.app/Contents/Developer/Toolchains/XcodeDefault.xctoolchain/usr/lib/swift/host/libSwiftInProcPluginServer.dylib -emit-module-doc-path /Users/admin/builder/spi-builder-workspace/.derivedData/Build/Intermediates.noindex/MarkdownKit.build/Debug-watchos/MarkdownKit-t.build/Objects-normal/arm64_32/MarkdownKit.swiftdoc -emit-module-source-info-path /Users/admin/builder/spi-builder-workspace/.derivedData/Build/Intermediates.noindex/MarkdownKit.build/Debug-watchos/MarkdownKit-t.build/Objects-normal/arm64_32/MarkdownKit.swiftsourceinfo -emit-objc-header-path /Users/admin/builder/spi-builder-workspace/.derivedData/Build/Intermediates.noindex/MarkdownKit.build/Debug-watchos/MarkdownKit-t.build/Objects-normal/arm64_32/MarkdownKit-Swift.h -serialize-diagnostics-path /Users/admin/builder/spi-builder-workspace/.derivedData/Build/Intermediates.noindex/MarkdownKit.build/Debug-watchos/MarkdownKit-t.build/Objects-normal/arm64_32/MarkdownKit-primary-emit-module.dia -emit-dependencies-path /Users/admin/builder/spi-builder-workspace/.derivedData/Build/Intermediates.noindex/MarkdownKit.build/Debug-watchos/MarkdownKit-t.build/Objects-normal/arm64_32/MarkdownKit-primary-emit-module.d -parse-as-library -o /Users/admin/builder/spi-builder-workspace/.derivedData/Build/Intermediates.noindex/MarkdownKit.build/Debug-watchos/MarkdownKit-t.build/Objects-normal/arm64_32/MarkdownKit.swiftmodule -emit-abi-descriptor-path /Users/admin/builder/spi-builder-workspace/.derivedData/Build/Intermediates.noindex/MarkdownKit.build/Debug-watchos/MarkdownKit-t.build/Objects-normal/arm64_32/MarkdownKit.abi.json
SwiftCompile normal arm64_32 Compiling\ MarkdownFont+Traits.swift,\ MarkdownParser+AppKit.swift,\ MarkdownBold.swift /Users/admin/builder/spi-builder-workspace/MarkdownKit/Sources/AppKit/Extensions/MarkdownFont+Traits.swift /Users/admin/builder/spi-builder-workspace/MarkdownKit/Sources/AppKit/MarkdownParser+AppKit.swift /Users/admin/builder/spi-builder-workspace/MarkdownKit/Sources/Common/Elements/Bold/MarkdownBold.swift (in target 'MarkdownKit' from project 'MarkdownKit')
SwiftCompile normal arm64_32 /Users/admin/builder/spi-builder-workspace/MarkdownKit/Sources/AppKit/Extensions/MarkdownFont+Traits.swift (in target 'MarkdownKit' from project 'MarkdownKit')
cd /Users/admin/builder/spi-builder-workspace/.swiftpm/xcode
builtin-SwiftPerFileCompile MarkdownFont+Traits.swift
SwiftCompile normal arm64_32 /Users/admin/builder/spi-builder-workspace/MarkdownKit/Sources/AppKit/MarkdownParser+AppKit.swift (in target 'MarkdownKit' from project 'MarkdownKit')
cd /Users/admin/builder/spi-builder-workspace/.swiftpm/xcode
builtin-SwiftPerFileCompile MarkdownParser+AppKit.swift
SwiftCompile normal arm64_32 /Users/admin/builder/spi-builder-workspace/MarkdownKit/Sources/Common/Elements/Bold/MarkdownBold.swift (in target 'MarkdownKit' from project 'MarkdownKit')
cd /Users/admin/builder/spi-builder-workspace/.swiftpm/xcode
builtin-SwiftPerFileCompile MarkdownBold.swift
SwiftCompile normal arm64_32 Compiling\ Typealias.swift,\ MarkdownCode+UIKit.swift,\ MarkdownHeader+UIKit.swift /Users/admin/builder/spi-builder-workspace/MarkdownKit/Sources/Common/Typealias.swift /Users/admin/builder/spi-builder-workspace/MarkdownKit/Sources/UIKit/Elements/Code/MarkdownCode+UIKit.swift /Users/admin/builder/spi-builder-workspace/MarkdownKit/Sources/UIKit/Elements/Header/MarkdownHeader+UIKit.swift (in target 'MarkdownKit' from project 'MarkdownKit')
SwiftCompile normal arm64_32 /Users/admin/builder/spi-builder-workspace/MarkdownKit/Sources/Common/Typealias.swift (in target 'MarkdownKit' from project 'MarkdownKit')
cd /Users/admin/builder/spi-builder-workspace/.swiftpm/xcode
builtin-SwiftPerFileCompile Typealias.swift
SwiftCompile normal arm64_32 /Users/admin/builder/spi-builder-workspace/MarkdownKit/Sources/UIKit/Elements/Code/MarkdownCode+UIKit.swift (in target 'MarkdownKit' from project 'MarkdownKit')
cd /Users/admin/builder/spi-builder-workspace/.swiftpm/xcode
builtin-SwiftPerFileCompile MarkdownCode+UIKit.swift
SwiftCompile normal arm64_32 /Users/admin/builder/spi-builder-workspace/MarkdownKit/Sources/UIKit/Elements/Header/MarkdownHeader+UIKit.swift (in target 'MarkdownKit' from project 'MarkdownKit')
cd /Users/admin/builder/spi-builder-workspace/.swiftpm/xcode
builtin-SwiftPerFileCompile MarkdownHeader+UIKit.swift
SwiftCompile normal arm64 Compiling\ MarkdownCode+AppKit.swift,\ MarkdownHeader+AppKit.swift,\ MarkdownLink+AppKit.swift /Users/admin/builder/spi-builder-workspace/MarkdownKit/Sources/AppKit/Elements/Code/MarkdownCode+AppKit.swift /Users/admin/builder/spi-builder-workspace/MarkdownKit/Sources/AppKit/Elements/Header/MarkdownHeader+AppKit.swift /Users/admin/builder/spi-builder-workspace/MarkdownKit/Sources/AppKit/Elements/Link/MarkdownLink+AppKit.swift (in target 'MarkdownKit' from project 'MarkdownKit')
SwiftCompile normal arm64 /Users/admin/builder/spi-builder-workspace/MarkdownKit/Sources/AppKit/Elements/Code/MarkdownCode+AppKit.swift (in target 'MarkdownKit' from project 'MarkdownKit')
cd /Users/admin/builder/spi-builder-workspace/.swiftpm/xcode
builtin-SwiftPerFileCompile MarkdownCode+AppKit.swift
SwiftCompile normal arm64 /Users/admin/builder/spi-builder-workspace/MarkdownKit/Sources/AppKit/Elements/Header/MarkdownHeader+AppKit.swift (in target 'MarkdownKit' from project 'MarkdownKit')
cd /Users/admin/builder/spi-builder-workspace/.swiftpm/xcode
builtin-SwiftPerFileCompile MarkdownHeader+AppKit.swift
SwiftCompile normal arm64 /Users/admin/builder/spi-builder-workspace/MarkdownKit/Sources/AppKit/Elements/Link/MarkdownLink+AppKit.swift (in target 'MarkdownKit' from project 'MarkdownKit')
cd /Users/admin/builder/spi-builder-workspace/.swiftpm/xcode
builtin-SwiftPerFileCompile MarkdownLink+AppKit.swift
SwiftCompile normal arm64_32 Compiling\ MarkdownAutomaticLink.swift,\ MarkdownLink.swift,\ MarkdownList.swift /Users/admin/builder/spi-builder-workspace/MarkdownKit/Sources/Common/Elements/Link/MarkdownAutomaticLink.swift /Users/admin/builder/spi-builder-workspace/MarkdownKit/Sources/Common/Elements/Link/MarkdownLink.swift /Users/admin/builder/spi-builder-workspace/MarkdownKit/Sources/Common/Elements/List/MarkdownList.swift (in target 'MarkdownKit' from project 'MarkdownKit')
SwiftCompile normal arm64_32 /Users/admin/builder/spi-builder-workspace/MarkdownKit/Sources/Common/Elements/Link/MarkdownAutomaticLink.swift (in target 'MarkdownKit' from project 'MarkdownKit')
cd /Users/admin/builder/spi-builder-workspace/.swiftpm/xcode
builtin-SwiftPerFileCompile MarkdownAutomaticLink.swift
SwiftCompile normal arm64_32 /Users/admin/builder/spi-builder-workspace/MarkdownKit/Sources/Common/Elements/Link/MarkdownLink.swift (in target 'MarkdownKit' from project 'MarkdownKit')
cd /Users/admin/builder/spi-builder-workspace/.swiftpm/xcode
builtin-SwiftPerFileCompile MarkdownLink.swift
SwiftCompile normal arm64_32 /Users/admin/builder/spi-builder-workspace/MarkdownKit/Sources/Common/Elements/List/MarkdownList.swift (in target 'MarkdownKit' from project 'MarkdownKit')
cd /Users/admin/builder/spi-builder-workspace/.swiftpm/xcode
builtin-SwiftPerFileCompile MarkdownList.swift
SwiftCompile normal arm64_32 Compiling\ MarkdownQuote.swift,\ MarkdownStrikethrough.swift,\ String+UTF16.swift /Users/admin/builder/spi-builder-workspace/MarkdownKit/Sources/Common/Elements/Quote/MarkdownQuote.swift /Users/admin/builder/spi-builder-workspace/MarkdownKit/Sources/Common/Elements/Strikethrough/MarkdownStrikethrough.swift /Users/admin/builder/spi-builder-workspace/MarkdownKit/Sources/Common/Extensions/String+UTF16.swift (in target 'MarkdownKit' from project 'MarkdownKit')
SwiftCompile normal arm64_32 /Users/admin/builder/spi-builder-workspace/MarkdownKit/Sources/Common/Elements/Quote/MarkdownQuote.swift (in target 'MarkdownKit' from project 'MarkdownKit')
cd /Users/admin/builder/spi-builder-workspace/.swiftpm/xcode
builtin-SwiftPerFileCompile MarkdownQuote.swift
SwiftCompile normal arm64_32 /Users/admin/builder/spi-builder-workspace/MarkdownKit/Sources/Common/Elements/Strikethrough/MarkdownStrikethrough.swift (in target 'MarkdownKit' from project 'MarkdownKit')
cd /Users/admin/builder/spi-builder-workspace/.swiftpm/xcode
builtin-SwiftPerFileCompile MarkdownStrikethrough.swift
SwiftCompile normal arm64_32 /Users/admin/builder/spi-builder-workspace/MarkdownKit/Sources/Common/Extensions/String+UTF16.swift (in target 'MarkdownKit' from project 'MarkdownKit')
cd /Users/admin/builder/spi-builder-workspace/.swiftpm/xcode
builtin-SwiftPerFileCompile String+UTF16.swift
SwiftCompile normal arm64_32 Compiling\ MarkdownLevelElement.swift,\ MarkdownLinkElement.swift,\ MarkdownStyle.swift /Users/admin/builder/spi-builder-workspace/MarkdownKit/Sources/Common/Protocols/MarkdownLevelElement.swift /Users/admin/builder/spi-builder-workspace/MarkdownKit/Sources/Common/Protocols/MarkdownLinkElement.swift /Users/admin/builder/spi-builder-workspace/MarkdownKit/Sources/Common/Protocols/MarkdownStyle.swift (in target 'MarkdownKit' from project 'MarkdownKit')
SwiftCompile normal arm64_32 /Users/admin/builder/spi-builder-workspace/MarkdownKit/Sources/Common/Protocols/MarkdownLevelElement.swift (in target 'MarkdownKit' from project 'MarkdownKit')
cd /Users/admin/builder/spi-builder-workspace/.swiftpm/xcode
builtin-SwiftPerFileCompile MarkdownLevelElement.swift
SwiftCompile normal arm64_32 /Users/admin/builder/spi-builder-workspace/MarkdownKit/Sources/Common/Protocols/MarkdownLinkElement.swift (in target 'MarkdownKit' from project 'MarkdownKit')
cd /Users/admin/builder/spi-builder-workspace/.swiftpm/xcode
builtin-SwiftPerFileCompile MarkdownLinkElement.swift
SwiftCompile normal arm64_32 /Users/admin/builder/spi-builder-workspace/MarkdownKit/Sources/Common/Protocols/MarkdownStyle.swift (in target 'MarkdownKit' from project 'MarkdownKit')
cd /Users/admin/builder/spi-builder-workspace/.swiftpm/xcode
builtin-SwiftPerFileCompile MarkdownStyle.swift
SwiftCompile normal arm64_32 Compiling\ MarkdownCode.swift,\ MarkdownCodeEscaping.swift,\ MarkdownEscaping.swift /Users/admin/builder/spi-builder-workspace/MarkdownKit/Sources/Common/Elements/Code/MarkdownCode.swift /Users/admin/builder/spi-builder-workspace/MarkdownKit/Sources/Common/Elements/Escaping/MarkdownCodeEscaping.swift /Users/admin/builder/spi-builder-workspace/MarkdownKit/Sources/Common/Elements/Escaping/MarkdownEscaping.swift (in target 'MarkdownKit' from project 'MarkdownKit')
SwiftCompile normal arm64_32 /Users/admin/builder/spi-builder-workspace/MarkdownKit/Sources/Common/Elements/Code/MarkdownCode.swift (in target 'MarkdownKit' from project 'MarkdownKit')
cd /Users/admin/builder/spi-builder-workspace/.swiftpm/xcode
builtin-SwiftPerFileCompile MarkdownCode.swift
SwiftCompile normal arm64_32 /Users/admin/builder/spi-builder-workspace/MarkdownKit/Sources/Common/Elements/Escaping/MarkdownCodeEscaping.swift (in target 'MarkdownKit' from project 'MarkdownKit')
cd /Users/admin/builder/spi-builder-workspace/.swiftpm/xcode
builtin-SwiftPerFileCompile MarkdownCodeEscaping.swift
SwiftCompile normal arm64_32 /Users/admin/builder/spi-builder-workspace/MarkdownKit/Sources/Common/Elements/Escaping/MarkdownEscaping.swift (in target 'MarkdownKit' from project 'MarkdownKit')
cd /Users/admin/builder/spi-builder-workspace/.swiftpm/xcode
builtin-SwiftPerFileCompile MarkdownEscaping.swift
SwiftCompile normal arm64 Compiling\ MarkdownCode.swift,\ MarkdownCodeEscaping.swift,\ MarkdownEscaping.swift /Users/admin/builder/spi-builder-workspace/MarkdownKit/Sources/Common/Elements/Code/MarkdownCode.swift /Users/admin/builder/spi-builder-workspace/MarkdownKit/Sources/Common/Elements/Escaping/MarkdownCodeEscaping.swift /Users/admin/builder/spi-builder-workspace/MarkdownKit/Sources/Common/Elements/Escaping/MarkdownEscaping.swift (in target 'MarkdownKit' from project 'MarkdownKit')
SwiftCompile normal arm64 /Users/admin/builder/spi-builder-workspace/MarkdownKit/Sources/Common/Elements/Code/MarkdownCode.swift (in target 'MarkdownKit' from project 'MarkdownKit')
cd /Users/admin/builder/spi-builder-workspace/.swiftpm/xcode
builtin-SwiftPerFileCompile MarkdownCode.swift
SwiftCompile normal arm64 /Users/admin/builder/spi-builder-workspace/MarkdownKit/Sources/Common/Elements/Escaping/MarkdownCodeEscaping.swift (in target 'MarkdownKit' from project 'MarkdownKit')
cd /Users/admin/builder/spi-builder-workspace/.swiftpm/xcode
builtin-SwiftPerFileCompile MarkdownCodeEscaping.swift
SwiftCompile normal arm64 /Users/admin/builder/spi-builder-workspace/MarkdownKit/Sources/Common/Elements/Escaping/MarkdownEscaping.swift (in target 'MarkdownKit' from project 'MarkdownKit')
cd /Users/admin/builder/spi-builder-workspace/.swiftpm/xcode
builtin-SwiftPerFileCompile MarkdownEscaping.swift
SwiftCompile normal arm64 Compiling\ MarkdownFont+Traits.swift,\ MarkdownParser+AppKit.swift,\ MarkdownBold.swift /Users/admin/builder/spi-builder-workspace/MarkdownKit/Sources/AppKit/Extensions/MarkdownFont+Traits.swift /Users/admin/builder/spi-builder-workspace/MarkdownKit/Sources/AppKit/MarkdownParser+AppKit.swift /Users/admin/builder/spi-builder-workspace/MarkdownKit/Sources/Common/Elements/Bold/MarkdownBold.swift (in target 'MarkdownKit' from project 'MarkdownKit')
SwiftCompile normal arm64 /Users/admin/builder/spi-builder-workspace/MarkdownKit/Sources/AppKit/Extensions/MarkdownFont+Traits.swift (in target 'MarkdownKit' from project 'MarkdownKit')
cd /Users/admin/builder/spi-builder-workspace/.swiftpm/xcode
builtin-SwiftPerFileCompile MarkdownFont+Traits.swift
SwiftCompile normal arm64 /Users/admin/builder/spi-builder-workspace/MarkdownKit/Sources/AppKit/MarkdownParser+AppKit.swift (in target 'MarkdownKit' from project 'MarkdownKit')
cd /Users/admin/builder/spi-builder-workspace/.swiftpm/xcode
builtin-SwiftPerFileCompile MarkdownParser+AppKit.swift
SwiftCompile normal arm64 /Users/admin/builder/spi-builder-workspace/MarkdownKit/Sources/Common/Elements/Bold/MarkdownBold.swift (in target 'MarkdownKit' from project 'MarkdownKit')
cd /Users/admin/builder/spi-builder-workspace/.swiftpm/xcode
builtin-SwiftPerFileCompile MarkdownBold.swift
SwiftEmitModule normal arm64 Emitting\ module\ for\ MarkdownKit (in target 'MarkdownKit' from project 'MarkdownKit')
SwiftCompile normal arm64 (in target 'MarkdownKit' from project 'MarkdownKit')
cd /Users/admin/builder/spi-builder-workspace/.swiftpm/xcode
PruneExplicitPrecompiledModules /Users/admin/builder/spi-builder-workspace/.derivedData/Build/Intermediates.noindex/SwiftExplicitPrecompiledModules
PruneExplicitPrecompiledModules /Users/admin/builder/spi-builder-workspace/.derivedData/SDKExplicitPrecompiledModules
PruneExplicitPrecompiledModules /Users/admin/builder/spi-builder-workspace/.derivedData/Build/Intermediates.noindex/ExplicitPrecompiledModules
2026-09-22 08:58:55.055 xcodebuild[868:4988] [MT] IDERunDestination: Supported platforms for the buildables in the current scheme is empty.
** BUILD FAILED **
The following build commands failed:
SwiftCompile normal arm64_32 (in target 'MarkdownKit' from project 'MarkdownKit')
SwiftEmitModule normal arm64_32 Emitting\ module\ for\ MarkdownKit (in target 'MarkdownKit' from project 'MarkdownKit')
Building workspace MarkdownKit with scheme MarkdownKit-Package
(3 failures)
BUILD FAILURE 6.4 watchOS