Build Information
Failed to build elementary-alpine, reference 0.3.100 (c1fd4f), with Swift 6.3 for visionOS using Xcode 26.4 on 11 Aug 2026 01:52:57 UTC.
Build Command
env DEVELOPER_DIR=/Applications/Xcode-26.4.0.app xcrun xcodebuild -IDEClonedSourcePackagesDirPathOverride=$PWD/.dependencies -skipMacroValidation -skipPackagePluginValidation -derivedDataPath $PWD/.derivedData build -scheme elementary-alpine-Package -destination generic/platform=xrOSBuild Log
SwiftExplicitDependencyGeneratePcm arm64 /Users/admin/builder/spi-builder-workspace/.derivedData/ModuleCache.noindex/_Builtin_float-CKA43H4J856XAK8467CMSTRYN.pcm
SwiftExplicitDependencyGeneratePcm arm64 /Users/admin/builder/spi-builder-workspace/.derivedData/ModuleCache.noindex/_Builtin_stdarg-2Y1DNGB0APBU37UCM85USN5Y7.pcm
SwiftExplicitDependencyGeneratePcm arm64 /Users/admin/builder/spi-builder-workspace/.derivedData/ModuleCache.noindex/_AvailabilityInternal-SEU7M0Z3UU3ECB3MXH41MTTB.pcm
SwiftExplicitDependencyGeneratePcm arm64 /Users/admin/builder/spi-builder-workspace/.derivedData/ModuleCache.noindex/_Builtin_stddef-5FHCG9W8AOEJ547P8R0LSBI27.pcm
SwiftExplicitDependencyGeneratePcm arm64 /Users/admin/builder/spi-builder-workspace/.derivedData/ModuleCache.noindex/ptrcheck-1OT2ROK20XTH9ADDS9YILR71T.pcm
SwiftExplicitDependencyGeneratePcm arm64 /Users/admin/builder/spi-builder-workspace/.derivedData/ModuleCache.noindex/SwiftShims-9C21NR73BQS9YG84UF3Z27MZO.pcm
SwiftExplicitDependencyGeneratePcm arm64 /Users/admin/builder/spi-builder-workspace/.derivedData/ModuleCache.noindex/_Builtin_stdbool-C41A3QGCM1YYJNI7YRH3ZKU8F.pcm
SwiftExplicitDependencyGeneratePcm arm64 /Users/admin/builder/spi-builder-workspace/.derivedData/ModuleCache.noindex/_SwiftConcurrencyShims-7YY1YWNK5RJ1L5PT0R8GATWBI.pcm
SwiftExplicitDependencyGeneratePcm arm64 /Users/admin/builder/spi-builder-workspace/.derivedData/ModuleCache.noindex/_DarwinFoundation1-AV4T6NB9MX6FXUSNVLM60WU35.pcm
SwiftExplicitDependencyGeneratePcm arm64 /Users/admin/builder/spi-builder-workspace/.derivedData/ModuleCache.noindex/_Builtin_limits-6C7U720J1A7CX6SY1HA6Y4ABQ.pcm
SwiftExplicitDependencyGeneratePcm arm64 /Users/admin/builder/spi-builder-workspace/.derivedData/ModuleCache.noindex/_DarwinFoundation2-9F06RGJJQSDB3CAB2FUUZLYOT.pcm
SwiftExplicitDependencyGeneratePcm arm64 /Users/admin/builder/spi-builder-workspace/.derivedData/ModuleCache.noindex/sys_types-1UZDUXFNH2LE5XBXBIMGCD3RJ.pcm
SwiftExplicitDependencyGeneratePcm arm64 /Users/admin/builder/spi-builder-workspace/.derivedData/ModuleCache.noindex/_Builtin_stdint-2VHBA2ITX47FXGDI0ECTM0J5J.pcm
SwiftExplicitDependencyGeneratePcm arm64 /Users/admin/builder/spi-builder-workspace/.derivedData/ModuleCache.noindex/_DarwinFoundation3-1BK14W3VDJTL3BNFXE3OYQWPK.pcm
SwiftExplicitDependencyGeneratePcm arm64 /Users/admin/builder/spi-builder-workspace/.derivedData/ModuleCache.noindex/_Builtin_inttypes-DOZ9OALAIXSON0S4A162ZO3RH.pcm
SwiftExplicitDependencyGeneratePcm arm64 /Users/admin/builder/spi-builder-workspace/.derivedData/ModuleCache.noindex/Darwin-88QYID429OP0RJV4X7NPHPT2W.pcm
SwiftEmitModule normal arm64 Emitting\ module\ for\ Elementary (in target 'Elementary' from project 'elementary')
EmitSwiftModule normal arm64 (in target 'Elementary' from project 'elementary')
cd /Users/admin/builder/spi-builder-workspace/.swiftpm/xcode
SwiftCompile normal arm64 Compiling\ SVG.swift,\ SVGAttributes.swift,\ SVGContent+Structural.swift,\ SVGElement.swift /Users/admin/builder/spi-builder-workspace/.dependencies/checkouts/elementary/Sources/Elementary/SVG/SVG.swift /Users/admin/builder/spi-builder-workspace/.dependencies/checkouts/elementary/Sources/Elementary/SVG/SVGAttributes.swift /Users/admin/builder/spi-builder-workspace/.dependencies/checkouts/elementary/Sources/Elementary/SVG/SVGContent+Structural.swift /Users/admin/builder/spi-builder-workspace/.dependencies/checkouts/elementary/Sources/Elementary/SVG/SVGElement.swift (in target 'Elementary' from project 'elementary')
SwiftCompile normal arm64 /Users/admin/builder/spi-builder-workspace/.dependencies/checkouts/elementary/Sources/Elementary/SVG/SVG.swift (in target 'Elementary' from project 'elementary')
cd /Users/admin/builder/spi-builder-workspace/.swiftpm/xcode
SwiftCompile normal arm64 /Users/admin/builder/spi-builder-workspace/.dependencies/checkouts/elementary/Sources/Elementary/SVG/SVGAttributes.swift (in target 'Elementary' from project 'elementary')
cd /Users/admin/builder/spi-builder-workspace/.swiftpm/xcode
SwiftCompile normal arm64 /Users/admin/builder/spi-builder-workspace/.dependencies/checkouts/elementary/Sources/Elementary/SVG/SVGContent+Structural.swift (in target 'Elementary' from project 'elementary')
cd /Users/admin/builder/spi-builder-workspace/.swiftpm/xcode
SwiftCompile normal arm64 /Users/admin/builder/spi-builder-workspace/.dependencies/checkouts/elementary/Sources/Elementary/SVG/SVGElement.swift (in target 'Elementary' from project 'elementary')
cd /Users/admin/builder/spi-builder-workspace/.swiftpm/xcode
SwiftCompile normal arm64 Compiling\ HTMLVoidElement.swift,\ AttributeStorage.swift,\ AttributedElement.swift,\ Environment.swift,\ Markup+Renderable.swift /Users/admin/builder/spi-builder-workspace/.dependencies/checkouts/elementary/Sources/Elementary/HTML/HTMLVoidElement.swift /Users/admin/builder/spi-builder-workspace/.dependencies/checkouts/elementary/Sources/Elementary/Markup/AttributeStorage.swift /Users/admin/builder/spi-builder-workspace/.dependencies/checkouts/elementary/Sources/Elementary/Markup/AttributedElement.swift /Users/admin/builder/spi-builder-workspace/.dependencies/checkouts/elementary/Sources/Elementary/Markup/Environment.swift /Users/admin/builder/spi-builder-workspace/.dependencies/checkouts/elementary/Sources/Elementary/Markup/Markup+Renderable.swift (in target 'Elementary' from project 'elementary')
SwiftCompile normal arm64 /Users/admin/builder/spi-builder-workspace/.dependencies/checkouts/elementary/Sources/Elementary/HTML/HTMLVoidElement.swift (in target 'Elementary' from project 'elementary')
cd /Users/admin/builder/spi-builder-workspace/.swiftpm/xcode
SwiftCompile normal arm64 /Users/admin/builder/spi-builder-workspace/.dependencies/checkouts/elementary/Sources/Elementary/Markup/AttributeStorage.swift (in target 'Elementary' from project 'elementary')
cd /Users/admin/builder/spi-builder-workspace/.swiftpm/xcode
SwiftCompile normal arm64 /Users/admin/builder/spi-builder-workspace/.dependencies/checkouts/elementary/Sources/Elementary/Markup/AttributedElement.swift (in target 'Elementary' from project 'elementary')
cd /Users/admin/builder/spi-builder-workspace/.swiftpm/xcode
SwiftCompile normal arm64 /Users/admin/builder/spi-builder-workspace/.dependencies/checkouts/elementary/Sources/Elementary/Markup/Environment.swift (in target 'Elementary' from project 'elementary')
cd /Users/admin/builder/spi-builder-workspace/.swiftpm/xcode
SwiftCompile normal arm64 /Users/admin/builder/spi-builder-workspace/.dependencies/checkouts/elementary/Sources/Elementary/Markup/Markup+Renderable.swift (in target 'Elementary' from project 'elementary')
cd /Users/admin/builder/spi-builder-workspace/.swiftpm/xcode
SwiftCompile normal arm64 Compiling\ SVGTags.swift,\ SVGValues.swift,\ SendOnceBox.swift,\ SendableAnyHTMLBox.swift /Users/admin/builder/spi-builder-workspace/.dependencies/checkouts/elementary/Sources/Elementary/SVG/SVGTags.swift /Users/admin/builder/spi-builder-workspace/.dependencies/checkouts/elementary/Sources/Elementary/SVG/SVGValues.swift /Users/admin/builder/spi-builder-workspace/.dependencies/checkouts/elementary/Sources/Elementary/ServerSupport/SendOnceBox.swift /Users/admin/builder/spi-builder-workspace/.dependencies/checkouts/elementary/Sources/Elementary/ServerSupport/SendableAnyHTMLBox.swift (in target 'Elementary' from project 'elementary')
SwiftCompile normal arm64 /Users/admin/builder/spi-builder-workspace/.dependencies/checkouts/elementary/Sources/Elementary/SVG/SVGTags.swift (in target 'Elementary' from project 'elementary')
cd /Users/admin/builder/spi-builder-workspace/.swiftpm/xcode
SwiftCompile normal arm64 /Users/admin/builder/spi-builder-workspace/.dependencies/checkouts/elementary/Sources/Elementary/SVG/SVGValues.swift (in target 'Elementary' from project 'elementary')
cd /Users/admin/builder/spi-builder-workspace/.swiftpm/xcode
SwiftCompile normal arm64 /Users/admin/builder/spi-builder-workspace/.dependencies/checkouts/elementary/Sources/Elementary/ServerSupport/SendOnceBox.swift (in target 'Elementary' from project 'elementary')
cd /Users/admin/builder/spi-builder-workspace/.swiftpm/xcode
SwiftCompile normal arm64 /Users/admin/builder/spi-builder-workspace/.dependencies/checkouts/elementary/Sources/Elementary/ServerSupport/SendableAnyHTMLBox.swift (in target 'Elementary' from project 'elementary')
cd /Users/admin/builder/spi-builder-workspace/.swiftpm/xcode
SwiftCompile normal arm64 Compiling\ MarkupAttribute.swift,\ MarkupContent+Structural.swift,\ MarkupContent.swift,\ MarkupTagDefinition.swift /Users/admin/builder/spi-builder-workspace/.dependencies/checkouts/elementary/Sources/Elementary/Markup/MarkupAttribute.swift /Users/admin/builder/spi-builder-workspace/.dependencies/checkouts/elementary/Sources/Elementary/Markup/MarkupContent+Structural.swift /Users/admin/builder/spi-builder-workspace/.dependencies/checkouts/elementary/Sources/Elementary/Markup/MarkupContent.swift /Users/admin/builder/spi-builder-workspace/.dependencies/checkouts/elementary/Sources/Elementary/Markup/MarkupTagDefinition.swift (in target 'Elementary' from project 'elementary')
SwiftCompile normal arm64 /Users/admin/builder/spi-builder-workspace/.dependencies/checkouts/elementary/Sources/Elementary/Markup/MarkupAttribute.swift (in target 'Elementary' from project 'elementary')
cd /Users/admin/builder/spi-builder-workspace/.swiftpm/xcode
SwiftCompile normal arm64 /Users/admin/builder/spi-builder-workspace/.dependencies/checkouts/elementary/Sources/Elementary/Markup/MarkupContent+Structural.swift (in target 'Elementary' from project 'elementary')
cd /Users/admin/builder/spi-builder-workspace/.swiftpm/xcode
SwiftCompile normal arm64 /Users/admin/builder/spi-builder-workspace/.dependencies/checkouts/elementary/Sources/Elementary/Markup/MarkupContent.swift (in target 'Elementary' from project 'elementary')
cd /Users/admin/builder/spi-builder-workspace/.swiftpm/xcode
SwiftCompile normal arm64 /Users/admin/builder/spi-builder-workspace/.dependencies/checkouts/elementary/Sources/Elementary/Markup/MarkupTagDefinition.swift (in target 'Elementary' from project 'elementary')
cd /Users/admin/builder/spi-builder-workspace/.swiftpm/xcode
SwiftCompile normal arm64 Compiling\ StoredAttribute+StyleKeyValuePairs.swift,\ StoredAttribute.swift,\ AsyncHTMLRenderer.swift,\ HtmlTextRenderer.swift /Users/admin/builder/spi-builder-workspace/.dependencies/checkouts/elementary/Sources/Elementary/Markup/StoredAttribute+StyleKeyValuePairs.swift /Users/admin/builder/spi-builder-workspace/.dependencies/checkouts/elementary/Sources/Elementary/Markup/StoredAttribute.swift /Users/admin/builder/spi-builder-workspace/.dependencies/checkouts/elementary/Sources/Elementary/Rendering/AsyncHTMLRenderer.swift /Users/admin/builder/spi-builder-workspace/.dependencies/checkouts/elementary/Sources/Elementary/Rendering/HtmlTextRenderer.swift (in target 'Elementary' from project 'elementary')
SwiftCompile normal arm64 /Users/admin/builder/spi-builder-workspace/.dependencies/checkouts/elementary/Sources/Elementary/Markup/StoredAttribute+StyleKeyValuePairs.swift (in target 'Elementary' from project 'elementary')
cd /Users/admin/builder/spi-builder-workspace/.swiftpm/xcode
SwiftCompile normal arm64 /Users/admin/builder/spi-builder-workspace/.dependencies/checkouts/elementary/Sources/Elementary/Markup/StoredAttribute.swift (in target 'Elementary' from project 'elementary')
cd /Users/admin/builder/spi-builder-workspace/.swiftpm/xcode
SwiftCompile normal arm64 /Users/admin/builder/spi-builder-workspace/.dependencies/checkouts/elementary/Sources/Elementary/Rendering/AsyncHTMLRenderer.swift (in target 'Elementary' from project 'elementary')
cd /Users/admin/builder/spi-builder-workspace/.swiftpm/xcode
SwiftCompile normal arm64 /Users/admin/builder/spi-builder-workspace/.dependencies/checkouts/elementary/Sources/Elementary/Rendering/HtmlTextRenderer.swift (in target 'Elementary' from project 'elementary')
cd /Users/admin/builder/spi-builder-workspace/.swiftpm/xcode
SwiftCompile normal arm64 Compiling\ MarkupContent+Render.swift,\ Renderable.swift,\ RenderingUtils.swift,\ SVG+Renderable.swift /Users/admin/builder/spi-builder-workspace/.dependencies/checkouts/elementary/Sources/Elementary/Rendering/MarkupContent+Render.swift /Users/admin/builder/spi-builder-workspace/.dependencies/checkouts/elementary/Sources/Elementary/Rendering/Renderable.swift /Users/admin/builder/spi-builder-workspace/.dependencies/checkouts/elementary/Sources/Elementary/Rendering/RenderingUtils.swift /Users/admin/builder/spi-builder-workspace/.dependencies/checkouts/elementary/Sources/Elementary/SVG/SVG+Renderable.swift (in target 'Elementary' from project 'elementary')
SwiftCompile normal arm64 /Users/admin/builder/spi-builder-workspace/.dependencies/checkouts/elementary/Sources/Elementary/Rendering/MarkupContent+Render.swift (in target 'Elementary' from project 'elementary')
cd /Users/admin/builder/spi-builder-workspace/.swiftpm/xcode
SwiftCompile normal arm64 /Users/admin/builder/spi-builder-workspace/.dependencies/checkouts/elementary/Sources/Elementary/Rendering/Renderable.swift (in target 'Elementary' from project 'elementary')
cd /Users/admin/builder/spi-builder-workspace/.swiftpm/xcode
SwiftCompile normal arm64 /Users/admin/builder/spi-builder-workspace/.dependencies/checkouts/elementary/Sources/Elementary/Rendering/RenderingUtils.swift (in target 'Elementary' from project 'elementary')
cd /Users/admin/builder/spi-builder-workspace/.swiftpm/xcode
SwiftCompile normal arm64 /Users/admin/builder/spi-builder-workspace/.dependencies/checkouts/elementary/Sources/Elementary/SVG/SVG+Renderable.swift (in target 'Elementary' from project 'elementary')
cd /Users/admin/builder/spi-builder-workspace/.swiftpm/xcode
SwiftCompile normal arm64 Compiling\ HTML.swift,\ HTMLAttributes+Common.swift,\ HTMLAttributes+Event.swift,\ HTMLAttributes+Global.swift,\ HTMLComment.swift /Users/admin/builder/spi-builder-workspace/.dependencies/checkouts/elementary/Sources/Elementary/HTML/HTML.swift /Users/admin/builder/spi-builder-workspace/.dependencies/checkouts/elementary/Sources/Elementary/HTML/HTMLAttributes+Common.swift /Users/admin/builder/spi-builder-workspace/.dependencies/checkouts/elementary/Sources/Elementary/HTML/HTMLAttributes+Event.swift /Users/admin/builder/spi-builder-workspace/.dependencies/checkouts/elementary/Sources/Elementary/HTML/HTMLAttributes+Global.swift /Users/admin/builder/spi-builder-workspace/.dependencies/checkouts/elementary/Sources/Elementary/HTML/HTMLComment.swift (in target 'Elementary' from project 'elementary')
SwiftCompile normal arm64 /Users/admin/builder/spi-builder-workspace/.dependencies/checkouts/elementary/Sources/Elementary/HTML/HTML.swift (in target 'Elementary' from project 'elementary')
cd /Users/admin/builder/spi-builder-workspace/.swiftpm/xcode
SwiftCompile normal arm64 /Users/admin/builder/spi-builder-workspace/.dependencies/checkouts/elementary/Sources/Elementary/HTML/HTMLAttributes+Common.swift (in target 'Elementary' from project 'elementary')
cd /Users/admin/builder/spi-builder-workspace/.swiftpm/xcode
SwiftCompile normal arm64 /Users/admin/builder/spi-builder-workspace/.dependencies/checkouts/elementary/Sources/Elementary/HTML/HTMLAttributes+Event.swift (in target 'Elementary' from project 'elementary')
cd /Users/admin/builder/spi-builder-workspace/.swiftpm/xcode
SwiftCompile normal arm64 /Users/admin/builder/spi-builder-workspace/.dependencies/checkouts/elementary/Sources/Elementary/HTML/HTMLAttributes+Global.swift (in target 'Elementary' from project 'elementary')
cd /Users/admin/builder/spi-builder-workspace/.swiftpm/xcode
SwiftCompile normal arm64 /Users/admin/builder/spi-builder-workspace/.dependencies/checkouts/elementary/Sources/Elementary/HTML/HTMLComment.swift (in target 'Elementary' from project 'elementary')
cd /Users/admin/builder/spi-builder-workspace/.swiftpm/xcode
SwiftCompile normal arm64 Compiling\ HTMLDocument.swift,\ HTMLElement.swift,\ HTMLElements.swift,\ HTMLRaw.swift,\ HTMLTags.swift /Users/admin/builder/spi-builder-workspace/.dependencies/checkouts/elementary/Sources/Elementary/HTML/HTMLDocument.swift /Users/admin/builder/spi-builder-workspace/.dependencies/checkouts/elementary/Sources/Elementary/HTML/HTMLElement.swift /Users/admin/builder/spi-builder-workspace/.dependencies/checkouts/elementary/Sources/Elementary/HTML/HTMLElements.swift /Users/admin/builder/spi-builder-workspace/.dependencies/checkouts/elementary/Sources/Elementary/HTML/HTMLRaw.swift /Users/admin/builder/spi-builder-workspace/.dependencies/checkouts/elementary/Sources/Elementary/HTML/HTMLTags.swift (in target 'Elementary' from project 'elementary')
SwiftCompile normal arm64 /Users/admin/builder/spi-builder-workspace/.dependencies/checkouts/elementary/Sources/Elementary/HTML/HTMLDocument.swift (in target 'Elementary' from project 'elementary')
cd /Users/admin/builder/spi-builder-workspace/.swiftpm/xcode
SwiftCompile normal arm64 /Users/admin/builder/spi-builder-workspace/.dependencies/checkouts/elementary/Sources/Elementary/HTML/HTMLElement.swift (in target 'Elementary' from project 'elementary')
cd /Users/admin/builder/spi-builder-workspace/.swiftpm/xcode
SwiftCompile normal arm64 /Users/admin/builder/spi-builder-workspace/.dependencies/checkouts/elementary/Sources/Elementary/HTML/HTMLElements.swift (in target 'Elementary' from project 'elementary')
cd /Users/admin/builder/spi-builder-workspace/.swiftpm/xcode
SwiftCompile normal arm64 /Users/admin/builder/spi-builder-workspace/.dependencies/checkouts/elementary/Sources/Elementary/HTML/HTMLRaw.swift (in target 'Elementary' from project 'elementary')
cd /Users/admin/builder/spi-builder-workspace/.swiftpm/xcode
SwiftCompile normal arm64 /Users/admin/builder/spi-builder-workspace/.dependencies/checkouts/elementary/Sources/Elementary/HTML/HTMLTags.swift (in target 'Elementary' from project 'elementary')
cd /Users/admin/builder/spi-builder-workspace/.swiftpm/xcode
SwiftCompile normal arm64 Compiling\ ForEach.swift,\ Group.swift,\ HTML+Environment.swift,\ HTML+Renderable.swift,\ HTML+StructuralContent.swift /Users/admin/builder/spi-builder-workspace/.dependencies/checkouts/elementary/Sources/Elementary/Content/ForEach.swift /Users/admin/builder/spi-builder-workspace/.dependencies/checkouts/elementary/Sources/Elementary/Content/Group.swift /Users/admin/builder/spi-builder-workspace/.dependencies/checkouts/elementary/Sources/Elementary/HTML/HTML+Environment.swift /Users/admin/builder/spi-builder-workspace/.dependencies/checkouts/elementary/Sources/Elementary/HTML/HTML+Renderable.swift /Users/admin/builder/spi-builder-workspace/.dependencies/checkouts/elementary/Sources/Elementary/HTML/HTML+StructuralContent.swift (in target 'Elementary' from project 'elementary')
SwiftCompile normal arm64 /Users/admin/builder/spi-builder-workspace/.dependencies/checkouts/elementary/Sources/Elementary/Content/ForEach.swift (in target 'Elementary' from project 'elementary')
cd /Users/admin/builder/spi-builder-workspace/.swiftpm/xcode
SwiftCompile normal arm64 /Users/admin/builder/spi-builder-workspace/.dependencies/checkouts/elementary/Sources/Elementary/Content/Group.swift (in target 'Elementary' from project 'elementary')
cd /Users/admin/builder/spi-builder-workspace/.swiftpm/xcode
SwiftCompile normal arm64 /Users/admin/builder/spi-builder-workspace/.dependencies/checkouts/elementary/Sources/Elementary/HTML/HTML+Environment.swift (in target 'Elementary' from project 'elementary')
cd /Users/admin/builder/spi-builder-workspace/.swiftpm/xcode
SwiftCompile normal arm64 /Users/admin/builder/spi-builder-workspace/.dependencies/checkouts/elementary/Sources/Elementary/HTML/HTML+Renderable.swift (in target 'Elementary' from project 'elementary')
cd /Users/admin/builder/spi-builder-workspace/.swiftpm/xcode
SwiftCompile normal arm64 /Users/admin/builder/spi-builder-workspace/.dependencies/checkouts/elementary/Sources/Elementary/HTML/HTML+StructuralContent.swift (in target 'Elementary' from project 'elementary')
cd /Users/admin/builder/spi-builder-workspace/.swiftpm/xcode
SwiftCompile normal arm64 Compiling\ AsyncContent.swift,\ AsyncForEach.swift,\ Content+Renderable.swift,\ ContentBuilder+Tuples.swift,\ ContentBuilder.swift /Users/admin/builder/spi-builder-workspace/.dependencies/checkouts/elementary/Sources/Elementary/Content/AsyncContent.swift /Users/admin/builder/spi-builder-workspace/.dependencies/checkouts/elementary/Sources/Elementary/Content/AsyncForEach.swift /Users/admin/builder/spi-builder-workspace/.dependencies/checkouts/elementary/Sources/Elementary/Content/Content+Renderable.swift /Users/admin/builder/spi-builder-workspace/.dependencies/checkouts/elementary/Sources/Elementary/Content/ContentBuilder+Tuples.swift /Users/admin/builder/spi-builder-workspace/.dependencies/checkouts/elementary/Sources/Elementary/Content/ContentBuilder.swift (in target 'Elementary' from project 'elementary')
SwiftCompile normal arm64 /Users/admin/builder/spi-builder-workspace/.dependencies/checkouts/elementary/Sources/Elementary/Content/AsyncContent.swift (in target 'Elementary' from project 'elementary')
cd /Users/admin/builder/spi-builder-workspace/.swiftpm/xcode
SwiftCompile normal arm64 /Users/admin/builder/spi-builder-workspace/.dependencies/checkouts/elementary/Sources/Elementary/Content/AsyncForEach.swift (in target 'Elementary' from project 'elementary')
cd /Users/admin/builder/spi-builder-workspace/.swiftpm/xcode
SwiftCompile normal arm64 /Users/admin/builder/spi-builder-workspace/.dependencies/checkouts/elementary/Sources/Elementary/Content/Content+Renderable.swift (in target 'Elementary' from project 'elementary')
cd /Users/admin/builder/spi-builder-workspace/.swiftpm/xcode
SwiftCompile normal arm64 /Users/admin/builder/spi-builder-workspace/.dependencies/checkouts/elementary/Sources/Elementary/Content/ContentBuilder+Tuples.swift (in target 'Elementary' from project 'elementary')
cd /Users/admin/builder/spi-builder-workspace/.swiftpm/xcode
SwiftCompile normal arm64 /Users/admin/builder/spi-builder-workspace/.dependencies/checkouts/elementary/Sources/Elementary/Content/ContentBuilder.swift (in target 'Elementary' from project 'elementary')
cd /Users/admin/builder/spi-builder-workspace/.swiftpm/xcode
SwiftDriverJobDiscovery normal arm64 Emitting module for Elementary (in target 'Elementary' from project 'elementary')
SwiftDriver\ Compilation\ Requirements Elementary normal arm64 com.apple.xcode.tools.swift.compiler (in target 'Elementary' from project 'elementary')
cd /Users/admin/builder/spi-builder-workspace/.swiftpm/xcode
builtin-Swift-Compilation-Requirements -- /Applications/Xcode-26.4.0.app/Contents/Developer/Toolchains/XcodeDefault.xctoolchain/usr/bin/swiftc -module-name Elementary -Onone @/Users/admin/builder/spi-builder-workspace/.derivedData/Build/Intermediates.noindex/elementary.build/Debug-xros/Elementary.build/Objects-normal/arm64/Elementary.SwiftFileList -DSWIFT_PACKAGE -DDEBUG -DSWIFT_MODULE_RESOURCE_BUNDLE_UNAVAILABLE -DXcode -enable-upcoming-feature ExistentialAny -plugin-path /Applications/Xcode-26.4.0.app/Contents/Developer/Toolchains/XcodeDefault.xctoolchain/usr/lib/swift/host/plugins/testing -enable-experimental-feature DebugDescriptionMacro -sdk /Applications/Xcode-26.4.0.app/Contents/Developer/Platforms/XROS.platform/Developer/SDKs/XROS26.4.sdk -target arm64-apple-xros1.0 -g -module-cache-path /Users/admin/builder/spi-builder-workspace/.derivedData/ModuleCache.noindex -Xfrontend -serialize-debugging-options -profile-coverage-mapping -profile-generate -enable-testing -suppress-warnings -index-store-path /Users/admin/builder/spi-builder-workspace/.derivedData/Index.noindex/DataStore -Xcc -D_LIBCPP_HARDENING_MODE\=_LIBCPP_HARDENING_MODE_DEBUG -swift-version 6 -I /Users/admin/builder/spi-builder-workspace/.derivedData/Build/Products/Debug-xros -Isystem /Applications/Xcode-26.4.0.app/Contents/Developer/Platforms/XROS.platform/Developer/usr/lib -F /Users/admin/builder/spi-builder-workspace/.derivedData/Build/Products/Debug-xros -F /Applications/Xcode-26.4.0.app/Contents/Developer/Platforms/XROS.platform/Developer/Library/Frameworks -F /Applications/Xcode-26.4.0.app/Contents/Developer/Platforms/XROS.platform/Developer/SDKs/XROS26.4.sdk/Developer/Library/Frameworks -c -j10 -enable-batch-mode -incremental -Xcc -ivfsstatcache -Xcc /Users/admin/builder/spi-builder-workspace/.derivedData/SDKStatCaches.noindex/xros26.4-23O238-688ef53f1462e2c8f657fdc38a81448fc42b1e75d12c8f651050d7e98f89897c.sdkstatcache -output-file-map /Users/admin/builder/spi-builder-workspace/.derivedData/Build/Intermediates.noindex/elementary.build/Debug-xros/Elementary.build/Objects-normal/arm64/Elementary-OutputFileMap.json -use-frontend-parseable-output -save-temps -no-color-diagnostics -explicit-module-build -module-cache-path /Users/admin/builder/spi-builder-workspace/.derivedData/Build/Intermediates.noindex/SwiftExplicitPrecompiledModules -clang-scanner-module-cache-path /Users/admin/builder/spi-builder-workspace/.derivedData/ModuleCache.noindex -sdk-module-cache-path /Users/admin/builder/spi-builder-workspace/.derivedData/ModuleCache.noindex -serialize-diagnostics -emit-dependencies -emit-module -emit-module-path /Users/admin/builder/spi-builder-workspace/.derivedData/Build/Intermediates.noindex/elementary.build/Debug-xros/Elementary.build/Objects-normal/arm64/Elementary.swiftmodule -user-module-version 0.8.0 -validate-clang-modules-once -clang-build-session-file /Users/admin/builder/spi-builder-workspace/.derivedData/ModuleCache.noindex/Session.modulevalidation -package-name elementary -Xcc -I/Users/admin/builder/spi-builder-workspace/.derivedData/Build/Intermediates.noindex/elementary.build/Debug-xros/Elementary.build/swift-overrides.hmap -emit-const-values -Xfrontend -const-gather-protocols-file -Xfrontend /Users/admin/builder/spi-builder-workspace/.derivedData/Build/Intermediates.noindex/elementary.build/Debug-xros/Elementary.build/Objects-normal/arm64/Elementary_const_extract_protocols.json -Xcc -I/Users/admin/builder/spi-builder-workspace/.derivedData/Build/Products/Debug-xros/include -Xcc -I/Users/admin/builder/spi-builder-workspace/.derivedData/Build/Intermediates.noindex/elementary.build/Debug-xros/Elementary.build/DerivedSources-normal/arm64 -Xcc -I/Users/admin/builder/spi-builder-workspace/.derivedData/Build/Intermediates.noindex/elementary.build/Debug-xros/Elementary.build/DerivedSources/arm64 -Xcc -I/Users/admin/builder/spi-builder-workspace/.derivedData/Build/Intermediates.noindex/elementary.build/Debug-xros/Elementary.build/DerivedSources -Xcc -DSWIFT_PACKAGE -Xcc -DDEBUG\=1 -emit-objc-header -emit-objc-header-path /Users/admin/builder/spi-builder-workspace/.derivedData/Build/Intermediates.noindex/elementary.build/Debug-xros/Elementary.build/Objects-normal/arm64/Elementary-Swift.h -working-directory /Users/admin/builder/spi-builder-workspace/.swiftpm/xcode -experimental-emit-module-separately -disable-cmo
SwiftDriverJobDiscovery normal arm64 Compiling MarkupContent+Render.swift, Renderable.swift, RenderingUtils.swift, SVG+Renderable.swift (in target 'Elementary' from project 'elementary')
SwiftDriverJobDiscovery normal arm64 Compiling MarkupAttribute.swift, MarkupContent+Structural.swift, MarkupContent.swift, MarkupTagDefinition.swift (in target 'Elementary' from project 'elementary')
SwiftMergeGeneratedHeaders /Users/admin/builder/spi-builder-workspace/.derivedData/Build/Intermediates.noindex/GeneratedModuleMaps-xros/Elementary-Swift.h /Users/admin/builder/spi-builder-workspace/.derivedData/Build/Intermediates.noindex/elementary.build/Debug-xros/Elementary.build/Objects-normal/arm64/Elementary-Swift.h (in target 'Elementary' from project 'elementary')
cd /Users/admin/builder/spi-builder-workspace/.dependencies/checkouts/elementary
builtin-swiftHeaderTool -arch arm64 /Users/admin/builder/spi-builder-workspace/.derivedData/Build/Intermediates.noindex/elementary.build/Debug-xros/Elementary.build/Objects-normal/arm64/Elementary-Swift.h -o /Users/admin/builder/spi-builder-workspace/.derivedData/Build/Intermediates.noindex/GeneratedModuleMaps-xros/Elementary-Swift.h
Copy /Users/admin/builder/spi-builder-workspace/.derivedData/Build/Products/Debug-xros/Elementary.swiftmodule/arm64-apple-xros.swiftmodule /Users/admin/builder/spi-builder-workspace/.derivedData/Build/Intermediates.noindex/elementary.build/Debug-xros/Elementary.build/Objects-normal/arm64/Elementary.swiftmodule (in target 'Elementary' from project 'elementary')
cd /Users/admin/builder/spi-builder-workspace/.dependencies/checkouts/elementary
builtin-copy -exclude .DS_Store -exclude CVS -exclude .svn -exclude .git -exclude .hg -resolve-src-symlinks -rename /Users/admin/builder/spi-builder-workspace/.derivedData/Build/Intermediates.noindex/elementary.build/Debug-xros/Elementary.build/Objects-normal/arm64/Elementary.swiftmodule /Users/admin/builder/spi-builder-workspace/.derivedData/Build/Products/Debug-xros/Elementary.swiftmodule/arm64-apple-xros.swiftmodule
Copy /Users/admin/builder/spi-builder-workspace/.derivedData/Build/Products/Debug-xros/Elementary.swiftmodule/arm64-apple-xros.swiftdoc /Users/admin/builder/spi-builder-workspace/.derivedData/Build/Intermediates.noindex/elementary.build/Debug-xros/Elementary.build/Objects-normal/arm64/Elementary.swiftdoc (in target 'Elementary' from project 'elementary')
cd /Users/admin/builder/spi-builder-workspace/.dependencies/checkouts/elementary
builtin-copy -exclude .DS_Store -exclude CVS -exclude .svn -exclude .git -exclude .hg -resolve-src-symlinks -rename /Users/admin/builder/spi-builder-workspace/.derivedData/Build/Intermediates.noindex/elementary.build/Debug-xros/Elementary.build/Objects-normal/arm64/Elementary.swiftdoc /Users/admin/builder/spi-builder-workspace/.derivedData/Build/Products/Debug-xros/Elementary.swiftmodule/arm64-apple-xros.swiftdoc
Copy /Users/admin/builder/spi-builder-workspace/.derivedData/Build/Products/Debug-xros/Elementary.swiftmodule/arm64-apple-xros.abi.json /Users/admin/builder/spi-builder-workspace/.derivedData/Build/Intermediates.noindex/elementary.build/Debug-xros/Elementary.build/Objects-normal/arm64/Elementary.abi.json (in target 'Elementary' from project 'elementary')
cd /Users/admin/builder/spi-builder-workspace/.dependencies/checkouts/elementary
builtin-copy -exclude .DS_Store -exclude CVS -exclude .svn -exclude .git -exclude .hg -resolve-src-symlinks -rename /Users/admin/builder/spi-builder-workspace/.derivedData/Build/Intermediates.noindex/elementary.build/Debug-xros/Elementary.build/Objects-normal/arm64/Elementary.abi.json /Users/admin/builder/spi-builder-workspace/.derivedData/Build/Products/Debug-xros/Elementary.swiftmodule/arm64-apple-xros.abi.json
SwiftDriverJobDiscovery normal arm64 Compiling ForEach.swift, Group.swift, HTML+Environment.swift, HTML+Renderable.swift, HTML+StructuralContent.swift (in target 'Elementary' from project 'elementary')
Copy /Users/admin/builder/spi-builder-workspace/.derivedData/Build/Products/Debug-xros/Elementary.swiftmodule/Project/arm64-apple-xros.swiftsourceinfo /Users/admin/builder/spi-builder-workspace/.derivedData/Build/Intermediates.noindex/elementary.build/Debug-xros/Elementary.build/Objects-normal/arm64/Elementary.swiftsourceinfo (in target 'Elementary' from project 'elementary')
cd /Users/admin/builder/spi-builder-workspace/.dependencies/checkouts/elementary
builtin-copy -exclude .DS_Store -exclude CVS -exclude .svn -exclude .git -exclude .hg -resolve-src-symlinks -rename /Users/admin/builder/spi-builder-workspace/.derivedData/Build/Intermediates.noindex/elementary.build/Debug-xros/Elementary.build/Objects-normal/arm64/Elementary.swiftsourceinfo /Users/admin/builder/spi-builder-workspace/.derivedData/Build/Products/Debug-xros/Elementary.swiftmodule/Project/arm64-apple-xros.swiftsourceinfo
SwiftDriverJobDiscovery normal arm64 Compiling HTMLDocument.swift, HTMLElement.swift, HTMLElements.swift, HTMLRaw.swift, HTMLTags.swift (in target 'Elementary' from project 'elementary')
SwiftDriver ElementaryAlpinePlugins normal arm64 com.apple.xcode.tools.swift.compiler (in target 'ElementaryAlpinePlugins' from project 'elementary-alpine')
cd /Users/admin/builder/spi-builder-workspace/.swiftpm/xcode
builtin-SwiftDriver -- /Applications/Xcode-26.4.0.app/Contents/Developer/Toolchains/XcodeDefault.xctoolchain/usr/bin/swiftc -module-name ElementaryAlpinePlugins -Onone @/Users/admin/builder/spi-builder-workspace/.derivedData/Build/Intermediates.noindex/elementary-alpine.build/Debug-xros/ElementaryAlpinePlugins.build/Objects-normal/arm64/ElementaryAlpinePlugins.SwiftFileList -DSWIFT_PACKAGE -DDEBUG -DSWIFT_MODULE_RESOURCE_BUNDLE_UNAVAILABLE -DXcode -enable-experimental-feature StrictConcurrency\=complete -enable-upcoming-feature ExistentialAny -plugin-path /Applications/Xcode-26.4.0.app/Contents/Developer/Toolchains/XcodeDefault.xctoolchain/usr/lib/swift/host/plugins/testing -enable-experimental-feature DebugDescriptionMacro -sdk /Applications/Xcode-26.4.0.app/Contents/Developer/Platforms/XROS.platform/Developer/SDKs/XROS26.4.sdk -target arm64-apple-xros1.0 -g -module-cache-path /Users/admin/builder/spi-builder-workspace/.derivedData/ModuleCache.noindex -Xfrontend -serialize-debugging-options -profile-coverage-mapping -profile-generate -enable-testing -index-store-path /Users/admin/builder/spi-builder-workspace/.derivedData/Index.noindex/DataStore -Xcc -D_LIBCPP_HARDENING_MODE\=_LIBCPP_HARDENING_MODE_DEBUG -swift-version 6 -I /Users/admin/builder/spi-builder-workspace/.derivedData/Build/Products/Debug-xros -Isystem /Applications/Xcode-26.4.0.app/Contents/Developer/Platforms/XROS.platform/Developer/usr/lib -F /Users/admin/builder/spi-builder-workspace/.derivedData/Build/Products/Debug-xros/PackageFrameworks -F /Users/admin/builder/spi-builder-workspace/.derivedData/Build/Products/Debug-xros -F /Applications/Xcode-26.4.0.app/Contents/Developer/Platforms/XROS.platform/Developer/Library/Frameworks -F /Applications/Xcode-26.4.0.app/Contents/Developer/Platforms/XROS.platform/Developer/SDKs/XROS26.4.sdk/Developer/Library/Frameworks -c -j10 -enable-batch-mode -incremental -Xcc -ivfsstatcache -Xcc /Users/admin/builder/spi-builder-workspace/.derivedData/SDKStatCaches.noindex/xros26.4-23O238-688ef53f1462e2c8f657fdc38a81448fc42b1e75d12c8f651050d7e98f89897c.sdkstatcache -output-file-map /Users/admin/builder/spi-builder-workspace/.derivedData/Build/Intermediates.noindex/elementary-alpine.build/Debug-xros/ElementaryAlpinePlugins.build/Objects-normal/arm64/ElementaryAlpinePlugins-OutputFileMap.json -use-frontend-parseable-output -save-temps -no-color-diagnostics -explicit-module-build -module-cache-path /Users/admin/builder/spi-builder-workspace/.derivedData/Build/Intermediates.noindex/SwiftExplicitPrecompiledModules -clang-scanner-module-cache-path /Users/admin/builder/spi-builder-workspace/.derivedData/ModuleCache.noindex -sdk-module-cache-path /Users/admin/builder/spi-builder-workspace/.derivedData/ModuleCache.noindex -serialize-diagnostics -emit-dependencies -emit-module -emit-module-path /Users/admin/builder/spi-builder-workspace/.derivedData/Build/Intermediates.noindex/elementary-alpine.build/Debug-xros/ElementaryAlpinePlugins.build/Objects-normal/arm64/ElementaryAlpinePlugins.swiftmodule -validate-clang-modules-once -clang-build-session-file /Users/admin/builder/spi-builder-workspace/.derivedData/ModuleCache.noindex/Session.modulevalidation -package-name spi_builder_workspace -Xcc -I/Users/admin/builder/spi-builder-workspace/.derivedData/Build/Intermediates.noindex/elementary-alpine.build/Debug-xros/ElementaryAlpinePlugins.build/swift-overrides.hmap -emit-const-values -Xfrontend -const-gather-protocols-file -Xfrontend /Users/admin/builder/spi-builder-workspace/.derivedData/Build/Intermediates.noindex/elementary-alpine.build/Debug-xros/ElementaryAlpinePlugins.build/Objects-normal/arm64/ElementaryAlpinePlugins_const_extract_protocols.json -Xcc -I/Users/admin/builder/spi-builder-workspace/.derivedData/Build/Products/Debug-xros/include -Xcc -I/Users/admin/builder/spi-builder-workspace/.derivedData/Build/Intermediates.noindex/elementary-alpine.build/Debug-xros/ElementaryAlpinePlugins.build/DerivedSources-normal/arm64 -Xcc -I/Users/admin/builder/spi-builder-workspace/.derivedData/Build/Intermediates.noindex/elementary-alpine.build/Debug-xros/ElementaryAlpinePlugins.build/DerivedSources/arm64 -Xcc -I/Users/admin/builder/spi-builder-workspace/.derivedData/Build/Intermediates.noindex/elementary-alpine.build/Debug-xros/ElementaryAlpinePlugins.build/DerivedSources -Xcc -DSWIFT_PACKAGE -Xcc -DDEBUG\=1 -emit-objc-header -emit-objc-header-path /Users/admin/builder/spi-builder-workspace/.derivedData/Build/Intermediates.noindex/elementary-alpine.build/Debug-xros/ElementaryAlpinePlugins.build/Objects-normal/arm64/ElementaryAlpinePlugins-Swift.h -working-directory /Users/admin/builder/spi-builder-workspace/.swiftpm/xcode -experimental-emit-module-separately -disable-cmo
SwiftDriver ElementaryAlpine normal arm64 com.apple.xcode.tools.swift.compiler (in target 'ElementaryAlpine' from project 'elementary-alpine')
cd /Users/admin/builder/spi-builder-workspace/.swiftpm/xcode
builtin-SwiftDriver -- /Applications/Xcode-26.4.0.app/Contents/Developer/Toolchains/XcodeDefault.xctoolchain/usr/bin/swiftc -module-name ElementaryAlpine -Onone @/Users/admin/builder/spi-builder-workspace/.derivedData/Build/Intermediates.noindex/elementary-alpine.build/Debug-xros/ElementaryAlpine.build/Objects-normal/arm64/ElementaryAlpine.SwiftFileList -DSWIFT_PACKAGE -DDEBUG -DSWIFT_MODULE_RESOURCE_BUNDLE_UNAVAILABLE -DXcode -enable-experimental-feature StrictConcurrency\=complete -enable-upcoming-feature ExistentialAny -plugin-path /Applications/Xcode-26.4.0.app/Contents/Developer/Toolchains/XcodeDefault.xctoolchain/usr/lib/swift/host/plugins/testing -enable-experimental-feature DebugDescriptionMacro -sdk /Applications/Xcode-26.4.0.app/Contents/Developer/Platforms/XROS.platform/Developer/SDKs/XROS26.4.sdk -target arm64-apple-xros1.0 -g -module-cache-path /Users/admin/builder/spi-builder-workspace/.derivedData/ModuleCache.noindex -Xfrontend -serialize-debugging-options -profile-coverage-mapping -profile-generate -enable-testing -index-store-path /Users/admin/builder/spi-builder-workspace/.derivedData/Index.noindex/DataStore -Xcc -D_LIBCPP_HARDENING_MODE\=_LIBCPP_HARDENING_MODE_DEBUG -swift-version 6 -I /Users/admin/builder/spi-builder-workspace/.derivedData/Build/Products/Debug-xros -Isystem /Applications/Xcode-26.4.0.app/Contents/Developer/Platforms/XROS.platform/Developer/usr/lib -F /Users/admin/builder/spi-builder-workspace/.derivedData/Build/Products/Debug-xros/PackageFrameworks -F /Users/admin/builder/spi-builder-workspace/.derivedData/Build/Products/Debug-xros -F /Applications/Xcode-26.4.0.app/Contents/Developer/Platforms/XROS.platform/Developer/Library/Frameworks -F /Applications/Xcode-26.4.0.app/Contents/Developer/Platforms/XROS.platform/Developer/SDKs/XROS26.4.sdk/Developer/Library/Frameworks -c -j10 -enable-batch-mode -incremental -Xcc -ivfsstatcache -Xcc /Users/admin/builder/spi-builder-workspace/.derivedData/SDKStatCaches.noindex/xros26.4-23O238-688ef53f1462e2c8f657fdc38a81448fc42b1e75d12c8f651050d7e98f89897c.sdkstatcache -output-file-map /Users/admin/builder/spi-builder-workspace/.derivedData/Build/Intermediates.noindex/elementary-alpine.build/Debug-xros/ElementaryAlpine.build/Objects-normal/arm64/ElementaryAlpine-OutputFileMap.json -use-frontend-parseable-output -save-temps -no-color-diagnostics -explicit-module-build -module-cache-path /Users/admin/builder/spi-builder-workspace/.derivedData/Build/Intermediates.noindex/SwiftExplicitPrecompiledModules -clang-scanner-module-cache-path /Users/admin/builder/spi-builder-workspace/.derivedData/ModuleCache.noindex -sdk-module-cache-path /Users/admin/builder/spi-builder-workspace/.derivedData/ModuleCache.noindex -serialize-diagnostics -emit-dependencies -emit-module -emit-module-path /Users/admin/builder/spi-builder-workspace/.derivedData/Build/Intermediates.noindex/elementary-alpine.build/Debug-xros/ElementaryAlpine.build/Objects-normal/arm64/ElementaryAlpine.swiftmodule -validate-clang-modules-once -clang-build-session-file /Users/admin/builder/spi-builder-workspace/.derivedData/ModuleCache.noindex/Session.modulevalidation -package-name spi_builder_workspace -Xcc -I/Users/admin/builder/spi-builder-workspace/.derivedData/Build/Intermediates.noindex/elementary-alpine.build/Debug-xros/ElementaryAlpine.build/swift-overrides.hmap -emit-const-values -Xfrontend -const-gather-protocols-file -Xfrontend /Users/admin/builder/spi-builder-workspace/.derivedData/Build/Intermediates.noindex/elementary-alpine.build/Debug-xros/ElementaryAlpine.build/Objects-normal/arm64/ElementaryAlpine_const_extract_protocols.json -Xcc -I/Users/admin/builder/spi-builder-workspace/.derivedData/Build/Products/Debug-xros/include -Xcc -I/Users/admin/builder/spi-builder-workspace/.derivedData/Build/Intermediates.noindex/elementary-alpine.build/Debug-xros/ElementaryAlpine.build/DerivedSources-normal/arm64 -Xcc -I/Users/admin/builder/spi-builder-workspace/.derivedData/Build/Intermediates.noindex/elementary-alpine.build/Debug-xros/ElementaryAlpine.build/DerivedSources/arm64 -Xcc -I/Users/admin/builder/spi-builder-workspace/.derivedData/Build/Intermediates.noindex/elementary-alpine.build/Debug-xros/ElementaryAlpine.build/DerivedSources -Xcc -DSWIFT_PACKAGE -Xcc -DDEBUG\=1 -emit-objc-header -emit-objc-header-path /Users/admin/builder/spi-builder-workspace/.derivedData/Build/Intermediates.noindex/elementary-alpine.build/Debug-xros/ElementaryAlpine.build/Objects-normal/arm64/ElementaryAlpine-Swift.h -working-directory /Users/admin/builder/spi-builder-workspace/.swiftpm/xcode -experimental-emit-module-separately -disable-cmo
SwiftDriverJobDiscovery normal arm64 Compiling SVG.swift, SVGAttributes.swift, SVGContent+Structural.swift, SVGElement.swift (in target 'Elementary' from project 'elementary')
SwiftDriverJobDiscovery normal arm64 Compiling HTMLVoidElement.swift, AttributeStorage.swift, AttributedElement.swift, Environment.swift, Markup+Renderable.swift (in target 'Elementary' from project 'elementary')
SwiftDriverJobDiscovery normal arm64 Compiling StoredAttribute+StyleKeyValuePairs.swift, StoredAttribute.swift, AsyncHTMLRenderer.swift, HtmlTextRenderer.swift (in target 'Elementary' from project 'elementary')
SwiftDriverJobDiscovery normal arm64 Compiling HTML.swift, HTMLAttributes+Common.swift, HTMLAttributes+Event.swift, HTMLAttributes+Global.swift, HTMLComment.swift (in target 'Elementary' from project 'elementary')
SwiftDriverJobDiscovery normal arm64 Compiling SVGTags.swift, SVGValues.swift, SendOnceBox.swift, SendableAnyHTMLBox.swift (in target 'Elementary' from project 'elementary')
SwiftExplicitDependencyGeneratePcm arm64 /Users/admin/builder/spi-builder-workspace/.derivedData/ModuleCache.noindex/ptrauth-BWITQRLOAUXY4J5EOQVH70S40.pcm
SwiftExplicitDependencyGeneratePcm arm64 /Users/admin/builder/spi-builder-workspace/.derivedData/ModuleCache.noindex/ObjectiveC-5MAD45BWGS8P30UMUJFGZ7LVH.pcm
SwiftDriverJobDiscovery normal arm64 Compiling AsyncContent.swift, AsyncForEach.swift, Content+Renderable.swift, ContentBuilder+Tuples.swift, ContentBuilder.swift (in target 'Elementary' from project 'elementary')
SwiftDriver\ Compilation Elementary normal arm64 com.apple.xcode.tools.swift.compiler (in target 'Elementary' from project 'elementary')
cd /Users/admin/builder/spi-builder-workspace/.swiftpm/xcode
builtin-Swift-Compilation -- /Applications/Xcode-26.4.0.app/Contents/Developer/Toolchains/XcodeDefault.xctoolchain/usr/bin/swiftc -module-name Elementary -Onone @/Users/admin/builder/spi-builder-workspace/.derivedData/Build/Intermediates.noindex/elementary.build/Debug-xros/Elementary.build/Objects-normal/arm64/Elementary.SwiftFileList -DSWIFT_PACKAGE -DDEBUG -DSWIFT_MODULE_RESOURCE_BUNDLE_UNAVAILABLE -DXcode -enable-upcoming-feature ExistentialAny -plugin-path /Applications/Xcode-26.4.0.app/Contents/Developer/Toolchains/XcodeDefault.xctoolchain/usr/lib/swift/host/plugins/testing -enable-experimental-feature DebugDescriptionMacro -sdk /Applications/Xcode-26.4.0.app/Contents/Developer/Platforms/XROS.platform/Developer/SDKs/XROS26.4.sdk -target arm64-apple-xros1.0 -g -module-cache-path /Users/admin/builder/spi-builder-workspace/.derivedData/ModuleCache.noindex -Xfrontend -serialize-debugging-options -profile-coverage-mapping -profile-generate -enable-testing -suppress-warnings -index-store-path /Users/admin/builder/spi-builder-workspace/.derivedData/Index.noindex/DataStore -Xcc -D_LIBCPP_HARDENING_MODE\=_LIBCPP_HARDENING_MODE_DEBUG -swift-version 6 -I /Users/admin/builder/spi-builder-workspace/.derivedData/Build/Products/Debug-xros -Isystem /Applications/Xcode-26.4.0.app/Contents/Developer/Platforms/XROS.platform/Developer/usr/lib -F /Users/admin/builder/spi-builder-workspace/.derivedData/Build/Products/Debug-xros -F /Applications/Xcode-26.4.0.app/Contents/Developer/Platforms/XROS.platform/Developer/Library/Frameworks -F /Applications/Xcode-26.4.0.app/Contents/Developer/Platforms/XROS.platform/Developer/SDKs/XROS26.4.sdk/Developer/Library/Frameworks -c -j10 -enable-batch-mode -incremental -Xcc -ivfsstatcache -Xcc /Users/admin/builder/spi-builder-workspace/.derivedData/SDKStatCaches.noindex/xros26.4-23O238-688ef53f1462e2c8f657fdc38a81448fc42b1e75d12c8f651050d7e98f89897c.sdkstatcache -output-file-map /Users/admin/builder/spi-builder-workspace/.derivedData/Build/Intermediates.noindex/elementary.build/Debug-xros/Elementary.build/Objects-normal/arm64/Elementary-OutputFileMap.json -use-frontend-parseable-output -save-temps -no-color-diagnostics -explicit-module-build -module-cache-path /Users/admin/builder/spi-builder-workspace/.derivedData/Build/Intermediates.noindex/SwiftExplicitPrecompiledModules -clang-scanner-module-cache-path /Users/admin/builder/spi-builder-workspace/.derivedData/ModuleCache.noindex -sdk-module-cache-path /Users/admin/builder/spi-builder-workspace/.derivedData/ModuleCache.noindex -serialize-diagnostics -emit-dependencies -emit-module -emit-module-path /Users/admin/builder/spi-builder-workspace/.derivedData/Build/Intermediates.noindex/elementary.build/Debug-xros/Elementary.build/Objects-normal/arm64/Elementary.swiftmodule -user-module-version 0.8.0 -validate-clang-modules-once -clang-build-session-file /Users/admin/builder/spi-builder-workspace/.derivedData/ModuleCache.noindex/Session.modulevalidation -package-name elementary -Xcc -I/Users/admin/builder/spi-builder-workspace/.derivedData/Build/Intermediates.noindex/elementary.build/Debug-xros/Elementary.build/swift-overrides.hmap -emit-const-values -Xfrontend -const-gather-protocols-file -Xfrontend /Users/admin/builder/spi-builder-workspace/.derivedData/Build/Intermediates.noindex/elementary.build/Debug-xros/Elementary.build/Objects-normal/arm64/Elementary_const_extract_protocols.json -Xcc -I/Users/admin/builder/spi-builder-workspace/.derivedData/Build/Products/Debug-xros/include -Xcc -I/Users/admin/builder/spi-builder-workspace/.derivedData/Build/Intermediates.noindex/elementary.build/Debug-xros/Elementary.build/DerivedSources-normal/arm64 -Xcc -I/Users/admin/builder/spi-builder-workspace/.derivedData/Build/Intermediates.noindex/elementary.build/Debug-xros/Elementary.build/DerivedSources/arm64 -Xcc -I/Users/admin/builder/spi-builder-workspace/.derivedData/Build/Intermediates.noindex/elementary.build/Debug-xros/Elementary.build/DerivedSources -Xcc -DSWIFT_PACKAGE -Xcc -DDEBUG\=1 -emit-objc-header -emit-objc-header-path /Users/admin/builder/spi-builder-workspace/.derivedData/Build/Intermediates.noindex/elementary.build/Debug-xros/Elementary.build/Objects-normal/arm64/Elementary-Swift.h -working-directory /Users/admin/builder/spi-builder-workspace/.swiftpm/xcode -experimental-emit-module-separately -disable-cmo
Ld /Users/admin/builder/spi-builder-workspace/.derivedData/Build/Products/Debug-xros/Elementary.o normal (in target 'Elementary' from project 'elementary')
cd /Users/admin/builder/spi-builder-workspace/.dependencies/checkouts/elementary
/Applications/Xcode-26.4.0.app/Contents/Developer/Toolchains/XcodeDefault.xctoolchain/usr/bin/clang -Xlinker -reproducible -target arm64-apple-xros1.0 -r -isysroot /Applications/Xcode-26.4.0.app/Contents/Developer/Platforms/XROS.platform/Developer/SDKs/XROS26.4.sdk -O0 -w -F/Users/admin/builder/spi-builder-workspace/.derivedData/Build/Intermediates.noindex/EagerLinkingTBDs/Debug-xros -F/Users/admin/builder/spi-builder-workspace/.derivedData/Build/Products/Debug-xros -iframework /Applications/Xcode-26.4.0.app/Contents/Developer/Platforms/XROS.platform/Developer/Library/Frameworks -iframework /Applications/Xcode-26.4.0.app/Contents/Developer/Platforms/XROS.platform/Developer/SDKs/XROS26.4.sdk/Developer/Library/Frameworks -filelist /Users/admin/builder/spi-builder-workspace/.derivedData/Build/Intermediates.noindex/elementary.build/Debug-xros/Elementary.build/Objects-normal/arm64/Elementary.LinkFileList -nostdlib -Xlinker -object_path_lto -Xlinker /Users/admin/builder/spi-builder-workspace/.derivedData/Build/Intermediates.noindex/elementary.build/Debug-xros/Elementary.build/Objects-normal/arm64/Elementary_lto.o -Xlinker -no_deduplicate -Xlinker -debug_variant -Xlinker -dependency_info -Xlinker /Users/admin/builder/spi-builder-workspace/.derivedData/Build/Intermediates.noindex/elementary.build/Debug-xros/Elementary.build/Objects-normal/arm64/Elementary_dependency_info.dat -fobjc-link-runtime -L/Applications/Xcode-26.4.0.app/Contents/Developer/Toolchains/XcodeDefault.xctoolchain/usr/lib/swift/xros -L/usr/lib/swift -Xlinker -add_ast_path -Xlinker /Users/admin/builder/spi-builder-workspace/.derivedData/Build/Intermediates.noindex/elementary.build/Debug-xros/Elementary.build/Objects-normal/arm64/Elementary.swiftmodule @/Users/admin/builder/spi-builder-workspace/.derivedData/Build/Intermediates.noindex/elementary.build/Debug-xros/Elementary.build/Objects-normal/arm64/Elementary-linker-args.resp -o /Users/admin/builder/spi-builder-workspace/.derivedData/Build/Products/Debug-xros/Elementary.o
SwiftExplicitDependencyGeneratePcm arm64 /Users/admin/builder/spi-builder-workspace/.derivedData/ModuleCache.noindex/os_object-BHB2AXKXK7HNT33V5WH5L4PHZ.pcm
SwiftExplicitDependencyGeneratePcm arm64 /Users/admin/builder/spi-builder-workspace/.derivedData/ModuleCache.noindex/os_workgroup-ES7TF84IHLHY68XC8B13D06G2.pcm
SwiftExplicitDependencyGeneratePcm arm64 /Users/admin/builder/spi-builder-workspace/.derivedData/ModuleCache.noindex/Dispatch-CH0YEHE89REKJW64S77ZBPVT6.pcm
SwiftExplicitDependencyGeneratePcm arm64 /Users/admin/builder/spi-builder-workspace/.derivedData/ModuleCache.noindex/CoreFoundation-2JEYRPXOLD9YNF4DBVAINHNJ.pcm
SwiftExplicitDependencyGeneratePcm arm64 /Users/admin/builder/spi-builder-workspace/.derivedData/ModuleCache.noindex/XPC-CB1E2Y5DHG10RUFYUNP5BII37.pcm
ExtractAppIntentsMetadata (in target 'Elementary' from project 'elementary')
cd /Users/admin/builder/spi-builder-workspace/.dependencies/checkouts/elementary
/Applications/Xcode-26.4.0.app/Contents/Developer/Toolchains/XcodeDefault.xctoolchain/usr/bin/appintentsmetadataprocessor --toolchain-dir /var/run/com.apple.security.cryptexd/mnt/com.apple.MobileAsset.MetalToolchain-v17.5.188.0.PmHdYq/Metal.xctoolchain --module-name Elementary --sdk-root /Applications/Xcode-26.4.0.app/Contents/Developer/Platforms/XROS.platform/Developer/SDKs/XROS26.4.sdk --xcode-version 17E192 --platform-family xrOS --deployment-target 1.0 --bundle-identifier elementary.Elementary --output /Users/admin/builder/spi-builder-workspace/.derivedData/Build/Products/Debug-xros/Elementary.appintents --target-triple arm64-apple-xros1.0 --binary-file /Users/admin/builder/spi-builder-workspace/.derivedData/Build/Products/Debug-xros/Elementary.o --dependency-file /Users/admin/builder/spi-builder-workspace/.derivedData/Build/Intermediates.noindex/elementary.build/Debug-xros/Elementary.build/Objects-normal/arm64/Elementary_dependency_info.dat --stringsdata-file /Users/admin/builder/spi-builder-workspace/.derivedData/Build/Intermediates.noindex/elementary.build/Debug-xros/Elementary.build/Objects-normal/arm64/ExtractedAppShortcutsMetadata.stringsdata --source-file-list /Users/admin/builder/spi-builder-workspace/.derivedData/Build/Intermediates.noindex/elementary.build/Debug-xros/Elementary.build/Objects-normal/arm64/Elementary.SwiftFileList --metadata-file-list /Users/admin/builder/spi-builder-workspace/.derivedData/Build/Intermediates.noindex/elementary.build/Debug-xros/Elementary.build/Elementary.DependencyMetadataFileList --static-metadata-file-list /Users/admin/builder/spi-builder-workspace/.derivedData/Build/Intermediates.noindex/elementary.build/Debug-xros/Elementary.build/Elementary.DependencyStaticMetadataFileList --swift-const-vals-list /Users/admin/builder/spi-builder-workspace/.derivedData/Build/Intermediates.noindex/elementary.build/Debug-xros/Elementary.build/Objects-normal/arm64/Elementary.SwiftConstValuesFileList --force --compile-time-extraction --deployment-aware-processing --validate-assistant-intents --no-app-shortcuts-localization
SwiftExplicitDependencyGeneratePcm arm64 /Users/admin/builder/spi-builder-workspace/.derivedData/ModuleCache.noindex/Security-8OM0E0PQ5C6PZYQVGYD252RWL.pcm
SwiftExplicitDependencyGeneratePcm arm64 /Users/admin/builder/spi-builder-workspace/.derivedData/ModuleCache.noindex/CFNetwork-94IVTH1ZB7XMMQR8GFP7ZGDF6.pcm
SwiftExplicitDependencyGeneratePcm arm64 /Users/admin/builder/spi-builder-workspace/.derivedData/ModuleCache.noindex/Foundation-67PR8RFP277YDC0MV0TJU5MVL.pcm
SwiftEmitModule normal arm64 Emitting\ module\ for\ ElementaryAlpine (in target 'ElementaryAlpine' from project 'elementary-alpine')
EmitSwiftModule normal arm64 (in target 'ElementaryAlpine' from project 'elementary-alpine')
cd /Users/admin/builder/spi-builder-workspace/.swiftpm/xcode
SwiftCompile normal arm64 Compiling\ AlpineDirective+Show.swift,\ AlpineDirective+Teleport.swift /Users/admin/builder/spi-builder-workspace/Sources/ElementaryAlpine/Directives/AlpineDirective+Show.swift /Users/admin/builder/spi-builder-workspace/Sources/ElementaryAlpine/Directives/AlpineDirective+Teleport.swift (in target 'ElementaryAlpine' from project 'elementary-alpine')
SwiftCompile normal arm64 /Users/admin/builder/spi-builder-workspace/Sources/ElementaryAlpine/Directives/AlpineDirective+Show.swift (in target 'ElementaryAlpine' from project 'elementary-alpine')
cd /Users/admin/builder/spi-builder-workspace/.swiftpm/xcode
SwiftCompile normal arm64 /Users/admin/builder/spi-builder-workspace/Sources/ElementaryAlpine/Directives/AlpineDirective+Teleport.swift (in target 'ElementaryAlpine' from project 'elementary-alpine')
cd /Users/admin/builder/spi-builder-workspace/.swiftpm/xcode
SwiftCompile normal arm64 Compiling\ AlpineGlobals+Registry.swift,\ Helper+Escape.swift /Users/admin/builder/spi-builder-workspace/Sources/ElementaryAlpine/Globals/AlpineGlobals+Registry.swift /Users/admin/builder/spi-builder-workspace/Sources/ElementaryAlpine/Helper+Escape.swift (in target 'ElementaryAlpine' from project 'elementary-alpine')
SwiftCompile normal arm64 /Users/admin/builder/spi-builder-workspace/Sources/ElementaryAlpine/Globals/AlpineGlobals+Registry.swift (in target 'ElementaryAlpine' from project 'elementary-alpine')
cd /Users/admin/builder/spi-builder-workspace/.swiftpm/xcode
SwiftCompile normal arm64 /Users/admin/builder/spi-builder-workspace/Sources/ElementaryAlpine/Helper+Escape.swift (in target 'ElementaryAlpine' from project 'elementary-alpine')
cd /Users/admin/builder/spi-builder-workspace/.swiftpm/xcode
SwiftCompile normal arm64 Compiling\ AlpineDirective+Text.swift,\ AlpineDirective+Transition.swift /Users/admin/builder/spi-builder-workspace/Sources/ElementaryAlpine/Directives/AlpineDirective+Text.swift /Users/admin/builder/spi-builder-workspace/Sources/ElementaryAlpine/Directives/AlpineDirective+Transition.swift (in target 'ElementaryAlpine' from project 'elementary-alpine')
SwiftCompile normal arm64 /Users/admin/builder/spi-builder-workspace/Sources/ElementaryAlpine/Directives/AlpineDirective+Text.swift (in target 'ElementaryAlpine' from project 'elementary-alpine')
cd /Users/admin/builder/spi-builder-workspace/.swiftpm/xcode
SwiftCompile normal arm64 /Users/admin/builder/spi-builder-workspace/Sources/ElementaryAlpine/Directives/AlpineDirective+Transition.swift (in target 'ElementaryAlpine' from project 'elementary-alpine')
cd /Users/admin/builder/spi-builder-workspace/.swiftpm/xcode
SwiftCompile normal arm64 Compiling\ AlpineDirective+Model.swift,\ AlpineDirective+Modelable.swift /Users/admin/builder/spi-builder-workspace/Sources/ElementaryAlpine/Directives/AlpineDirective+Model.swift /Users/admin/builder/spi-builder-workspace/Sources/ElementaryAlpine/Directives/AlpineDirective+Modelable.swift (in target 'ElementaryAlpine' from project 'elementary-alpine')
Failed frontend command:
/Applications/Xcode-26.4.0.app/Contents/Developer/Toolchains/XcodeDefault.xctoolchain/usr/bin/swift-frontend -frontend -c /Users/admin/builder/spi-builder-workspace/Sources/ElementaryAlpine/AlpineJS.swift /Users/admin/builder/spi-builder-workspace/Sources/ElementaryAlpine/AlpineModifier.swift /Users/admin/builder/spi-builder-workspace/Sources/ElementaryAlpine/Directives/AlpineDirective+Bind.swift /Users/admin/builder/spi-builder-workspace/Sources/ElementaryAlpine/Directives/AlpineDirective+Cloak.swift /Users/admin/builder/spi-builder-workspace/Sources/ElementaryAlpine/Directives/AlpineDirective+Data.swift /Users/admin/builder/spi-builder-workspace/Sources/ElementaryAlpine/Directives/AlpineDirective+Effect.swift /Users/admin/builder/spi-builder-workspace/Sources/ElementaryAlpine/Directives/AlpineDirective+For.swift /Users/admin/builder/spi-builder-workspace/Sources/ElementaryAlpine/Directives/AlpineDirective+Html.swift /Users/admin/builder/spi-builder-workspace/Sources/ElementaryAlpine/Directives/AlpineDirective+Id.swift /Users/admin/builder/spi-builder-workspace/Sources/ElementaryAlpine/Directives/AlpineDirective+If.swift /Users/admin/builder/spi-builder-workspace/Sources/ElementaryAlpine/Directives/AlpineDirective+Ignore.swift /Users/admin/builder/spi-builder-workspace/Sources/ElementaryAlpine/Directives/AlpineDirective+Init.swift -primary-file /Users/admin/builder/spi-builder-workspace/Sources/ElementaryAlpine/Directives/AlpineDirective+Model.swift -primary-file /Users/admin/builder/spi-builder-workspace/Sources/ElementaryAlpine/Directives/AlpineDirective+Modelable.swift /Users/admin/builder/spi-builder-workspace/Sources/ElementaryAlpine/Directives/AlpineDirective+On.swift /Users/admin/builder/spi-builder-workspace/Sources/ElementaryAlpine/Directives/AlpineDirective+Ref.swift /Users/admin/builder/spi-builder-workspace/Sources/ElementaryAlpine/Directives/AlpineDirective+Show.swift /Users/admin/builder/spi-builder-workspace/Sources/ElementaryAlpine/Directives/AlpineDirective+Teleport.swift /Users/admin/builder/spi-builder-workspace/Sources/ElementaryAlpine/Directives/AlpineDirective+Text.swift /Users/admin/builder/spi-builder-workspace/Sources/ElementaryAlpine/Directives/AlpineDirective+Transition.swift /Users/admin/builder/spi-builder-workspace/Sources/ElementaryAlpine/Globals/AlpineGlobals+Registry.swift /Users/admin/builder/spi-builder-workspace/Sources/ElementaryAlpine/Helper+Escape.swift -emit-dependencies-path /Users/admin/builder/spi-builder-workspace/.derivedData/Build/Intermediates.noindex/elementary-alpine.build/Debug-xros/ElementaryAlpine.build/Objects-normal/arm64/AlpineDirective+Model.d -emit-const-values-path /Users/admin/builder/spi-builder-workspace/.derivedData/Build/Intermediates.noindex/elementary-alpine.build/Debug-xros/ElementaryAlpine.build/Objects-normal/arm64/AlpineDirective+Model.swiftconstvalues -emit-reference-dependencies-path /Users/admin/builder/spi-builder-workspace/.derivedData/Build/Intermediates.noindex/elementary-alpine.build/Debug-xros/ElementaryAlpine.build/Objects-normal/arm64/AlpineDirective+Model.swiftdeps -serialize-diagnostics-path /Users/admin/builder/spi-builder-workspace/.derivedData/Build/Intermediates.noindex/elementary-alpine.build/Debug-xros/ElementaryAlpine.build/Objects-normal/arm64/AlpineDirective+Model.dia -emit-dependencies-path /Users/admin/builder/spi-builder-workspace/.derivedData/Build/Intermediates.noindex/elementary-alpine.build/Debug-xros/ElementaryAlpine.build/Objects-normal/arm64/AlpineDirective+Modelable.d -emit-const-values-path /Users/admin/builder/spi-builder-workspace/.derivedData/Build/Intermediates.noindex/elementary-alpine.build/Debug-xros/ElementaryAlpine.build/Objects-normal/arm64/AlpineDirective+Modelable.swiftconstvalues -emit-reference-dependencies-path /Users/admin/builder/spi-builder-workspace/.derivedData/Build/Intermediates.noindex/elementary-alpine.build/Debug-xros/ElementaryAlpine.build/Objects-normal/arm64/AlpineDirective+Modelable.swiftdeps -serialize-diagnostics-path /Users/admin/builder/spi-builder-workspace/.derivedData/Build/Intermediates.noindex/elementary-alpine.build/Debug-xros/ElementaryAlpine.build/Objects-normal/arm64/AlpineDirective+Modelable.dia -target arm64-apple-xros1.0 -load-resolved-plugin /Applications/Xcode-26.4.0.app/Contents/Developer/Platforms/XROS.platform/Developer/usr/lib/swift/host/plugins/libFoundationMacros.dylib\#/Applications/Xcode-26.4.0.app/Contents/Developer/Platforms/XROS.platform/Developer/usr/bin/swift-plugin-server\#FoundationMacros -load-resolved-plugin /Applications/Xcode-26.4.0.app/Contents/Developer/Platforms/XROS.platform/Developer/usr/lib/swift/host/plugins/libObservationMacros.dylib\#/Applications/Xcode-26.4.0.app/Contents/Developer/Platforms/XROS.platform/Developer/usr/bin/swift-plugin-server\#ObservationMacros -load-resolved-plugin /Applications/Xcode-26.4.0.app/Contents/Developer/Platforms/XROS.platform/Developer/usr/lib/swift/host/plugins/libSwiftMacros.dylib\#/Applications/Xcode-26.4.0.app/Contents/Developer/Platforms/XROS.platform/Developer/usr/bin/swift-plugin-server\#SwiftMacros -disable-implicit-swift-modules -Xcc -fno-implicit-modules -Xcc -fno-implicit-module-maps -explicit-swift-module-map-file /Users/admin/builder/spi-builder-workspace/.derivedData/Build/Intermediates.noindex/elementary-alpine.build/Debug-xros/ElementaryAlpine.build/Objects-normal/arm64/ElementaryAlpine-dependencies-1.json -debug-module-path /Users/admin/builder/spi-builder-workspace/.derivedData/Build/Intermediates.noindex/elementary-alpine.build/Debug-xros/ElementaryAlpine.build/Objects-normal/arm64/ElementaryAlpine.swiftmodule -Xllvm -aarch64-use-tbi -enable-objc-interop -stack-check -sdk /Applications/Xcode-26.4.0.app/Contents/Developer/Platforms/XROS.platform/Developer/SDKs/XROS26.4.sdk -I /Users/admin/builder/spi-builder-workspace/.derivedData/Build/Products/Debug-xros -Isystem /Applications/Xcode-26.4.0.app/Contents/Developer/Platforms/XROS.platform/Developer/usr/lib -F /Users/admin/builder/spi-builder-workspace/.derivedData/Build/Products/Debug-xros/PackageFrameworks -F /Users/admin/builder/spi-builder-workspace/.derivedData/Build/Products/Debug-xros -F /Applications/Xcode-26.4.0.app/Contents/Developer/Platforms/XROS.platform/Developer/Library/Frameworks -F /Applications/Xcode-26.4.0.app/Contents/Developer/Platforms/XROS.platform/Developer/SDKs/XROS26.4.sdk/Developer/Library/Frameworks -no-color-diagnostics -Xcc -fno-color-diagnostics -enable-testing -g -debug-info-format\=dwarf -dwarf-version\=4 -module-cache-path /Users/admin/builder/spi-builder-workspace/.derivedData/Build/Intermediates.noindex/SwiftExplicitPrecompiledModules -profile-generate -profile-coverage-mapping -swift-version 6 -Onone -D SWIFT_PACKAGE -D DEBUG -D SWIFT_MODULE_RESOURCE_BUNDLE_UNAVAILABLE -D Xcode -serialize-debugging-options -const-gather-protocols-file /Users/admin/builder/spi-builder-workspace/.derivedData/Build/Intermediates.noindex/elementary-alpine.build/Debug-xros/ElementaryAlpine.build/Objects-normal/arm64/ElementaryAlpine_const_extract_protocols.json -enable-experimental-feature StrictConcurrency\=complete -enable-upcoming-feature ExistentialAny -enable-experimental-feature DebugDescriptionMacro -empty-abi-descriptor -validate-clang-modules-once -clang-build-session-file /Users/admin/builder/spi-builder-workspace/.derivedData/ModuleCache.noindex/Session.modulevalidation -Xcc -working-directory -Xcc /Users/admin/builder/spi-builder-workspace/.swiftpm/xcode -enable-anonymous-context-mangled-names -file-compilation-dir /Users/admin/builder/spi-builder-workspace/.swiftpm/xcode -Xcc -D_LIBCPP_HARDENING_MODE\=_LIBCPP_HARDENING_MODE_DEBUG -Xcc -ivfsstatcache -Xcc /Users/admin/builder/spi-builder-workspace/.derivedData/SDKStatCaches.noindex/xros26.4-23O238-688ef53f1462e2c8f657fdc38a81448fc42b1e75d12c8f651050d7e98f89897c.sdkstatcache -Xcc -I/Users/admin/builder/spi-builder-workspace/.derivedData/Build/Intermediates.noindex/elementary-alpine.build/Debug-xros/ElementaryAlpine.build/swift-overrides.hmap -Xcc -I/Users/admin/builder/spi-builder-workspace/.derivedData/Build/Products/Debug-xros/include -Xcc -I/Users/admin/builder/spi-builder-workspace/.derivedData/Build/Intermediates.noindex/elementary-alpine.build/Debug-xros/ElementaryAlpine.build/DerivedSources-normal/arm64 -Xcc -I/Users/admin/builder/spi-builder-workspace/.derivedData/Build/Intermediates.noindex/elementary-alpine.build/Debug-xros/ElementaryAlpine.build/DerivedSources/arm64 -Xcc -I/Users/admin/builder/spi-builder-workspace/.derivedData/Build/Intermediates.noindex/elementary-alpine.build/Debug-xros/ElementaryAlpine.build/DerivedSources -Xcc -DSWIFT_PACKAGE -Xcc -DDEBUG\=1 -no-auto-bridging-header-chaining -module-name ElementaryAlpine -package-name spi_builder_workspace -frontend-parseable-output -disable-clang-spi -clang-target arm64-apple-xros26.4 -target-sdk-version 26.4 -target-sdk-name xros26.4 -in-process-plugin-server-path /Applications/Xcode-26.4.0.app/Contents/Developer/Toolchains/XcodeDefault.xctoolchain/usr/lib/swift/host/libSwiftInProcPluginServer.dylib -o /Users/admin/builder/spi-builder-workspace/.derivedData/Build/Intermediates.noindex/elementary-alpine.build/Debug-xros/ElementaryAlpine.build/Objects-normal/arm64/AlpineDirective+Model.o -o /Users/admin/builder/spi-builder-workspace/.derivedData/Build/Intermediates.noindex/elementary-alpine.build/Debug-xros/ElementaryAlpine.build/Objects-normal/arm64/AlpineDirective+Modelable.o -index-unit-output-path /elementary-alpine.build/Debug-xros/ElementaryAlpine.build/Objects-normal/arm64/AlpineDirective+Model.o -index-unit-output-path /elementary-alpine.build/Debug-xros/ElementaryAlpine.build/Objects-normal/arm64/AlpineDirective+Modelable.o -index-store-path /Users/admin/builder/spi-builder-workspace/.derivedData/Index.noindex/DataStore -index-system-modules
SwiftCompile normal arm64 /Users/admin/builder/spi-builder-workspace/Sources/ElementaryAlpine/Directives/AlpineDirective+Model.swift (in target 'ElementaryAlpine' from project 'elementary-alpine')
cd /Users/admin/builder/spi-builder-workspace/.swiftpm/xcode
/Users/admin/builder/spi-builder-workspace/Sources/ElementaryAlpine/Directives/AlpineDirective+Model.swift:63:83: error: reference to generic type 'HTMLAttribute' (aka 'MarkupAttribute') requires arguments in <...>
public static func model(_ value: String, modifiers: [ModelModifier] = []) -> HTMLAttribute {
^
<<#Tag: MarkupTagDefinition#>>
Elementary.MarkupAttribute:1:15: note: generic struct 'MarkupAttribute' declared here
public struct MarkupAttribute<Tag> : Sendable where Tag : Elementary.MarkupTagDefinition {
^
SwiftCompile normal arm64 /Users/admin/builder/spi-builder-workspace/Sources/ElementaryAlpine/Directives/AlpineDirective+Modelable.swift (in target 'ElementaryAlpine' from project 'elementary-alpine')
cd /Users/admin/builder/spi-builder-workspace/.swiftpm/xcode
/Users/admin/builder/spi-builder-workspace/Sources/ElementaryAlpine/Directives/AlpineDirective+Modelable.swift:17:54: error: reference to generic type 'HTMLAttribute' (aka 'MarkupAttribute') requires arguments in <...>
public static func modelable(_ value: String) -> HTMLAttribute {
^
<<#Tag: MarkupTagDefinition#>>
Elementary.MarkupAttribute:1:15: note: generic struct 'MarkupAttribute' declared here
public struct MarkupAttribute<Tag> : Sendable where Tag : Elementary.MarkupTagDefinition {
^
SwiftCompile normal arm64 Compiling\ AlpineDirective+Id.swift,\ AlpineDirective+If.swift /Users/admin/builder/spi-builder-workspace/Sources/ElementaryAlpine/Directives/AlpineDirective+Id.swift /Users/admin/builder/spi-builder-workspace/Sources/ElementaryAlpine/Directives/AlpineDirective+If.swift (in target 'ElementaryAlpine' from project 'elementary-alpine')
Failed frontend command:
/Applications/Xcode-26.4.0.app/Contents/Developer/Toolchains/XcodeDefault.xctoolchain/usr/bin/swift-frontend -frontend -c /Users/admin/builder/spi-builder-workspace/Sources/ElementaryAlpine/AlpineJS.swift /Users/admin/builder/spi-builder-workspace/Sources/ElementaryAlpine/AlpineModifier.swift /Users/admin/builder/spi-builder-workspace/Sources/ElementaryAlpine/Directives/AlpineDirective+Bind.swift /Users/admin/builder/spi-builder-workspace/Sources/ElementaryAlpine/Directives/AlpineDirective+Cloak.swift /Users/admin/builder/spi-builder-workspace/Sources/ElementaryAlpine/Directives/AlpineDirective+Data.swift /Users/admin/builder/spi-builder-workspace/Sources/ElementaryAlpine/Directives/AlpineDirective+Effect.swift /Users/admin/builder/spi-builder-workspace/Sources/ElementaryAlpine/Directives/AlpineDirective+For.swift /Users/admin/builder/spi-builder-workspace/Sources/ElementaryAlpine/Directives/AlpineDirective+Html.swift -primary-file /Users/admin/builder/spi-builder-workspace/Sources/ElementaryAlpine/Directives/AlpineDirective+Id.swift -primary-file /Users/admin/builder/spi-builder-workspace/Sources/ElementaryAlpine/Directives/AlpineDirective+If.swift /Users/admin/builder/spi-builder-workspace/Sources/ElementaryAlpine/Directives/AlpineDirective+Ignore.swift /Users/admin/builder/spi-builder-workspace/Sources/ElementaryAlpine/Directives/AlpineDirective+Init.swift /Users/admin/builder/spi-builder-workspace/Sources/ElementaryAlpine/Directives/AlpineDirective+Model.swift /Users/admin/builder/spi-builder-workspace/Sources/ElementaryAlpine/Directives/AlpineDirective+Modelable.swift /Users/admin/builder/spi-builder-workspace/Sources/ElementaryAlpine/Directives/AlpineDirective+On.swift /Users/admin/builder/spi-builder-workspace/Sources/ElementaryAlpine/Directives/AlpineDirective+Ref.swift /Users/admin/builder/spi-builder-workspace/Sources/ElementaryAlpine/Directives/AlpineDirective+Show.swift /Users/admin/builder/spi-builder-workspace/Sources/ElementaryAlpine/Directives/AlpineDirective+Teleport.swift /Users/admin/builder/spi-builder-workspace/Sources/ElementaryAlpine/Directives/AlpineDirective+Text.swift /Users/admin/builder/spi-builder-workspace/Sources/ElementaryAlpine/Directives/AlpineDirective+Transition.swift /Users/admin/builder/spi-builder-workspace/Sources/ElementaryAlpine/Globals/AlpineGlobals+Registry.swift /Users/admin/builder/spi-builder-workspace/Sources/ElementaryAlpine/Helper+Escape.swift -emit-dependencies-path /Users/admin/builder/spi-builder-workspace/.derivedData/Build/Intermediates.noindex/elementary-alpine.build/Debug-xros/ElementaryAlpine.build/Objects-normal/arm64/AlpineDirective+Id.d -emit-const-values-path /Users/admin/builder/spi-builder-workspace/.derivedData/Build/Intermediates.noindex/elementary-alpine.build/Debug-xros/ElementaryAlpine.build/Objects-normal/arm64/AlpineDirective+Id.swiftconstvalues -emit-reference-dependencies-path /Users/admin/builder/spi-builder-workspace/.derivedData/Build/Intermediates.noindex/elementary-alpine.build/Debug-xros/ElementaryAlpine.build/Objects-normal/arm64/AlpineDirective+Id.swiftdeps -serialize-diagnostics-path /Users/admin/builder/spi-builder-workspace/.derivedData/Build/Intermediates.noindex/elementary-alpine.build/Debug-xros/ElementaryAlpine.build/Objects-normal/arm64/AlpineDirective+Id.dia -emit-dependencies-path /Users/admin/builder/spi-builder-workspace/.derivedData/Build/Intermediates.noindex/elementary-alpine.build/Debug-xros/ElementaryAlpine.build/Objects-normal/arm64/AlpineDirective+If.d -emit-const-values-path /Users/admin/builder/spi-builder-workspace/.derivedData/Build/Intermediates.noindex/elementary-alpine.build/Debug-xros/ElementaryAlpine.build/Objects-normal/arm64/AlpineDirective+If.swiftconstvalues -emit-reference-dependencies-path /Users/admin/builder/spi-builder-workspace/.derivedData/Build/Intermediates.noindex/elementary-alpine.build/Debug-xros/ElementaryAlpine.build/Objects-normal/arm64/AlpineDirective+If.swiftdeps -serialize-diagnostics-path /Users/admin/builder/spi-builder-workspace/.derivedData/Build/Intermediates.noindex/elementary-alpine.build/Debug-xros/ElementaryAlpine.build/Objects-normal/arm64/AlpineDirective+If.dia -target arm64-apple-xros1.0 -load-resolved-plugin /Applications/Xcode-26.4.0.app/Contents/Developer/Platforms/XROS.platform/Developer/usr/lib/swift/host/plugins/libFoundationMacros.dylib\#/Applications/Xcode-26.4.0.app/Contents/Developer/Platforms/XROS.platform/Developer/usr/bin/swift-plugin-server\#FoundationMacros -load-resolved-plugin /Applications/Xcode-26.4.0.app/Contents/Developer/Platforms/XROS.platform/Developer/usr/lib/swift/host/plugins/libObservationMacros.dylib\#/Applications/Xcode-26.4.0.app/Contents/Developer/Platforms/XROS.platform/Developer/usr/bin/swift-plugin-server\#ObservationMacros -load-resolved-plugin /Applications/Xcode-26.4.0.app/Contents/Developer/Platforms/XROS.platform/Developer/usr/lib/swift/host/plugins/libSwiftMacros.dylib\#/Applications/Xcode-26.4.0.app/Contents/Developer/Platforms/XROS.platform/Developer/usr/bin/swift-plugin-server\#SwiftMacros -disable-implicit-swift-modules -Xcc -fno-implicit-modules -Xcc -fno-implicit-module-maps -explicit-swift-module-map-file /Users/admin/builder/spi-builder-workspace/.derivedData/Build/Intermediates.noindex/elementary-alpine.build/Debug-xros/ElementaryAlpine.build/Objects-normal/arm64/ElementaryAlpine-dependencies-1.json -debug-module-path /Users/admin/builder/spi-builder-workspace/.derivedData/Build/Intermediates.noindex/elementary-alpine.build/Debug-xros/ElementaryAlpine.build/Objects-normal/arm64/ElementaryAlpine.swiftmodule -Xllvm -aarch64-use-tbi -enable-objc-interop -stack-check -sdk /Applications/Xcode-26.4.0.app/Contents/Developer/Platforms/XROS.platform/Developer/SDKs/XROS26.4.sdk -I /Users/admin/builder/spi-builder-workspace/.derivedData/Build/Products/Debug-xros -Isystem /Applications/Xcode-26.4.0.app/Contents/Developer/Platforms/XROS.platform/Developer/usr/lib -F /Users/admin/builder/spi-builder-workspace/.derivedData/Build/Products/Debug-xros/PackageFrameworks -F /Users/admin/builder/spi-builder-workspace/.derivedData/Build/Products/Debug-xros -F /Applications/Xcode-26.4.0.app/Contents/Developer/Platforms/XROS.platform/Developer/Library/Frameworks -F /Applications/Xcode-26.4.0.app/Contents/Developer/Platforms/XROS.platform/Developer/SDKs/XROS26.4.sdk/Developer/Library/Frameworks -no-color-diagnostics -Xcc -fno-color-diagnostics -enable-testing -g -debug-info-format\=dwarf -dwarf-version\=4 -module-cache-path /Users/admin/builder/spi-builder-workspace/.derivedData/Build/Intermediates.noindex/SwiftExplicitPrecompiledModules -profile-generate -profile-coverage-mapping -swift-version 6 -Onone -D SWIFT_PACKAGE -D DEBUG -D SWIFT_MODULE_RESOURCE_BUNDLE_UNAVAILABLE -D Xcode -serialize-debugging-options -const-gather-protocols-file /Users/admin/builder/spi-builder-workspace/.derivedData/Build/Intermediates.noindex/elementary-alpine.build/Debug-xros/ElementaryAlpine.build/Objects-normal/arm64/ElementaryAlpine_const_extract_protocols.json -enable-experimental-feature StrictConcurrency\=complete -enable-upcoming-feature ExistentialAny -enable-experimental-feature DebugDescriptionMacro -empty-abi-descriptor -validate-clang-modules-once -clang-build-session-file /Users/admin/builder/spi-builder-workspace/.derivedData/ModuleCache.noindex/Session.modulevalidation -Xcc -working-directory -Xcc /Users/admin/builder/spi-builder-workspace/.swiftpm/xcode -enable-anonymous-context-mangled-names -file-compilation-dir /Users/admin/builder/spi-builder-workspace/.swiftpm/xcode -Xcc -D_LIBCPP_HARDENING_MODE\=_LIBCPP_HARDENING_MODE_DEBUG -Xcc -ivfsstatcache -Xcc /Users/admin/builder/spi-builder-workspace/.derivedData/SDKStatCaches.noindex/xros26.4-23O238-688ef53f1462e2c8f657fdc38a81448fc42b1e75d12c8f651050d7e98f89897c.sdkstatcache -Xcc -I/Users/admin/builder/spi-builder-workspace/.derivedData/Build/Intermediates.noindex/elementary-alpine.build/Debug-xros/ElementaryAlpine.build/swift-overrides.hmap -Xcc -I/Users/admin/builder/spi-builder-workspace/.derivedData/Build/Products/Debug-xros/include -Xcc -I/Users/admin/builder/spi-builder-workspace/.derivedData/Build/Intermediates.noindex/elementary-alpine.build/Debug-xros/ElementaryAlpine.build/DerivedSources-normal/arm64 -Xcc -I/Users/admin/builder/spi-builder-workspace/.derivedData/Build/Intermediates.noindex/elementary-alpine.build/Debug-xros/ElementaryAlpine.build/DerivedSources/arm64 -Xcc -I/Users/admin/builder/spi-builder-workspace/.derivedData/Build/Intermediates.noindex/elementary-alpine.build/Debug-xros/ElementaryAlpine.build/DerivedSources -Xcc -DSWIFT_PACKAGE -Xcc -DDEBUG\=1 -no-auto-bridging-header-chaining -module-name ElementaryAlpine -package-name spi_builder_workspace -frontend-parseable-output -disable-clang-spi -clang-target arm64-apple-xros26.4 -target-sdk-version 26.4 -target-sdk-name xros26.4 -in-process-plugin-server-path /Applications/Xcode-26.4.0.app/Contents/Developer/Toolchains/XcodeDefault.xctoolchain/usr/lib/swift/host/libSwiftInProcPluginServer.dylib -o /Users/admin/builder/spi-builder-workspace/.derivedData/Build/Intermediates.noindex/elementary-alpine.build/Debug-xros/ElementaryAlpine.build/Objects-normal/arm64/AlpineDirective+Id.o -o /Users/admin/builder/spi-builder-workspace/.derivedData/Build/Intermediates.noindex/elementary-alpine.build/Debug-xros/ElementaryAlpine.build/Objects-normal/arm64/AlpineDirective+If.o -index-unit-output-path /elementary-alpine.build/Debug-xros/ElementaryAlpine.build/Objects-normal/arm64/AlpineDirective+Id.o -index-unit-output-path /elementary-alpine.build/Debug-xros/ElementaryAlpine.build/Objects-normal/arm64/AlpineDirective+If.o -index-store-path /Users/admin/builder/spi-builder-workspace/.derivedData/Index.noindex/DataStore -index-system-modules
SwiftCompile normal arm64 /Users/admin/builder/spi-builder-workspace/Sources/ElementaryAlpine/Directives/AlpineDirective+Id.swift (in target 'ElementaryAlpine' from project 'elementary-alpine')
cd /Users/admin/builder/spi-builder-workspace/.swiftpm/xcode
/Users/admin/builder/spi-builder-workspace/Sources/ElementaryAlpine/Directives/AlpineDirective+Id.swift:20:47: error: reference to generic type 'HTMLAttribute' (aka 'MarkupAttribute') requires arguments in <...>
public static func id(_ value: String) -> HTMLAttribute {
^
<<#Tag: MarkupTagDefinition#>>
Elementary.MarkupAttribute:1:15: note: generic struct 'MarkupAttribute' declared here
public struct MarkupAttribute<Tag> : Sendable where Tag : Elementary.MarkupTagDefinition {
^
SwiftCompile normal arm64 /Users/admin/builder/spi-builder-workspace/Sources/ElementaryAlpine/Directives/AlpineDirective+If.swift (in target 'ElementaryAlpine' from project 'elementary-alpine')
cd /Users/admin/builder/spi-builder-workspace/.swiftpm/xcode
/Users/admin/builder/spi-builder-workspace/Sources/ElementaryAlpine/Directives/AlpineDirective+If.swift:22:49: error: reference to generic type 'HTMLAttribute' (aka 'MarkupAttribute') requires arguments in <...>
public static func when(_ value: String) -> HTMLAttribute {
^
<<#Tag: MarkupTagDefinition#>>
Elementary.MarkupAttribute:1:15: note: generic struct 'MarkupAttribute' declared here
public struct MarkupAttribute<Tag> : Sendable where Tag : Elementary.MarkupTagDefinition {
^
SwiftCompile normal arm64 Compiling\ AlpineDirective+On.swift,\ AlpineDirective+Ref.swift /Users/admin/builder/spi-builder-workspace/Sources/ElementaryAlpine/Directives/AlpineDirective+On.swift /Users/admin/builder/spi-builder-workspace/Sources/ElementaryAlpine/Directives/AlpineDirective+Ref.swift (in target 'ElementaryAlpine' from project 'elementary-alpine')
Failed frontend command:
/Applications/Xcode-26.4.0.app/Contents/Developer/Toolchains/XcodeDefault.xctoolchain/usr/bin/swift-frontend -frontend -c /Users/admin/builder/spi-builder-workspace/Sources/ElementaryAlpine/AlpineJS.swift /Users/admin/builder/spi-builder-workspace/Sources/ElementaryAlpine/AlpineModifier.swift /Users/admin/builder/spi-builder-workspace/Sources/ElementaryAlpine/Directives/AlpineDirective+Bind.swift /Users/admin/builder/spi-builder-workspace/Sources/ElementaryAlpine/Directives/AlpineDirective+Cloak.swift /Users/admin/builder/spi-builder-workspace/Sources/ElementaryAlpine/Directives/AlpineDirective+Data.swift /Users/admin/builder/spi-builder-workspace/Sources/ElementaryAlpine/Directives/AlpineDirective+Effect.swift /Users/admin/builder/spi-builder-workspace/Sources/ElementaryAlpine/Directives/AlpineDirective+For.swift /Users/admin/builder/spi-builder-workspace/Sources/ElementaryAlpine/Directives/AlpineDirective+Html.swift /Users/admin/builder/spi-builder-workspace/Sources/ElementaryAlpine/Directives/AlpineDirective+Id.swift /Users/admin/builder/spi-builder-workspace/Sources/ElementaryAlpine/Directives/AlpineDirective+If.swift /Users/admin/builder/spi-builder-workspace/Sources/ElementaryAlpine/Directives/AlpineDirective+Ignore.swift /Users/admin/builder/spi-builder-workspace/Sources/ElementaryAlpine/Directives/AlpineDirective+Init.swift /Users/admin/builder/spi-builder-workspace/Sources/ElementaryAlpine/Directives/AlpineDirective+Model.swift /Users/admin/builder/spi-builder-workspace/Sources/ElementaryAlpine/Directives/AlpineDirective+Modelable.swift -primary-file /Users/admin/builder/spi-builder-workspace/Sources/ElementaryAlpine/Directives/AlpineDirective+On.swift -primary-file /Users/admin/builder/spi-builder-workspace/Sources/ElementaryAlpine/Directives/AlpineDirective+Ref.swift /Users/admin/builder/spi-builder-workspace/Sources/ElementaryAlpine/Directives/AlpineDirective+Show.swift /Users/admin/builder/spi-builder-workspace/Sources/ElementaryAlpine/Directives/AlpineDirective+Teleport.swift /Users/admin/builder/spi-builder-workspace/Sources/ElementaryAlpine/Directives/AlpineDirective+Text.swift /Users/admin/builder/spi-builder-workspace/Sources/ElementaryAlpine/Directives/AlpineDirective+Transition.swift /Users/admin/builder/spi-builder-workspace/Sources/ElementaryAlpine/Globals/AlpineGlobals+Registry.swift /Users/admin/builder/spi-builder-workspace/Sources/ElementaryAlpine/Helper+Escape.swift -emit-dependencies-path /Users/admin/builder/spi-builder-workspace/.derivedData/Build/Intermediates.noindex/elementary-alpine.build/Debug-xros/ElementaryAlpine.build/Objects-normal/arm64/AlpineDirective+On.d -emit-const-values-path /Users/admin/builder/spi-builder-workspace/.derivedData/Build/Intermediates.noindex/elementary-alpine.build/Debug-xros/ElementaryAlpine.build/Objects-normal/arm64/AlpineDirective+On.swiftconstvalues -emit-reference-dependencies-path /Users/admin/builder/spi-builder-workspace/.derivedData/Build/Intermediates.noindex/elementary-alpine.build/Debug-xros/ElementaryAlpine.build/Objects-normal/arm64/AlpineDirective+On.swiftdeps -serialize-diagnostics-path /Users/admin/builder/spi-builder-workspace/.derivedData/Build/Intermediates.noindex/elementary-alpine.build/Debug-xros/ElementaryAlpine.build/Objects-normal/arm64/AlpineDirective+On.dia -emit-dependencies-path /Users/admin/builder/spi-builder-workspace/.derivedData/Build/Intermediates.noindex/elementary-alpine.build/Debug-xros/ElementaryAlpine.build/Objects-normal/arm64/AlpineDirective+Ref.d -emit-const-values-path /Users/admin/builder/spi-builder-workspace/.derivedData/Build/Intermediates.noindex/elementary-alpine.build/Debug-xros/ElementaryAlpine.build/Objects-normal/arm64/AlpineDirective+Ref.swiftconstvalues -emit-reference-dependencies-path /Users/admin/builder/spi-builder-workspace/.derivedData/Build/Intermediates.noindex/elementary-alpine.build/Debug-xros/ElementaryAlpine.build/Objects-normal/arm64/AlpineDirective+Ref.swiftdeps -serialize-diagnostics-path /Users/admin/builder/spi-builder-workspace/.derivedData/Build/Intermediates.noindex/elementary-alpine.build/Debug-xros/ElementaryAlpine.build/Objects-normal/arm64/AlpineDirective+Ref.dia -target arm64-apple-xros1.0 -load-resolved-plugin /Applications/Xcode-26.4.0.app/Contents/Developer/Platforms/XROS.platform/Developer/usr/lib/swift/host/plugins/libFoundationMacros.dylib\#/Applications/Xcode-26.4.0.app/Contents/Developer/Platforms/XROS.platform/Developer/usr/bin/swift-plugin-server\#FoundationMacros -load-resolved-plugin /Applications/Xcode-26.4.0.app/Contents/Developer/Platforms/XROS.platform/Developer/usr/lib/swift/host/plugins/libObservationMacros.dylib\#/Applications/Xcode-26.4.0.app/Contents/Developer/Platforms/XROS.platform/Developer/usr/bin/swift-plugin-server\#ObservationMacros -load-resolved-plugin /Applications/Xcode-26.4.0.app/Contents/Developer/Platforms/XROS.platform/Developer/usr/lib/swift/host/plugins/libSwiftMacros.dylib\#/Applications/Xcode-26.4.0.app/Contents/Developer/Platforms/XROS.platform/Developer/usr/bin/swift-plugin-server\#SwiftMacros -disable-implicit-swift-modules -Xcc -fno-implicit-modules -Xcc -fno-implicit-module-maps -explicit-swift-module-map-file /Users/admin/builder/spi-builder-workspace/.derivedData/Build/Intermediates.noindex/elementary-alpine.build/Debug-xros/ElementaryAlpine.build/Objects-normal/arm64/ElementaryAlpine-dependencies-1.json -debug-module-path /Users/admin/builder/spi-builder-workspace/.derivedData/Build/Intermediates.noindex/elementary-alpine.build/Debug-xros/ElementaryAlpine.build/Objects-normal/arm64/ElementaryAlpine.swiftmodule -Xllvm -aarch64-use-tbi -enable-objc-interop -stack-check -sdk /Applications/Xcode-26.4.0.app/Contents/Developer/Platforms/XROS.platform/Developer/SDKs/XROS26.4.sdk -I /Users/admin/builder/spi-builder-workspace/.derivedData/Build/Products/Debug-xros -Isystem /Applications/Xcode-26.4.0.app/Contents/Developer/Platforms/XROS.platform/Developer/usr/lib -F /Users/admin/builder/spi-builder-workspace/.derivedData/Build/Products/Debug-xros/PackageFrameworks -F /Users/admin/builder/spi-builder-workspace/.derivedData/Build/Products/Debug-xros -F /Applications/Xcode-26.4.0.app/Contents/Developer/Platforms/XROS.platform/Developer/Library/Frameworks -F /Applications/Xcode-26.4.0.app/Contents/Developer/Platforms/XROS.platform/Developer/SDKs/XROS26.4.sdk/Developer/Library/Frameworks -no-color-diagnostics -Xcc -fno-color-diagnostics -enable-testing -g -debug-info-format\=dwarf -dwarf-version\=4 -module-cache-path /Users/admin/builder/spi-builder-workspace/.derivedData/Build/Intermediates.noindex/SwiftExplicitPrecompiledModules -profile-generate -profile-coverage-mapping -swift-version 6 -Onone -D SWIFT_PACKAGE -D DEBUG -D SWIFT_MODULE_RESOURCE_BUNDLE_UNAVAILABLE -D Xcode -serialize-debugging-options -const-gather-protocols-file /Users/admin/builder/spi-builder-workspace/.derivedData/Build/Intermediates.noindex/elementary-alpine.build/Debug-xros/ElementaryAlpine.build/Objects-normal/arm64/ElementaryAlpine_const_extract_protocols.json -enable-experimental-feature StrictConcurrency\=complete -enable-upcoming-feature ExistentialAny -enable-experimental-feature DebugDescriptionMacro -empty-abi-descriptor -validate-clang-modules-once -clang-build-session-file /Users/admin/builder/spi-builder-workspace/.derivedData/ModuleCache.noindex/Session.modulevalidation -Xcc -working-directory -Xcc /Users/admin/builder/spi-builder-workspace/.swiftpm/xcode -enable-anonymous-context-mangled-names -file-compilation-dir /Users/admin/builder/spi-builder-workspace/.swiftpm/xcode -Xcc -D_LIBCPP_HARDENING_MODE\=_LIBCPP_HARDENING_MODE_DEBUG -Xcc -ivfsstatcache -Xcc /Users/admin/builder/spi-builder-workspace/.derivedData/SDKStatCaches.noindex/xros26.4-23O238-688ef53f1462e2c8f657fdc38a81448fc42b1e75d12c8f651050d7e98f89897c.sdkstatcache -Xcc -I/Users/admin/builder/spi-builder-workspace/.derivedData/Build/Intermediates.noindex/elementary-alpine.build/Debug-xros/ElementaryAlpine.build/swift-overrides.hmap -Xcc -I/Users/admin/builder/spi-builder-workspace/.derivedData/Build/Products/Debug-xros/include -Xcc -I/Users/admin/builder/spi-builder-workspace/.derivedData/Build/Intermediates.noindex/elementary-alpine.build/Debug-xros/ElementaryAlpine.build/DerivedSources-normal/arm64 -Xcc -I/Users/admin/builder/spi-builder-workspace/.derivedData/Build/Intermediates.noindex/elementary-alpine.build/Debug-xros/ElementaryAlpine.build/DerivedSources/arm64 -Xcc -I/Users/admin/builder/spi-builder-workspace/.derivedData/Build/Intermediates.noindex/elementary-alpine.build/Debug-xros/ElementaryAlpine.build/DerivedSources -Xcc -DSWIFT_PACKAGE -Xcc -DDEBUG\=1 -no-auto-bridging-header-chaining -module-name ElementaryAlpine -package-name spi_builder_workspace -frontend-parseable-output -disable-clang-spi -clang-target arm64-apple-xros26.4 -target-sdk-version 26.4 -target-sdk-name xros26.4 -in-process-plugin-server-path /Applications/Xcode-26.4.0.app/Contents/Developer/Toolchains/XcodeDefault.xctoolchain/usr/lib/swift/host/libSwiftInProcPluginServer.dylib -o /Users/admin/builder/spi-builder-workspace/.derivedData/Build/Intermediates.noindex/elementary-alpine.build/Debug-xros/ElementaryAlpine.build/Objects-normal/arm64/AlpineDirective+On.o -o /Users/admin/builder/spi-builder-workspace/.derivedData/Build/Intermediates.noindex/elementary-alpine.build/Debug-xros/ElementaryAlpine.build/Objects-normal/arm64/AlpineDirective+Ref.o -index-unit-output-path /elementary-alpine.build/Debug-xros/ElementaryAlpine.build/Objects-normal/arm64/AlpineDirective+On.o -index-unit-output-path /elementary-alpine.build/Debug-xros/ElementaryAlpine.build/Objects-normal/arm64/AlpineDirective+Ref.o -index-store-path /Users/admin/builder/spi-builder-workspace/.derivedData/Index.noindex/DataStore -index-system-modules
SwiftCompile normal arm64 /Users/admin/builder/spi-builder-workspace/Sources/ElementaryAlpine/Directives/AlpineDirective+On.swift (in target 'ElementaryAlpine' from project 'elementary-alpine')
cd /Users/admin/builder/spi-builder-workspace/.swiftpm/xcode
/Users/admin/builder/spi-builder-workspace/Sources/ElementaryAlpine/Directives/AlpineDirective+On.swift:131:94: error: reference to generic type 'HTMLAttribute' (aka 'MarkupAttribute') requires arguments in <...>
public static func on(_ event: String, _ value: String, modifiers: [OnModifier] = []) -> HTMLAttribute {
^
<<#Tag: MarkupTagDefinition#>>
Elementary.MarkupAttribute:1:15: note: generic struct 'MarkupAttribute' declared here
public struct MarkupAttribute<Tag> : Sendable where Tag : Elementary.MarkupTagDefinition {
^
SwiftCompile normal arm64 /Users/admin/builder/spi-builder-workspace/Sources/ElementaryAlpine/Directives/AlpineDirective+Ref.swift (in target 'ElementaryAlpine' from project 'elementary-alpine')
cd /Users/admin/builder/spi-builder-workspace/.swiftpm/xcode
/Users/admin/builder/spi-builder-workspace/Sources/ElementaryAlpine/Directives/AlpineDirective+Ref.swift:18:48: error: reference to generic type 'HTMLAttribute' (aka 'MarkupAttribute') requires arguments in <...>
public static func ref(_ value: String) -> HTMLAttribute {
^
<<#Tag: MarkupTagDefinition#>>
Elementary.MarkupAttribute:1:15: note: generic struct 'MarkupAttribute' declared here
public struct MarkupAttribute<Tag> : Sendable where Tag : Elementary.MarkupTagDefinition {
^
SwiftCompile normal arm64 Compiling\ AlpineDirective+For.swift,\ AlpineDirective+Html.swift /Users/admin/builder/spi-builder-workspace/Sources/ElementaryAlpine/Directives/AlpineDirective+For.swift /Users/admin/builder/spi-builder-workspace/Sources/ElementaryAlpine/Directives/AlpineDirective+Html.swift (in target 'ElementaryAlpine' from project 'elementary-alpine')
Failed frontend command:
/Applications/Xcode-26.4.0.app/Contents/Developer/Toolchains/XcodeDefault.xctoolchain/usr/bin/swift-frontend -frontend -c /Users/admin/builder/spi-builder-workspace/Sources/ElementaryAlpine/AlpineJS.swift /Users/admin/builder/spi-builder-workspace/Sources/ElementaryAlpine/AlpineModifier.swift /Users/admin/builder/spi-builder-workspace/Sources/ElementaryAlpine/Directives/AlpineDirective+Bind.swift /Users/admin/builder/spi-builder-workspace/Sources/ElementaryAlpine/Directives/AlpineDirective+Cloak.swift /Users/admin/builder/spi-builder-workspace/Sources/ElementaryAlpine/Directives/AlpineDirective+Data.swift /Users/admin/builder/spi-builder-workspace/Sources/ElementaryAlpine/Directives/AlpineDirective+Effect.swift -primary-file /Users/admin/builder/spi-builder-workspace/Sources/ElementaryAlpine/Directives/AlpineDirective+For.swift -primary-file /Users/admin/builder/spi-builder-workspace/Sources/ElementaryAlpine/Directives/AlpineDirective+Html.swift /Users/admin/builder/spi-builder-workspace/Sources/ElementaryAlpine/Directives/AlpineDirective+Id.swift /Users/admin/builder/spi-builder-workspace/Sources/ElementaryAlpine/Directives/AlpineDirective+If.swift /Users/admin/builder/spi-builder-workspace/Sources/ElementaryAlpine/Directives/AlpineDirective+Ignore.swift /Users/admin/builder/spi-builder-workspace/Sources/ElementaryAlpine/Directives/AlpineDirective+Init.swift /Users/admin/builder/spi-builder-workspace/Sources/ElementaryAlpine/Directives/AlpineDirective+Model.swift /Users/admin/builder/spi-builder-workspace/Sources/ElementaryAlpine/Directives/AlpineDirective+Modelable.swift /Users/admin/builder/spi-builder-workspace/Sources/ElementaryAlpine/Directives/AlpineDirective+On.swift /Users/admin/builder/spi-builder-workspace/Sources/ElementaryAlpine/Directives/AlpineDirective+Ref.swift /Users/admin/builder/spi-builder-workspace/Sources/ElementaryAlpine/Directives/AlpineDirective+Show.swift /Users/admin/builder/spi-builder-workspace/Sources/ElementaryAlpine/Directives/AlpineDirective+Teleport.swift /Users/admin/builder/spi-builder-workspace/Sources/ElementaryAlpine/Directives/AlpineDirective+Text.swift /Users/admin/builder/spi-builder-workspace/Sources/ElementaryAlpine/Directives/AlpineDirective+Transition.swift /Users/admin/builder/spi-builder-workspace/Sources/ElementaryAlpine/Globals/AlpineGlobals+Registry.swift /Users/admin/builder/spi-builder-workspace/Sources/ElementaryAlpine/Helper+Escape.swift -emit-dependencies-path /Users/admin/builder/spi-builder-workspace/.derivedData/Build/Intermediates.noindex/elementary-alpine.build/Debug-xros/ElementaryAlpine.build/Objects-normal/arm64/AlpineDirective+For.d -emit-const-values-path /Users/admin/builder/spi-builder-workspace/.derivedData/Build/Intermediates.noindex/elementary-alpine.build/Debug-xros/ElementaryAlpine.build/Objects-normal/arm64/AlpineDirective+For.swiftconstvalues -emit-reference-dependencies-path /Users/admin/builder/spi-builder-workspace/.derivedData/Build/Intermediates.noindex/elementary-alpine.build/Debug-xros/ElementaryAlpine.build/Objects-normal/arm64/AlpineDirective+For.swiftdeps -serialize-diagnostics-path /Users/admin/builder/spi-builder-workspace/.derivedData/Build/Intermediates.noindex/elementary-alpine.build/Debug-xros/ElementaryAlpine.build/Objects-normal/arm64/AlpineDirective+For.dia -emit-dependencies-path /Users/admin/builder/spi-builder-workspace/.derivedData/Build/Intermediates.noindex/elementary-alpine.build/Debug-xros/ElementaryAlpine.build/Objects-normal/arm64/AlpineDirective+Html.d -emit-const-values-path /Users/admin/builder/spi-builder-workspace/.derivedData/Build/Intermediates.noindex/elementary-alpine.build/Debug-xros/ElementaryAlpine.build/Objects-normal/arm64/AlpineDirective+Html.swiftconstvalues -emit-reference-dependencies-path /Users/admin/builder/spi-builder-workspace/.derivedData/Build/Intermediates.noindex/elementary-alpine.build/Debug-xros/ElementaryAlpine.build/Objects-normal/arm64/AlpineDirective+Html.swiftdeps -serialize-diagnostics-path /Users/admin/builder/spi-builder-workspace/.derivedData/Build/Intermediates.noindex/elementary-alpine.build/Debug-xros/ElementaryAlpine.build/Objects-normal/arm64/AlpineDirective+Html.dia -target arm64-apple-xros1.0 -load-resolved-plugin /Applications/Xcode-26.4.0.app/Contents/Developer/Platforms/XROS.platform/Developer/usr/lib/swift/host/plugins/libFoundationMacros.dylib\#/Applications/Xcode-26.4.0.app/Contents/Developer/Platforms/XROS.platform/Developer/usr/bin/swift-plugin-server\#FoundationMacros -load-resolved-plugin /Applications/Xcode-26.4.0.app/Contents/Developer/Platforms/XROS.platform/Developer/usr/lib/swift/host/plugins/libObservationMacros.dylib\#/Applications/Xcode-26.4.0.app/Contents/Developer/Platforms/XROS.platform/Developer/usr/bin/swift-plugin-server\#ObservationMacros -load-resolved-plugin /Applications/Xcode-26.4.0.app/Contents/Developer/Platforms/XROS.platform/Developer/usr/lib/swift/host/plugins/libSwiftMacros.dylib\#/Applications/Xcode-26.4.0.app/Contents/Developer/Platforms/XROS.platform/Developer/usr/bin/swift-plugin-server\#SwiftMacros -disable-implicit-swift-modules -Xcc -fno-implicit-modules -Xcc -fno-implicit-module-maps -explicit-swift-module-map-file /Users/admin/builder/spi-builder-workspace/.derivedData/Build/Intermediates.noindex/elementary-alpine.build/Debug-xros/ElementaryAlpine.build/Objects-normal/arm64/ElementaryAlpine-dependencies-1.json -debug-module-path /Users/admin/builder/spi-builder-workspace/.derivedData/Build/Intermediates.noindex/elementary-alpine.build/Debug-xros/ElementaryAlpine.build/Objects-normal/arm64/ElementaryAlpine.swiftmodule -Xllvm -aarch64-use-tbi -enable-objc-interop -stack-check -sdk /Applications/Xcode-26.4.0.app/Contents/Developer/Platforms/XROS.platform/Developer/SDKs/XROS26.4.sdk -I /Users/admin/builder/spi-builder-workspace/.derivedData/Build/Products/Debug-xros -Isystem /Applications/Xcode-26.4.0.app/Contents/Developer/Platforms/XROS.platform/Developer/usr/lib -F /Users/admin/builder/spi-builder-workspace/.derivedData/Build/Products/Debug-xros/PackageFrameworks -F /Users/admin/builder/spi-builder-workspace/.derivedData/Build/Products/Debug-xros -F /Applications/Xcode-26.4.0.app/Contents/Developer/Platforms/XROS.platform/Developer/Library/Frameworks -F /Applications/Xcode-26.4.0.app/Contents/Developer/Platforms/XROS.platform/Developer/SDKs/XROS26.4.sdk/Developer/Library/Frameworks -no-color-diagnostics -Xcc -fno-color-diagnostics -enable-testing -g -debug-info-format\=dwarf -dwarf-version\=4 -module-cache-path /Users/admin/builder/spi-builder-workspace/.derivedData/Build/Intermediates.noindex/SwiftExplicitPrecompiledModules -profile-generate -profile-coverage-mapping -swift-version 6 -Onone -D SWIFT_PACKAGE -D DEBUG -D SWIFT_MODULE_RESOURCE_BUNDLE_UNAVAILABLE -D Xcode -serialize-debugging-options -const-gather-protocols-file /Users/admin/builder/spi-builder-workspace/.derivedData/Build/Intermediates.noindex/elementary-alpine.build/Debug-xros/ElementaryAlpine.build/Objects-normal/arm64/ElementaryAlpine_const_extract_protocols.json -enable-experimental-feature StrictConcurrency\=complete -enable-upcoming-feature ExistentialAny -enable-experimental-feature DebugDescriptionMacro -empty-abi-descriptor -validate-clang-modules-once -clang-build-session-file /Users/admin/builder/spi-builder-workspace/.derivedData/ModuleCache.noindex/Session.modulevalidation -Xcc -working-directory -Xcc /Users/admin/builder/spi-builder-workspace/.swiftpm/xcode -enable-anonymous-context-mangled-names -file-compilation-dir /Users/admin/builder/spi-builder-workspace/.swiftpm/xcode -Xcc -D_LIBCPP_HARDENING_MODE\=_LIBCPP_HARDENING_MODE_DEBUG -Xcc -ivfsstatcache -Xcc /Users/admin/builder/spi-builder-workspace/.derivedData/SDKStatCaches.noindex/xros26.4-23O238-688ef53f1462e2c8f657fdc38a81448fc42b1e75d12c8f651050d7e98f89897c.sdkstatcache -Xcc -I/Users/admin/builder/spi-builder-workspace/.derivedData/Build/Intermediates.noindex/elementary-alpine.build/Debug-xros/ElementaryAlpine.build/swift-overrides.hmap -Xcc -I/Users/admin/builder/spi-builder-workspace/.derivedData/Build/Products/Debug-xros/include -Xcc -I/Users/admin/builder/spi-builder-workspace/.derivedData/Build/Intermediates.noindex/elementary-alpine.build/Debug-xros/ElementaryAlpine.build/DerivedSources-normal/arm64 -Xcc -I/Users/admin/builder/spi-builder-workspace/.derivedData/Build/Intermediates.noindex/elementary-alpine.build/Debug-xros/ElementaryAlpine.build/DerivedSources/arm64 -Xcc -I/Users/admin/builder/spi-builder-workspace/.derivedData/Build/Intermediates.noindex/elementary-alpine.build/Debug-xros/ElementaryAlpine.build/DerivedSources -Xcc -DSWIFT_PACKAGE -Xcc -DDEBUG\=1 -no-auto-bridging-header-chaining -module-name ElementaryAlpine -package-name spi_builder_workspace -frontend-parseable-output -disable-clang-spi -clang-target arm64-apple-xros26.4 -target-sdk-version 26.4 -target-sdk-name xros26.4 -in-process-plugin-server-path /Applications/Xcode-26.4.0.app/Contents/Developer/Toolchains/XcodeDefault.xctoolchain/usr/lib/swift/host/libSwiftInProcPluginServer.dylib -o /Users/admin/builder/spi-builder-workspace/.derivedData/Build/Intermediates.noindex/elementary-alpine.build/Debug-xros/ElementaryAlpine.build/Objects-normal/arm64/AlpineDirective+For.o -o /Users/admin/builder/spi-builder-workspace/.derivedData/Build/Intermediates.noindex/elementary-alpine.build/Debug-xros/ElementaryAlpine.build/Objects-normal/arm64/AlpineDirective+Html.o -index-unit-output-path /elementary-alpine.build/Debug-xros/ElementaryAlpine.build/Objects-normal/arm64/AlpineDirective+For.o -index-unit-output-path /elementary-alpine.build/Debug-xros/ElementaryAlpine.build/Objects-normal/arm64/AlpineDirective+Html.o -index-store-path /Users/admin/builder/spi-builder-workspace/.derivedData/Index.noindex/DataStore -index-system-modules
SwiftCompile normal arm64 /Users/admin/builder/spi-builder-workspace/Sources/ElementaryAlpine/Directives/AlpineDirective+For.swift (in target 'ElementaryAlpine' from project 'elementary-alpine')
cd /Users/admin/builder/spi-builder-workspace/.swiftpm/xcode
/Users/admin/builder/spi-builder-workspace/Sources/ElementaryAlpine/Directives/AlpineDirective+For.swift:23:49: error: reference to generic type 'HTMLAttribute' (aka 'MarkupAttribute') requires arguments in <...>
public static func loop(_ value: String) -> HTMLAttribute {
^
<<#Tag: MarkupTagDefinition#>>
Elementary.MarkupAttribute:1:15: note: generic struct 'MarkupAttribute' declared here
public struct MarkupAttribute<Tag> : Sendable where Tag : Elementary.MarkupTagDefinition {
^
SwiftCompile normal arm64 /Users/admin/builder/spi-builder-workspace/Sources/ElementaryAlpine/Directives/AlpineDirective+Html.swift (in target 'ElementaryAlpine' from project 'elementary-alpine')
cd /Users/admin/builder/spi-builder-workspace/.swiftpm/xcode
/Users/admin/builder/spi-builder-workspace/Sources/ElementaryAlpine/Directives/AlpineDirective+Html.swift:18:49: error: reference to generic type 'HTMLAttribute' (aka 'MarkupAttribute') requires arguments in <...>
public static func html(_ value: String) -> HTMLAttribute {
^
<<#Tag: MarkupTagDefinition#>>
Elementary.MarkupAttribute:1:15: note: generic struct 'MarkupAttribute' declared here
public struct MarkupAttribute<Tag> : Sendable where Tag : Elementary.MarkupTagDefinition {
^
SwiftEmitModule normal arm64 Emitting\ module\ for\ ElementaryAlpinePlugins (in target 'ElementaryAlpinePlugins' from project 'elementary-alpine')
EmitSwiftModule normal arm64 (in target 'ElementaryAlpinePlugins' from project 'elementary-alpine')
cd /Users/admin/builder/spi-builder-workspace/.swiftpm/xcode
SwiftCompile normal arm64 Compiling\ Modifier+Collapse.swift,\ HTMLAttribute+AlpineFocus.swift /Users/admin/builder/spi-builder-workspace/Sources/ElementaryAlpinePlugins/Collapse/Modifier+Collapse.swift /Users/admin/builder/spi-builder-workspace/Sources/ElementaryAlpinePlugins/Focus/HTMLAttribute+AlpineFocus.swift (in target 'ElementaryAlpinePlugins' from project 'elementary-alpine')
2026-08-10 21:52:44.920 xcodebuild[762:4677] [MT] IDERunDestination: Supported platforms for the buildables in the current scheme is empty.
** BUILD FAILED **
The following build commands failed:
SwiftCompile normal arm64 Compiling\ AlpineDirective+Model.swift,\ AlpineDirective+Modelable.swift /Users/admin/builder/spi-builder-workspace/Sources/ElementaryAlpine/Directives/AlpineDirective+Model.swift /Users/admin/builder/spi-builder-workspace/Sources/ElementaryAlpine/Directives/AlpineDirective+Modelable.swift (in target 'ElementaryAlpine' from project 'elementary-alpine')
SwiftCompile normal arm64 /Users/admin/builder/spi-builder-workspace/Sources/ElementaryAlpine/Directives/AlpineDirective+Model.swift (in target 'ElementaryAlpine' from project 'elementary-alpine')
SwiftCompile normal arm64 /Users/admin/builder/spi-builder-workspace/Sources/ElementaryAlpine/Directives/AlpineDirective+Modelable.swift (in target 'ElementaryAlpine' from project 'elementary-alpine')
SwiftCompile normal arm64 Compiling\ AlpineDirective+Id.swift,\ AlpineDirective+If.swift /Users/admin/builder/spi-builder-workspace/Sources/ElementaryAlpine/Directives/AlpineDirective+Id.swift /Users/admin/builder/spi-builder-workspace/Sources/ElementaryAlpine/Directives/AlpineDirective+If.swift (in target 'ElementaryAlpine' from project 'elementary-alpine')
SwiftCompile normal arm64 /Users/admin/builder/spi-builder-workspace/Sources/ElementaryAlpine/Directives/AlpineDirective+Id.swift (in target 'ElementaryAlpine' from project 'elementary-alpine')
SwiftCompile normal arm64 /Users/admin/builder/spi-builder-workspace/Sources/ElementaryAlpine/Directives/AlpineDirective+If.swift (in target 'ElementaryAlpine' from project 'elementary-alpine')
SwiftCompile normal arm64 Compiling\ AlpineDirective+On.swift,\ AlpineDirective+Ref.swift /Users/admin/builder/spi-builder-workspace/Sources/ElementaryAlpine/Directives/AlpineDirective+On.swift /Users/admin/builder/spi-builder-workspace/Sources/ElementaryAlpine/Directives/AlpineDirective+Ref.swift (in target 'ElementaryAlpine' from project 'elementary-alpine')
SwiftCompile normal arm64 /Users/admin/builder/spi-builder-workspace/Sources/ElementaryAlpine/Directives/AlpineDirective+On.swift (in target 'ElementaryAlpine' from project 'elementary-alpine')
SwiftCompile normal arm64 /Users/admin/builder/spi-builder-workspace/Sources/ElementaryAlpine/Directives/AlpineDirective+Ref.swift (in target 'ElementaryAlpine' from project 'elementary-alpine')
SwiftCompile normal arm64 Compiling\ AlpineDirective+For.swift,\ AlpineDirective+Html.swift /Users/admin/builder/spi-builder-workspace/Sources/ElementaryAlpine/Directives/AlpineDirective+For.swift /Users/admin/builder/spi-builder-workspace/Sources/ElementaryAlpine/Directives/AlpineDirective+Html.swift (in target 'ElementaryAlpine' from project 'elementary-alpine')
SwiftCompile normal arm64 /Users/admin/builder/spi-builder-workspace/Sources/ElementaryAlpine/Directives/AlpineDirective+For.swift (in target 'ElementaryAlpine' from project 'elementary-alpine')
SwiftCompile normal arm64 /Users/admin/builder/spi-builder-workspace/Sources/ElementaryAlpine/Directives/AlpineDirective+Html.swift (in target 'ElementaryAlpine' from project 'elementary-alpine')
Building workspace spi-builder-workspace with scheme elementary-alpine-Package
(13 failures)
Command line invocation:
/Applications/Xcode-26.4.0.app/Contents/Developer/usr/bin/xcodebuild -IDEClonedSourcePackagesDirPathOverride=/Users/admin/builder/spi-builder-workspace/.dependencies -resolvePackageDependencies
Resolve Package Graph
Resolved source packages:
elementary-alpine: /Users/admin/builder/spi-builder-workspace
elementary: https://github.com/elementary-swift/elementary.git @ 0.8.0
resolved source packages: elementary-alpine, elementary
2026-08-10 21:52:52.818 xcodebuild[864:5173] [MT] IDERunDestination: Supported platforms for the buildables in the current scheme is empty.
{
"dependencies" : [
{
"identity" : "elementary",
"requirement" : {
"range" : [
{
"lower_bound" : "0.6.0",
"upper_bound" : "1.0.0"
}
]
},
"type" : "sourceControl",
"url" : "https://github.com/elementary-swift/elementary.git"
}
],
"manifest_display_name" : "elementary-alpine",
"name" : "elementary-alpine",
"path" : "/Users/admin/builder/spi-builder-workspace",
"platforms" : [
{
"name" : "macos",
"version" : "14.0"
},
{
"name" : "ios",
"version" : "15.0"
},
{
"name" : "tvos",
"version" : "17.0"
},
{
"name" : "watchos",
"version" : "10.0"
}
],
"products" : [
{
"name" : "ElementaryAlpine",
"targets" : [
"ElementaryAlpine"
],
"type" : {
"library" : [
"automatic"
]
}
},
{
"name" : "ElementaryAlpinePlugins",
"targets" : [
"ElementaryAlpinePlugins"
],
"type" : {
"library" : [
"automatic"
]
}
}
],
"targets" : [
{
"c99name" : "TestUtilities",
"module_type" : "SwiftTarget",
"name" : "TestUtilities",
"path" : "Tests/TestUtilities",
"product_dependencies" : [
"Elementary"
],
"sources" : [
"Utilities.swift"
],
"type" : "library"
},
{
"c99name" : "ElementaryAlpineTests",
"module_type" : "SwiftTarget",
"name" : "ElementaryAlpineTests",
"path" : "Tests/ElementaryAlpineTests",
"sources" : [
"ControlFlowTests.swift",
"DOMBindingTests.swift",
"EventHandlingTests.swift",
"GlobalsTests.swift",
"SetupTests.swift",
"StateAndDataTests.swift",
"TransitionsTests.swift",
"UtilitiesTests.swift"
],
"target_dependencies" : [
"ElementaryAlpine",
"TestUtilities"
],
"type" : "test"
},
{
"c99name" : "ElementaryAlpinePluginsTests",
"module_type" : "SwiftTarget",
"name" : "ElementaryAlpinePluginsTests",
"path" : "Tests/ElementaryAlpinePluginsTests",
"sources" : [
"Anchor/ElementaryAlpineAnchorTests.swift",
"Collapse/ElementaryAlpineCollapseTests.swift",
"Focus/ElementaryAlpineFocusTests.swift",
"Intersect/ElementaryAlpineIntersectTests.swift",
"Mask/ElementaryAlpineMaskTests.swift",
"Morph/ElementaryAlpineMorphBetweenTests.swift",
"Morph/ElementaryAlpineMorphTests.swift",
"Resize/ElementaryAlpineResizeTests.swift",
"Sort/ElementaryAlpineSortTests.swift"
],
"target_dependencies" : [
"ElementaryAlpinePlugins",
"TestUtilities"
],
"type" : "test"
},
{
"c99name" : "ElementaryAlpinePlugins",
"module_type" : "SwiftTarget",
"name" : "ElementaryAlpinePlugins",
"path" : "Sources/ElementaryAlpinePlugins",
"product_dependencies" : [
"Elementary"
],
"product_memberships" : [
"ElementaryAlpinePlugins"
],
"sources" : [
"AlpinePluginModifier.swift",
"Anchor/HTMLAttribute+AlpineAnchor.swift",
"Anchor/Modifier+Anchor.swift",
"Collapse/HTMLAttribute+AlpineCollapse.swift",
"Collapse/Modifier+Collapse.swift",
"Focus/HTMLAttribute+AlpineFocus.swift",
"Focus/Modifier+Focus.swift",
"Helper+Escape.swift",
"Intersect/HTMLAttribute+AlpineIntersect.swift",
"Intersect/Modifier+Intersect.swift",
"Mask/HTMLAttribute+AlpineMask.swift",
"Morph/Helper+AlpineMorph.swift",
"Morph/Helper+AlpineMorphBetween.swift",
"Morph/Helper+MorphOptions.swift",
"Resize/HTMLAttribute+AlpineResize.swift",
"Resize/Modifier+Resize.swift",
"Sort/HTMLAttribute+AlpineSort.swift",
"Sort/Modifier+Sort.swift"
],
"type" : "library"
},
{
"c99name" : "ElementaryAlpine",
"module_type" : "SwiftTarget",
"name" : "ElementaryAlpine",
"path" : "Sources/ElementaryAlpine",
"product_dependencies" : [
"Elementary"
],
"product_memberships" : [
"ElementaryAlpine"
],
"sources" : [
"AlpineJS.swift",
"AlpineModifier.swift",
"Directives/AlpineDirective+Bind.swift",
"Directives/AlpineDirective+Cloak.swift",
"Directives/AlpineDirective+Data.swift",
"Directives/AlpineDirective+Effect.swift",
"Directives/AlpineDirective+For.swift",
"Directives/AlpineDirective+Html.swift",
"Directives/AlpineDirective+Id.swift",
"Directives/AlpineDirective+If.swift",
"Directives/AlpineDirective+Ignore.swift",
"Directives/AlpineDirective+Init.swift",
"Directives/AlpineDirective+Model.swift",
"Directives/AlpineDirective+Modelable.swift",
"Directives/AlpineDirective+On.swift",
"Directives/AlpineDirective+Ref.swift",
"Directives/AlpineDirective+Show.swift",
"Directives/AlpineDirective+Teleport.swift",
"Directives/AlpineDirective+Text.swift",
"Directives/AlpineDirective+Transition.swift",
"Globals/AlpineGlobals+Registry.swift",
"Helper+Escape.swift"
],
"type" : "library"
}
],
"tools_version" : "6.0"
}
{
"workspace" : {
"name" : "spi-builder-workspace",
"schemes" : [
"elementary-alpine-Package",
"ElementaryAlpine",
"ElementaryAlpinePlugins"
]
}
}
2026-08-10 21:52:54.126 xcodebuild[877:5257] [MT] IDERunDestination: Supported platforms for the buildables in the current scheme is empty.
{
"workspace" : {
"name" : "spi-builder-workspace",
"schemes" : [
"elementary-alpine-Package",
"ElementaryAlpine",
"ElementaryAlpinePlugins"
]
}
}
2026-08-10 21:52:55.161 xcodebuild[884:5304] [MT] IDERunDestination: Supported platforms for the buildables in the current scheme is empty.
Running build ...
env DEVELOPER_DIR=/Applications/Xcode-26.4.0.app xcrun xcodebuild -IDEClonedSourcePackagesDirPathOverride=$PWD/.dependencies -skipMacroValidation -skipPackagePluginValidation -derivedDataPath $PWD/.derivedData build -scheme elementary-alpine-Package -destination generic/platform=xrOS
Command line invocation:
/Applications/Xcode-26.4.0.app/Contents/Developer/usr/bin/xcodebuild -IDEClonedSourcePackagesDirPathOverride=/Users/admin/builder/spi-builder-workspace/.dependencies -skipMacroValidation -skipPackagePluginValidation -derivedDataPath /Users/admin/builder/spi-builder-workspace/.derivedData build -scheme elementary-alpine-Package -destination generic/platform=xrOS
Resolve Package Graph
Resolved source packages:
elementary: https://github.com/elementary-swift/elementary.git @ 0.8.0
elementary-alpine: /Users/admin/builder/spi-builder-workspace
ComputePackagePrebuildTargetDependencyGraph
Prepare packages
CreateBuildRequest
SendProjectDescription
CreateBuildOperation
ComputeTargetDependencyGraph
note: Building targets in dependency order
note: Target dependency graph (6 targets)
Target 'ElementaryAlpinePlugins' in project 'elementary-alpine'
➜ Explicit dependency on target 'ElementaryAlpinePlugins' in project 'elementary-alpine'
➜ Explicit dependency on target 'Elementary' in project 'elementary'
Target 'ElementaryAlpinePlugins' in project 'elementary-alpine'
➜ Explicit dependency on target 'Elementary' in project 'elementary'
Target 'ElementaryAlpine' in project 'elementary-alpine'
➜ Explicit dependency on target 'ElementaryAlpine' in project 'elementary-alpine'
➜ Explicit dependency on target 'Elementary' in project 'elementary'
Target 'ElementaryAlpine' in project 'elementary-alpine'
➜ Explicit dependency on target 'Elementary' in project 'elementary'
Target 'Elementary' in project 'elementary'
➜ Explicit dependency on target 'Elementary' in project 'elementary'
Target 'Elementary' in project 'elementary' (no dependencies)
GatherProvisioningInputs
CreateBuildDescription
ClangStatCache /Applications/Xcode-26.4.0.app/Contents/Developer/Toolchains/XcodeDefault.xctoolchain/usr/bin/clang-stat-cache /Applications/Xcode-26.4.0.app/Contents/Developer/Platforms/XROS.platform/Developer/SDKs/XROS26.4.sdk /Users/admin/builder/spi-builder-workspace/.derivedData/SDKStatCaches.noindex/xros26.4-23O238-688ef53f1462e2c8f657fdc38a81448fc42b1e75d12c8f651050d7e98f89897c.sdkstatcache
cd /Users/admin/builder/spi-builder-workspace/.swiftpm/xcode
/Applications/Xcode-26.4.0.app/Contents/Developer/Toolchains/XcodeDefault.xctoolchain/usr/bin/clang-stat-cache /Applications/Xcode-26.4.0.app/Contents/Developer/Platforms/XROS.platform/Developer/SDKs/XROS26.4.sdk -o /Users/admin/builder/spi-builder-workspace/.derivedData/SDKStatCaches.noindex/xros26.4-23O238-688ef53f1462e2c8f657fdc38a81448fc42b1e75d12c8f651050d7e98f89897c.sdkstatcache
ExtractAppIntentsMetadata (in target 'Elementary' from project 'elementary')
cd /Users/admin/builder/spi-builder-workspace/.dependencies/checkouts/elementary
/Applications/Xcode-26.4.0.app/Contents/Developer/Toolchains/XcodeDefault.xctoolchain/usr/bin/appintentsmetadataprocessor --toolchain-dir /var/run/com.apple.security.cryptexd/mnt/com.apple.MobileAsset.MetalToolchain-v17.5.188.0.PmHdYq/Metal.xctoolchain --module-name Elementary --sdk-root /Applications/Xcode-26.4.0.app/Contents/Developer/Platforms/XROS.platform/Developer/SDKs/XROS26.4.sdk --xcode-version 17E192 --platform-family xrOS --deployment-target 1.0 --bundle-identifier elementary.Elementary --output /Users/admin/builder/spi-builder-workspace/.derivedData/Build/Products/Debug-xros/Elementary.appintents --target-triple arm64-apple-xros1.0 --binary-file /Users/admin/builder/spi-builder-workspace/.derivedData/Build/Products/Debug-xros/Elementary.o --dependency-file /Users/admin/builder/spi-builder-workspace/.derivedData/Build/Intermediates.noindex/elementary.build/Debug-xros/Elementary.build/Objects-normal/arm64/Elementary_dependency_info.dat --stringsdata-file /Users/admin/builder/spi-builder-workspace/.derivedData/Build/Intermediates.noindex/elementary.build/Debug-xros/Elementary.build/Objects-normal/arm64/ExtractedAppShortcutsMetadata.stringsdata --source-file-list /Users/admin/builder/spi-builder-workspace/.derivedData/Build/Intermediates.noindex/elementary.build/Debug-xros/Elementary.build/Objects-normal/arm64/Elementary.SwiftFileList --metadata-file-list /Users/admin/builder/spi-builder-workspace/.derivedData/Build/Intermediates.noindex/elementary.build/Debug-xros/Elementary.build/Elementary.DependencyMetadataFileList --static-metadata-file-list /Users/admin/builder/spi-builder-workspace/.derivedData/Build/Intermediates.noindex/elementary.build/Debug-xros/Elementary.build/Elementary.DependencyStaticMetadataFileList --swift-const-vals-list /Users/admin/builder/spi-builder-workspace/.derivedData/Build/Intermediates.noindex/elementary.build/Debug-xros/Elementary.build/Objects-normal/arm64/Elementary.SwiftConstValuesFileList --force --compile-time-extraction --deployment-aware-processing --validate-assistant-intents --no-app-shortcuts-localization
2026-08-10 21:52:56.869 appintentsmetadataprocessor[898:5408] Starting appintentsmetadataprocessor export
2026-08-10 21:52:56.892 appintentsmetadataprocessor[898:5408] Extracted no relevant App Intents symbols, skipping writing output
SwiftDriver ElementaryAlpinePlugins normal arm64 com.apple.xcode.tools.swift.compiler (in target 'ElementaryAlpinePlugins' from project 'elementary-alpine')
cd /Users/admin/builder/spi-builder-workspace/.swiftpm/xcode
builtin-SwiftDriver -- /Applications/Xcode-26.4.0.app/Contents/Developer/Toolchains/XcodeDefault.xctoolchain/usr/bin/swiftc -module-name ElementaryAlpinePlugins -Onone @/Users/admin/builder/spi-builder-workspace/.derivedData/Build/Intermediates.noindex/elementary-alpine.build/Debug-xros/ElementaryAlpinePlugins.build/Objects-normal/arm64/ElementaryAlpinePlugins.SwiftFileList -DSWIFT_PACKAGE -DDEBUG -DSWIFT_MODULE_RESOURCE_BUNDLE_UNAVAILABLE -DXcode -enable-experimental-feature StrictConcurrency\=complete -enable-upcoming-feature ExistentialAny -plugin-path /Applications/Xcode-26.4.0.app/Contents/Developer/Toolchains/XcodeDefault.xctoolchain/usr/lib/swift/host/plugins/testing -enable-experimental-feature DebugDescriptionMacro -sdk /Applications/Xcode-26.4.0.app/Contents/Developer/Platforms/XROS.platform/Developer/SDKs/XROS26.4.sdk -target arm64-apple-xros1.0 -g -module-cache-path /Users/admin/builder/spi-builder-workspace/.derivedData/ModuleCache.noindex -Xfrontend -serialize-debugging-options -profile-coverage-mapping -profile-generate -enable-testing -index-store-path /Users/admin/builder/spi-builder-workspace/.derivedData/Index.noindex/DataStore -Xcc -D_LIBCPP_HARDENING_MODE\=_LIBCPP_HARDENING_MODE_DEBUG -swift-version 6 -I /Users/admin/builder/spi-builder-workspace/.derivedData/Build/Products/Debug-xros -Isystem /Applications/Xcode-26.4.0.app/Contents/Developer/Platforms/XROS.platform/Developer/usr/lib -F /Users/admin/builder/spi-builder-workspace/.derivedData/Build/Products/Debug-xros/PackageFrameworks -F /Users/admin/builder/spi-builder-workspace/.derivedData/Build/Products/Debug-xros -F /Applications/Xcode-26.4.0.app/Contents/Developer/Platforms/XROS.platform/Developer/Library/Frameworks -F /Applications/Xcode-26.4.0.app/Contents/Developer/Platforms/XROS.platform/Developer/SDKs/XROS26.4.sdk/Developer/Library/Frameworks -c -j10 -enable-batch-mode -incremental -Xcc -ivfsstatcache -Xcc /Users/admin/builder/spi-builder-workspace/.derivedData/SDKStatCaches.noindex/xros26.4-23O238-688ef53f1462e2c8f657fdc38a81448fc42b1e75d12c8f651050d7e98f89897c.sdkstatcache -output-file-map /Users/admin/builder/spi-builder-workspace/.derivedData/Build/Intermediates.noindex/elementary-alpine.build/Debug-xros/ElementaryAlpinePlugins.build/Objects-normal/arm64/ElementaryAlpinePlugins-OutputFileMap.json -use-frontend-parseable-output -save-temps -no-color-diagnostics -explicit-module-build -module-cache-path /Users/admin/builder/spi-builder-workspace/.derivedData/Build/Intermediates.noindex/SwiftExplicitPrecompiledModules -clang-scanner-module-cache-path /Users/admin/builder/spi-builder-workspace/.derivedData/ModuleCache.noindex -sdk-module-cache-path /Users/admin/builder/spi-builder-workspace/.derivedData/ModuleCache.noindex -serialize-diagnostics -emit-dependencies -emit-module -emit-module-path /Users/admin/builder/spi-builder-workspace/.derivedData/Build/Intermediates.noindex/elementary-alpine.build/Debug-xros/ElementaryAlpinePlugins.build/Objects-normal/arm64/ElementaryAlpinePlugins.swiftmodule -validate-clang-modules-once -clang-build-session-file /Users/admin/builder/spi-builder-workspace/.derivedData/ModuleCache.noindex/Session.modulevalidation -package-name spi_builder_workspace -Xcc -I/Users/admin/builder/spi-builder-workspace/.derivedData/Build/Intermediates.noindex/elementary-alpine.build/Debug-xros/ElementaryAlpinePlugins.build/swift-overrides.hmap -emit-const-values -Xfrontend -const-gather-protocols-file -Xfrontend /Users/admin/builder/spi-builder-workspace/.derivedData/Build/Intermediates.noindex/elementary-alpine.build/Debug-xros/ElementaryAlpinePlugins.build/Objects-normal/arm64/ElementaryAlpinePlugins_const_extract_protocols.json -Xcc -I/Users/admin/builder/spi-builder-workspace/.derivedData/Build/Products/Debug-xros/include -Xcc -I/Users/admin/builder/spi-builder-workspace/.derivedData/Build/Intermediates.noindex/elementary-alpine.build/Debug-xros/ElementaryAlpinePlugins.build/DerivedSources-normal/arm64 -Xcc -I/Users/admin/builder/spi-builder-workspace/.derivedData/Build/Intermediates.noindex/elementary-alpine.build/Debug-xros/ElementaryAlpinePlugins.build/DerivedSources/arm64 -Xcc -I/Users/admin/builder/spi-builder-workspace/.derivedData/Build/Intermediates.noindex/elementary-alpine.build/Debug-xros/ElementaryAlpinePlugins.build/DerivedSources -Xcc -DSWIFT_PACKAGE -Xcc -DDEBUG\=1 -emit-objc-header -emit-objc-header-path /Users/admin/builder/spi-builder-workspace/.derivedData/Build/Intermediates.noindex/elementary-alpine.build/Debug-xros/ElementaryAlpinePlugins.build/Objects-normal/arm64/ElementaryAlpinePlugins-Swift.h -working-directory /Users/admin/builder/spi-builder-workspace/.swiftpm/xcode -experimental-emit-module-separately -disable-cmo
SwiftDriver ElementaryAlpine normal arm64 com.apple.xcode.tools.swift.compiler (in target 'ElementaryAlpine' from project 'elementary-alpine')
cd /Users/admin/builder/spi-builder-workspace/.swiftpm/xcode
builtin-SwiftDriver -- /Applications/Xcode-26.4.0.app/Contents/Developer/Toolchains/XcodeDefault.xctoolchain/usr/bin/swiftc -module-name ElementaryAlpine -Onone @/Users/admin/builder/spi-builder-workspace/.derivedData/Build/Intermediates.noindex/elementary-alpine.build/Debug-xros/ElementaryAlpine.build/Objects-normal/arm64/ElementaryAlpine.SwiftFileList -DSWIFT_PACKAGE -DDEBUG -DSWIFT_MODULE_RESOURCE_BUNDLE_UNAVAILABLE -DXcode -enable-experimental-feature StrictConcurrency\=complete -enable-upcoming-feature ExistentialAny -plugin-path /Applications/Xcode-26.4.0.app/Contents/Developer/Toolchains/XcodeDefault.xctoolchain/usr/lib/swift/host/plugins/testing -enable-experimental-feature DebugDescriptionMacro -sdk /Applications/Xcode-26.4.0.app/Contents/Developer/Platforms/XROS.platform/Developer/SDKs/XROS26.4.sdk -target arm64-apple-xros1.0 -g -module-cache-path /Users/admin/builder/spi-builder-workspace/.derivedData/ModuleCache.noindex -Xfrontend -serialize-debugging-options -profile-coverage-mapping -profile-generate -enable-testing -index-store-path /Users/admin/builder/spi-builder-workspace/.derivedData/Index.noindex/DataStore -Xcc -D_LIBCPP_HARDENING_MODE\=_LIBCPP_HARDENING_MODE_DEBUG -swift-version 6 -I /Users/admin/builder/spi-builder-workspace/.derivedData/Build/Products/Debug-xros -Isystem /Applications/Xcode-26.4.0.app/Contents/Developer/Platforms/XROS.platform/Developer/usr/lib -F /Users/admin/builder/spi-builder-workspace/.derivedData/Build/Products/Debug-xros/PackageFrameworks -F /Users/admin/builder/spi-builder-workspace/.derivedData/Build/Products/Debug-xros -F /Applications/Xcode-26.4.0.app/Contents/Developer/Platforms/XROS.platform/Developer/Library/Frameworks -F /Applications/Xcode-26.4.0.app/Contents/Developer/Platforms/XROS.platform/Developer/SDKs/XROS26.4.sdk/Developer/Library/Frameworks -c -j10 -enable-batch-mode -incremental -Xcc -ivfsstatcache -Xcc /Users/admin/builder/spi-builder-workspace/.derivedData/SDKStatCaches.noindex/xros26.4-23O238-688ef53f1462e2c8f657fdc38a81448fc42b1e75d12c8f651050d7e98f89897c.sdkstatcache -output-file-map /Users/admin/builder/spi-builder-workspace/.derivedData/Build/Intermediates.noindex/elementary-alpine.build/Debug-xros/ElementaryAlpine.build/Objects-normal/arm64/ElementaryAlpine-OutputFileMap.json -use-frontend-parseable-output -save-temps -no-color-diagnostics -explicit-module-build -module-cache-path /Users/admin/builder/spi-builder-workspace/.derivedData/Build/Intermediates.noindex/SwiftExplicitPrecompiledModules -clang-scanner-module-cache-path /Users/admin/builder/spi-builder-workspace/.derivedData/ModuleCache.noindex -sdk-module-cache-path /Users/admin/builder/spi-builder-workspace/.derivedData/ModuleCache.noindex -serialize-diagnostics -emit-dependencies -emit-module -emit-module-path /Users/admin/builder/spi-builder-workspace/.derivedData/Build/Intermediates.noindex/elementary-alpine.build/Debug-xros/ElementaryAlpine.build/Objects-normal/arm64/ElementaryAlpine.swiftmodule -validate-clang-modules-once -clang-build-session-file /Users/admin/builder/spi-builder-workspace/.derivedData/ModuleCache.noindex/Session.modulevalidation -package-name spi_builder_workspace -Xcc -I/Users/admin/builder/spi-builder-workspace/.derivedData/Build/Intermediates.noindex/elementary-alpine.build/Debug-xros/ElementaryAlpine.build/swift-overrides.hmap -emit-const-values -Xfrontend -const-gather-protocols-file -Xfrontend /Users/admin/builder/spi-builder-workspace/.derivedData/Build/Intermediates.noindex/elementary-alpine.build/Debug-xros/ElementaryAlpine.build/Objects-normal/arm64/ElementaryAlpine_const_extract_protocols.json -Xcc -I/Users/admin/builder/spi-builder-workspace/.derivedData/Build/Products/Debug-xros/include -Xcc -I/Users/admin/builder/spi-builder-workspace/.derivedData/Build/Intermediates.noindex/elementary-alpine.build/Debug-xros/ElementaryAlpine.build/DerivedSources-normal/arm64 -Xcc -I/Users/admin/builder/spi-builder-workspace/.derivedData/Build/Intermediates.noindex/elementary-alpine.build/Debug-xros/ElementaryAlpine.build/DerivedSources/arm64 -Xcc -I/Users/admin/builder/spi-builder-workspace/.derivedData/Build/Intermediates.noindex/elementary-alpine.build/Debug-xros/ElementaryAlpine.build/DerivedSources -Xcc -DSWIFT_PACKAGE -Xcc -DDEBUG\=1 -emit-objc-header -emit-objc-header-path /Users/admin/builder/spi-builder-workspace/.derivedData/Build/Intermediates.noindex/elementary-alpine.build/Debug-xros/ElementaryAlpine.build/Objects-normal/arm64/ElementaryAlpine-Swift.h -working-directory /Users/admin/builder/spi-builder-workspace/.swiftpm/xcode -experimental-emit-module-separately -disable-cmo
RegisterExecutionPolicyException /Users/admin/builder/spi-builder-workspace/.derivedData/Build/Products/Debug-xros/Elementary.o (in target 'Elementary' from project 'elementary')
cd /Users/admin/builder/spi-builder-workspace/.dependencies/checkouts/elementary
builtin-RegisterExecutionPolicyException /Users/admin/builder/spi-builder-workspace/.derivedData/Build/Products/Debug-xros/Elementary.o
SwiftCompile normal arm64 Compiling\ AlpinePluginModifier.swift,\ HTMLAttribute+AlpineAnchor.swift /Users/admin/builder/spi-builder-workspace/Sources/ElementaryAlpinePlugins/AlpinePluginModifier.swift /Users/admin/builder/spi-builder-workspace/Sources/ElementaryAlpinePlugins/Anchor/HTMLAttribute+AlpineAnchor.swift (in target 'ElementaryAlpinePlugins' from project 'elementary-alpine')
SwiftCompile normal arm64 /Users/admin/builder/spi-builder-workspace/Sources/ElementaryAlpinePlugins/AlpinePluginModifier.swift (in target 'ElementaryAlpinePlugins' from project 'elementary-alpine')
cd /Users/admin/builder/spi-builder-workspace/.swiftpm/xcode
SwiftCompile normal arm64 /Users/admin/builder/spi-builder-workspace/Sources/ElementaryAlpinePlugins/Anchor/HTMLAttribute+AlpineAnchor.swift (in target 'ElementaryAlpinePlugins' from project 'elementary-alpine')
cd /Users/admin/builder/spi-builder-workspace/.swiftpm/xcode
/Users/admin/builder/spi-builder-workspace/Sources/ElementaryAlpinePlugins/Anchor/HTMLAttribute+AlpineAnchor.swift:38:10: error: reference to generic type 'HTMLAttribute' (aka 'MarkupAttribute') requires arguments in <...>
) -> HTMLAttribute {
^
<<#Tag: MarkupTagDefinition#>>
Elementary.MarkupAttribute:1:15: note: generic struct 'MarkupAttribute' declared here
public struct MarkupAttribute<Tag> : Sendable where Tag : Elementary.MarkupTagDefinition {
^
Failed frontend command:
/Applications/Xcode-26.4.0.app/Contents/Developer/Toolchains/XcodeDefault.xctoolchain/usr/bin/swift-frontend -frontend -c -primary-file /Users/admin/builder/spi-builder-workspace/Sources/ElementaryAlpinePlugins/AlpinePluginModifier.swift -primary-file /Users/admin/builder/spi-builder-workspace/Sources/ElementaryAlpinePlugins/Anchor/HTMLAttribute+AlpineAnchor.swift /Users/admin/builder/spi-builder-workspace/Sources/ElementaryAlpinePlugins/Anchor/Modifier+Anchor.swift /Users/admin/builder/spi-builder-workspace/Sources/ElementaryAlpinePlugins/Collapse/HTMLAttribute+AlpineCollapse.swift /Users/admin/builder/spi-builder-workspace/Sources/ElementaryAlpinePlugins/Collapse/Modifier+Collapse.swift /Users/admin/builder/spi-builder-workspace/Sources/ElementaryAlpinePlugins/Focus/HTMLAttribute+AlpineFocus.swift /Users/admin/builder/spi-builder-workspace/Sources/ElementaryAlpinePlugins/Focus/Modifier+Focus.swift /Users/admin/builder/spi-builder-workspace/Sources/ElementaryAlpinePlugins/Helper+Escape.swift /Users/admin/builder/spi-builder-workspace/Sources/ElementaryAlpinePlugins/Intersect/HTMLAttribute+AlpineIntersect.swift /Users/admin/builder/spi-builder-workspace/Sources/ElementaryAlpinePlugins/Intersect/Modifier+Intersect.swift /Users/admin/builder/spi-builder-workspace/Sources/ElementaryAlpinePlugins/Mask/HTMLAttribute+AlpineMask.swift /Users/admin/builder/spi-builder-workspace/Sources/ElementaryAlpinePlugins/Morph/Helper+AlpineMorph.swift /Users/admin/builder/spi-builder-workspace/Sources/ElementaryAlpinePlugins/Morph/Helper+AlpineMorphBetween.swift /Users/admin/builder/spi-builder-workspace/Sources/ElementaryAlpinePlugins/Morph/Helper+MorphOptions.swift /Users/admin/builder/spi-builder-workspace/Sources/ElementaryAlpinePlugins/Resize/HTMLAttribute+AlpineResize.swift /Users/admin/builder/spi-builder-workspace/Sources/ElementaryAlpinePlugins/Resize/Modifier+Resize.swift /Users/admin/builder/spi-builder-workspace/Sources/ElementaryAlpinePlugins/Sort/HTMLAttribute+AlpineSort.swift /Users/admin/builder/spi-builder-workspace/Sources/ElementaryAlpinePlugins/Sort/Modifier+Sort.swift -emit-dependencies-path /Users/admin/builder/spi-builder-workspace/.derivedData/Build/Intermediates.noindex/elementary-alpine.build/Debug-xros/ElementaryAlpinePlugins.build/Objects-normal/arm64/AlpinePluginModifier.d -emit-const-values-path /Users/admin/builder/spi-builder-workspace/.derivedData/Build/Intermediates.noindex/elementary-alpine.build/Debug-xros/ElementaryAlpinePlugins.build/Objects-normal/arm64/AlpinePluginModifier.swiftconstvalues -emit-reference-dependencies-path /Users/admin/builder/spi-builder-workspace/.derivedData/Build/Intermediates.noindex/elementary-alpine.build/Debug-xros/ElementaryAlpinePlugins.build/Objects-normal/arm64/AlpinePluginModifier.swiftdeps -serialize-diagnostics-path /Users/admin/builder/spi-builder-workspace/.derivedData/Build/Intermediates.noindex/elementary-alpine.build/Debug-xros/ElementaryAlpinePlugins.build/Objects-normal/arm64/AlpinePluginModifier.dia -emit-dependencies-path /Users/admin/builder/spi-builder-workspace/.derivedData/Build/Intermediates.noindex/elementary-alpine.build/Debug-xros/ElementaryAlpinePlugins.build/Objects-normal/arm64/HTMLAttribute+AlpineAnchor.d -emit-const-values-path /Users/admin/builder/spi-builder-workspace/.derivedData/Build/Intermediates.noindex/elementary-alpine.build/Debug-xros/ElementaryAlpinePlugins.build/Objects-normal/arm64/HTMLAttribute+AlpineAnchor.swiftconstvalues -emit-reference-dependencies-path /Users/admin/builder/spi-builder-workspace/.derivedData/Build/Intermediates.noindex/elementary-alpine.build/Debug-xros/ElementaryAlpinePlugins.build/Objects-normal/arm64/HTMLAttribute+AlpineAnchor.swiftdeps -serialize-diagnostics-path /Users/admin/builder/spi-builder-workspace/.derivedData/Build/Intermediates.noindex/elementary-alpine.build/Debug-xros/ElementaryAlpinePlugins.build/Objects-normal/arm64/HTMLAttribute+AlpineAnchor.dia -target arm64-apple-xros1.0 -load-resolved-plugin /Applications/Xcode-26.4.0.app/Contents/Developer/Platforms/XROS.platform/Developer/usr/lib/swift/host/plugins/libFoundationMacros.dylib\#/Applications/Xcode-26.4.0.app/Contents/Developer/Platforms/XROS.platform/Developer/usr/bin/swift-plugin-server\#FoundationMacros -load-resolved-plugin /Applications/Xcode-26.4.0.app/Contents/Developer/Platforms/XROS.platform/Developer/usr/lib/swift/host/plugins/libObservationMacros.dylib\#/Applications/Xcode-26.4.0.app/Contents/Developer/Platforms/XROS.platform/Developer/usr/bin/swift-plugin-server\#ObservationMacros -load-resolved-plugin /Applications/Xcode-26.4.0.app/Contents/Developer/Platforms/XROS.platform/Developer/usr/lib/swift/host/plugins/libSwiftMacros.dylib\#/Applications/Xcode-26.4.0.app/Contents/Developer/Platforms/XROS.platform/Developer/usr/bin/swift-plugin-server\#SwiftMacros -disable-implicit-swift-modules -Xcc -fno-implicit-modules -Xcc -fno-implicit-module-maps -explicit-swift-module-map-file /Users/admin/builder/spi-builder-workspace/.derivedData/Build/Intermediates.noindex/elementary-alpine.build/Debug-xros/ElementaryAlpinePlugins.build/Objects-normal/arm64/ElementaryAlpinePlugins-dependencies-1.json -debug-module-path /Users/admin/builder/spi-builder-workspace/.derivedData/Build/Intermediates.noindex/elementary-alpine.build/Debug-xros/ElementaryAlpinePlugins.build/Objects-normal/arm64/ElementaryAlpinePlugins.swiftmodule -Xllvm -aarch64-use-tbi -enable-objc-interop -stack-check -sdk /Applications/Xcode-26.4.0.app/Contents/Developer/Platforms/XROS.platform/Developer/SDKs/XROS26.4.sdk -I /Users/admin/builder/spi-builder-workspace/.derivedData/Build/Products/Debug-xros -Isystem /Applications/Xcode-26.4.0.app/Contents/Developer/Platforms/XROS.platform/Developer/usr/lib -F /Users/admin/builder/spi-builder-workspace/.derivedData/Build/Products/Debug-xros/PackageFrameworks -F /Users/admin/builder/spi-builder-workspace/.derivedData/Build/Products/Debug-xros -F /Applications/Xcode-26.4.0.app/Contents/Developer/Platforms/XROS.platform/Developer/Library/Frameworks -F /Applications/Xcode-26.4.0.app/Contents/Developer/Platforms/XROS.platform/Developer/SDKs/XROS26.4.sdk/Developer/Library/Frameworks -no-color-diagnostics -Xcc -fno-color-diagnostics -enable-testing -g -debug-info-format\=dwarf -dwarf-version\=4 -module-cache-path /Users/admin/builder/spi-builder-workspace/.derivedData/Build/Intermediates.noindex/SwiftExplicitPrecompiledModules -profile-generate -profile-coverage-mapping -swift-version 6 -Onone -D SWIFT_PACKAGE -D DEBUG -D SWIFT_MODULE_RESOURCE_BUNDLE_UNAVAILABLE -D Xcode -serialize-debugging-options -const-gather-protocols-file /Users/admin/builder/spi-builder-workspace/.derivedData/Build/Intermediates.noindex/elementary-alpine.build/Debug-xros/ElementaryAlpinePlugins.build/Objects-normal/arm64/ElementaryAlpinePlugins_const_extract_protocols.json -enable-experimental-feature StrictConcurrency\=complete -enable-upcoming-feature ExistentialAny -enable-experimental-feature DebugDescriptionMacro -empty-abi-descriptor -validate-clang-modules-once -clang-build-session-file /Users/admin/builder/spi-builder-workspace/.derivedData/ModuleCache.noindex/Session.modulevalidation -Xcc -working-directory -Xcc /Users/admin/builder/spi-builder-workspace/.swiftpm/xcode -enable-anonymous-context-mangled-names -file-compilation-dir /Users/admin/builder/spi-builder-workspace/.swiftpm/xcode -Xcc -D_LIBCPP_HARDENING_MODE\=_LIBCPP_HARDENING_MODE_DEBUG -Xcc -ivfsstatcache -Xcc /Users/admin/builder/spi-builder-workspace/.derivedData/SDKStatCaches.noindex/xros26.4-23O238-688ef53f1462e2c8f657fdc38a81448fc42b1e75d12c8f651050d7e98f89897c.sdkstatcache -Xcc -I/Users/admin/builder/spi-builder-workspace/.derivedData/Build/Intermediates.noindex/elementary-alpine.build/Debug-xros/ElementaryAlpinePlugins.build/swift-overrides.hmap -Xcc -I/Users/admin/builder/spi-builder-workspace/.derivedData/Build/Products/Debug-xros/include -Xcc -I/Users/admin/builder/spi-builder-workspace/.derivedData/Build/Intermediates.noindex/elementary-alpine.build/Debug-xros/ElementaryAlpinePlugins.build/DerivedSources-normal/arm64 -Xcc -I/Users/admin/builder/spi-builder-workspace/.derivedData/Build/Intermediates.noindex/elementary-alpine.build/Debug-xros/ElementaryAlpinePlugins.build/DerivedSources/arm64 -Xcc -I/Users/admin/builder/spi-builder-workspace/.derivedData/Build/Intermediates.noindex/elementary-alpine.build/Debug-xros/ElementaryAlpinePlugins.build/DerivedSources -Xcc -DSWIFT_PACKAGE -Xcc -DDEBUG\=1 -no-auto-bridging-header-chaining -module-name ElementaryAlpinePlugins -package-name spi_builder_workspace -frontend-parseable-output -disable-clang-spi -clang-target arm64-apple-xros26.4 -target-sdk-version 26.4 -target-sdk-name xros26.4 -in-process-plugin-server-path /Applications/Xcode-26.4.0.app/Contents/Developer/Toolchains/XcodeDefault.xctoolchain/usr/lib/swift/host/libSwiftInProcPluginServer.dylib -o /Users/admin/builder/spi-builder-workspace/.derivedData/Build/Intermediates.noindex/elementary-alpine.build/Debug-xros/ElementaryAlpinePlugins.build/Objects-normal/arm64/AlpinePluginModifier.o -o /Users/admin/builder/spi-builder-workspace/.derivedData/Build/Intermediates.noindex/elementary-alpine.build/Debug-xros/ElementaryAlpinePlugins.build/Objects-normal/arm64/HTMLAttribute+AlpineAnchor.o -index-unit-output-path /elementary-alpine.build/Debug-xros/ElementaryAlpinePlugins.build/Objects-normal/arm64/AlpinePluginModifier.o -index-unit-output-path /elementary-alpine.build/Debug-xros/ElementaryAlpinePlugins.build/Objects-normal/arm64/HTMLAttribute+AlpineAnchor.o -index-store-path /Users/admin/builder/spi-builder-workspace/.derivedData/Index.noindex/DataStore -index-system-modules
SwiftCompile normal arm64 Compiling\ Modifier+Anchor.swift,\ HTMLAttribute+AlpineCollapse.swift /Users/admin/builder/spi-builder-workspace/Sources/ElementaryAlpinePlugins/Anchor/Modifier+Anchor.swift /Users/admin/builder/spi-builder-workspace/Sources/ElementaryAlpinePlugins/Collapse/HTMLAttribute+AlpineCollapse.swift (in target 'ElementaryAlpinePlugins' from project 'elementary-alpine')
Failed frontend command:
/Applications/Xcode-26.4.0.app/Contents/Developer/Toolchains/XcodeDefault.xctoolchain/usr/bin/swift-frontend -frontend -c /Users/admin/builder/spi-builder-workspace/Sources/ElementaryAlpinePlugins/AlpinePluginModifier.swift /Users/admin/builder/spi-builder-workspace/Sources/ElementaryAlpinePlugins/Anchor/HTMLAttribute+AlpineAnchor.swift -primary-file /Users/admin/builder/spi-builder-workspace/Sources/ElementaryAlpinePlugins/Anchor/Modifier+Anchor.swift -primary-file /Users/admin/builder/spi-builder-workspace/Sources/ElementaryAlpinePlugins/Collapse/HTMLAttribute+AlpineCollapse.swift /Users/admin/builder/spi-builder-workspace/Sources/ElementaryAlpinePlugins/Collapse/Modifier+Collapse.swift /Users/admin/builder/spi-builder-workspace/Sources/ElementaryAlpinePlugins/Focus/HTMLAttribute+AlpineFocus.swift /Users/admin/builder/spi-builder-workspace/Sources/ElementaryAlpinePlugins/Focus/Modifier+Focus.swift /Users/admin/builder/spi-builder-workspace/Sources/ElementaryAlpinePlugins/Helper+Escape.swift /Users/admin/builder/spi-builder-workspace/Sources/ElementaryAlpinePlugins/Intersect/HTMLAttribute+AlpineIntersect.swift /Users/admin/builder/spi-builder-workspace/Sources/ElementaryAlpinePlugins/Intersect/Modifier+Intersect.swift /Users/admin/builder/spi-builder-workspace/Sources/ElementaryAlpinePlugins/Mask/HTMLAttribute+AlpineMask.swift /Users/admin/builder/spi-builder-workspace/Sources/ElementaryAlpinePlugins/Morph/Helper+AlpineMorph.swift /Users/admin/builder/spi-builder-workspace/Sources/ElementaryAlpinePlugins/Morph/Helper+AlpineMorphBetween.swift /Users/admin/builder/spi-builder-workspace/Sources/ElementaryAlpinePlugins/Morph/Helper+MorphOptions.swift /Users/admin/builder/spi-builder-workspace/Sources/ElementaryAlpinePlugins/Resize/HTMLAttribute+AlpineResize.swift /Users/admin/builder/spi-builder-workspace/Sources/ElementaryAlpinePlugins/Resize/Modifier+Resize.swift /Users/admin/builder/spi-builder-workspace/Sources/ElementaryAlpinePlugins/Sort/HTMLAttribute+AlpineSort.swift /Users/admin/builder/spi-builder-workspace/Sources/ElementaryAlpinePlugins/Sort/Modifier+Sort.swift -emit-dependencies-path /Users/admin/builder/spi-builder-workspace/.derivedData/Build/Intermediates.noindex/elementary-alpine.build/Debug-xros/ElementaryAlpinePlugins.build/Objects-normal/arm64/Modifier+Anchor.d -emit-const-values-path /Users/admin/builder/spi-builder-workspace/.derivedData/Build/Intermediates.noindex/elementary-alpine.build/Debug-xros/ElementaryAlpinePlugins.build/Objects-normal/arm64/Modifier+Anchor.swiftconstvalues -emit-reference-dependencies-path /Users/admin/builder/spi-builder-workspace/.derivedData/Build/Intermediates.noindex/elementary-alpine.build/Debug-xros/ElementaryAlpinePlugins.build/Objects-normal/arm64/Modifier+Anchor.swiftdeps -serialize-diagnostics-path /Users/admin/builder/spi-builder-workspace/.derivedData/Build/Intermediates.noindex/elementary-alpine.build/Debug-xros/ElementaryAlpinePlugins.build/Objects-normal/arm64/Modifier+Anchor.dia -emit-dependencies-path /Users/admin/builder/spi-builder-workspace/.derivedData/Build/Intermediates.noindex/elementary-alpine.build/Debug-xros/ElementaryAlpinePlugins.build/Objects-normal/arm64/HTMLAttribute+AlpineCollapse.d -emit-const-values-path /Users/admin/builder/spi-builder-workspace/.derivedData/Build/Intermediates.noindex/elementary-alpine.build/Debug-xros/ElementaryAlpinePlugins.build/Objects-normal/arm64/HTMLAttribute+AlpineCollapse.swiftconstvalues -emit-reference-dependencies-path /Users/admin/builder/spi-builder-workspace/.derivedData/Build/Intermediates.noindex/elementary-alpine.build/Debug-xros/ElementaryAlpinePlugins.build/Objects-normal/arm64/HTMLAttribute+AlpineCollapse.swiftdeps -serialize-diagnostics-path /Users/admin/builder/spi-builder-workspace/.derivedData/Build/Intermediates.noindex/elementary-alpine.build/Debug-xros/ElementaryAlpinePlugins.build/Objects-normal/arm64/HTMLAttribute+AlpineCollapse.dia -target arm64-apple-xros1.0 -load-resolved-plugin /Applications/Xcode-26.4.0.app/Contents/Developer/Platforms/XROS.platform/Developer/usr/lib/swift/host/plugins/libFoundationMacros.dylib\#/Applications/Xcode-26.4.0.app/Contents/Developer/Platforms/XROS.platform/Developer/usr/bin/swift-plugin-server\#FoundationMacros -load-resolved-plugin /Applications/Xcode-26.4.0.app/Contents/Developer/Platforms/XROS.platform/Developer/usr/lib/swift/host/plugins/libObservationMacros.dylib\#/Applications/Xcode-26.4.0.app/Contents/Developer/Platforms/XROS.platform/Developer/usr/bin/swift-plugin-server\#ObservationMacros -load-resolved-plugin /Applications/Xcode-26.4.0.app/Contents/Developer/Platforms/XROS.platform/Developer/usr/lib/swift/host/plugins/libSwiftMacros.dylib\#/Applications/Xcode-26.4.0.app/Contents/Developer/Platforms/XROS.platform/Developer/usr/bin/swift-plugin-server\#SwiftMacros -disable-implicit-swift-modules -Xcc -fno-implicit-modules -Xcc -fno-implicit-module-maps -explicit-swift-module-map-file /Users/admin/builder/spi-builder-workspace/.derivedData/Build/Intermediates.noindex/elementary-alpine.build/Debug-xros/ElementaryAlpinePlugins.build/Objects-normal/arm64/ElementaryAlpinePlugins-dependencies-1.json -debug-module-path /Users/admin/builder/spi-builder-workspace/.derivedData/Build/Intermediates.noindex/elementary-alpine.build/Debug-xros/ElementaryAlpinePlugins.build/Objects-normal/arm64/ElementaryAlpinePlugins.swiftmodule -Xllvm -aarch64-use-tbi -enable-objc-interop -stack-check -sdk /Applications/Xcode-26.4.0.app/Contents/Developer/Platforms/XROS.platform/Developer/SDKs/XROS26.4.sdk -I /Users/admin/builder/spi-builder-workspace/.derivedData/Build/Products/Debug-xros -Isystem /Applications/Xcode-26.4.0.app/Contents/Developer/Platforms/XROS.platform/Developer/usr/lib -F /Users/admin/builder/spi-builder-workspace/.derivedData/Build/Products/Debug-xros/PackageFrameworks -F /Users/admin/builder/spi-builder-workspace/.derivedData/Build/Products/Debug-xros -F /Applications/Xcode-26.4.0.app/Contents/Developer/Platforms/XROS.platform/Developer/Library/Frameworks -F /Applications/Xcode-26.4.0.app/Contents/Developer/Platforms/XROS.platform/Developer/SDKs/XROS26.4.sdk/Developer/Library/Frameworks -no-color-diagnostics -Xcc -fno-color-diagnostics -enable-testing -g -debug-info-format\=dwarf -dwarf-version\=4 -module-cache-path /Users/admin/builder/spi-builder-workspace/.derivedData/Build/Intermediates.noindex/SwiftExplicitPrecompiledModules -profile-generate -profile-coverage-mapping -swift-version 6 -Onone -D SWIFT_PACKAGE -D DEBUG -D SWIFT_MODULE_RESOURCE_BUNDLE_UNAVAILABLE -D Xcode -serialize-debugging-options -const-gather-protocols-file /Users/admin/builder/spi-builder-workspace/.derivedData/Build/Intermediates.noindex/elementary-alpine.build/Debug-xros/ElementaryAlpinePlugins.build/Objects-normal/arm64/ElementaryAlpinePlugins_const_extract_protocols.json -enable-experimental-feature StrictConcurrency\=complete -enable-upcoming-feature ExistentialAny -enable-experimental-feature DebugDescriptionMacro -empty-abi-descriptor -validate-clang-modules-once -clang-build-session-file /Users/admin/builder/spi-builder-workspace/.derivedData/ModuleCache.noindex/Session.modulevalidation -Xcc -working-directory -Xcc /Users/admin/builder/spi-builder-workspace/.swiftpm/xcode -enable-anonymous-context-mangled-names -file-compilation-dir /Users/admin/builder/spi-builder-workspace/.swiftpm/xcode -Xcc -D_LIBCPP_HARDENING_MODE\=_LIBCPP_HARDENING_MODE_DEBUG -Xcc -ivfsstatcache -Xcc /Users/admin/builder/spi-builder-workspace/.derivedData/SDKStatCaches.noindex/xros26.4-23O238-688ef53f1462e2c8f657fdc38a81448fc42b1e75d12c8f651050d7e98f89897c.sdkstatcache -Xcc -I/Users/admin/builder/spi-builder-workspace/.derivedData/Build/Intermediates.noindex/elementary-alpine.build/Debug-xros/ElementaryAlpinePlugins.build/swift-overrides.hmap -Xcc -I/Users/admin/builder/spi-builder-workspace/.derivedData/Build/Products/Debug-xros/include -Xcc -I/Users/admin/builder/spi-builder-workspace/.derivedData/Build/Intermediates.noindex/elementary-alpine.build/Debug-xros/ElementaryAlpinePlugins.build/DerivedSources-normal/arm64 -Xcc -I/Users/admin/builder/spi-builder-workspace/.derivedData/Build/Intermediates.noindex/elementary-alpine.build/Debug-xros/ElementaryAlpinePlugins.build/DerivedSources/arm64 -Xcc -I/Users/admin/builder/spi-builder-workspace/.derivedData/Build/Intermediates.noindex/elementary-alpine.build/Debug-xros/ElementaryAlpinePlugins.build/DerivedSources -Xcc -DSWIFT_PACKAGE -Xcc -DDEBUG\=1 -no-auto-bridging-header-chaining -module-name ElementaryAlpinePlugins -package-name spi_builder_workspace -frontend-parseable-output -disable-clang-spi -clang-target arm64-apple-xros26.4 -target-sdk-version 26.4 -target-sdk-name xros26.4 -in-process-plugin-server-path /Applications/Xcode-26.4.0.app/Contents/Developer/Toolchains/XcodeDefault.xctoolchain/usr/lib/swift/host/libSwiftInProcPluginServer.dylib -o /Users/admin/builder/spi-builder-workspace/.derivedData/Build/Intermediates.noindex/elementary-alpine.build/Debug-xros/ElementaryAlpinePlugins.build/Objects-normal/arm64/Modifier+Anchor.o -o /Users/admin/builder/spi-builder-workspace/.derivedData/Build/Intermediates.noindex/elementary-alpine.build/Debug-xros/ElementaryAlpinePlugins.build/Objects-normal/arm64/HTMLAttribute+AlpineCollapse.o -index-unit-output-path /elementary-alpine.build/Debug-xros/ElementaryAlpinePlugins.build/Objects-normal/arm64/Modifier+Anchor.o -index-unit-output-path /elementary-alpine.build/Debug-xros/ElementaryAlpinePlugins.build/Objects-normal/arm64/HTMLAttribute+AlpineCollapse.o -index-store-path /Users/admin/builder/spi-builder-workspace/.derivedData/Index.noindex/DataStore -index-system-modules
SwiftCompile normal arm64 /Users/admin/builder/spi-builder-workspace/Sources/ElementaryAlpinePlugins/Anchor/Modifier+Anchor.swift (in target 'ElementaryAlpinePlugins' from project 'elementary-alpine')
cd /Users/admin/builder/spi-builder-workspace/.swiftpm/xcode
SwiftCompile normal arm64 /Users/admin/builder/spi-builder-workspace/Sources/ElementaryAlpinePlugins/Collapse/HTMLAttribute+AlpineCollapse.swift (in target 'ElementaryAlpinePlugins' from project 'elementary-alpine')
cd /Users/admin/builder/spi-builder-workspace/.swiftpm/xcode
/Users/admin/builder/spi-builder-workspace/Sources/ElementaryAlpinePlugins/Collapse/HTMLAttribute+AlpineCollapse.swift:27:72: error: reference to generic type 'HTMLAttribute' (aka 'MarkupAttribute') requires arguments in <...>
public static func collapse(modifiers: [CollapseModifier] = []) -> HTMLAttribute {
^
<<#Tag: MarkupTagDefinition#>>
Elementary.MarkupAttribute:1:15: note: generic struct 'MarkupAttribute' declared here
public struct MarkupAttribute<Tag> : Sendable where Tag : Elementary.MarkupTagDefinition {
^
SwiftCompile normal arm64 Compiling\ Helper+AlpineMorphBetween.swift,\ Helper+MorphOptions.swift /Users/admin/builder/spi-builder-workspace/Sources/ElementaryAlpinePlugins/Morph/Helper+AlpineMorphBetween.swift /Users/admin/builder/spi-builder-workspace/Sources/ElementaryAlpinePlugins/Morph/Helper+MorphOptions.swift (in target 'ElementaryAlpinePlugins' from project 'elementary-alpine')
SwiftCompile normal arm64 /Users/admin/builder/spi-builder-workspace/Sources/ElementaryAlpinePlugins/Morph/Helper+AlpineMorphBetween.swift (in target 'ElementaryAlpinePlugins' from project 'elementary-alpine')
cd /Users/admin/builder/spi-builder-workspace/.swiftpm/xcode
SwiftCompile normal arm64 /Users/admin/builder/spi-builder-workspace/Sources/ElementaryAlpinePlugins/Morph/Helper+MorphOptions.swift (in target 'ElementaryAlpinePlugins' from project 'elementary-alpine')
cd /Users/admin/builder/spi-builder-workspace/.swiftpm/xcode
SwiftCompile normal arm64 Compiling\ Modifier+Sort.swift /Users/admin/builder/spi-builder-workspace/Sources/ElementaryAlpinePlugins/Sort/Modifier+Sort.swift (in target 'ElementaryAlpinePlugins' from project 'elementary-alpine')
SwiftCompile normal arm64 /Users/admin/builder/spi-builder-workspace/Sources/ElementaryAlpinePlugins/Sort/Modifier+Sort.swift (in target 'ElementaryAlpinePlugins' from project 'elementary-alpine')
cd /Users/admin/builder/spi-builder-workspace/.swiftpm/xcode
SwiftCompile normal arm64 Compiling\ HTMLAttribute+AlpineMask.swift,\ Helper+AlpineMorph.swift /Users/admin/builder/spi-builder-workspace/Sources/ElementaryAlpinePlugins/Mask/HTMLAttribute+AlpineMask.swift /Users/admin/builder/spi-builder-workspace/Sources/ElementaryAlpinePlugins/Morph/Helper+AlpineMorph.swift (in target 'ElementaryAlpinePlugins' from project 'elementary-alpine')
SwiftCompile normal arm64 /Users/admin/builder/spi-builder-workspace/Sources/ElementaryAlpinePlugins/Mask/HTMLAttribute+AlpineMask.swift (in target 'ElementaryAlpinePlugins' from project 'elementary-alpine')
cd /Users/admin/builder/spi-builder-workspace/.swiftpm/xcode
SwiftCompile normal arm64 /Users/admin/builder/spi-builder-workspace/Sources/ElementaryAlpinePlugins/Morph/Helper+AlpineMorph.swift (in target 'ElementaryAlpinePlugins' from project 'elementary-alpine')
cd /Users/admin/builder/spi-builder-workspace/.swiftpm/xcode
SwiftCompile normal arm64 Compiling\ HTMLAttribute+AlpineSort.swift /Users/admin/builder/spi-builder-workspace/Sources/ElementaryAlpinePlugins/Sort/HTMLAttribute+AlpineSort.swift (in target 'ElementaryAlpinePlugins' from project 'elementary-alpine')
Failed frontend command:
/Applications/Xcode-26.4.0.app/Contents/Developer/Toolchains/XcodeDefault.xctoolchain/usr/bin/swift-frontend -frontend -c /Users/admin/builder/spi-builder-workspace/Sources/ElementaryAlpinePlugins/AlpinePluginModifier.swift /Users/admin/builder/spi-builder-workspace/Sources/ElementaryAlpinePlugins/Anchor/HTMLAttribute+AlpineAnchor.swift /Users/admin/builder/spi-builder-workspace/Sources/ElementaryAlpinePlugins/Anchor/Modifier+Anchor.swift /Users/admin/builder/spi-builder-workspace/Sources/ElementaryAlpinePlugins/Collapse/HTMLAttribute+AlpineCollapse.swift /Users/admin/builder/spi-builder-workspace/Sources/ElementaryAlpinePlugins/Collapse/Modifier+Collapse.swift /Users/admin/builder/spi-builder-workspace/Sources/ElementaryAlpinePlugins/Focus/HTMLAttribute+AlpineFocus.swift /Users/admin/builder/spi-builder-workspace/Sources/ElementaryAlpinePlugins/Focus/Modifier+Focus.swift /Users/admin/builder/spi-builder-workspace/Sources/ElementaryAlpinePlugins/Helper+Escape.swift /Users/admin/builder/spi-builder-workspace/Sources/ElementaryAlpinePlugins/Intersect/HTMLAttribute+AlpineIntersect.swift /Users/admin/builder/spi-builder-workspace/Sources/ElementaryAlpinePlugins/Intersect/Modifier+Intersect.swift /Users/admin/builder/spi-builder-workspace/Sources/ElementaryAlpinePlugins/Mask/HTMLAttribute+AlpineMask.swift /Users/admin/builder/spi-builder-workspace/Sources/ElementaryAlpinePlugins/Morph/Helper+AlpineMorph.swift /Users/admin/builder/spi-builder-workspace/Sources/ElementaryAlpinePlugins/Morph/Helper+AlpineMorphBetween.swift /Users/admin/builder/spi-builder-workspace/Sources/ElementaryAlpinePlugins/Morph/Helper+MorphOptions.swift /Users/admin/builder/spi-builder-workspace/Sources/ElementaryAlpinePlugins/Resize/HTMLAttribute+AlpineResize.swift /Users/admin/builder/spi-builder-workspace/Sources/ElementaryAlpinePlugins/Resize/Modifier+Resize.swift -primary-file /Users/admin/builder/spi-builder-workspace/Sources/ElementaryAlpinePlugins/Sort/HTMLAttribute+AlpineSort.swift /Users/admin/builder/spi-builder-workspace/Sources/ElementaryAlpinePlugins/Sort/Modifier+Sort.swift -emit-dependencies-path /Users/admin/builder/spi-builder-workspace/.derivedData/Build/Intermediates.noindex/elementary-alpine.build/Debug-xros/ElementaryAlpinePlugins.build/Objects-normal/arm64/HTMLAttribute+AlpineSort.d -emit-const-values-path /Users/admin/builder/spi-builder-workspace/.derivedData/Build/Intermediates.noindex/elementary-alpine.build/Debug-xros/ElementaryAlpinePlugins.build/Objects-normal/arm64/HTMLAttribute+AlpineSort.swiftconstvalues -emit-reference-dependencies-path /Users/admin/builder/spi-builder-workspace/.derivedData/Build/Intermediates.noindex/elementary-alpine.build/Debug-xros/ElementaryAlpinePlugins.build/Objects-normal/arm64/HTMLAttribute+AlpineSort.swiftdeps -serialize-diagnostics-path /Users/admin/builder/spi-builder-workspace/.derivedData/Build/Intermediates.noindex/elementary-alpine.build/Debug-xros/ElementaryAlpinePlugins.build/Objects-normal/arm64/HTMLAttribute+AlpineSort.dia -target arm64-apple-xros1.0 -load-resolved-plugin /Applications/Xcode-26.4.0.app/Contents/Developer/Platforms/XROS.platform/Developer/usr/lib/swift/host/plugins/libFoundationMacros.dylib\#/Applications/Xcode-26.4.0.app/Contents/Developer/Platforms/XROS.platform/Developer/usr/bin/swift-plugin-server\#FoundationMacros -load-resolved-plugin /Applications/Xcode-26.4.0.app/Contents/Developer/Platforms/XROS.platform/Developer/usr/lib/swift/host/plugins/libObservationMacros.dylib\#/Applications/Xcode-26.4.0.app/Contents/Developer/Platforms/XROS.platform/Developer/usr/bin/swift-plugin-server\#ObservationMacros -load-resolved-plugin /Applications/Xcode-26.4.0.app/Contents/Developer/Platforms/XROS.platform/Developer/usr/lib/swift/host/plugins/libSwiftMacros.dylib\#/Applications/Xcode-26.4.0.app/Contents/Developer/Platforms/XROS.platform/Developer/usr/bin/swift-plugin-server\#SwiftMacros -disable-implicit-swift-modules -Xcc -fno-implicit-modules -Xcc -fno-implicit-module-maps -explicit-swift-module-map-file /Users/admin/builder/spi-builder-workspace/.derivedData/Build/Intermediates.noindex/elementary-alpine.build/Debug-xros/ElementaryAlpinePlugins.build/Objects-normal/arm64/ElementaryAlpinePlugins-dependencies-1.json -debug-module-path /Users/admin/builder/spi-builder-workspace/.derivedData/Build/Intermediates.noindex/elementary-alpine.build/Debug-xros/ElementaryAlpinePlugins.build/Objects-normal/arm64/ElementaryAlpinePlugins.swiftmodule -Xllvm -aarch64-use-tbi -enable-objc-interop -stack-check -sdk /Applications/Xcode-26.4.0.app/Contents/Developer/Platforms/XROS.platform/Developer/SDKs/XROS26.4.sdk -I /Users/admin/builder/spi-builder-workspace/.derivedData/Build/Products/Debug-xros -Isystem /Applications/Xcode-26.4.0.app/Contents/Developer/Platforms/XROS.platform/Developer/usr/lib -F /Users/admin/builder/spi-builder-workspace/.derivedData/Build/Products/Debug-xros/PackageFrameworks -F /Users/admin/builder/spi-builder-workspace/.derivedData/Build/Products/Debug-xros -F /Applications/Xcode-26.4.0.app/Contents/Developer/Platforms/XROS.platform/Developer/Library/Frameworks -F /Applications/Xcode-26.4.0.app/Contents/Developer/Platforms/XROS.platform/Developer/SDKs/XROS26.4.sdk/Developer/Library/Frameworks -no-color-diagnostics -Xcc -fno-color-diagnostics -enable-testing -g -debug-info-format\=dwarf -dwarf-version\=4 -module-cache-path /Users/admin/builder/spi-builder-workspace/.derivedData/Build/Intermediates.noindex/SwiftExplicitPrecompiledModules -profile-generate -profile-coverage-mapping -swift-version 6 -Onone -D SWIFT_PACKAGE -D DEBUG -D SWIFT_MODULE_RESOURCE_BUNDLE_UNAVAILABLE -D Xcode -serialize-debugging-options -const-gather-protocols-file /Users/admin/builder/spi-builder-workspace/.derivedData/Build/Intermediates.noindex/elementary-alpine.build/Debug-xros/ElementaryAlpinePlugins.build/Objects-normal/arm64/ElementaryAlpinePlugins_const_extract_protocols.json -enable-experimental-feature StrictConcurrency\=complete -enable-upcoming-feature ExistentialAny -enable-experimental-feature DebugDescriptionMacro -empty-abi-descriptor -validate-clang-modules-once -clang-build-session-file /Users/admin/builder/spi-builder-workspace/.derivedData/ModuleCache.noindex/Session.modulevalidation -Xcc -working-directory -Xcc /Users/admin/builder/spi-builder-workspace/.swiftpm/xcode -enable-anonymous-context-mangled-names -file-compilation-dir /Users/admin/builder/spi-builder-workspace/.swiftpm/xcode -Xcc -D_LIBCPP_HARDENING_MODE\=_LIBCPP_HARDENING_MODE_DEBUG -Xcc -ivfsstatcache -Xcc /Users/admin/builder/spi-builder-workspace/.derivedData/SDKStatCaches.noindex/xros26.4-23O238-688ef53f1462e2c8f657fdc38a81448fc42b1e75d12c8f651050d7e98f89897c.sdkstatcache -Xcc -I/Users/admin/builder/spi-builder-workspace/.derivedData/Build/Intermediates.noindex/elementary-alpine.build/Debug-xros/ElementaryAlpinePlugins.build/swift-overrides.hmap -Xcc -I/Users/admin/builder/spi-builder-workspace/.derivedData/Build/Products/Debug-xros/include -Xcc -I/Users/admin/builder/spi-builder-workspace/.derivedData/Build/Intermediates.noindex/elementary-alpine.build/Debug-xros/ElementaryAlpinePlugins.build/DerivedSources-normal/arm64 -Xcc -I/Users/admin/builder/spi-builder-workspace/.derivedData/Build/Intermediates.noindex/elementary-alpine.build/Debug-xros/ElementaryAlpinePlugins.build/DerivedSources/arm64 -Xcc -I/Users/admin/builder/spi-builder-workspace/.derivedData/Build/Intermediates.noindex/elementary-alpine.build/Debug-xros/ElementaryAlpinePlugins.build/DerivedSources -Xcc -DSWIFT_PACKAGE -Xcc -DDEBUG\=1 -no-auto-bridging-header-chaining -module-name ElementaryAlpinePlugins -package-name spi_builder_workspace -frontend-parseable-output -disable-clang-spi -clang-target arm64-apple-xros26.4 -target-sdk-version 26.4 -target-sdk-name xros26.4 -in-process-plugin-server-path /Applications/Xcode-26.4.0.app/Contents/Developer/Toolchains/XcodeDefault.xctoolchain/usr/lib/swift/host/libSwiftInProcPluginServer.dylib -o /Users/admin/builder/spi-builder-workspace/.derivedData/Build/Intermediates.noindex/elementary-alpine.build/Debug-xros/ElementaryAlpinePlugins.build/Objects-normal/arm64/HTMLAttribute+AlpineSort.o -index-unit-output-path /elementary-alpine.build/Debug-xros/ElementaryAlpinePlugins.build/Objects-normal/arm64/HTMLAttribute+AlpineSort.o -index-store-path /Users/admin/builder/spi-builder-workspace/.derivedData/Index.noindex/DataStore -index-system-modules
SwiftCompile normal arm64 /Users/admin/builder/spi-builder-workspace/Sources/ElementaryAlpinePlugins/Sort/HTMLAttribute+AlpineSort.swift (in target 'ElementaryAlpinePlugins' from project 'elementary-alpine')
cd /Users/admin/builder/spi-builder-workspace/.swiftpm/xcode
/Users/admin/builder/spi-builder-workspace/Sources/ElementaryAlpinePlugins/Sort/HTMLAttribute+AlpineSort.swift:40:10: error: reference to generic type 'HTMLAttribute' (aka 'MarkupAttribute') requires arguments in <...>
) -> HTMLAttribute {
^
<<#Tag: MarkupTagDefinition#>>
Elementary.MarkupAttribute:1:15: note: generic struct 'MarkupAttribute' declared here
public struct MarkupAttribute<Tag> : Sendable where Tag : Elementary.MarkupTagDefinition {
^
/Users/admin/builder/spi-builder-workspace/Sources/ElementaryAlpinePlugins/Sort/HTMLAttribute+AlpineSort.swift:52:29: error: reference to generic type 'HTMLAttribute' (aka 'MarkupAttribute') requires arguments in <...>
public static var sort: HTMLAttribute {
^
<<#Tag: MarkupTagDefinition#>>
Elementary.MarkupAttribute:1:15: note: generic struct 'MarkupAttribute' declared here
public struct MarkupAttribute<Tag> : Sendable where Tag : Elementary.MarkupTagDefinition {
^
/Users/admin/builder/spi-builder-workspace/Sources/ElementaryAlpinePlugins/Sort/HTMLAttribute+AlpineSort.swift:61:10: error: reference to generic type 'HTMLAttribute' (aka 'MarkupAttribute') requires arguments in <...>
) -> HTMLAttribute {
^
<<#Tag: MarkupTagDefinition#>>
Elementary.MarkupAttribute:1:15: note: generic struct 'MarkupAttribute' declared here
public struct MarkupAttribute<Tag> : Sendable where Tag : Elementary.MarkupTagDefinition {
^
/Users/admin/builder/spi-builder-workspace/Sources/ElementaryAlpinePlugins/Sort/HTMLAttribute+AlpineSort.swift:73:49: error: reference to generic type 'HTMLAttribute' (aka 'MarkupAttribute') requires arguments in <...>
public static func item(_ value: String) -> HTMLAttribute {
^
<<#Tag: MarkupTagDefinition#>>
Elementary.MarkupAttribute:1:15: note: generic struct 'MarkupAttribute' declared here
public struct MarkupAttribute<Tag> : Sendable where Tag : Elementary.MarkupTagDefinition {
^
/Users/admin/builder/spi-builder-workspace/Sources/ElementaryAlpinePlugins/Sort/HTMLAttribute+AlpineSort.swift:85:50: error: reference to generic type 'HTMLAttribute' (aka 'MarkupAttribute') requires arguments in <...>
public static func group(_ value: String) -> HTMLAttribute {
^
<<#Tag: MarkupTagDefinition#>>
Elementary.MarkupAttribute:1:15: note: generic struct 'MarkupAttribute' declared here
public struct MarkupAttribute<Tag> : Sendable where Tag : Elementary.MarkupTagDefinition {
^
/Users/admin/builder/spi-builder-workspace/Sources/ElementaryAlpinePlugins/Sort/HTMLAttribute+AlpineSort.swift:95:31: error: reference to generic type 'HTMLAttribute' (aka 'MarkupAttribute') requires arguments in <...>
public static var handle: HTMLAttribute {
^
<<#Tag: MarkupTagDefinition#>>
Elementary.MarkupAttribute:1:15: note: generic struct 'MarkupAttribute' declared here
public struct MarkupAttribute<Tag> : Sendable where Tag : Elementary.MarkupTagDefinition {
^
/Users/admin/builder/spi-builder-workspace/Sources/ElementaryAlpinePlugins/Sort/HTMLAttribute+AlpineSort.swift:105:31: error: reference to generic type 'HTMLAttribute' (aka 'MarkupAttribute') requires arguments in <...>
public static var ignore: HTMLAttribute {
^
<<#Tag: MarkupTagDefinition#>>
Elementary.MarkupAttribute:1:15: note: generic struct 'MarkupAttribute' declared here
public struct MarkupAttribute<Tag> : Sendable where Tag : Elementary.MarkupTagDefinition {
^
/Users/admin/builder/spi-builder-workspace/Sources/ElementaryAlpinePlugins/Sort/HTMLAttribute+AlpineSort.swift:118:51: error: reference to generic type 'HTMLAttribute' (aka 'MarkupAttribute') requires arguments in <...>
public static func config(_ value: String) -> HTMLAttribute {
^
<<#Tag: MarkupTagDefinition#>>
Elementary.MarkupAttribute:1:15: note: generic struct 'MarkupAttribute' declared here
public struct MarkupAttribute<Tag> : Sendable where Tag : Elementary.MarkupTagDefinition {
^
SwiftEmitModule normal arm64 Emitting\ module\ for\ ElementaryAlpinePlugins (in target 'ElementaryAlpinePlugins' from project 'elementary-alpine')
EmitSwiftModule normal arm64 (in target 'ElementaryAlpinePlugins' from project 'elementary-alpine')
cd /Users/admin/builder/spi-builder-workspace/.swiftpm/xcode
/Users/admin/builder/spi-builder-workspace/Sources/ElementaryAlpinePlugins/Anchor/HTMLAttribute+AlpineAnchor.swift:38:10: error: reference to generic type 'HTMLAttribute' (aka 'MarkupAttribute') requires arguments in <...>
) -> HTMLAttribute {
^
<<#Tag: MarkupTagDefinition#>>
Elementary.MarkupAttribute:1:15: note: generic struct 'MarkupAttribute' declared here
public struct MarkupAttribute<Tag> : Sendable where Tag : Elementary.MarkupTagDefinition {
^
/Users/admin/builder/spi-builder-workspace/Sources/ElementaryAlpinePlugins/Collapse/HTMLAttribute+AlpineCollapse.swift:27:72: error: reference to generic type 'HTMLAttribute' (aka 'MarkupAttribute') requires arguments in <...>
public static func collapse(modifiers: [CollapseModifier] = []) -> HTMLAttribute {
^
<<#Tag: MarkupTagDefinition#>>
Elementary.MarkupAttribute:1:15: note: generic struct 'MarkupAttribute' declared here
public struct MarkupAttribute<Tag> : Sendable where Tag : Elementary.MarkupTagDefinition {
^
/Users/admin/builder/spi-builder-workspace/Sources/ElementaryAlpinePlugins/Focus/HTMLAttribute+AlpineFocus.swift:31:10: error: reference to generic type 'HTMLAttribute' (aka 'MarkupAttribute') requires arguments in <...>
) -> HTMLAttribute {
^
<<#Tag: MarkupTagDefinition#>>
Elementary.MarkupAttribute:1:15: note: generic struct 'MarkupAttribute' declared here
public struct MarkupAttribute<Tag> : Sendable where Tag : Elementary.MarkupTagDefinition {
^
/Users/admin/builder/spi-builder-workspace/Sources/ElementaryAlpinePlugins/Intersect/HTMLAttribute+AlpineIntersect.swift:31:10: error: reference to generic type 'HTMLAttribute' (aka 'MarkupAttribute') requires arguments in <...>
) -> HTMLAttribute {
^
<<#Tag: MarkupTagDefinition#>>
Elementary.MarkupAttribute:1:15: note: generic struct 'MarkupAttribute' declared here
public struct MarkupAttribute<Tag> : Sendable where Tag : Elementary.MarkupTagDefinition {
^
/Users/admin/builder/spi-builder-workspace/Sources/ElementaryAlpinePlugins/Intersect/HTMLAttribute+AlpineIntersect.swift:48:10: error: reference to generic type 'HTMLAttribute' (aka 'MarkupAttribute') requires arguments in <...>
) -> HTMLAttribute {
^
<<#Tag: MarkupTagDefinition#>>
Elementary.MarkupAttribute:1:15: note: generic struct 'MarkupAttribute' declared here
public struct MarkupAttribute<Tag> : Sendable where Tag : Elementary.MarkupTagDefinition {
^
/Users/admin/builder/spi-builder-workspace/Sources/ElementaryAlpinePlugins/Intersect/HTMLAttribute+AlpineIntersect.swift:65:10: error: reference to generic type 'HTMLAttribute' (aka 'MarkupAttribute') requires arguments in <...>
) -> HTMLAttribute {
^
<<#Tag: MarkupTagDefinition#>>
Elementary.MarkupAttribute:1:15: note: generic struct 'MarkupAttribute' declared here
public struct MarkupAttribute<Tag> : Sendable where Tag : Elementary.MarkupTagDefinition {
^
/Users/admin/builder/spi-builder-workspace/Sources/ElementaryAlpinePlugins/Mask/HTMLAttribute+AlpineMask.swift:25:52: error: reference to generic type 'HTMLAttribute' (aka 'MarkupAttribute') requires arguments in <...>
public static func pattern(_ value: String) -> HTMLAttribute {
^
<<#Tag: MarkupTagDefinition#>>
Elementary.MarkupAttribute:1:15: note: generic struct 'MarkupAttribute' declared here
public struct MarkupAttribute<Tag> : Sendable where Tag : Elementary.MarkupTagDefinition {
^
/Users/admin/builder/spi-builder-workspace/Sources/ElementaryAlpinePlugins/Mask/HTMLAttribute+AlpineMask.swift:45:52: error: reference to generic type 'HTMLAttribute' (aka 'MarkupAttribute') requires arguments in <...>
public static func dynamic(_ value: String) -> HTMLAttribute {
^
<<#Tag: MarkupTagDefinition#>>
Elementary.MarkupAttribute:1:15: note: generic struct 'MarkupAttribute' declared here
public struct MarkupAttribute<Tag> : Sendable where Tag : Elementary.MarkupTagDefinition {
^
/Users/admin/builder/spi-builder-workspace/Sources/ElementaryAlpinePlugins/Resize/HTMLAttribute+AlpineResize.swift:33:10: error: reference to generic type 'HTMLAttribute' (aka 'MarkupAttribute') requires arguments in <...>
) -> HTMLAttribute {
^
<<#Tag: MarkupTagDefinition#>>
Elementary.MarkupAttribute:1:15: note: generic struct 'MarkupAttribute' declared here
public struct MarkupAttribute<Tag> : Sendable where Tag : Elementary.MarkupTagDefinition {
^
/Users/admin/builder/spi-builder-workspace/Sources/ElementaryAlpinePlugins/Sort/HTMLAttribute+AlpineSort.swift:40:10: error: reference to generic type 'HTMLAttribute' (aka 'MarkupAttribute') requires arguments in <...>
) -> HTMLAttribute {
^
<<#Tag: MarkupTagDefinition#>>
Elementary.MarkupAttribute:1:15: note: generic struct 'MarkupAttribute' declared here
public struct MarkupAttribute<Tag> : Sendable where Tag : Elementary.MarkupTagDefinition {
^
/Users/admin/builder/spi-builder-workspace/Sources/ElementaryAlpinePlugins/Sort/HTMLAttribute+AlpineSort.swift:52:29: error: reference to generic type 'HTMLAttribute' (aka 'MarkupAttribute') requires arguments in <...>
public static var sort: HTMLAttribute {
^
<<#Tag: MarkupTagDefinition#>>
Elementary.MarkupAttribute:1:15: note: generic struct 'MarkupAttribute' declared here
public struct MarkupAttribute<Tag> : Sendable where Tag : Elementary.MarkupTagDefinition {
^
/Users/admin/builder/spi-builder-workspace/Sources/ElementaryAlpinePlugins/Sort/HTMLAttribute+AlpineSort.swift:61:10: error: reference to generic type 'HTMLAttribute' (aka 'MarkupAttribute') requires arguments in <...>
) -> HTMLAttribute {
^
<<#Tag: MarkupTagDefinition#>>
Elementary.MarkupAttribute:1:15: note: generic struct 'MarkupAttribute' declared here
public struct MarkupAttribute<Tag> : Sendable where Tag : Elementary.MarkupTagDefinition {
^
/Users/admin/builder/spi-builder-workspace/Sources/ElementaryAlpinePlugins/Sort/HTMLAttribute+AlpineSort.swift:73:49: error: reference to generic type 'HTMLAttribute' (aka 'MarkupAttribute') requires arguments in <...>
public static func item(_ value: String) -> HTMLAttribute {
^
<<#Tag: MarkupTagDefinition#>>
Elementary.MarkupAttribute:1:15: note: generic struct 'MarkupAttribute' declared here
public struct MarkupAttribute<Tag> : Sendable where Tag : Elementary.MarkupTagDefinition {
^
/Users/admin/builder/spi-builder-workspace/Sources/ElementaryAlpinePlugins/Sort/HTMLAttribute+AlpineSort.swift:85:50: error: reference to generic type 'HTMLAttribute' (aka 'MarkupAttribute') requires arguments in <...>
public static func group(_ value: String) -> HTMLAttribute {
^
<<#Tag: MarkupTagDefinition#>>
Elementary.MarkupAttribute:1:15: note: generic struct 'MarkupAttribute' declared here
public struct MarkupAttribute<Tag> : Sendable where Tag : Elementary.MarkupTagDefinition {
^
/Users/admin/builder/spi-builder-workspace/Sources/ElementaryAlpinePlugins/Sort/HTMLAttribute+AlpineSort.swift:95:31: error: reference to generic type 'HTMLAttribute' (aka 'MarkupAttribute') requires arguments in <...>
public static var handle: HTMLAttribute {
^
<<#Tag: MarkupTagDefinition#>>
Elementary.MarkupAttribute:1:15: note: generic struct 'MarkupAttribute' declared here
public struct MarkupAttribute<Tag> : Sendable where Tag : Elementary.MarkupTagDefinition {
^
/Users/admin/builder/spi-builder-workspace/Sources/ElementaryAlpinePlugins/Sort/HTMLAttribute+AlpineSort.swift:105:31: error: reference to generic type 'HTMLAttribute' (aka 'MarkupAttribute') requires arguments in <...>
public static var ignore: HTMLAttribute {
^
<<#Tag: MarkupTagDefinition#>>
Elementary.MarkupAttribute:1:15: note: generic struct 'MarkupAttribute' declared here
public struct MarkupAttribute<Tag> : Sendable where Tag : Elementary.MarkupTagDefinition {
^
/Users/admin/builder/spi-builder-workspace/Sources/ElementaryAlpinePlugins/Sort/HTMLAttribute+AlpineSort.swift:118:51: error: reference to generic type 'HTMLAttribute' (aka 'MarkupAttribute') requires arguments in <...>
public static func config(_ value: String) -> HTMLAttribute {
^
<<#Tag: MarkupTagDefinition#>>
Elementary.MarkupAttribute:1:15: note: generic struct 'MarkupAttribute' declared here
public struct MarkupAttribute<Tag> : Sendable where Tag : Elementary.MarkupTagDefinition {
^
SwiftCompile normal arm64 Compiling\ HTMLAttribute+AlpineResize.swift,\ Modifier+Resize.swift /Users/admin/builder/spi-builder-workspace/Sources/ElementaryAlpinePlugins/Resize/HTMLAttribute+AlpineResize.swift /Users/admin/builder/spi-builder-workspace/Sources/ElementaryAlpinePlugins/Resize/Modifier+Resize.swift (in target 'ElementaryAlpinePlugins' from project 'elementary-alpine')
SwiftCompile normal arm64 /Users/admin/builder/spi-builder-workspace/Sources/ElementaryAlpinePlugins/Resize/HTMLAttribute+AlpineResize.swift (in target 'ElementaryAlpinePlugins' from project 'elementary-alpine')
cd /Users/admin/builder/spi-builder-workspace/.swiftpm/xcode
/Users/admin/builder/spi-builder-workspace/Sources/ElementaryAlpinePlugins/Resize/HTMLAttribute+AlpineResize.swift:33:10: error: reference to generic type 'HTMLAttribute' (aka 'MarkupAttribute') requires arguments in <...>
) -> HTMLAttribute {
^
<<#Tag: MarkupTagDefinition#>>
Elementary.MarkupAttribute:1:15: note: generic struct 'MarkupAttribute' declared here
public struct MarkupAttribute<Tag> : Sendable where Tag : Elementary.MarkupTagDefinition {
^
SwiftCompile normal arm64 /Users/admin/builder/spi-builder-workspace/Sources/ElementaryAlpinePlugins/Resize/Modifier+Resize.swift (in target 'ElementaryAlpinePlugins' from project 'elementary-alpine')
cd /Users/admin/builder/spi-builder-workspace/.swiftpm/xcode
SwiftCompile normal arm64 Compiling\ Modifier+Focus.swift,\ Helper+Escape.swift /Users/admin/builder/spi-builder-workspace/Sources/ElementaryAlpinePlugins/Focus/Modifier+Focus.swift /Users/admin/builder/spi-builder-workspace/Sources/ElementaryAlpinePlugins/Helper+Escape.swift (in target 'ElementaryAlpinePlugins' from project 'elementary-alpine')
SwiftCompile normal arm64 /Users/admin/builder/spi-builder-workspace/Sources/ElementaryAlpinePlugins/Focus/Modifier+Focus.swift (in target 'ElementaryAlpinePlugins' from project 'elementary-alpine')
cd /Users/admin/builder/spi-builder-workspace/.swiftpm/xcode
SwiftCompile normal arm64 /Users/admin/builder/spi-builder-workspace/Sources/ElementaryAlpinePlugins/Helper+Escape.swift (in target 'ElementaryAlpinePlugins' from project 'elementary-alpine')
cd /Users/admin/builder/spi-builder-workspace/.swiftpm/xcode
SwiftCompile normal arm64 Compiling\ Modifier+Collapse.swift,\ HTMLAttribute+AlpineFocus.swift /Users/admin/builder/spi-builder-workspace/Sources/ElementaryAlpinePlugins/Collapse/Modifier+Collapse.swift /Users/admin/builder/spi-builder-workspace/Sources/ElementaryAlpinePlugins/Focus/HTMLAttribute+AlpineFocus.swift (in target 'ElementaryAlpinePlugins' from project 'elementary-alpine')
Failed frontend command:
/Applications/Xcode-26.4.0.app/Contents/Developer/Toolchains/XcodeDefault.xctoolchain/usr/bin/swift-frontend -frontend -c /Users/admin/builder/spi-builder-workspace/Sources/ElementaryAlpinePlugins/AlpinePluginModifier.swift /Users/admin/builder/spi-builder-workspace/Sources/ElementaryAlpinePlugins/Anchor/HTMLAttribute+AlpineAnchor.swift /Users/admin/builder/spi-builder-workspace/Sources/ElementaryAlpinePlugins/Anchor/Modifier+Anchor.swift /Users/admin/builder/spi-builder-workspace/Sources/ElementaryAlpinePlugins/Collapse/HTMLAttribute+AlpineCollapse.swift -primary-file /Users/admin/builder/spi-builder-workspace/Sources/ElementaryAlpinePlugins/Collapse/Modifier+Collapse.swift -primary-file /Users/admin/builder/spi-builder-workspace/Sources/ElementaryAlpinePlugins/Focus/HTMLAttribute+AlpineFocus.swift /Users/admin/builder/spi-builder-workspace/Sources/ElementaryAlpinePlugins/Focus/Modifier+Focus.swift /Users/admin/builder/spi-builder-workspace/Sources/ElementaryAlpinePlugins/Helper+Escape.swift /Users/admin/builder/spi-builder-workspace/Sources/ElementaryAlpinePlugins/Intersect/HTMLAttribute+AlpineIntersect.swift /Users/admin/builder/spi-builder-workspace/Sources/ElementaryAlpinePlugins/Intersect/Modifier+Intersect.swift /Users/admin/builder/spi-builder-workspace/Sources/ElementaryAlpinePlugins/Mask/HTMLAttribute+AlpineMask.swift /Users/admin/builder/spi-builder-workspace/Sources/ElementaryAlpinePlugins/Morph/Helper+AlpineMorph.swift /Users/admin/builder/spi-builder-workspace/Sources/ElementaryAlpinePlugins/Morph/Helper+AlpineMorphBetween.swift /Users/admin/builder/spi-builder-workspace/Sources/ElementaryAlpinePlugins/Morph/Helper+MorphOptions.swift /Users/admin/builder/spi-builder-workspace/Sources/ElementaryAlpinePlugins/Resize/HTMLAttribute+AlpineResize.swift /Users/admin/builder/spi-builder-workspace/Sources/ElementaryAlpinePlugins/Resize/Modifier+Resize.swift /Users/admin/builder/spi-builder-workspace/Sources/ElementaryAlpinePlugins/Sort/HTMLAttribute+AlpineSort.swift /Users/admin/builder/spi-builder-workspace/Sources/ElementaryAlpinePlugins/Sort/Modifier+Sort.swift -emit-dependencies-path /Users/admin/builder/spi-builder-workspace/.derivedData/Build/Intermediates.noindex/elementary-alpine.build/Debug-xros/ElementaryAlpinePlugins.build/Objects-normal/arm64/Modifier+Collapse.d -emit-const-values-path /Users/admin/builder/spi-builder-workspace/.derivedData/Build/Intermediates.noindex/elementary-alpine.build/Debug-xros/ElementaryAlpinePlugins.build/Objects-normal/arm64/Modifier+Collapse.swiftconstvalues -emit-reference-dependencies-path /Users/admin/builder/spi-builder-workspace/.derivedData/Build/Intermediates.noindex/elementary-alpine.build/Debug-xros/ElementaryAlpinePlugins.build/Objects-normal/arm64/Modifier+Collapse.swiftdeps -serialize-diagnostics-path /Users/admin/builder/spi-builder-workspace/.derivedData/Build/Intermediates.noindex/elementary-alpine.build/Debug-xros/ElementaryAlpinePlugins.build/Objects-normal/arm64/Modifier+Collapse.dia -emit-dependencies-path /Users/admin/builder/spi-builder-workspace/.derivedData/Build/Intermediates.noindex/elementary-alpine.build/Debug-xros/ElementaryAlpinePlugins.build/Objects-normal/arm64/HTMLAttribute+AlpineFocus.d -emit-const-values-path /Users/admin/builder/spi-builder-workspace/.derivedData/Build/Intermediates.noindex/elementary-alpine.build/Debug-xros/ElementaryAlpinePlugins.build/Objects-normal/arm64/HTMLAttribute+AlpineFocus.swiftconstvalues -emit-reference-dependencies-path /Users/admin/builder/spi-builder-workspace/.derivedData/Build/Intermediates.noindex/elementary-alpine.build/Debug-xros/ElementaryAlpinePlugins.build/Objects-normal/arm64/HTMLAttribute+AlpineFocus.swiftdeps -serialize-diagnostics-path /Users/admin/builder/spi-builder-workspace/.derivedData/Build/Intermediates.noindex/elementary-alpine.build/Debug-xros/ElementaryAlpinePlugins.build/Objects-normal/arm64/HTMLAttribute+AlpineFocus.dia -target arm64-apple-xros1.0 -load-resolved-plugin /Applications/Xcode-26.4.0.app/Contents/Developer/Platforms/XROS.platform/Developer/usr/lib/swift/host/plugins/libFoundationMacros.dylib\#/Applications/Xcode-26.4.0.app/Contents/Developer/Platforms/XROS.platform/Developer/usr/bin/swift-plugin-server\#FoundationMacros -load-resolved-plugin /Applications/Xcode-26.4.0.app/Contents/Developer/Platforms/XROS.platform/Developer/usr/lib/swift/host/plugins/libObservationMacros.dylib\#/Applications/Xcode-26.4.0.app/Contents/Developer/Platforms/XROS.platform/Developer/usr/bin/swift-plugin-server\#ObservationMacros -load-resolved-plugin /Applications/Xcode-26.4.0.app/Contents/Developer/Platforms/XROS.platform/Developer/usr/lib/swift/host/plugins/libSwiftMacros.dylib\#/Applications/Xcode-26.4.0.app/Contents/Developer/Platforms/XROS.platform/Developer/usr/bin/swift-plugin-server\#SwiftMacros -disable-implicit-swift-modules -Xcc -fno-implicit-modules -Xcc -fno-implicit-module-maps -explicit-swift-module-map-file /Users/admin/builder/spi-builder-workspace/.derivedData/Build/Intermediates.noindex/elementary-alpine.build/Debug-xros/ElementaryAlpinePlugins.build/Objects-normal/arm64/ElementaryAlpinePlugins-dependencies-1.json -debug-module-path /Users/admin/builder/spi-builder-workspace/.derivedData/Build/Intermediates.noindex/elementary-alpine.build/Debug-xros/ElementaryAlpinePlugins.build/Objects-normal/arm64/ElementaryAlpinePlugins.swiftmodule -Xllvm -aarch64-use-tbi -enable-objc-interop -stack-check -sdk /Applications/Xcode-26.4.0.app/Contents/Developer/Platforms/XROS.platform/Developer/SDKs/XROS26.4.sdk -I /Users/admin/builder/spi-builder-workspace/.derivedData/Build/Products/Debug-xros -Isystem /Applications/Xcode-26.4.0.app/Contents/Developer/Platforms/XROS.platform/Developer/usr/lib -F /Users/admin/builder/spi-builder-workspace/.derivedData/Build/Products/Debug-xros/PackageFrameworks -F /Users/admin/builder/spi-builder-workspace/.derivedData/Build/Products/Debug-xros -F /Applications/Xcode-26.4.0.app/Contents/Developer/Platforms/XROS.platform/Developer/Library/Frameworks -F /Applications/Xcode-26.4.0.app/Contents/Developer/Platforms/XROS.platform/Developer/SDKs/XROS26.4.sdk/Developer/Library/Frameworks -no-color-diagnostics -Xcc -fno-color-diagnostics -enable-testing -g -debug-info-format\=dwarf -dwarf-version\=4 -module-cache-path /Users/admin/builder/spi-builder-workspace/.derivedData/Build/Intermediates.noindex/SwiftExplicitPrecompiledModules -profile-generate -profile-coverage-mapping -swift-version 6 -Onone -D SWIFT_PACKAGE -D DEBUG -D SWIFT_MODULE_RESOURCE_BUNDLE_UNAVAILABLE -D Xcode -serialize-debugging-options -const-gather-protocols-file /Users/admin/builder/spi-builder-workspace/.derivedData/Build/Intermediates.noindex/elementary-alpine.build/Debug-xros/ElementaryAlpinePlugins.build/Objects-normal/arm64/ElementaryAlpinePlugins_const_extract_protocols.json -enable-experimental-feature StrictConcurrency\=complete -enable-upcoming-feature ExistentialAny -enable-experimental-feature DebugDescriptionMacro -empty-abi-descriptor -validate-clang-modules-once -clang-build-session-file /Users/admin/builder/spi-builder-workspace/.derivedData/ModuleCache.noindex/Session.modulevalidation -Xcc -working-directory -Xcc /Users/admin/builder/spi-builder-workspace/.swiftpm/xcode -enable-anonymous-context-mangled-names -file-compilation-dir /Users/admin/builder/spi-builder-workspace/.swiftpm/xcode -Xcc -D_LIBCPP_HARDENING_MODE\=_LIBCPP_HARDENING_MODE_DEBUG -Xcc -ivfsstatcache -Xcc /Users/admin/builder/spi-builder-workspace/.derivedData/SDKStatCaches.noindex/xros26.4-23O238-688ef53f1462e2c8f657fdc38a81448fc42b1e75d12c8f651050d7e98f89897c.sdkstatcache -Xcc -I/Users/admin/builder/spi-builder-workspace/.derivedData/Build/Intermediates.noindex/elementary-alpine.build/Debug-xros/ElementaryAlpinePlugins.build/swift-overrides.hmap -Xcc -I/Users/admin/builder/spi-builder-workspace/.derivedData/Build/Products/Debug-xros/include -Xcc -I/Users/admin/builder/spi-builder-workspace/.derivedData/Build/Intermediates.noindex/elementary-alpine.build/Debug-xros/ElementaryAlpinePlugins.build/DerivedSources-normal/arm64 -Xcc -I/Users/admin/builder/spi-builder-workspace/.derivedData/Build/Intermediates.noindex/elementary-alpine.build/Debug-xros/ElementaryAlpinePlugins.build/DerivedSources/arm64 -Xcc -I/Users/admin/builder/spi-builder-workspace/.derivedData/Build/Intermediates.noindex/elementary-alpine.build/Debug-xros/ElementaryAlpinePlugins.build/DerivedSources -Xcc -DSWIFT_PACKAGE -Xcc -DDEBUG\=1 -no-auto-bridging-header-chaining -module-name ElementaryAlpinePlugins -package-name spi_builder_workspace -frontend-parseable-output -disable-clang-spi -clang-target arm64-apple-xros26.4 -target-sdk-version 26.4 -target-sdk-name xros26.4 -in-process-plugin-server-path /Applications/Xcode-26.4.0.app/Contents/Developer/Toolchains/XcodeDefault.xctoolchain/usr/lib/swift/host/libSwiftInProcPluginServer.dylib -o /Users/admin/builder/spi-builder-workspace/.derivedData/Build/Intermediates.noindex/elementary-alpine.build/Debug-xros/ElementaryAlpinePlugins.build/Objects-normal/arm64/Modifier+Collapse.o -o /Users/admin/builder/spi-builder-workspace/.derivedData/Build/Intermediates.noindex/elementary-alpine.build/Debug-xros/ElementaryAlpinePlugins.build/Objects-normal/arm64/HTMLAttribute+AlpineFocus.o -index-unit-output-path /elementary-alpine.build/Debug-xros/ElementaryAlpinePlugins.build/Objects-normal/arm64/Modifier+Collapse.o -index-unit-output-path /elementary-alpine.build/Debug-xros/ElementaryAlpinePlugins.build/Objects-normal/arm64/HTMLAttribute+AlpineFocus.o -index-store-path /Users/admin/builder/spi-builder-workspace/.derivedData/Index.noindex/DataStore -index-system-modules
SwiftCompile normal arm64 /Users/admin/builder/spi-builder-workspace/Sources/ElementaryAlpinePlugins/Collapse/Modifier+Collapse.swift (in target 'ElementaryAlpinePlugins' from project 'elementary-alpine')
cd /Users/admin/builder/spi-builder-workspace/.swiftpm/xcode
SwiftCompile normal arm64 /Users/admin/builder/spi-builder-workspace/Sources/ElementaryAlpinePlugins/Focus/HTMLAttribute+AlpineFocus.swift (in target 'ElementaryAlpinePlugins' from project 'elementary-alpine')
cd /Users/admin/builder/spi-builder-workspace/.swiftpm/xcode
/Users/admin/builder/spi-builder-workspace/Sources/ElementaryAlpinePlugins/Focus/HTMLAttribute+AlpineFocus.swift:31:10: error: reference to generic type 'HTMLAttribute' (aka 'MarkupAttribute') requires arguments in <...>
) -> HTMLAttribute {
^
<<#Tag: MarkupTagDefinition#>>
Elementary.MarkupAttribute:1:15: note: generic struct 'MarkupAttribute' declared here
public struct MarkupAttribute<Tag> : Sendable where Tag : Elementary.MarkupTagDefinition {
^
SwiftEmitModule normal arm64 Emitting\ module\ for\ ElementaryAlpine (in target 'ElementaryAlpine' from project 'elementary-alpine')
2026-08-10 21:52:56.132 xcodebuild[890:5347] [MT] IDERunDestination: Supported platforms for the buildables in the current scheme is empty.
** BUILD FAILED **
The following build commands failed:
SwiftCompile normal arm64 /Users/admin/builder/spi-builder-workspace/Sources/ElementaryAlpinePlugins/Anchor/HTMLAttribute+AlpineAnchor.swift (in target 'ElementaryAlpinePlugins' from project 'elementary-alpine')
SwiftCompile normal arm64 Compiling\ AlpinePluginModifier.swift,\ HTMLAttribute+AlpineAnchor.swift /Users/admin/builder/spi-builder-workspace/Sources/ElementaryAlpinePlugins/AlpinePluginModifier.swift /Users/admin/builder/spi-builder-workspace/Sources/ElementaryAlpinePlugins/Anchor/HTMLAttribute+AlpineAnchor.swift (in target 'ElementaryAlpinePlugins' from project 'elementary-alpine')
SwiftCompile normal arm64 Compiling\ Modifier+Anchor.swift,\ HTMLAttribute+AlpineCollapse.swift /Users/admin/builder/spi-builder-workspace/Sources/ElementaryAlpinePlugins/Anchor/Modifier+Anchor.swift /Users/admin/builder/spi-builder-workspace/Sources/ElementaryAlpinePlugins/Collapse/HTMLAttribute+AlpineCollapse.swift (in target 'ElementaryAlpinePlugins' from project 'elementary-alpine')
SwiftCompile normal arm64 /Users/admin/builder/spi-builder-workspace/Sources/ElementaryAlpinePlugins/Collapse/HTMLAttribute+AlpineCollapse.swift (in target 'ElementaryAlpinePlugins' from project 'elementary-alpine')
SwiftCompile normal arm64 Compiling\ HTMLAttribute+AlpineSort.swift /Users/admin/builder/spi-builder-workspace/Sources/ElementaryAlpinePlugins/Sort/HTMLAttribute+AlpineSort.swift (in target 'ElementaryAlpinePlugins' from project 'elementary-alpine')
SwiftCompile normal arm64 /Users/admin/builder/spi-builder-workspace/Sources/ElementaryAlpinePlugins/Sort/HTMLAttribute+AlpineSort.swift (in target 'ElementaryAlpinePlugins' from project 'elementary-alpine')
EmitSwiftModule normal arm64 (in target 'ElementaryAlpinePlugins' from project 'elementary-alpine')
SwiftCompile normal arm64 /Users/admin/builder/spi-builder-workspace/Sources/ElementaryAlpinePlugins/Resize/HTMLAttribute+AlpineResize.swift (in target 'ElementaryAlpinePlugins' from project 'elementary-alpine')
SwiftCompile normal arm64 Compiling\ Modifier+Collapse.swift,\ HTMLAttribute+AlpineFocus.swift /Users/admin/builder/spi-builder-workspace/Sources/ElementaryAlpinePlugins/Collapse/Modifier+Collapse.swift /Users/admin/builder/spi-builder-workspace/Sources/ElementaryAlpinePlugins/Focus/HTMLAttribute+AlpineFocus.swift (in target 'ElementaryAlpinePlugins' from project 'elementary-alpine')
SwiftCompile normal arm64 /Users/admin/builder/spi-builder-workspace/Sources/ElementaryAlpinePlugins/Focus/HTMLAttribute+AlpineFocus.swift (in target 'ElementaryAlpinePlugins' from project 'elementary-alpine')
Building workspace spi-builder-workspace with scheme elementary-alpine-Package
(11 failures)
BUILD FAILURE 6.3 visionOS