Build Information
Failed to build OpenGraph, reference main (a2518c), with Swift 6.4 for macOS (Xcode) using Xcode 27.0 on 22 Sep 2026 00:54:41 UTC.
Build Command
env DEVELOPER_DIR=/Applications/Xcode-27.0.0-Release.Candidate.app xcrun xcodebuild -IDEClonedSourcePackagesDirPathOverride=$PWD/.dependencies -skipMacroValidation -skipPackagePluginValidation -derivedDataPath $PWD/.derivedData build -scheme OpenGraph -destination platform=macOS,arch=arm64Build Log
========================================
RunAll
========================================
Builder version: 5.1.0
Interrupt handler set up.
========================================
Checkout
========================================
Clone URL: https://github.com/satoshi-takano/OpenGraph.git
Reference: main
Initialized empty Git repository in /Users/admin/builder/spi-builder-workspace/.git/
From https://github.com/satoshi-takano/OpenGraph
* branch main -> FETCH_HEAD
* [new branch] main -> origin/main
HEAD is now at a2518cc Merge pull request #77 from joshbetz/patch-1
Cloned https://github.com/satoshi-takano/OpenGraph.git
Revision (git rev-parse @):
a2518cc4ece43f4463c4132f5c7418c0d261aa36
SUCCESS checkout https://github.com/satoshi-takano/OpenGraph.git at main
========================================
Build
========================================
Selected platform: macosXcodebuild
Swift version: 6.4
Building package at path: $PWD
https://github.com/satoshi-takano/OpenGraph.git
Command line invocation:
/Applications/Xcode-27.0.0-Release.Candidate.app/Contents/Developer/usr/bin/xcodebuild -IDEClonedSourcePackagesDirPathOverride=/Users/admin/builder/spi-builder-workspace/.dependencies -resolvePackageDependencies
Resolve Package Graph
Fetching from https://github.com/AliSoftware/OHHTTPStubs.git
Creating working copy of package ‘OHHTTPStubs’
Checking out 9.1.0 of package ‘OHHTTPStubs’
Resolved source packages:
OHHTTPStubs: https://github.com/AliSoftware/OHHTTPStubs.git @ 9.1.0
resolved source packages: OHHTTPStubs
{
"dependencies" : [
{
"identity" : "ohhttpstubs",
"requirement" : {
"range" : [
{
"lower_bound" : "9.0.0",
"upper_bound" : "10.0.0"
}
]
},
"type" : "sourceControl",
"url" : "https://github.com/AliSoftware/OHHTTPStubs"
}
],
"manifest_display_name" : "OpenGraph",
"name" : "OpenGraph",
"path" : "/Users/admin/builder/spi-builder-workspace",
"platforms" : [
{
"name" : "macos",
"version" : "10.15"
},
{
"name" : "ios",
"version" : "13.0"
},
{
"name" : "tvos",
"version" : "9.0"
},
{
"name" : "watchos",
"version" : "2.0"
}
],
"products" : [
{
"name" : "OpenGraph",
"targets" : [
"OpenGraph"
],
"type" : {
"library" : [
"automatic"
]
}
}
],
"swift_languages_versions" : [
"5"
],
"targets" : [
{
"c99name" : "OpenGraphTests",
"module_type" : "SwiftTarget",
"name" : "OpenGraphTests",
"path" : "Tests",
"product_dependencies" : [
"OHHTTPStubsSwift"
],
"resources" : [
{
"path" : "/Users/admin/builder/spi-builder-workspace/Tests/Resources/empty_ogp.html",
"rule" : {
"process" : {
}
}
},
{
"path" : "/Users/admin/builder/spi-builder-workspace/Tests/Resources/example3.com.html",
"rule" : {
"process" : {
}
}
},
{
"path" : "/Users/admin/builder/spi-builder-workspace/Tests/Resources/ogp.html",
"rule" : {
"process" : {
}
}
}
],
"sources" : [
"OpenGraphTests.swift"
],
"target_dependencies" : [
"OpenGraph"
],
"type" : "test"
},
{
"c99name" : "OpenGraph",
"module_type" : "SwiftTarget",
"name" : "OpenGraph",
"path" : "Sources/OpenGraph",
"product_memberships" : [
"OpenGraph"
],
"sources" : [
"Extension/Data.swift",
"Extension/String.swift",
"Extension/URLSession.swift",
"OpenGraph.swift",
"OpenGraphMetadata.swift",
"OpenGraphParseError.swift",
"OpenGraphParser.swift",
"OpenGraphResponseError.swift"
],
"type" : "library"
}
],
"tools_version" : "5.3"
}
{
"project" : {
"configurations" : [
"Debug",
"Release"
],
"name" : "OpenGraph",
"schemes" : [
"OpenGraph"
],
"targets" : [
"OpenGraph",
"OpenGraphTests"
]
}
}
Running build ...
env DEVELOPER_DIR=/Applications/Xcode-27.0.0-Release.Candidate.app xcrun xcodebuild -IDEClonedSourcePackagesDirPathOverride=$PWD/.dependencies -skipMacroValidation -skipPackagePluginValidation -derivedDataPath $PWD/.derivedData build -scheme OpenGraph -destination platform=macOS,arch=arm64
Command line invocation:
/Applications/Xcode-27.0.0-Release.Candidate.app/Contents/Developer/usr/bin/xcodebuild -IDEClonedSourcePackagesDirPathOverride=/Users/admin/builder/spi-builder-workspace/.dependencies -skipMacroValidation -skipPackagePluginValidation -derivedDataPath /Users/admin/builder/spi-builder-workspace/.derivedData build -scheme OpenGraph -destination platform=macOS,arch=arm64
Resolve Package Graph
Resolved source packages:
OHHTTPStubs: https://github.com/AliSoftware/OHHTTPStubs.git @ 9.1.0
ComputePackagePrebuildTargetDependencyGraph
Prepare packages
CreateBuildRequest
SendProjectDescription
CreateBuildOperation
ComputeTargetDependencyGraph
note: Building targets in dependency order
note: Target dependency graph (1 target)
Target 'OpenGraph' in project 'OpenGraph' (no dependencies)
GatherProvisioningInputs
CreateBuildDescription
ExecuteExternalTool /Applications/Xcode-27.0.0-Release.Candidate.app/Contents/Developer/Toolchains/XcodeDefault.xctoolchain/usr/bin/clang -v -E -dM -isysroot /Applications/Xcode-27.0.0-Release.Candidate.app/Contents/Developer/Platforms/MacOSX.platform/Developer/SDKs/MacOSX27.0.sdk -x c -c /dev/null
ExecuteExternalTool /Applications/Xcode-27.0.0-Release.Candidate.app/Contents/Developer/Toolchains/XcodeDefault.xctoolchain/usr/bin/clang -v -E -dM -arch arm64 -isysroot /Applications/Xcode-27.0.0-Release.Candidate.app/Contents/Developer/Platforms/MacOSX.platform/Developer/SDKs/MacOSX27.0.sdk -x c -c /dev/null
ExecuteExternalTool /Applications/Xcode-27.0.0-Release.Candidate.app/Contents/Developer/Toolchains/XcodeDefault.xctoolchain/usr/bin/swiftc --version
ExecuteExternalTool /Applications/Xcode-27.0.0-Release.Candidate.app/Contents/Developer/Toolchains/XcodeDefault.xctoolchain/usr/bin/ld -version_details
Build description signature: 44a8e0eed151465a44d8fd393c5dd95a
Build description path: /Users/admin/builder/spi-builder-workspace/.derivedData/Build/Intermediates.noindex/XCBuildData/44a8e0eed151465a44d8fd393c5dd95a.xcbuilddata
/Users/admin/builder/spi-builder-workspace/OpenGraph.xcodeproj: error: The macOS deployment target 'MACOSX_DEPLOYMENT_TARGET' is set to 10.15, but the range of supported deployment target versions is 12.0 to 27.0.x. (in target 'OpenGraph' from project 'OpenGraph')
** BUILD FAILED **
The following build commands failed:
Building project OpenGraph with scheme OpenGraph
(1 failure)
Command line invocation:
/Applications/Xcode-27.0.0-Release.Candidate.app/Contents/Developer/usr/bin/xcodebuild -IDEClonedSourcePackagesDirPathOverride=/Users/admin/builder/spi-builder-workspace/.dependencies -resolvePackageDependencies
Resolve Package Graph
Resolved source packages:
OHHTTPStubs: https://github.com/AliSoftware/OHHTTPStubs.git @ 9.1.0
resolved source packages: OHHTTPStubs
{
"dependencies" : [
{
"identity" : "ohhttpstubs",
"requirement" : {
"range" : [
{
"lower_bound" : "9.0.0",
"upper_bound" : "10.0.0"
}
]
},
"type" : "sourceControl",
"url" : "https://github.com/AliSoftware/OHHTTPStubs"
}
],
"manifest_display_name" : "OpenGraph",
"name" : "OpenGraph",
"path" : "/Users/admin/builder/spi-builder-workspace",
"platforms" : [
{
"name" : "macos",
"version" : "10.15"
},
{
"name" : "ios",
"version" : "13.0"
},
{
"name" : "tvos",
"version" : "9.0"
},
{
"name" : "watchos",
"version" : "2.0"
}
],
"products" : [
{
"name" : "OpenGraph",
"targets" : [
"OpenGraph"
],
"type" : {
"library" : [
"automatic"
]
}
}
],
"swift_languages_versions" : [
"5"
],
"targets" : [
{
"c99name" : "OpenGraphTests",
"module_type" : "SwiftTarget",
"name" : "OpenGraphTests",
"path" : "Tests",
"product_dependencies" : [
"OHHTTPStubsSwift"
],
"resources" : [
{
"path" : "/Users/admin/builder/spi-builder-workspace/Tests/Resources/empty_ogp.html",
"rule" : {
"process" : {
}
}
},
{
"path" : "/Users/admin/builder/spi-builder-workspace/Tests/Resources/example3.com.html",
"rule" : {
"process" : {
}
}
},
{
"path" : "/Users/admin/builder/spi-builder-workspace/Tests/Resources/ogp.html",
"rule" : {
"process" : {
}
}
}
],
"sources" : [
"OpenGraphTests.swift"
],
"target_dependencies" : [
"OpenGraph"
],
"type" : "test"
},
{
"c99name" : "OpenGraph",
"module_type" : "SwiftTarget",
"name" : "OpenGraph",
"path" : "Sources/OpenGraph",
"product_memberships" : [
"OpenGraph"
],
"sources" : [
"Extension/Data.swift",
"Extension/String.swift",
"Extension/URLSession.swift",
"OpenGraph.swift",
"OpenGraphMetadata.swift",
"OpenGraphParseError.swift",
"OpenGraphParser.swift",
"OpenGraphResponseError.swift"
],
"type" : "library"
}
],
"tools_version" : "5.3"
}
{
"project" : {
"configurations" : [
"Debug",
"Release"
],
"name" : "OpenGraph",
"schemes" : [
"OpenGraph"
],
"targets" : [
"OpenGraph",
"OpenGraphTests"
]
}
}
Running build ...
env DEVELOPER_DIR=/Applications/Xcode-27.0.0-Release.Candidate.app xcrun xcodebuild -IDEClonedSourcePackagesDirPathOverride=$PWD/.dependencies -skipMacroValidation -skipPackagePluginValidation -derivedDataPath $PWD/.derivedData build -scheme OpenGraph -destination platform=macOS,arch=arm64
Command line invocation:
/Applications/Xcode-27.0.0-Release.Candidate.app/Contents/Developer/usr/bin/xcodebuild -IDEClonedSourcePackagesDirPathOverride=/Users/admin/builder/spi-builder-workspace/.dependencies -skipMacroValidation -skipPackagePluginValidation -derivedDataPath /Users/admin/builder/spi-builder-workspace/.derivedData build -scheme OpenGraph -destination platform=macOS,arch=arm64
Resolve Package Graph
Resolved source packages:
OHHTTPStubs: https://github.com/AliSoftware/OHHTTPStubs.git @ 9.1.0
ComputePackagePrebuildTargetDependencyGraph
Prepare packages
CreateBuildRequest
SendProjectDescription
CreateBuildOperation
ComputeTargetDependencyGraph
note: Building targets in dependency order
note: Target dependency graph (1 target)
Target 'OpenGraph' in project 'OpenGraph' (no dependencies)
GatherProvisioningInputs
CreateBuildDescription
/Users/admin/builder/spi-builder-workspace/OpenGraph.xcodeproj: error: The macOS deployment target 'MACOSX_DEPLOYMENT_TARGET' is set to 10.15, but the range of supported deployment target versions is 12.0 to 27.0.x. (in target 'OpenGraph' from project 'OpenGraph')
** BUILD FAILED **
The following build commands failed:
Building project OpenGraph with scheme OpenGraph
(1 failure)
BUILD FAILURE 6.4 macosXcodebuild