The Swift Package Index logo.Swift Package Index

Build Information

Failed to build KYNearbyService, reference main (918895), with Swift 6.1 for macOS (Xcode) using Xcode 16.3 on 30 Sep 2026 00:52:56 UTC.

Build Command

env DEVELOPER_DIR=/Applications/Xcode-16.3.0.app xcrun xcodebuild -IDEClonedSourcePackagesDirPathOverride=$PWD/.dependencies -skipMacroValidation -skipPackagePluginValidation -derivedDataPath $PWD/.derivedData build -scheme KYNearbyService -destination platform=macOS,arch=arm64

Build Log

WriteAuxiliaryFile /Users/admin/builder/spi-builder-workspace/.derivedData/Build/Intermediates.noindex/KYNearbyService.build/Debug/KYNearbyService.build/Objects-normal/arm64/KYNearbyService-OutputFileMap.json (in target 'KYNearbyService' from project 'KYNearbyService')
    cd /Users/admin/builder/spi-builder-workspace
    write-file /Users/admin/builder/spi-builder-workspace/.derivedData/Build/Intermediates.noindex/KYNearbyService.build/Debug/KYNearbyService.build/Objects-normal/arm64/KYNearbyService-OutputFileMap.json
WriteAuxiliaryFile /Users/admin/builder/spi-builder-workspace/.derivedData/Build/Intermediates.noindex/KYNearbyService.build/Debug/KYNearbyService.build/Objects-normal/arm64/KYNearbyService.SwiftFileList (in target 'KYNearbyService' from project 'KYNearbyService')
    cd /Users/admin/builder/spi-builder-workspace
    write-file /Users/admin/builder/spi-builder-workspace/.derivedData/Build/Intermediates.noindex/KYNearbyService.build/Debug/KYNearbyService.build/Objects-normal/arm64/KYNearbyService.SwiftFileList
WriteAuxiliaryFile /Users/admin/builder/spi-builder-workspace/.derivedData/Build/Intermediates.noindex/KYNearbyService.build/Debug/KYNearbyService.build/Objects-normal/arm64/KYNearbyService.SwiftConstValuesFileList (in target 'KYNearbyService' from project 'KYNearbyService')
    cd /Users/admin/builder/spi-builder-workspace
    write-file /Users/admin/builder/spi-builder-workspace/.derivedData/Build/Intermediates.noindex/KYNearbyService.build/Debug/KYNearbyService.build/Objects-normal/arm64/KYNearbyService.SwiftConstValuesFileList
WriteAuxiliaryFile /Users/admin/builder/spi-builder-workspace/.derivedData/Build/Intermediates.noindex/KYNearbyService.build/Debug/KYNearbyService.build/Objects-normal/arm64/KYNearbyService.LinkFileList (in target 'KYNearbyService' from project 'KYNearbyService')
    cd /Users/admin/builder/spi-builder-workspace
    write-file /Users/admin/builder/spi-builder-workspace/.derivedData/Build/Intermediates.noindex/KYNearbyService.build/Debug/KYNearbyService.build/Objects-normal/arm64/KYNearbyService.LinkFileList
WriteAuxiliaryFile /Users/admin/builder/spi-builder-workspace/.derivedData/Build/Intermediates.noindex/KYNearbyService.build/Debug/KYNearbyService.build/KYNearbyService.hmap (in target 'KYNearbyService' from project 'KYNearbyService')
    cd /Users/admin/builder/spi-builder-workspace
    write-file /Users/admin/builder/spi-builder-workspace/.derivedData/Build/Intermediates.noindex/KYNearbyService.build/Debug/KYNearbyService.build/KYNearbyService.hmap
WriteAuxiliaryFile /Users/admin/builder/spi-builder-workspace/.derivedData/Build/Intermediates.noindex/KYNearbyService.build/Debug/KYNearbyService.build/KYNearbyService.DependencyStaticMetadataFileList (in target 'KYNearbyService' from project 'KYNearbyService')
    cd /Users/admin/builder/spi-builder-workspace
    write-file /Users/admin/builder/spi-builder-workspace/.derivedData/Build/Intermediates.noindex/KYNearbyService.build/Debug/KYNearbyService.build/KYNearbyService.DependencyStaticMetadataFileList
WriteAuxiliaryFile /Users/admin/builder/spi-builder-workspace/.derivedData/Build/Intermediates.noindex/KYNearbyService.build/Debug/KYNearbyService.build/KYNearbyService.DependencyMetadataFileList (in target 'KYNearbyService' from project 'KYNearbyService')
    cd /Users/admin/builder/spi-builder-workspace
    write-file /Users/admin/builder/spi-builder-workspace/.derivedData/Build/Intermediates.noindex/KYNearbyService.build/Debug/KYNearbyService.build/KYNearbyService.DependencyMetadataFileList
WriteAuxiliaryFile /Users/admin/builder/spi-builder-workspace/.derivedData/Build/Intermediates.noindex/KYNearbyService.build/Debug/KYNearbyService.build/KYNearbyService-project-headers.hmap (in target 'KYNearbyService' from project 'KYNearbyService')
    cd /Users/admin/builder/spi-builder-workspace
    write-file /Users/admin/builder/spi-builder-workspace/.derivedData/Build/Intermediates.noindex/KYNearbyService.build/Debug/KYNearbyService.build/KYNearbyService-project-headers.hmap
WriteAuxiliaryFile /Users/admin/builder/spi-builder-workspace/.derivedData/Build/Intermediates.noindex/KYNearbyService.build/Debug/KYNearbyService.build/KYNearbyService-own-target-headers.hmap (in target 'KYNearbyService' from project 'KYNearbyService')
    cd /Users/admin/builder/spi-builder-workspace
    write-file /Users/admin/builder/spi-builder-workspace/.derivedData/Build/Intermediates.noindex/KYNearbyService.build/Debug/KYNearbyService.build/KYNearbyService-own-target-headers.hmap
WriteAuxiliaryFile /Users/admin/builder/spi-builder-workspace/.derivedData/Build/Intermediates.noindex/KYNearbyService.build/Debug/KYNearbyService.build/KYNearbyService-generated-files.hmap (in target 'KYNearbyService' from project 'KYNearbyService')
    cd /Users/admin/builder/spi-builder-workspace
    write-file /Users/admin/builder/spi-builder-workspace/.derivedData/Build/Intermediates.noindex/KYNearbyService.build/Debug/KYNearbyService.build/KYNearbyService-generated-files.hmap
WriteAuxiliaryFile /Users/admin/builder/spi-builder-workspace/.derivedData/Build/Intermediates.noindex/KYNearbyService.build/Debug/KYNearbyService.build/KYNearbyService-diagnostic-filename-map.json (in target 'KYNearbyService' from project 'KYNearbyService')
    cd /Users/admin/builder/spi-builder-workspace
    write-file /Users/admin/builder/spi-builder-workspace/.derivedData/Build/Intermediates.noindex/KYNearbyService.build/Debug/KYNearbyService.build/KYNearbyService-diagnostic-filename-map.json
WriteAuxiliaryFile /Users/admin/builder/spi-builder-workspace/.derivedData/Build/Intermediates.noindex/KYNearbyService.build/Debug/KYNearbyService.build/KYNearbyService-all-target-headers.hmap (in target 'KYNearbyService' from project 'KYNearbyService')
    cd /Users/admin/builder/spi-builder-workspace
    write-file /Users/admin/builder/spi-builder-workspace/.derivedData/Build/Intermediates.noindex/KYNearbyService.build/Debug/KYNearbyService.build/KYNearbyService-all-target-headers.hmap
WriteAuxiliaryFile /Users/admin/builder/spi-builder-workspace/.derivedData/Build/Intermediates.noindex/KYNearbyService.build/Debug/KYNearbyService.build/KYNearbyService-all-non-framework-target-headers.hmap (in target 'KYNearbyService' from project 'KYNearbyService')
    cd /Users/admin/builder/spi-builder-workspace
    write-file /Users/admin/builder/spi-builder-workspace/.derivedData/Build/Intermediates.noindex/KYNearbyService.build/Debug/KYNearbyService.build/KYNearbyService-all-non-framework-target-headers.hmap
WriteAuxiliaryFile /Users/admin/builder/spi-builder-workspace/.derivedData/Build/Intermediates.noindex/KYNearbyService.build/Debug/KYNearbyService.build/DerivedSources/KYNearbyService_vers.c (in target 'KYNearbyService' from project 'KYNearbyService')
    cd /Users/admin/builder/spi-builder-workspace
    write-file /Users/admin/builder/spi-builder-workspace/.derivedData/Build/Intermediates.noindex/KYNearbyService.build/Debug/KYNearbyService.build/DerivedSources/KYNearbyService_vers.c
Copy /Users/admin/builder/spi-builder-workspace/.derivedData/Build/Products/Debug/KYNearbyService.framework/Versions/A/Modules/module.modulemap /Users/admin/builder/spi-builder-workspace/.derivedData/Build/Intermediates.noindex/KYNearbyService.build/Debug/KYNearbyService.build/module.modulemap (in target 'KYNearbyService' from project 'KYNearbyService')
    cd /Users/admin/builder/spi-builder-workspace
    builtin-copy -exclude .DS_Store -exclude CVS -exclude .svn -exclude .git -exclude .hg -resolve-src-symlinks /Users/admin/builder/spi-builder-workspace/.derivedData/Build/Intermediates.noindex/KYNearbyService.build/Debug/KYNearbyService.build/module.modulemap /Users/admin/builder/spi-builder-workspace/.derivedData/Build/Products/Debug/KYNearbyService.framework/Versions/A/Modules
CpHeader /Users/admin/builder/spi-builder-workspace/.derivedData/Build/Products/Debug/KYNearbyService.framework/Versions/A/Headers/KYNearbyService.h /Users/admin/builder/spi-builder-workspace/KYNearbyService/KYNearbyService.h (in target 'KYNearbyService' from project 'KYNearbyService')
    cd /Users/admin/builder/spi-builder-workspace
    builtin-copy -exclude .DS_Store -exclude CVS -exclude .svn -exclude .git -exclude .hg -resolve-src-symlinks /Users/admin/builder/spi-builder-workspace/KYNearbyService/KYNearbyService.h /Users/admin/builder/spi-builder-workspace/.derivedData/Build/Products/Debug/KYNearbyService.framework/Versions/A/Headers
WriteAuxiliaryFile /Users/admin/builder/spi-builder-workspace/.derivedData/Build/Intermediates.noindex/KYLogger.build/Debug/KYLoggerObjC.build/Objects-normal/arm64/e6072d4f65d7061329687fe24e3d63a7-common-args.resp (in target 'KYLoggerObjC' from project 'KYLogger')
    cd /Users/admin/builder/spi-builder-workspace/.dependencies/checkouts/KYLogger
    write-file /Users/admin/builder/spi-builder-workspace/.derivedData/Build/Intermediates.noindex/KYLogger.build/Debug/KYLoggerObjC.build/Objects-normal/arm64/e6072d4f65d7061329687fe24e3d63a7-common-args.resp
-target arm64-apple-macos12.0 -fobjc-arc -fmodules -gmodules '-fmodules-cache-path=/Users/admin/builder/spi-builder-workspace/.derivedData/ModuleCache.noindex' '-fmodule-name=KYLoggerObjC' -fpascal-strings -O0 -DSWIFT_PACKAGE '-DDEBUG=1' '-DOBJC_OLD_DISPATCH_PROTOTYPES=1' -isysroot /Applications/Xcode-16.3.0.app/Contents/Developer/Platforms/MacOSX.platform/Developer/SDKs/MacOSX15.4.sdk -g -fprofile-instr-generate -fcoverage-mapping -I/Users/admin/builder/spi-builder-workspace/.derivedData/Build/Products/Debug/include -I/Users/admin/builder/spi-builder-workspace/.dependencies/checkouts/KYLogger/KYLogger/SourcesObjC/include -I/Users/admin/builder/spi-builder-workspace/.derivedData/Build/Intermediates.noindex/KYLogger.build/Debug/KYLoggerObjC.build/DerivedSources-normal/arm64 -I/Users/admin/builder/spi-builder-workspace/.derivedData/Build/Intermediates.noindex/KYLogger.build/Debug/KYLoggerObjC.build/DerivedSources/arm64 -I/Users/admin/builder/spi-builder-workspace/.derivedData/Build/Intermediates.noindex/KYLogger.build/Debug/KYLoggerObjC.build/DerivedSources -F/Users/admin/builder/spi-builder-workspace/.derivedData/Build/Products/Debug -iframework /Applications/Xcode-16.3.0.app/Contents/Developer/Platforms/MacOSX.platform/Developer/Library/Frameworks -DXcode
WriteAuxiliaryFile /Users/admin/builder/spi-builder-workspace/.derivedData/Build/Intermediates.noindex/KYLogger.build/Debug/KYLoggerObjC.build/Objects-normal/arm64/KYLoggerObjC.LinkFileList (in target 'KYLoggerObjC' from project 'KYLogger')
    cd /Users/admin/builder/spi-builder-workspace/.dependencies/checkouts/KYLogger
    write-file /Users/admin/builder/spi-builder-workspace/.derivedData/Build/Intermediates.noindex/KYLogger.build/Debug/KYLoggerObjC.build/Objects-normal/arm64/KYLoggerObjC.LinkFileList
WriteAuxiliaryFile /Users/admin/builder/spi-builder-workspace/.derivedData/Build/Intermediates.noindex/KYLogger.build/Debug/KYLoggerObjC.build/KYLoggerObjC.modulemap (in target 'KYLoggerObjC' from project 'KYLogger')
    cd /Users/admin/builder/spi-builder-workspace/.dependencies/checkouts/KYLogger
    write-file /Users/admin/builder/spi-builder-workspace/.derivedData/Build/Intermediates.noindex/KYLogger.build/Debug/KYLoggerObjC.build/KYLoggerObjC.modulemap
WriteAuxiliaryFile /Users/admin/builder/spi-builder-workspace/.derivedData/Build/Intermediates.noindex/KYLogger.build/Debug/KYLoggerObjC.build/KYLoggerObjC.DependencyStaticMetadataFileList (in target 'KYLoggerObjC' from project 'KYLogger')
    cd /Users/admin/builder/spi-builder-workspace/.dependencies/checkouts/KYLogger
    write-file /Users/admin/builder/spi-builder-workspace/.derivedData/Build/Intermediates.noindex/KYLogger.build/Debug/KYLoggerObjC.build/KYLoggerObjC.DependencyStaticMetadataFileList
WriteAuxiliaryFile /Users/admin/builder/spi-builder-workspace/.derivedData/Build/Intermediates.noindex/KYLogger.build/Debug/KYLoggerObjC.build/KYLoggerObjC.DependencyMetadataFileList (in target 'KYLoggerObjC' from project 'KYLogger')
    cd /Users/admin/builder/spi-builder-workspace/.dependencies/checkouts/KYLogger
    write-file /Users/admin/builder/spi-builder-workspace/.derivedData/Build/Intermediates.noindex/KYLogger.build/Debug/KYLoggerObjC.build/KYLoggerObjC.DependencyMetadataFileList
WriteAuxiliaryFile /Users/admin/builder/spi-builder-workspace/.derivedData/Build/Intermediates.noindex/KYLogger.build/Debug/KYLogger.build/Objects-normal/arm64/KYLogger_const_extract_protocols.json (in target 'KYLogger' from project 'KYLogger')
    cd /Users/admin/builder/spi-builder-workspace/.dependencies/checkouts/KYLogger
    write-file /Users/admin/builder/spi-builder-workspace/.derivedData/Build/Intermediates.noindex/KYLogger.build/Debug/KYLogger.build/Objects-normal/arm64/KYLogger_const_extract_protocols.json
WriteAuxiliaryFile /Users/admin/builder/spi-builder-workspace/.derivedData/Build/Intermediates.noindex/KYLogger.build/Debug/KYLogger.build/Objects-normal/arm64/KYLogger.SwiftFileList (in target 'KYLogger' from project 'KYLogger')
    cd /Users/admin/builder/spi-builder-workspace/.dependencies/checkouts/KYLogger
    write-file /Users/admin/builder/spi-builder-workspace/.derivedData/Build/Intermediates.noindex/KYLogger.build/Debug/KYLogger.build/Objects-normal/arm64/KYLogger.SwiftFileList
WriteAuxiliaryFile /Users/admin/builder/spi-builder-workspace/.derivedData/Build/Intermediates.noindex/KYLogger.build/Debug/KYLogger.build/Objects-normal/arm64/KYLogger.SwiftConstValuesFileList (in target 'KYLogger' from project 'KYLogger')
    cd /Users/admin/builder/spi-builder-workspace/.dependencies/checkouts/KYLogger
    write-file /Users/admin/builder/spi-builder-workspace/.derivedData/Build/Intermediates.noindex/KYLogger.build/Debug/KYLogger.build/Objects-normal/arm64/KYLogger.SwiftConstValuesFileList
WriteAuxiliaryFile /Users/admin/builder/spi-builder-workspace/.derivedData/Build/Intermediates.noindex/KYLogger.build/Debug/KYLogger.build/Objects-normal/arm64/KYLogger.LinkFileList (in target 'KYLogger' from project 'KYLogger')
    cd /Users/admin/builder/spi-builder-workspace/.dependencies/checkouts/KYLogger
    write-file /Users/admin/builder/spi-builder-workspace/.derivedData/Build/Intermediates.noindex/KYLogger.build/Debug/KYLogger.build/Objects-normal/arm64/KYLogger.LinkFileList
WriteAuxiliaryFile /Users/admin/builder/spi-builder-workspace/.derivedData/Build/Intermediates.noindex/KYLogger.build/Debug/KYLogger.build/Objects-normal/arm64/KYLogger-OutputFileMap.json (in target 'KYLogger' from project 'KYLogger')
    cd /Users/admin/builder/spi-builder-workspace/.dependencies/checkouts/KYLogger
    write-file /Users/admin/builder/spi-builder-workspace/.derivedData/Build/Intermediates.noindex/KYLogger.build/Debug/KYLogger.build/Objects-normal/arm64/KYLogger-OutputFileMap.json
Copy /Users/admin/builder/spi-builder-workspace/.derivedData/Build/Intermediates.noindex/GeneratedModuleMaps/KYLoggerObjC.modulemap /Users/admin/builder/spi-builder-workspace/.derivedData/Build/Intermediates.noindex/KYLogger.build/Debug/KYLoggerObjC.build/KYLoggerObjC.modulemap (in target 'KYLoggerObjC' from project 'KYLogger')
    cd /Users/admin/builder/spi-builder-workspace/.dependencies/checkouts/KYLogger
    builtin-copy -exclude .DS_Store -exclude CVS -exclude .svn -exclude .git -exclude .hg -resolve-src-symlinks /Users/admin/builder/spi-builder-workspace/.derivedData/Build/Intermediates.noindex/KYLogger.build/Debug/KYLoggerObjC.build/KYLoggerObjC.modulemap /Users/admin/builder/spi-builder-workspace/.derivedData/Build/Intermediates.noindex/GeneratedModuleMaps
WriteAuxiliaryFile /Users/admin/builder/spi-builder-workspace/.derivedData/Build/Intermediates.noindex/KYLogger.build/Debug/KYLogger.build/KYLogger.modulemap (in target 'KYLogger' from project 'KYLogger')
    cd /Users/admin/builder/spi-builder-workspace/.dependencies/checkouts/KYLogger
    write-file /Users/admin/builder/spi-builder-workspace/.derivedData/Build/Intermediates.noindex/KYLogger.build/Debug/KYLogger.build/KYLogger.modulemap
WriteAuxiliaryFile /Users/admin/builder/spi-builder-workspace/.derivedData/Build/Intermediates.noindex/KYLogger.build/Debug/KYLogger.build/KYLogger.DependencyStaticMetadataFileList (in target 'KYLogger' from project 'KYLogger')
    cd /Users/admin/builder/spi-builder-workspace/.dependencies/checkouts/KYLogger
    write-file /Users/admin/builder/spi-builder-workspace/.derivedData/Build/Intermediates.noindex/KYLogger.build/Debug/KYLogger.build/KYLogger.DependencyStaticMetadataFileList
WriteAuxiliaryFile /Users/admin/builder/spi-builder-workspace/.derivedData/Build/Intermediates.noindex/KYLogger.build/Debug/KYLogger.build/KYLogger.DependencyMetadataFileList (in target 'KYLogger' from project 'KYLogger')
    cd /Users/admin/builder/spi-builder-workspace/.dependencies/checkouts/KYLogger
    write-file /Users/admin/builder/spi-builder-workspace/.derivedData/Build/Intermediates.noindex/KYLogger.build/Debug/KYLogger.build/KYLogger.DependencyMetadataFileList
SymLink /Users/admin/builder/spi-builder-workspace/.derivedData/Build/Products/Debug/KYNearbyService.framework/Resources Versions/Current/Resources (in target 'KYNearbyService' from project 'KYNearbyService')
    cd /Users/admin/builder/spi-builder-workspace
    /bin/ln -sfh Versions/Current/Resources /Users/admin/builder/spi-builder-workspace/.derivedData/Build/Products/Debug/KYNearbyService.framework/Resources
SymLink /Users/admin/builder/spi-builder-workspace/.derivedData/Build/Products/Debug/KYNearbyService.framework/Versions/Current A (in target 'KYNearbyService' from project 'KYNearbyService')
    cd /Users/admin/builder/spi-builder-workspace
    /bin/ln -sfh A /Users/admin/builder/spi-builder-workspace/.derivedData/Build/Products/Debug/KYNearbyService.framework/Versions/Current
SymLink /Users/admin/builder/spi-builder-workspace/.derivedData/Build/Products/Debug/KYNearbyService.framework/Modules Versions/Current/Modules (in target 'KYNearbyService' from project 'KYNearbyService')
    cd /Users/admin/builder/spi-builder-workspace
    /bin/ln -sfh Versions/Current/Modules /Users/admin/builder/spi-builder-workspace/.derivedData/Build/Products/Debug/KYNearbyService.framework/Modules
SymLink /Users/admin/builder/spi-builder-workspace/.derivedData/Build/Products/Debug/KYNearbyService.framework/KYNearbyService Versions/Current/KYNearbyService (in target 'KYNearbyService' from project 'KYNearbyService')
    cd /Users/admin/builder/spi-builder-workspace
    /bin/ln -sfh Versions/Current/KYNearbyService /Users/admin/builder/spi-builder-workspace/.derivedData/Build/Products/Debug/KYNearbyService.framework/KYNearbyService
SymLink /Users/admin/builder/spi-builder-workspace/.derivedData/Build/Products/Debug/KYNearbyService.framework/Headers Versions/Current/Headers (in target 'KYNearbyService' from project 'KYNearbyService')
    cd /Users/admin/builder/spi-builder-workspace
    /bin/ln -sfh Versions/Current/Headers /Users/admin/builder/spi-builder-workspace/.derivedData/Build/Products/Debug/KYNearbyService.framework/Headers
MkDir /Users/admin/builder/spi-builder-workspace/.derivedData/Build/Products/Debug/KYNearbyService.framework/Versions/A/Resources (in target 'KYNearbyService' from project 'KYNearbyService')
    cd /Users/admin/builder/spi-builder-workspace
    /bin/mkdir -p /Users/admin/builder/spi-builder-workspace/.derivedData/Build/Products/Debug/KYNearbyService.framework/Versions/A/Resources
MkDir /Users/admin/builder/spi-builder-workspace/.derivedData/Build/Products/Debug/KYNearbyService.framework/Versions/A/Headers (in target 'KYNearbyService' from project 'KYNearbyService')
    cd /Users/admin/builder/spi-builder-workspace
    /bin/mkdir -p /Users/admin/builder/spi-builder-workspace/.derivedData/Build/Products/Debug/KYNearbyService.framework/Versions/A/Headers
MkDir /Users/admin/builder/spi-builder-workspace/.derivedData/Build/Products/Debug/KYNearbyService.framework/Versions/A (in target 'KYNearbyService' from project 'KYNearbyService')
    cd /Users/admin/builder/spi-builder-workspace
    /bin/mkdir -p /Users/admin/builder/spi-builder-workspace/.derivedData/Build/Products/Debug/KYNearbyService.framework/Versions/A
MkDir /Users/admin/builder/spi-builder-workspace/.derivedData/Build/Products/Debug/KYNearbyService.framework/Versions (in target 'KYNearbyService' from project 'KYNearbyService')
    cd /Users/admin/builder/spi-builder-workspace
    /bin/mkdir -p /Users/admin/builder/spi-builder-workspace/.derivedData/Build/Products/Debug/KYNearbyService.framework/Versions
MkDir /Users/admin/builder/spi-builder-workspace/.derivedData/Build/Products/Debug/KYNearbyService.framework (in target 'KYNearbyService' from project 'KYNearbyService')
    cd /Users/admin/builder/spi-builder-workspace
    /bin/mkdir -p /Users/admin/builder/spi-builder-workspace/.derivedData/Build/Products/Debug/KYNearbyService.framework
Copy /Users/admin/builder/spi-builder-workspace/.derivedData/Build/Intermediates.noindex/GeneratedModuleMaps/KYLogger.modulemap /Users/admin/builder/spi-builder-workspace/.derivedData/Build/Intermediates.noindex/KYLogger.build/Debug/KYLogger.build/KYLogger.modulemap (in target 'KYLogger' from project 'KYLogger')
    cd /Users/admin/builder/spi-builder-workspace/.dependencies/checkouts/KYLogger
    builtin-copy -exclude .DS_Store -exclude CVS -exclude .svn -exclude .git -exclude .hg -resolve-src-symlinks /Users/admin/builder/spi-builder-workspace/.derivedData/Build/Intermediates.noindex/KYLogger.build/Debug/KYLogger.build/KYLogger.modulemap /Users/admin/builder/spi-builder-workspace/.derivedData/Build/Intermediates.noindex/GeneratedModuleMaps
SwiftDriver KYLogger normal arm64 com.apple.xcode.tools.swift.compiler (in target 'KYLogger' from project 'KYLogger')
    cd /Users/admin/builder/spi-builder-workspace/KYNearbyService.xcodeproj
    builtin-SwiftDriver -- /Applications/Xcode-16.3.0.app/Contents/Developer/Toolchains/XcodeDefault.xctoolchain/usr/bin/swiftc -module-name KYLogger -Onone -enforce-exclusivity\=checked @/Users/admin/builder/spi-builder-workspace/.derivedData/Build/Intermediates.noindex/KYLogger.build/Debug/KYLogger.build/Objects-normal/arm64/KYLogger.SwiftFileList -DSWIFT_PACKAGE -DDEBUG -stats-output-dir .stats -strict-concurrency\=complete -enable-upcoming-feature StrictConcurrency -enable-upcoming-feature DisableOutwardActorInference -enable-upcoming-feature GlobalActorIsolatedTypesUsability -enable-upcoming-feature InferSendableFromCaptures -plugin-path /Applications/Xcode-16.3.0.app/Contents/Developer/Toolchains/XcodeDefault.xctoolchain/usr/lib/swift/host/plugins/testing -enable-experimental-feature DebugDescriptionMacro -sdk /Applications/Xcode-16.3.0.app/Contents/Developer/Platforms/MacOSX.platform/Developer/SDKs/MacOSX15.4.sdk -target arm64-apple-macos12.0 -g -module-cache-path /Users/admin/builder/spi-builder-workspace/.derivedData/ModuleCache.noindex -Xfrontend -serialize-debugging-options -profile-coverage-mapping -profile-generate -enable-testing -suppress-warnings -index-store-path /Users/admin/builder/spi-builder-workspace/.derivedData/Index.noindex/DataStore -swift-version 5 -I /Users/admin/builder/spi-builder-workspace/.derivedData/Build/Products/Debug -I /Applications/Xcode-16.3.0.app/Contents/Developer/Platforms/MacOSX.platform/Developer/usr/lib -F /Users/admin/builder/spi-builder-workspace/.derivedData/Build/Products/Debug -F /Applications/Xcode-16.3.0.app/Contents/Developer/Platforms/MacOSX.platform/Developer/Library/Frameworks -c -j10 -enable-batch-mode -incremental -Xcc -ivfsstatcache -Xcc /Users/admin/builder/spi-builder-workspace/.derivedData/SDKStatCaches.noindex/macosx15.4-24E241-8287b8f5db97e746a1562fbca0c9d29b.sdkstatcache -output-file-map /Users/admin/builder/spi-builder-workspace/.derivedData/Build/Intermediates.noindex/KYLogger.build/Debug/KYLogger.build/Objects-normal/arm64/KYLogger-OutputFileMap.json -use-frontend-parseable-output -save-temps -no-color-diagnostics -serialize-diagnostics -emit-dependencies -emit-module -emit-module-path /Users/admin/builder/spi-builder-workspace/.derivedData/Build/Intermediates.noindex/KYLogger.build/Debug/KYLogger.build/Objects-normal/arm64/KYLogger.swiftmodule -validate-clang-modules-once -clang-build-session-file /Users/admin/builder/spi-builder-workspace/.derivedData/ModuleCache.noindex/Session.modulevalidation -Xcc -I/Users/admin/builder/spi-builder-workspace/.derivedData/Build/Intermediates.noindex/KYLogger.build/Debug/KYLogger.build/swift-overrides.hmap -emit-const-values -Xfrontend -const-gather-protocols-file -Xfrontend /Users/admin/builder/spi-builder-workspace/.derivedData/Build/Intermediates.noindex/KYLogger.build/Debug/KYLogger.build/Objects-normal/arm64/KYLogger_const_extract_protocols.json -Xcc -I/Users/admin/builder/spi-builder-workspace/.derivedData/Build/Products/Debug/include -Xcc -I/Users/admin/builder/spi-builder-workspace/.derivedData/Build/Intermediates.noindex/KYLogger.build/Debug/KYLogger.build/DerivedSources-normal/arm64 -Xcc -I/Users/admin/builder/spi-builder-workspace/.derivedData/Build/Intermediates.noindex/KYLogger.build/Debug/KYLogger.build/DerivedSources/arm64 -Xcc -I/Users/admin/builder/spi-builder-workspace/.derivedData/Build/Intermediates.noindex/KYLogger.build/Debug/KYLogger.build/DerivedSources -Xcc -DSWIFT_PACKAGE -Xcc -DDEBUG\=1 -emit-objc-header -emit-objc-header-path /Users/admin/builder/spi-builder-workspace/.derivedData/Build/Intermediates.noindex/KYLogger.build/Debug/KYLogger.build/Objects-normal/arm64/KYLogger-Swift.h -working-directory /Users/admin/builder/spi-builder-workspace/KYNearbyService.xcodeproj -experimental-emit-module-separately -disable-cmo
ScanDependencies /Users/admin/builder/spi-builder-workspace/.derivedData/Build/Intermediates.noindex/KYLogger.build/Debug/KYLoggerObjC.build/Objects-normal/arm64/KYLoggerObjC.o /Users/admin/builder/spi-builder-workspace/.dependencies/checkouts/KYLogger/KYLogger/SourcesObjC/KYLoggerObjC.m normal arm64 objective-c com.apple.compilers.llvm.clang.1_0.compiler (in target 'KYLoggerObjC' from project 'KYLogger')
    cd /Users/admin/builder/spi-builder-workspace/KYNearbyService.xcodeproj

    Using response file: /Users/admin/builder/spi-builder-workspace/.derivedData/Build/Intermediates.noindex/KYLogger.build/Debug/KYLoggerObjC.build/Objects-normal/arm64/e6072d4f65d7061329687fe24e3d63a7-common-args.resp

    builtin-ScanDependencies -o /Users/admin/builder/spi-builder-workspace/.derivedData/Build/Intermediates.noindex/KYLogger.build/Debug/KYLoggerObjC.build/Objects-normal/arm64/KYLoggerObjC.o.scan -- /Applications/Xcode-16.3.0.app/Contents/Developer/Toolchains/XcodeDefault.xctoolchain/usr/bin/clang -x objective-c -ivfsstatcache /Users/admin/builder/spi-builder-workspace/.derivedData/SDKStatCaches.noindex/macosx15.4-24E241-8287b8f5db97e746a1562fbca0c9d29b.sdkstatcache -fmessage-length\=0 -fdiagnostics-show-note-include-stack -fmacro-backtrace-limit\=0 -fno-color-diagnostics -fmodules-prune-interval\=86400 -fmodules-prune-after\=345600 -fbuild-session-file\=/Users/admin/builder/spi-builder-workspace/.derivedData/ModuleCache.noindex/Session.modulevalidation -fmodules-validate-once-per-build-session -Wnon-modular-include-in-framework-module -Werror\=non-modular-include-in-framework-module -Wno-trigraphs -Wno-missing-field-initializers -Wno-missing-prototypes -Wno-return-type -Wno-implicit-atomic-properties -Wno-objc-interface-ivars -Wno-arc-repeated-use-of-weak -Wno-missing-braces -Wparentheses -Wswitch -Wno-unused-function -Wno-unused-label -Wno-unused-parameter -Wno-unused-variable -Wunused-value -Wno-empty-body -Wno-uninitialized -Wno-unknown-pragmas -w -Wno-shadow -Wno-four-char-constants -Wno-conversion -Wno-constant-conversion -Wno-int-conversion -Wno-bool-conversion -Wno-enum-conversion -Wno-float-conversion -Wno-non-literal-null-conversion -Wno-objc-literal-conversion -Wshorten-64-to-32 -Wpointer-sign -Wno-newline-eof -Wno-selector -Wno-strict-selector-match -Wno-undeclared-selector -Wno-deprecated-implementations -Wno-implicit-fallthrough -fstrict-aliasing -Wprotocol -Wdeprecated-declarations -Wno-sign-conversion -Wno-infinite-recursion -Wno-comma -Wno-block-capture-autoreleasing -Wno-strict-prototypes -Wno-semicolon-before-method-body -index-store-path /Users/admin/builder/spi-builder-workspace/.derivedData/Index.noindex/DataStore @/Users/admin/builder/spi-builder-workspace/.derivedData/Build/Intermediates.noindex/KYLogger.build/Debug/KYLoggerObjC.build/Objects-normal/arm64/e6072d4f65d7061329687fe24e3d63a7-common-args.resp -MMD -MT dependencies -MF /Users/admin/builder/spi-builder-workspace/.derivedData/Build/Intermediates.noindex/KYLogger.build/Debug/KYLoggerObjC.build/Objects-normal/arm64/KYLoggerObjC.d --serialize-diagnostics /Users/admin/builder/spi-builder-workspace/.derivedData/Build/Intermediates.noindex/KYLogger.build/Debug/KYLoggerObjC.build/Objects-normal/arm64/KYLoggerObjC.dia -c /Users/admin/builder/spi-builder-workspace/.dependencies/checkouts/KYLogger/KYLogger/SourcesObjC/KYLoggerObjC.m -o /Users/admin/builder/spi-builder-workspace/.derivedData/Build/Intermediates.noindex/KYLogger.build/Debug/KYLoggerObjC.build/Objects-normal/arm64/KYLoggerObjC.o -index-unit-output-path /KYLogger.build/Debug/KYLoggerObjC.build/Objects-normal/arm64/KYLoggerObjC.o
SwiftCompile normal arm64 Compiling\ KYFileLogger+LogDetails.swift /Users/admin/builder/spi-builder-workspace/.dependencies/checkouts/KYLogger/KYLogger/Sources/KYFileLogger/KYFileLogger+LogDetails.swift (in target 'KYLogger' from project 'KYLogger')
SwiftCompile normal arm64 /Users/admin/builder/spi-builder-workspace/.dependencies/checkouts/KYLogger/KYLogger/Sources/KYFileLogger/KYFileLogger+LogDetails.swift (in target 'KYLogger' from project 'KYLogger')
    cd /Users/admin/builder/spi-builder-workspace/KYNearbyService.xcodeproj

Error opening -stats-output-dir file '/Users/admin/builder/spi-builder-workspace/KYNearbyService.xcodeproj/.stats/stats-1790729564431152-swift-frontend-KYLogger-KYFileLogger_LogDetails.swift-arm64_apple_macos12.0-o-Onone-1408332224.json' for writing
===-------------------------------------------------------------------------===
                               Swift compilation
===-------------------------------------------------------------------------===
  Total Execution Time: 4.7334 seconds (4.8048 wall clock)
   ---User Time---   --System Time--   --User+System--   ---Wall Time---  --- Name ---
   1.7180 ( 47.6%)   0.5271 ( 46.8%)   2.2451 ( 47.4%)   2.2668 ( 47.2%)  parse-and-resolve-imports
   1.7179 ( 47.6%)   0.5269 ( 46.8%)   2.2448 ( 47.4%)   2.2665 ( 47.2%)  Import resolution
   0.0843 (  2.3%)   0.0122 (  1.1%)   0.0965 (  2.0%)   0.0969 (  2.0%)  build-rewrite-system
   0.0017 (  0.0%)   0.0141 (  1.2%)   0.0157 (  0.3%)   0.0383 (  0.8%)  load-stdlib
   0.0168 (  0.5%)   0.0079 (  0.7%)   0.0247 (  0.5%)   0.0260 (  0.5%)  perform-sema
   0.0168 (  0.5%)   0.0079 (  0.7%)   0.0247 (  0.5%)   0.0259 (  0.5%)  Type checking and Semantic analysis
   0.0127 (  0.4%)   0.0086 (  0.8%)   0.0213 (  0.5%)   0.0216 (  0.4%)  import-clang-decl
   0.0132 (  0.4%)   0.0067 (  0.6%)   0.0199 (  0.4%)   0.0211 (  0.4%)  typecheck-decl
   0.0066 (  0.2%)   0.0020 (  0.2%)   0.0085 (  0.2%)   0.0085 (  0.2%)  typecheck-stmt
   0.0061 (  0.2%)   0.0019 (  0.2%)   0.0080 (  0.2%)   0.0080 (  0.2%)  typecheck-expr
   0.0031 (  0.1%)   0.0046 (  0.4%)   0.0077 (  0.2%)   0.0079 (  0.2%)  SILGen
   0.0028 (  0.1%)   0.0039 (  0.4%)   0.0067 (  0.1%)   0.0072 (  0.2%)  IRGen
   0.0027 (  0.1%)   0.0007 (  0.1%)   0.0034 (  0.1%)   0.0034 (  0.1%)  precheck-target
   0.0014 (  0.0%)   0.0015 (  0.1%)   0.0030 (  0.1%)   0.0032 (  0.1%)  SILGen-function
   0.0021 (  0.1%)   0.0002 (  0.0%)   0.0024 (  0.1%)   0.0024 (  0.0%)  SIL optimization
   0.0008 (  0.0%)   0.0002 (  0.0%)   0.0009 (  0.0%)   0.0009 (  0.0%)  load-all-members
   0.0000 (  0.0%)   0.0000 (  0.0%)   0.0000 (  0.0%)   0.0000 (  0.0%)  get-conformance-access-path
   0.0000 (  0.0%)   0.0000 (  0.0%)   0.0000 (  0.0%)   0.0000 (  0.0%)  module-populate-cache
   0.0000 (  0.0%)   0.0000 (  0.0%)   0.0000 (  0.0%)   0.0000 (  0.0%)  source-file-populate-cache
   0.0000 (  0.0%)   0.0000 (  0.0%)   0.0000 (  0.0%)   0.0000 (  0.0%)  SIL verification, pre-optimization
   0.0000 (  0.0%)   0.0000 (  0.0%)   0.0000 (  0.0%)   0.0000 (  0.0%)  SIL verification, post-optimization
   0.0000 (  0.0%)   0.0000 (  0.0%)   0.0000 (  0.0%)   0.0000 (  0.0%)  populate-source-file-class-member-cache
   0.0000 (  0.0%)   0.0000 (  0.0%)   0.0000 (  0.0%)   0.0000 (  0.0%)  perform-whole-module-type-checking
   0.0000 (  0.0%)   0.0000 (  0.0%)   0.0000 (  0.0%)   0.0000 (  0.0%)  AST verification
   3.6070 (100.0%)   1.1264 (100.0%)   4.7334 (100.0%)   4.8048 (100.0%)  Total
===-------------------------------------------------------------------------===
                                Running Program
===-------------------------------------------------------------------------===
  Total Execution Time: 3.8102 seconds (3.9072 wall clock)
   ---User Time---   --System Time--   --User+System--   ---Wall Time---  --- Name ---
   2.8590 (100.0%)   0.9512 (100.0%)   3.8102 (100.0%)   3.9072 (100.0%)  Building Target
   2.8590 (100.0%)   0.9512 (100.0%)   3.8102 (100.0%)   3.9072 (100.0%)  Total
SwiftCompile normal arm64 Compiling\ KYFileLoggerConfig.swift /Users/admin/builder/spi-builder-workspace/.dependencies/checkouts/KYLogger/KYLogger/Sources/KYFileLogger/KYFileLoggerConfig.swift (in target 'KYLogger' from project 'KYLogger')
Error opening -stats-output-dir file '/Users/admin/builder/spi-builder-workspace/KYNearbyService.xcodeproj/.stats/stats-1790729564433622-swift-frontend-KYLogger-KYFileLoggerConfig.swift-arm64_apple_macos12.0-o-Onone-2116295814.json' for writing
===-------------------------------------------------------------------------===
                               Swift compilation
===-------------------------------------------------------------------------===
  Total Execution Time: 0.3507 seconds (5.1054 wall clock)
   ---User Time---   --System Time--   --User+System--   ---Wall Time---  --- Name ---
   0.0254 ( 15.2%)   0.0600 ( 32.5%)   0.0854 ( 24.3%)   2.4504 ( 48.0%)  parse-and-resolve-imports
   0.0253 ( 15.2%)   0.0597 ( 32.4%)   0.0850 ( 24.2%)   2.4500 ( 48.0%)  Import resolution
   0.0883 ( 53.1%)   0.0337 ( 18.3%)   0.1220 ( 34.8%)   0.1230 (  2.4%)  build-rewrite-system
   0.0016 (  1.0%)   0.0102 (  5.5%)   0.0118 (  3.4%)   0.0351 (  0.7%)  load-stdlib
   0.0120 (  7.2%)   0.0112 (  6.1%)   0.0232 (  6.6%)   0.0234 (  0.5%)  import-clang-decl
   0.0030 (  1.8%)   0.0036 (  1.9%)   0.0066 (  1.9%)   0.0066 (  0.1%)  IRGen
   0.0022 (  1.3%)   0.0017 (  0.9%)   0.0039 (  1.1%)   0.0039 (  0.1%)  perform-sema
   0.0022 (  1.3%)   0.0017 (  0.9%)   0.0039 (  1.1%)   0.0039 (  0.1%)  Type checking and Semantic analysis
   0.0019 (  1.1%)   0.0016 (  0.8%)   0.0034 (  1.0%)   0.0034 (  0.1%)  typecheck-decl
   0.0016 (  1.0%)   0.0000 (  0.0%)   0.0016 (  0.5%)   0.0016 (  0.0%)  SIL optimization
   0.0012 (  0.7%)   0.0004 (  0.2%)   0.0016 (  0.4%)   0.0016 (  0.0%)  SILGen
   0.0008 (  0.5%)   0.0003 (  0.1%)   0.0010 (  0.3%)   0.0010 (  0.0%)  load-all-members
   0.0004 (  0.2%)   0.0002 (  0.1%)   0.0006 (  0.2%)   0.0006 (  0.0%)  typecheck-expr
   0.0003 (  0.2%)   0.0001 (  0.1%)   0.0004 (  0.1%)   0.0004 (  0.0%)  SILGen-function
   0.0002 (  0.1%)   0.0001 (  0.0%)   0.0003 (  0.1%)   0.0003 (  0.0%)  typecheck-stmt
   0.0000 (  0.0%)   0.0000 (  0.0%)   0.0001 (  0.0%)   0.0000 (  0.0%)  precheck-target
   0.0000 (  0.0%)   0.0000 (  0.0%)   0.0000 (  0.0%)   0.0000 (  0.0%)  get-conformance-access-path
   0.0000 (  0.0%)   0.0000 (  0.0%)   0.0000 (  0.0%)   0.0000 (  0.0%)  module-populate-cache
   0.0000 (  0.0%)   0.0000 (  0.0%)   0.0000 (  0.0%)   0.0000 (  0.0%)  source-file-populate-cache
   0.0000 (  0.0%)   0.0000 (  0.0%)   0.0000 (  0.0%)   0.0000 (  0.0%)  perform-whole-module-type-checking
   0.0000 (  0.0%)   0.0000 (  0.0%)   0.0000 (  0.0%)   0.0000 (  0.0%)  populate-source-file-class-member-cache
   0.0000 (  0.0%)   0.0000 (  0.0%)   0.0000 (  0.0%)   0.0000 (  0.0%)  SIL verification, post-optimization
   0.0000 (  0.0%)   0.0000 (  0.0%)   0.0000 (  0.0%)   0.0000 (  0.0%)  SIL verification, pre-optimization
   0.0000 (  0.0%)   0.0000 (  0.0%)   0.0000 (  0.0%)   0.0000 (  0.0%)  AST verification
   0.1664 (100.0%)   0.1844 (100.0%)   0.3507 (100.0%)   5.1054 (100.0%)  Total
===-------------------------------------------------------------------------===
                                Running Program
===-------------------------------------------------------------------------===
  Total Execution Time: 1.4746 seconds (3.9064 wall clock)
   ---User Time---   --System Time--   --User+System--   ---Wall Time---  --- Name ---
   1.0083 (100.0%)   0.4663 (100.0%)   1.4746 (100.0%)   3.9064 (100.0%)  Building Target
   1.0083 (100.0%)   0.4663 (100.0%)   1.4746 (100.0%)   3.9064 (100.0%)  Total
SwiftCompile normal arm64 /Users/admin/builder/spi-builder-workspace/.dependencies/checkouts/KYLogger/KYLogger/Sources/KYFileLogger/KYFileLoggerConfig.swift (in target 'KYLogger' from project 'KYLogger')
    cd /Users/admin/builder/spi-builder-workspace/KYNearbyService.xcodeproj

SwiftCompile normal arm64 Compiling\ KYFileLoggerError.swift /Users/admin/builder/spi-builder-workspace/.dependencies/checkouts/KYLogger/KYLogger/Sources/KYFileLogger/KYFileLoggerError.swift (in target 'KYLogger' from project 'KYLogger')
Error opening -stats-output-dir file '/Users/admin/builder/spi-builder-workspace/KYNearbyService.xcodeproj/.stats/stats-1790729564437425-swift-frontend-KYLogger-KYFileLoggerError.swift-arm64_apple_macos12.0-o-Onone-1783066185.json' for writing
===-------------------------------------------------------------------------===
                               Swift compilation
===-------------------------------------------------------------------------===
  Total Execution Time: 0.4122 seconds (5.1536 wall clock)
   ---User Time---   --System Time--   --User+System--   ---Wall Time---  --- Name ---
   0.0259 ( 12.1%)   0.0583 ( 29.5%)   0.0843 ( 20.4%)   2.4348 ( 47.2%)  parse-and-resolve-imports
   0.0258 ( 12.1%)   0.0581 ( 29.4%)   0.0840 ( 20.4%)   2.4345 ( 47.2%)  Import resolution
   0.0909 ( 42.4%)   0.0336 ( 17.0%)   0.1245 ( 30.2%)   0.1252 (  2.4%)  build-rewrite-system
   0.0017 (  0.8%)   0.0098 (  4.9%)   0.0114 (  2.8%)   0.0509 (  1.0%)  load-stdlib
   0.0123 (  5.8%)   0.0120 (  6.1%)   0.0243 (  5.9%)   0.0243 (  0.5%)  import-clang-decl
   0.0108 (  5.0%)   0.0046 (  2.3%)   0.0154 (  3.7%)   0.0154 (  0.3%)  perform-sema
   0.0107 (  5.0%)   0.0046 (  2.3%)   0.0153 (  3.7%)   0.0153 (  0.3%)  Type checking and Semantic analysis
   0.0105 (  4.9%)   0.0044 (  2.2%)   0.0149 (  3.6%)   0.0149 (  0.3%)  typecheck-decl
   0.0057 (  2.7%)   0.0024 (  1.2%)   0.0082 (  2.0%)   0.0082 (  0.2%)  SILGen
   0.0048 (  2.2%)   0.0021 (  1.1%)   0.0068 (  1.7%)   0.0069 (  0.1%)  SILGen-function
   0.0029 (  1.4%)   0.0036 (  1.8%)   0.0065 (  1.6%)   0.0065 (  0.1%)  IRGen
   0.0044 (  2.1%)   0.0020 (  1.0%)   0.0064 (  1.6%)   0.0064 (  0.1%)  typecheck-stmt
   0.0040 (  1.9%)   0.0019 (  0.9%)   0.0059 (  1.4%)   0.0059 (  0.1%)  typecheck-expr
   0.0019 (  0.9%)   0.0003 (  0.1%)   0.0022 (  0.5%)   0.0022 (  0.0%)  SIL optimization
   0.0008 (  0.4%)   0.0002 (  0.1%)   0.0010 (  0.2%)   0.0010 (  0.0%)  load-all-members
   0.0009 (  0.4%)   0.0000 (  0.0%)   0.0010 (  0.2%)   0.0010 (  0.0%)  precheck-target
   0.0000 (  0.0%)   0.0000 (  0.0%)   0.0000 (  0.0%)   0.0000 (  0.0%)  get-conformance-access-path
   0.0000 (  0.0%)   0.0000 (  0.0%)   0.0000 (  0.0%)   0.0000 (  0.0%)  module-populate-cache
   0.0000 (  0.0%)   0.0000 (  0.0%)   0.0000 (  0.0%)   0.0000 (  0.0%)  source-file-populate-cache
   0.0000 (  0.0%)   0.0000 (  0.0%)   0.0000 (  0.0%)   0.0000 (  0.0%)  SIL verification, pre-optimization
   0.0000 (  0.0%)   0.0000 (  0.0%)   0.0000 (  0.0%)   0.0000 (  0.0%)  SIL verification, post-optimization
   0.0000 (  0.0%)   0.0000 (  0.0%)   0.0000 (  0.0%)   0.0000 (  0.0%)  AST verification
   0.0000 (  0.0%)   0.0000 (  0.0%)   0.0000 (  0.0%)   0.0000 (  0.0%)  populate-source-file-class-member-cache
   0.0000 (  0.0%)   0.0000 (  0.0%)   0.0000 (  0.0%)   0.0000 (  0.0%)  perform-whole-module-type-checking
   0.2142 (100.0%)   0.1979 (100.0%)   0.4122 (100.0%)   5.1536 (100.0%)  Total
===-------------------------------------------------------------------------===
                                Running Program
===-------------------------------------------------------------------------===
  Total Execution Time: 1.4667 seconds (3.9019 wall clock)
   ---User Time---   --System Time--   --User+System--   ---Wall Time---  --- Name ---
   1.0201 (100.0%)   0.4465 (100.0%)   1.4667 (100.0%)   3.9019 (100.0%)  Building Target
   1.0201 (100.0%)   0.4465 (100.0%)   1.4667 (100.0%)   3.9019 (100.0%)  Total
SwiftCompile normal arm64 /Users/admin/builder/spi-builder-workspace/.dependencies/checkouts/KYLogger/KYLogger/Sources/KYFileLogger/KYFileLoggerError.swift (in target 'KYLogger' from project 'KYLogger')
    cd /Users/admin/builder/spi-builder-workspace/KYNearbyService.xcodeproj

SwiftCompile normal arm64 Compiling\ KYFileLogger+Session.swift /Users/admin/builder/spi-builder-workspace/.dependencies/checkouts/KYLogger/KYLogger/Sources/KYFileLogger/KYFileLogger+Session.swift (in target 'KYLogger' from project 'KYLogger')
Error opening -stats-output-dir file '/Users/admin/builder/spi-builder-workspace/KYNearbyService.xcodeproj/.stats/stats-1790729564438621-swift-frontend-KYLogger-KYFileLogger_Session.swift-arm64_apple_macos12.0-o-Onone-4238482176.json' for writing
===-------------------------------------------------------------------------===
                               Swift compilation
===-------------------------------------------------------------------------===
  Total Execution Time: 0.5785 seconds (5.4766 wall clock)
   ---User Time---   --System Time--   --User+System--   ---Wall Time---  --- Name ---
   0.0279 (  8.4%)   0.0639 ( 25.8%)   0.0918 ( 15.9%)   2.5301 ( 46.2%)  parse-and-resolve-imports
   0.0278 (  8.4%)   0.0636 ( 25.7%)   0.0914 ( 15.8%)   2.5297 ( 46.2%)  Import resolution
   0.0865 ( 26.1%)   0.0316 ( 12.8%)   0.1181 ( 20.4%)   0.1192 (  2.2%)  build-rewrite-system
   0.0329 (  9.9%)   0.0129 (  5.2%)   0.0457 (  7.9%)   0.0458 (  0.8%)  perform-sema
   0.0328 (  9.9%)   0.0129 (  5.2%)   0.0457 (  7.9%)   0.0458 (  0.8%)  Type checking and Semantic analysis
   0.0292 (  8.8%)   0.0109 (  4.4%)   0.0400 (  6.9%)   0.0401 (  0.7%)  typecheck-stmt
   0.0277 (  8.4%)   0.0105 (  4.3%)   0.0382 (  6.6%)   0.0383 (  0.7%)  typecheck-expr
   0.0017 (  0.5%)   0.0090 (  3.6%)   0.0107 (  1.8%)   0.0299 (  0.5%)  load-stdlib
   0.0124 (  3.7%)   0.0102 (  4.1%)   0.0226 (  3.9%)   0.0231 (  0.4%)  import-clang-decl
   0.0153 (  4.6%)   0.0062 (  2.5%)   0.0215 (  3.7%)   0.0216 (  0.4%)  typecheck-decl
   0.0128 (  3.9%)   0.0054 (  2.2%)   0.0182 (  3.1%)   0.0182 (  0.3%)  precheck-target
   0.0062 (  1.9%)   0.0065 (  2.6%)   0.0127 (  2.2%)   0.0127 (  0.2%)  IRGen
   0.0070 (  2.1%)   0.0020 (  0.8%)   0.0089 (  1.5%)   0.0090 (  0.2%)  SILGen
   0.0051 (  1.5%)   0.0009 (  0.4%)   0.0059 (  1.0%)   0.0060 (  0.1%)  SILGen-function
   0.0051 (  1.5%)   0.0007 (  0.3%)   0.0057 (  1.0%)   0.0057 (  0.1%)  SIL optimization
   0.0010 (  0.3%)   0.0003 (  0.1%)   0.0014 (  0.2%)   0.0014 (  0.0%)  load-all-members
   0.0000 (  0.0%)   0.0000 (  0.0%)   0.0000 (  0.0%)   0.0000 (  0.0%)  get-conformance-access-path
   0.0000 (  0.0%)   0.0000 (  0.0%)   0.0000 (  0.0%)   0.0000 (  0.0%)  module-populate-cache
   0.0000 (  0.0%)   0.0000 (  0.0%)   0.0000 (  0.0%)   0.0000 (  0.0%)  source-file-populate-cache
   0.0000 (  0.0%)   0.0000 (  0.0%)   0.0000 (  0.0%)   0.0000 (  0.0%)  populate-source-file-class-member-cache
   0.0000 (  0.0%)   0.0000 (  0.0%)   0.0000 (  0.0%)   0.0000 (  0.0%)  SIL verification, pre-optimization
   0.0000 (  0.0%)   0.0000 (  0.0%)   0.0000 (  0.0%)   0.0000 (  0.0%)  SIL verification, post-optimization
   0.0000 (  0.0%)   0.0000 (  0.0%)   0.0000 (  0.0%)   0.0000 (  0.0%)  perform-whole-module-type-checking
   0.0000 (  0.0%)   0.0000 (  0.0%)   0.0000 (  0.0%)   0.0000 (  0.0%)  AST verification
   0.3312 (100.0%)   0.2473 (100.0%)   0.5785 (100.0%)   5.4766 (100.0%)  Total
===-------------------------------------------------------------------------===
                                Running Program
===-------------------------------------------------------------------------===
  Total Execution Time: 1.4030 seconds (3.9032 wall clock)
   ---User Time---   --System Time--   --User+System--   ---Wall Time---  --- Name ---
   0.9640 (100.0%)   0.4389 (100.0%)   1.4030 (100.0%)   3.9032 (100.0%)  Building Target
   0.9640 (100.0%)   0.4389 (100.0%)   1.4030 (100.0%)   3.9032 (100.0%)  Total
SwiftCompile normal arm64 /Users/admin/builder/spi-builder-workspace/.dependencies/checkouts/KYLogger/KYLogger/Sources/KYFileLogger/KYFileLogger+Session.swift (in target 'KYLogger' from project 'KYLogger')
    cd /Users/admin/builder/spi-builder-workspace/KYNearbyService.xcodeproj

SwiftCompile normal arm64 Compiling\ KYLog.swift /Users/admin/builder/spi-builder-workspace/.dependencies/checkouts/KYLogger/KYLogger/Sources/KYLogger/KYLog.swift (in target 'KYLogger' from project 'KYLogger')
Error opening -stats-output-dir file '/Users/admin/builder/spi-builder-workspace/KYNearbyService.xcodeproj/.stats/stats-1790729564439164-swift-frontend-KYLogger-KYLog.swift-arm64_apple_macos12.0-o-Onone-1694779940.json' for writing
===-------------------------------------------------------------------------===
                               Swift compilation
===-------------------------------------------------------------------------===
  Total Execution Time: 0.4932 seconds (5.3620 wall clock)
   ---User Time---   --System Time--   --User+System--   ---Wall Time---  --- Name ---
   0.0323 ( 12.5%)   0.0640 ( 27.4%)   0.0963 ( 19.5%)   2.5262 ( 47.1%)  parse-and-resolve-imports
   0.0323 ( 12.4%)   0.0638 ( 27.3%)   0.0961 ( 19.5%)   2.5260 ( 47.1%)  Import resolution
   0.0902 ( 34.8%)   0.0349 ( 14.9%)   0.1251 ( 25.4%)   0.1262 (  2.4%)  build-rewrite-system
   0.0105 (  4.0%)   0.0111 (  4.7%)   0.0216 (  4.4%)   0.0275 (  0.5%)  load-stdlib
   0.0155 (  6.0%)   0.0090 (  3.9%)   0.0245 (  5.0%)   0.0251 (  0.5%)  perform-sema
   0.0155 (  6.0%)   0.0090 (  3.9%)   0.0245 (  5.0%)   0.0250 (  0.5%)  Type checking and Semantic analysis
   0.0129 (  5.0%)   0.0108 (  4.6%)   0.0238 (  4.8%)   0.0237 (  0.4%)  import-clang-decl
   0.0131 (  5.0%)   0.0076 (  3.2%)   0.0206 (  4.2%)   0.0209 (  0.4%)  typecheck-expr
   0.0130 (  5.0%)   0.0076 (  3.3%)   0.0206 (  4.2%)   0.0208 (  0.4%)  typecheck-stmt
   0.0114 (  4.4%)   0.0076 (  3.3%)   0.0191 (  3.9%)   0.0195 (  0.4%)  typecheck-decl
   0.0038 (  1.5%)   0.0063 (  2.7%)   0.0101 (  2.1%)   0.0102 (  0.2%)  IRGen
   0.0030 (  1.2%)   0.0009 (  0.4%)   0.0039 (  0.8%)   0.0039 (  0.1%)  SILGen
   0.0027 (  1.0%)   0.0001 (  0.0%)   0.0027 (  0.6%)   0.0028 (  0.1%)  SIL optimization
   0.0017 (  0.7%)   0.0004 (  0.2%)   0.0021 (  0.4%)   0.0021 (  0.0%)  SILGen-function
   0.0013 (  0.5%)   0.0004 (  0.2%)   0.0017 (  0.3%)   0.0017 (  0.0%)  load-all-members
   0.0003 (  0.1%)   0.0001 (  0.1%)   0.0004 (  0.1%)   0.0004 (  0.0%)  precheck-target
   0.0000 (  0.0%)   0.0000 (  0.0%)   0.0000 (  0.0%)   0.0000 (  0.0%)  get-conformance-access-path
   0.0000 (  0.0%)   0.0000 (  0.0%)   0.0000 (  0.0%)   0.0000 (  0.0%)  module-populate-cache
   0.0000 (  0.0%)   0.0000 (  0.0%)   0.0000 (  0.0%)   0.0000 (  0.0%)  source-file-populate-cache
   0.0000 (  0.0%)   0.0000 (  0.0%)   0.0000 (  0.0%)   0.0000 (  0.0%)  AST verification
   0.0000 (  0.0%)   0.0000 (  0.0%)   0.0000 (  0.0%)   0.0000 (  0.0%)  SIL verification, pre-optimization
   0.0000 (  0.0%)   0.0000 (  0.0%)   0.0000 (  0.0%)   0.0000 (  0.0%)  populate-source-file-class-member-cache
   0.0000 (  0.0%)   0.0000 (  0.0%)   0.0000 (  0.0%)   0.0000 (  0.0%)  perform-whole-module-type-checking
   0.0000 (  0.0%)   0.0000 (  0.0%)   0.0000 (  0.0%)   0.0000 (  0.0%)  SIL verification, post-optimization
   0.2594 (100.0%)   0.2338 (100.0%)   0.4932 (100.0%)   5.3620 (100.0%)  Total
===-------------------------------------------------------------------------===
                                Running Program
===-------------------------------------------------------------------------===
  Total Execution Time: 1.4251 seconds (3.9006 wall clock)
   ---User Time---   --System Time--   --User+System--   ---Wall Time---  --- Name ---
   0.9735 (100.0%)   0.4516 (100.0%)   1.4251 (100.0%)   3.9006 (100.0%)  Building Target
   0.9735 (100.0%)   0.4516 (100.0%)   1.4251 (100.0%)   3.9006 (100.0%)  Total
SwiftCompile normal arm64 /Users/admin/builder/spi-builder-workspace/.dependencies/checkouts/KYLogger/KYLogger/Sources/KYLogger/KYLog.swift (in target 'KYLogger' from project 'KYLogger')
    cd /Users/admin/builder/spi-builder-workspace/KYNearbyService.xcodeproj

SwiftEmitModule normal arm64 Emitting\ module\ for\ KYLogger (in target 'KYLogger' from project 'KYLogger')
Error opening -stats-output-dir file '/Users/admin/builder/spi-builder-workspace/KYNearbyService.xcodeproj/.stats/stats-1790729564439043-swift-frontend-KYLogger-all-arm64_apple_macos12.0-swiftmodule-Onone-2451874727.json' for writing
===-------------------------------------------------------------------------===
                               Swift compilation
===-------------------------------------------------------------------------===
  Total Execution Time: 0.3131 seconds (5.2107 wall clock)
   ---User Time---   --System Time--   --User+System--   ---Wall Time---  --- Name ---
   0.0269 ( 20.0%)   0.0646 ( 36.2%)   0.0915 ( 29.2%)   2.5297 ( 48.5%)  parse-and-resolve-imports
   0.0268 ( 19.9%)   0.0643 ( 36.0%)   0.0911 ( 29.1%)   2.5292 ( 48.5%)  Import resolution
   0.0016 (  1.2%)   0.0080 (  4.5%)   0.0096 (  3.1%)   0.0287 (  0.6%)  load-stdlib
   0.0184 ( 13.6%)   0.0079 (  4.4%)   0.0262 (  8.4%)   0.0266 (  0.5%)  perform-sema
   0.0182 ( 13.5%)   0.0078 (  4.4%)   0.0261 (  8.3%)   0.0264 (  0.5%)  Type checking and Semantic analysis
   0.0180 ( 13.4%)   0.0077 (  4.3%)   0.0257 (  8.2%)   0.0261 (  0.5%)  typecheck-decl
   0.0059 (  4.4%)   0.0068 (  3.8%)   0.0127 (  4.0%)   0.0132 (  0.3%)  SIL optimization
   0.0042 (  3.1%)   0.0017 (  1.0%)   0.0059 (  1.9%)   0.0059 (  0.1%)  build-rewrite-system
   0.0014 (  1.0%)   0.0036 (  2.0%)   0.0050 (  1.6%)   0.0055 (  0.1%)  Serialization, swiftmodule
   0.0040 (  3.0%)   0.0011 (  0.6%)   0.0051 (  1.6%)   0.0053 (  0.1%)  SILGen
   0.0026 (  1.9%)   0.0006 (  0.4%)   0.0032 (  1.0%)   0.0033 (  0.1%)  SILGen-function
   0.0012 (  0.9%)   0.0018 (  1.0%)   0.0031 (  1.0%)   0.0032 (  0.1%)  import-clang-decl
   0.0021 (  1.6%)   0.0007 (  0.4%)   0.0029 (  0.9%)   0.0029 (  0.1%)  typecheck-expr
   0.0015 (  1.1%)   0.0004 (  0.2%)   0.0019 (  0.6%)   0.0019 (  0.0%)  typecheck-stmt
   0.0010 (  0.8%)   0.0002 (  0.1%)   0.0012 (  0.4%)   0.0012 (  0.0%)  typecheck-expr-pattern
   0.0002 (  0.1%)   0.0010 (  0.6%)   0.0012 (  0.4%)   0.0012 (  0.0%)  Serialization, swiftdoc
   0.0003 (  0.2%)   0.0001 (  0.0%)   0.0004 (  0.1%)   0.0004 (  0.0%)  Serialization, swiftsourceinfo
   0.0003 (  0.2%)   0.0000 (  0.0%)   0.0003 (  0.1%)   0.0003 (  0.0%)  precheck-target
   0.0000 (  0.0%)   0.0000 (  0.0%)   0.0000 (  0.0%)   0.0000 (  0.0%)  module-populate-cache
   0.0000 (  0.0%)   0.0000 (  0.0%)   0.0000 (  0.0%)   0.0000 (  0.0%)  SIL verification, pre-optimization
   0.0000 (  0.0%)   0.0000 (  0.0%)   0.0000 (  0.0%)   0.0000 (  0.0%)  SIL verification, post-optimization
   0.0000 (  0.0%)   0.0000 (  0.0%)   0.0000 (  0.0%)   0.0000 (  0.0%)  source-file-populate-cache
   0.0000 (  0.0%)   0.0000 (  0.0%)   0.0000 (  0.0%)   0.0000 (  0.0%)  perform-whole-module-type-checking
   0.0000 (  0.0%)   0.0000 (  0.0%)   0.0000 (  0.0%)   0.0000 (  0.0%)  populate-module-class-member-cache
   0.0000 (  0.0%)   0.0000 (  0.0%)   0.0000 (  0.0%)   0.0000 (  0.0%)  AST verification
   0.1347 (100.0%)   0.1784 (100.0%)   0.3131 (100.0%)   5.2107 (100.0%)  Total
===-------------------------------------------------------------------------===
                                Running Program
===-------------------------------------------------------------------------===
  Total Execution Time: 0.1553 seconds (2.6140 wall clock)
   ---User Time---   --System Time--   --User+System--   ---Wall Time---  --- Name ---
   0.0624 (100.0%)   0.0929 (100.0%)   0.1553 (100.0%)   2.6140 (100.0%)  Building Target
   0.0624 (100.0%)   0.0929 (100.0%)   0.1553 (100.0%)   2.6140 (100.0%)  Total
EmitSwiftModule normal arm64 (in target 'KYLogger' from project 'KYLogger')
    cd /Users/admin/builder/spi-builder-workspace/KYNearbyService.xcodeproj

SwiftCompile normal arm64 Compiling\ KYFileLogger.swift /Users/admin/builder/spi-builder-workspace/.dependencies/checkouts/KYLogger/KYLogger/Sources/KYFileLogger/KYFileLogger.swift (in target 'KYLogger' from project 'KYLogger')
Error opening -stats-output-dir file '/Users/admin/builder/spi-builder-workspace/KYNearbyService.xcodeproj/.stats/stats-1790729564436608-swift-frontend-KYLogger-KYFileLogger.swift-arm64_apple_macos12.0-o-Onone-572986023.json' for writing
===-------------------------------------------------------------------------===
                               Swift compilation
===-------------------------------------------------------------------------===
  Total Execution Time: 0.5894 seconds (5.3982 wall clock)
   ---User Time---   --System Time--   --User+System--   ---Wall Time---  --- Name ---
   0.0259 (  7.4%)   0.0584 ( 24.2%)   0.0843 ( 14.3%)   2.4781 ( 45.9%)  parse-and-resolve-imports
   0.0258 (  7.4%)   0.0581 ( 24.1%)   0.0840 ( 14.3%)   2.4778 ( 45.9%)  Import resolution
   0.0896 ( 25.7%)   0.0329 ( 13.6%)   0.1225 ( 20.8%)   0.1229 (  2.3%)  build-rewrite-system
   0.0356 ( 10.2%)   0.0131 (  5.4%)   0.0487 (  8.3%)   0.0488 (  0.9%)  perform-sema
   0.0355 ( 10.2%)   0.0131 (  5.4%)   0.0486 (  8.3%)   0.0487 (  0.9%)  Type checking and Semantic analysis
   0.0314 (  9.0%)   0.0107 (  4.5%)   0.0421 (  7.1%)   0.0421 (  0.8%)  typecheck-expr
   0.0311 (  8.9%)   0.0106 (  4.4%)   0.0418 (  7.1%)   0.0418 (  0.8%)  typecheck-stmt
   0.0017 (  0.5%)   0.0105 (  4.3%)   0.0121 (  2.1%)   0.0327 (  0.6%)  load-stdlib
   0.0137 (  3.9%)   0.0102 (  4.2%)   0.0238 (  4.0%)   0.0238 (  0.4%)  import-clang-decl
   0.0137 (  3.9%)   0.0069 (  2.9%)   0.0206 (  3.5%)   0.0207 (  0.4%)  typecheck-decl
   0.0129 (  3.7%)   0.0046 (  1.9%)   0.0175 (  3.0%)   0.0175 (  0.3%)  precheck-target
   0.0071 (  2.0%)   0.0079 (  3.3%)   0.0150 (  2.5%)   0.0150 (  0.3%)  IRGen
   0.0097 (  2.8%)   0.0022 (  0.9%)   0.0119 (  2.0%)   0.0119 (  0.2%)  SILGen
   0.0077 (  2.2%)   0.0016 (  0.7%)   0.0094 (  1.6%)   0.0093 (  0.2%)  SILGen-function
   0.0056 (  1.6%)   0.0002 (  0.1%)   0.0058 (  1.0%)   0.0058 (  0.1%)  SIL optimization
   0.0008 (  0.2%)   0.0003 (  0.1%)   0.0011 (  0.2%)   0.0011 (  0.0%)  load-all-members
   0.0000 (  0.0%)   0.0000 (  0.0%)   0.0000 (  0.0%)   0.0000 (  0.0%)  get-conformance-access-path
   0.0000 (  0.0%)   0.0000 (  0.0%)   0.0000 (  0.0%)   0.0000 (  0.0%)  perform-whole-module-type-checking
   0.0000 (  0.0%)   0.0000 (  0.0%)   0.0000 (  0.0%)   0.0000 (  0.0%)  SIL verification, pre-optimization
   0.0000 (  0.0%)   0.0000 (  0.0%)   0.0000 (  0.0%)   0.0000 (  0.0%)  module-populate-cache
   0.0000 (  0.0%)   0.0000 (  0.0%)   0.0000 (  0.0%)   0.0000 (  0.0%)  SIL verification, post-optimization
   0.0000 (  0.0%)   0.0000 (  0.0%)   0.0000 (  0.0%)   0.0000 (  0.0%)  source-file-populate-cache
   0.0000 (  0.0%)   0.0000 (  0.0%)   0.0000 (  0.0%)   0.0000 (  0.0%)  populate-source-file-class-member-cache
   0.0000 (  0.0%)   0.0000 (  0.0%)   0.0000 (  0.0%)   0.0000 (  0.0%)  AST verification
   0.3481 (100.0%)   0.2413 (100.0%)   0.5894 (100.0%)   5.3982 (100.0%)  Total
===-------------------------------------------------------------------------===
                                Running Program
===-------------------------------------------------------------------------===
  Total Execution Time: 1.4474 seconds (3.9037 wall clock)
   ---User Time---   --System Time--   --User+System--   ---Wall Time---  --- Name ---
   1.0158 (100.0%)   0.4316 (100.0%)   1.4474 (100.0%)   3.9037 (100.0%)  Building Target
   1.0158 (100.0%)   0.4316 (100.0%)   1.4474 (100.0%)   3.9037 (100.0%)  Total
SwiftCompile normal arm64 /Users/admin/builder/spi-builder-workspace/.dependencies/checkouts/KYLogger/KYLogger/Sources/KYFileLogger/KYFileLogger.swift (in target 'KYLogger' from project 'KYLogger')
    cd /Users/admin/builder/spi-builder-workspace/KYNearbyService.xcodeproj

SwiftCompile normal arm64 Compiling\ KYFileLogger+FolderNFile.swift /Users/admin/builder/spi-builder-workspace/.dependencies/checkouts/KYLogger/KYLogger/Sources/KYFileLogger/KYFileLogger+FolderNFile.swift (in target 'KYLogger' from project 'KYLogger')
SwiftCompile normal arm64 /Users/admin/builder/spi-builder-workspace/.dependencies/checkouts/KYLogger/KYLogger/Sources/KYFileLogger/KYFileLogger+FolderNFile.swift (in target 'KYLogger' from project 'KYLogger')
    cd /Users/admin/builder/spi-builder-workspace/KYNearbyService.xcodeproj

Error opening -stats-output-dir file '/Users/admin/builder/spi-builder-workspace/KYNearbyService.xcodeproj/.stats/stats-1790729564438875-swift-frontend-KYLogger-KYFileLogger_FolderNFile.swift-arm64_apple_macos12.0-o-Onone-1708837088.json' for writing
===-------------------------------------------------------------------------===
                               Swift compilation
===-------------------------------------------------------------------------===
  Total Execution Time: 0.5032 seconds (5.2452 wall clock)
   ---User Time---   --System Time--   --User+System--   ---Wall Time---  --- Name ---
   0.0250 (  9.0%)   0.0623 ( 27.7%)   0.0873 ( 17.4%)   2.4477 ( 46.7%)  parse-and-resolve-imports
   0.0249 (  9.0%)   0.0621 ( 27.6%)   0.0870 ( 17.3%)   2.4474 ( 46.7%)  Import resolution
   0.0910 ( 32.7%)   0.0339 ( 15.1%)   0.1249 ( 24.8%)   0.1256 (  2.4%)  build-rewrite-system
   0.0248 (  8.9%)   0.0093 (  4.1%)   0.0341 (  6.8%)   0.0341 (  0.7%)  perform-sema
   0.0248 (  8.9%)   0.0092 (  4.1%)   0.0340 (  6.8%)   0.0341 (  0.6%)  Type checking and Semantic analysis
   0.0016 (  0.6%)   0.0076 (  3.4%)   0.0093 (  1.8%)   0.0295 (  0.6%)  load-stdlib
   0.0206 (  7.4%)   0.0069 (  3.0%)   0.0275 (  5.5%)   0.0275 (  0.5%)  typecheck-stmt
   0.0133 (  4.8%)   0.0111 (  4.9%)   0.0244 (  4.9%)   0.0244 (  0.5%)  import-clang-decl
   0.0154 (  5.5%)   0.0058 (  2.6%)   0.0211 (  4.2%)   0.0212 (  0.4%)  typecheck-expr
   0.0102 (  3.7%)   0.0050 (  2.2%)   0.0152 (  3.0%)   0.0152 (  0.3%)  typecheck-decl
   0.0060 (  2.1%)   0.0064 (  2.8%)   0.0123 (  2.5%)   0.0123 (  0.2%)  IRGen
   0.0059 (  2.1%)   0.0019 (  0.8%)   0.0078 (  1.5%)   0.0079 (  0.1%)  SILGen
   0.0047 (  1.7%)   0.0022 (  1.0%)   0.0069 (  1.4%)   0.0069 (  0.1%)  precheck-target
   0.0043 (  1.6%)   0.0012 (  0.5%)   0.0056 (  1.1%)   0.0056 (  0.1%)  SILGen-function
   0.0046 (  1.7%)   0.0001 (  0.0%)   0.0047 (  0.9%)   0.0047 (  0.1%)  SIL optimization
   0.0007 (  0.3%)   0.0002 (  0.1%)   0.0009 (  0.2%)   0.0009 (  0.0%)  load-all-members
   0.0001 (  0.0%)   0.0000 (  0.0%)   0.0001 (  0.0%)   0.0001 (  0.0%)  get-conformance-access-path
   0.0000 (  0.0%)   0.0000 (  0.0%)   0.0000 (  0.0%)   0.0000 (  0.0%)  SIL verification, pre-optimization
   0.0000 (  0.0%)   0.0000 (  0.0%)   0.0000 (  0.0%)   0.0000 (  0.0%)  module-populate-cache
   0.0000 (  0.0%)   0.0000 (  0.0%)   0.0000 (  0.0%)   0.0000 (  0.0%)  populate-source-file-class-member-cache
   0.0000 (  0.0%)   0.0000 (  0.0%)   0.0000 (  0.0%)   0.0000 (  0.0%)  source-file-populate-cache
   0.0000 (  0.0%)   0.0000 (  0.0%)   0.0000 (  0.0%)   0.0000 (  0.0%)  perform-whole-module-type-checking
   0.0000 (  0.0%)   0.0000 (  0.0%)   0.0000 (  0.0%)   0.0000 (  0.0%)  SIL verification, post-optimization
   0.0000 (  0.0%)   0.0000 (  0.0%)   0.0000 (  0.0%)   0.0000 (  0.0%)  AST verification
   0.2780 (100.0%)   0.2252 (100.0%)   0.5032 (100.0%)   5.2452 (100.0%)  Total
===-------------------------------------------------------------------------===
                                Running Program
===-------------------------------------------------------------------------===
  Total Execution Time: 1.4808 seconds (3.9021 wall clock)
   ---User Time---   --System Time--   --User+System--   ---Wall Time---  --- Name ---
   1.0380 (100.0%)   0.4428 (100.0%)   1.4808 (100.0%)   3.9021 (100.0%)  Building Target
   1.0380 (100.0%)   0.4428 (100.0%)   1.4808 (100.0%)   3.9021 (100.0%)  Total
SwiftCompile normal arm64 Compiling\ KYLogType.swift /Users/admin/builder/spi-builder-workspace/.dependencies/checkouts/KYLogger/KYLogger/Sources/KYLogger/KYLogType.swift (in target 'KYLogger' from project 'KYLogger')
Error opening -stats-output-dir file '/Users/admin/builder/spi-builder-workspace/KYNearbyService.xcodeproj/.stats/stats-1790729564439226-swift-frontend-KYLogger-KYLogType.swift-arm64_apple_macos12.0-o-Onone-1129704237.json' for writing
===-------------------------------------------------------------------------===
                               Swift compilation
===-------------------------------------------------------------------------===
  Total Execution Time: 0.4050 seconds (5.1476 wall clock)
   ---User Time---   --System Time--   --User+System--   ---Wall Time---  --- Name ---
   0.0265 ( 12.4%)   0.0583 ( 30.4%)   0.0848 ( 20.9%)   2.4460 ( 47.5%)  parse-and-resolve-imports
   0.0265 ( 12.4%)   0.0580 ( 30.3%)   0.0845 ( 20.9%)   2.4457 ( 47.5%)  Import resolution
   0.0907 ( 42.5%)   0.0329 ( 17.2%)   0.1236 ( 30.5%)   0.1239 (  2.4%)  build-rewrite-system
   0.0016 (  0.8%)   0.0074 (  3.9%)   0.0090 (  2.2%)   0.0283 (  0.5%)  load-stdlib
   0.0127 (  6.0%)   0.0117 (  6.1%)   0.0245 (  6.0%)   0.0252 (  0.5%)  import-clang-decl
   0.0135 (  6.3%)   0.0056 (  2.9%)   0.0192 (  4.7%)   0.0191 (  0.4%)  perform-sema
   0.0135 (  6.3%)   0.0056 (  2.9%)   0.0191 (  4.7%)   0.0191 (  0.4%)  Type checking and Semantic analysis
   0.0130 (  6.1%)   0.0053 (  2.8%)   0.0183 (  4.5%)   0.0183 (  0.4%)  typecheck-decl
   0.0029 (  1.4%)   0.0032 (  1.7%)   0.0062 (  1.5%)   0.0062 (  0.1%)  IRGen
   0.0031 (  1.5%)   0.0009 (  0.5%)   0.0040 (  1.0%)   0.0040 (  0.1%)  SILGen
   0.0019 (  0.9%)   0.0006 (  0.3%)   0.0025 (  0.6%)   0.0025 (  0.0%)  SILGen-function
   0.0017 (  0.8%)   0.0007 (  0.4%)   0.0024 (  0.6%)   0.0024 (  0.0%)  typecheck-stmt
   0.0017 (  0.8%)   0.0006 (  0.3%)   0.0023 (  0.6%)   0.0022 (  0.0%)  typecheck-expr
   0.0021 (  1.0%)   0.0000 (  0.0%)   0.0022 (  0.5%)   0.0022 (  0.0%)  SIL optimization
   0.0010 (  0.5%)   0.0002 (  0.1%)   0.0013 (  0.3%)   0.0013 (  0.0%)  typecheck-expr-pattern
   0.0008 (  0.4%)   0.0002 (  0.1%)   0.0010 (  0.2%)   0.0010 (  0.0%)  load-all-members
   0.0002 (  0.1%)   0.0000 (  0.0%)   0.0003 (  0.1%)   0.0003 (  0.0%)  precheck-target
   0.0000 (  0.0%)   0.0000 (  0.0%)   0.0000 (  0.0%)   0.0000 (  0.0%)  get-conformance-access-path
   0.0000 (  0.0%)   0.0000 (  0.0%)   0.0000 (  0.0%)   0.0000 (  0.0%)  module-populate-cache
   0.0000 (  0.0%)   0.0000 (  0.0%)   0.0000 (  0.0%)   0.0000 (  0.0%)  SIL verification, pre-optimization
   0.0000 (  0.0%)   0.0000 (  0.0%)   0.0000 (  0.0%)   0.0000 (  0.0%)  SIL verification, post-optimization
   0.0000 (  0.0%)   0.0000 (  0.0%)   0.0000 (  0.0%)   0.0000 (  0.0%)  source-file-populate-cache
   0.0000 (  0.0%)   0.0000 (  0.0%)   0.0000 (  0.0%)   0.0000 (  0.0%)  populate-source-file-class-member-cache
   0.0000 (  0.0%)   0.0000 (  0.0%)   0.0000 (  0.0%)   0.0000 (  0.0%)  perform-whole-module-type-checking
   0.0000 (  0.0%)   0.0000 (  0.0%)   0.0000 (  0.0%)   0.0000 (  0.0%)  AST verification
   0.2136 (100.0%)   0.1914 (100.0%)   0.4050 (100.0%)   5.1476 (100.0%)  Total
===-------------------------------------------------------------------------===
                                Running Program
===-------------------------------------------------------------------------===
  Total Execution Time: 1.4787 seconds (3.9006 wall clock)
   ---User Time---   --System Time--   --User+System--   ---Wall Time---  --- Name ---
   1.0283 (100.0%)   0.4504 (100.0%)   1.4787 (100.0%)   3.9006 (100.0%)  Building Target
   1.0283 (100.0%)   0.4504 (100.0%)   1.4787 (100.0%)   3.9006 (100.0%)  Total
SwiftCompile normal arm64 /Users/admin/builder/spi-builder-workspace/.dependencies/checkouts/KYLogger/KYLogger/Sources/KYLogger/KYLogType.swift (in target 'KYLogger' from project 'KYLogger')
    cd /Users/admin/builder/spi-builder-workspace/KYNearbyService.xcodeproj

PrecompileModule /Users/admin/builder/spi-builder-workspace/.derivedData/Build/Intermediates.noindex/ExplicitPrecompiledModules/TargetConditionals-7SSJSCMNW8NL6JHUN8L12F7T.scan
    cd /Users/admin/builder/spi-builder-workspace/KYNearbyService.xcodeproj
    builtin-precompileModule /Users/admin/builder/spi-builder-workspace/.derivedData/Build/Intermediates.noindex/ExplicitPrecompiledModules/TargetConditionals-7SSJSCMNW8NL6JHUN8L12F7T.scan
PrecompileModule /Users/admin/builder/spi-builder-workspace/.derivedData/Build/Intermediates.noindex/ExplicitPrecompiledModules/_fenv-3Y4ZEFRQFLH7TODFBGC3G4FNV.scan
    cd /Users/admin/builder/spi-builder-workspace/KYNearbyService.xcodeproj
    builtin-precompileModule /Users/admin/builder/spi-builder-workspace/.derivedData/Build/Intermediates.noindex/ExplicitPrecompiledModules/_fenv-3Y4ZEFRQFLH7TODFBGC3G4FNV.scan
PrecompileModule /Users/admin/builder/spi-builder-workspace/.derivedData/Build/Intermediates.noindex/ExplicitPrecompiledModules/ptrauth-2EPALRVAAFUZQAPV3RVU6FKIM.scan
    cd /Users/admin/builder/spi-builder-workspace/KYNearbyService.xcodeproj
    builtin-precompileModule /Users/admin/builder/spi-builder-workspace/.derivedData/Build/Intermediates.noindex/ExplicitPrecompiledModules/ptrauth-2EPALRVAAFUZQAPV3RVU6FKIM.scan
PrecompileModule /Users/admin/builder/spi-builder-workspace/.derivedData/Build/Intermediates.noindex/ExplicitPrecompiledModules/os_availability_internal-532S1TKJ0ETSY2X6ZUTD4NDKB.scan
    cd /Users/admin/builder/spi-builder-workspace/KYNearbyService.xcodeproj
    builtin-precompileModule /Users/admin/builder/spi-builder-workspace/.derivedData/Build/Intermediates.noindex/ExplicitPrecompiledModules/os_availability_internal-532S1TKJ0ETSY2X6ZUTD4NDKB.scan
PrecompileModule /Users/admin/builder/spi-builder-workspace/.derivedData/Build/Intermediates.noindex/ExplicitPrecompiledModules/_Builtin_iso646-7UHDUW9ZWJ2BX94FRPXO15H5M.scan
    cd /Users/admin/builder/spi-builder-workspace/KYNearbyService.xcodeproj
    builtin-precompileModule /Users/admin/builder/spi-builder-workspace/.derivedData/Build/Intermediates.noindex/ExplicitPrecompiledModules/_Builtin_iso646-7UHDUW9ZWJ2BX94FRPXO15H5M.scan
PrecompileModule /Users/admin/builder/spi-builder-workspace/.derivedData/Build/Intermediates.noindex/ExplicitPrecompiledModules/os_availability-DWWR2R5A4ZOMFFVPPY6VR9LDT.scan
    cd /Users/admin/builder/spi-builder-workspace/KYNearbyService.xcodeproj
    builtin-precompileModule /Users/admin/builder/spi-builder-workspace/.derivedData/Build/Intermediates.noindex/ExplicitPrecompiledModules/os_availability-DWWR2R5A4ZOMFFVPPY6VR9LDT.scan
PrecompileModule /Users/admin/builder/spi-builder-workspace/.derivedData/Build/Intermediates.noindex/ExplicitPrecompiledModules/_Builtin_stdbool-EORE8V4T25NCTCEFAYEMC8VEK.scan
    cd /Users/admin/builder/spi-builder-workspace/KYNearbyService.xcodeproj
    builtin-precompileModule /Users/admin/builder/spi-builder-workspace/.derivedData/Build/Intermediates.noindex/ExplicitPrecompiledModules/_Builtin_stdbool-EORE8V4T25NCTCEFAYEMC8VEK.scan
PrecompileModule /Users/admin/builder/spi-builder-workspace/.derivedData/Build/Intermediates.noindex/ExplicitPrecompiledModules/ptrcheck-DOA8WPMCQ2BYWCVFH883R04VG.scan
    cd /Users/admin/builder/spi-builder-workspace/KYNearbyService.xcodeproj
    builtin-precompileModule /Users/admin/builder/spi-builder-workspace/.derivedData/Build/Intermediates.noindex/ExplicitPrecompiledModules/ptrcheck-DOA8WPMCQ2BYWCVFH883R04VG.scan
PrecompileModule /Users/admin/builder/spi-builder-workspace/.derivedData/Build/Intermediates.noindex/ExplicitPrecompiledModules/AvailabilityMacros-1P5OOTL3S8VMY7XYLO2AN91JK.scan
    cd /Users/admin/builder/spi-builder-workspace/KYNearbyService.xcodeproj
    builtin-precompileModule /Users/admin/builder/spi-builder-workspace/.derivedData/Build/Intermediates.noindex/ExplicitPrecompiledModules/AvailabilityMacros-1P5OOTL3S8VMY7XYLO2AN91JK.scan
PrecompileModule /Users/admin/builder/spi-builder-workspace/.derivedData/Build/Intermediates.noindex/ExplicitPrecompiledModules/_Builtin_stddef-L13BGNBD565CSLXT7R6I1UBD.scan
    cd /Users/admin/builder/spi-builder-workspace/KYNearbyService.xcodeproj
    builtin-precompileModule /Users/admin/builder/spi-builder-workspace/.derivedData/Build/Intermediates.noindex/ExplicitPrecompiledModules/_Builtin_stddef-L13BGNBD565CSLXT7R6I1UBD.scan
PrecompileModule /Users/admin/builder/spi-builder-workspace/.derivedData/Build/Intermediates.noindex/ExplicitPrecompiledModules/_float-9A5FS2IF14AAAW0HFK4ZZLKEL.scan
    cd /Users/admin/builder/spi-builder-workspace/KYNearbyService.xcodeproj
    builtin-precompileModule /Users/admin/builder/spi-builder-workspace/.derivedData/Build/Intermediates.noindex/ExplicitPrecompiledModules/_float-9A5FS2IF14AAAW0HFK4ZZLKEL.scan
PrecompileModule /Users/admin/builder/spi-builder-workspace/.derivedData/Build/Intermediates.noindex/ExplicitPrecompiledModules/_Builtin_stdarg-487N6DZVNC5OWKHS29WKFA9EQ.scan
    cd /Users/admin/builder/spi-builder-workspace/KYNearbyService.xcodeproj
    builtin-precompileModule /Users/admin/builder/spi-builder-workspace/.derivedData/Build/Intermediates.noindex/ExplicitPrecompiledModules/_Builtin_stdarg-487N6DZVNC5OWKHS29WKFA9EQ.scan
PrecompileModule /Users/admin/builder/spi-builder-workspace/.derivedData/Build/Intermediates.noindex/ExplicitPrecompiledModules/_Builtin_float-3OXWBSG73A4SJ5YH9AMB5K89X.scan
    cd /Users/admin/builder/spi-builder-workspace/KYNearbyService.xcodeproj
    builtin-precompileModule /Users/admin/builder/spi-builder-workspace/.derivedData/Build/Intermediates.noindex/ExplicitPrecompiledModules/_Builtin_float-3OXWBSG73A4SJ5YH9AMB5K89X.scan
PrecompileModule /Users/admin/builder/spi-builder-workspace/.derivedData/Build/Intermediates.noindex/ExplicitPrecompiledModules/DarwinFoundation-9Z055FKBPT6LBS0EIL08L4GU4.scan
    cd /Users/admin/builder/spi-builder-workspace/KYNearbyService.xcodeproj
    builtin-precompileModule /Users/admin/builder/spi-builder-workspace/.derivedData/Build/Intermediates.noindex/ExplicitPrecompiledModules/DarwinFoundation-9Z055FKBPT6LBS0EIL08L4GU4.scan
PrecompileModule /Users/admin/builder/spi-builder-workspace/.derivedData/Build/Intermediates.noindex/ExplicitPrecompiledModules/_math-AE5GPMQSX2723666TZMFJETKX.scan
    cd /Users/admin/builder/spi-builder-workspace/KYNearbyService.xcodeproj
    builtin-precompileModule /Users/admin/builder/spi-builder-workspace/.derivedData/Build/Intermediates.noindex/ExplicitPrecompiledModules/_math-AE5GPMQSX2723666TZMFJETKX.scan
PrecompileModule /Users/admin/builder/spi-builder-workspace/.derivedData/Build/Intermediates.noindex/ExplicitPrecompiledModules/_useconds_t-8VBWYAOUWGNE86EK7Y3HY6SV5.scan
    cd /Users/admin/builder/spi-builder-workspace/KYNearbyService.xcodeproj
    builtin-precompileModule /Users/admin/builder/spi-builder-workspace/.derivedData/Build/Intermediates.noindex/ExplicitPrecompiledModules/_useconds_t-8VBWYAOUWGNE86EK7Y3HY6SV5.scan
PrecompileModule /Users/admin/builder/spi-builder-workspace/.derivedData/Build/Intermediates.noindex/ExplicitPrecompiledModules/alloca-BWNLRIWBHDOWRDDSAKT75VOLW.scan
    cd /Users/admin/builder/spi-builder-workspace/KYNearbyService.xcodeproj
    builtin-precompileModule /Users/admin/builder/spi-builder-workspace/.derivedData/Build/Intermediates.noindex/ExplicitPrecompiledModules/alloca-BWNLRIWBHDOWRDDSAKT75VOLW.scan
PrecompileModule /Users/admin/builder/spi-builder-workspace/.derivedData/Build/Intermediates.noindex/ExplicitPrecompiledModules/mach-D9JYI4Z93WLYTK0O7X1VZ1Z7.scan
    cd /Users/admin/builder/spi-builder-workspace/KYNearbyService.xcodeproj
    builtin-precompileModule /Users/admin/builder/spi-builder-workspace/.derivedData/Build/Intermediates.noindex/ExplicitPrecompiledModules/mach-D9JYI4Z93WLYTK0O7X1VZ1Z7.scan
PrecompileModule /Users/admin/builder/spi-builder-workspace/.derivedData/Build/Intermediates.noindex/ExplicitPrecompiledModules/netinet_in-C7LT88I6AZJP2OHJGYB6ANQ4L.scan
    cd /Users/admin/builder/spi-builder-workspace/KYNearbyService.xcodeproj
    builtin-precompileModule /Users/admin/builder/spi-builder-workspace/.derivedData/Build/Intermediates.noindex/ExplicitPrecompiledModules/netinet_in-C7LT88I6AZJP2OHJGYB6ANQ4L.scan
PrecompileModule /Users/admin/builder/spi-builder-workspace/.derivedData/Build/Intermediates.noindex/ExplicitPrecompiledModules/_assert-DY62V2W4MCHZADDX7SSF8DHMQ.scan
    cd /Users/admin/builder/spi-builder-workspace/KYNearbyService.xcodeproj
    builtin-precompileModule /Users/admin/builder/spi-builder-workspace/.derivedData/Build/Intermediates.noindex/ExplicitPrecompiledModules/_assert-DY62V2W4MCHZADDX7SSF8DHMQ.scan
PrecompileModule /Users/admin/builder/spi-builder-workspace/.derivedData/Build/Intermediates.noindex/ExplicitPrecompiledModules/sys_time-86KNNAN0BG1YIYH7C5M8LGI3A.scan
    cd /Users/admin/builder/spi-builder-workspace/KYNearbyService.xcodeproj
    builtin-precompileModule /Users/admin/builder/spi-builder-workspace/.derivedData/Build/Intermediates.noindex/ExplicitPrecompiledModules/sys_time-86KNNAN0BG1YIYH7C5M8LGI3A.scan
PrecompileModule /Users/admin/builder/spi-builder-workspace/.derivedData/Build/Intermediates.noindex/ExplicitPrecompiledModules/_stdint-2C7M7HTEBFAOUQA3P8ALIB926.scan
    cd /Users/admin/builder/spi-builder-workspace/KYNearbyService.xcodeproj
    builtin-precompileModule /Users/admin/builder/spi-builder-workspace/.derivedData/Build/Intermediates.noindex/ExplicitPrecompiledModules/_stdint-2C7M7HTEBFAOUQA3P8ALIB926.scan
PrecompileModule /Users/admin/builder/spi-builder-workspace/.derivedData/Build/Intermediates.noindex/ExplicitPrecompiledModules/_locale-BMHLA7Y0IEHDV1SEKY3V4SX47.scan
    cd /Users/admin/builder/spi-builder-workspace/KYNearbyService.xcodeproj
    builtin-precompileModule /Users/admin/builder/spi-builder-workspace/.derivedData/Build/Intermediates.noindex/ExplicitPrecompiledModules/_locale-BMHLA7Y0IEHDV1SEKY3V4SX47.scan
PrecompileModule /Users/admin/builder/spi-builder-workspace/.derivedData/Build/Intermediates.noindex/ExplicitPrecompiledModules/_setjmp-7GY197MPQ1UGHNWYCUUTG0106.scan
    cd /Users/admin/builder/spi-builder-workspace/KYNearbyService.xcodeproj
    builtin-precompileModule /Users/admin/builder/spi-builder-workspace/.derivedData/Build/Intermediates.noindex/ExplicitPrecompiledModules/_setjmp-7GY197MPQ1UGHNWYCUUTG0106.scan
PrecompileModule /Users/admin/builder/spi-builder-workspace/.derivedData/Build/Intermediates.noindex/ExplicitPrecompiledModules/xlocale-16S3R8NSPRHZ3E77ZHD48LPTC.scan
    cd /Users/admin/builder/spi-builder-workspace/KYNearbyService.xcodeproj
    builtin-precompileModule /Users/admin/builder/spi-builder-workspace/.derivedData/Build/Intermediates.noindex/ExplicitPrecompiledModules/xlocale-16S3R8NSPRHZ3E77ZHD48LPTC.scan
PrecompileModule /Users/admin/builder/spi-builder-workspace/.derivedData/Build/Intermediates.noindex/ExplicitPrecompiledModules/uuid-7QXSDOJ8CW0OKZDDPI8SF643X.scan
    cd /Users/admin/builder/spi-builder-workspace/KYNearbyService.xcodeproj
    builtin-precompileModule /Users/admin/builder/spi-builder-workspace/.derivedData/Build/Intermediates.noindex/ExplicitPrecompiledModules/uuid-7QXSDOJ8CW0OKZDDPI8SF643X.scan
PrecompileModule /Users/admin/builder/spi-builder-workspace/.derivedData/Build/Intermediates.noindex/ExplicitPrecompiledModules/_sys_select-8OOELL0VN7LX5O3ZMY038R0ID.scan
    cd /Users/admin/builder/spi-builder-workspace/KYNearbyService.xcodeproj
    builtin-precompileModule /Users/admin/builder/spi-builder-workspace/.derivedData/Build/Intermediates.noindex/ExplicitPrecompiledModules/_sys_select-8OOELL0VN7LX5O3ZMY038R0ID.scan
PrecompileModule /Users/admin/builder/spi-builder-workspace/.derivedData/Build/Intermediates.noindex/ExplicitPrecompiledModules/_complex-6A737CGOGP71A9IFVP5TY81P1.scan
    cd /Users/admin/builder/spi-builder-workspace/KYNearbyService.xcodeproj
    builtin-precompileModule /Users/admin/builder/spi-builder-workspace/.derivedData/Build/Intermediates.noindex/ExplicitPrecompiledModules/_complex-6A737CGOGP71A9IFVP5TY81P1.scan
PrecompileModule /Users/admin/builder/spi-builder-workspace/.derivedData/Build/Intermediates.noindex/ExplicitPrecompiledModules/runetype-A74I9I2IDMYNRB29JYCWX5XS2.scan
    cd /Users/admin/builder/spi-builder-workspace/KYNearbyService.xcodeproj
    builtin-precompileModule /Users/admin/builder/spi-builder-workspace/.derivedData/Build/Intermediates.noindex/ExplicitPrecompiledModules/runetype-A74I9I2IDMYNRB29JYCWX5XS2.scan
PrecompileModule /Users/admin/builder/spi-builder-workspace/.derivedData/Build/Intermediates.noindex/ExplicitPrecompiledModules/_tgmath-5ZYJQ387XWKQJPX5OVNXQ8WLT.scan
    cd /Users/admin/builder/spi-builder-workspace/KYNearbyService.xcodeproj
    builtin-precompileModule /Users/admin/builder/spi-builder-workspace/.derivedData/Build/Intermediates.noindex/ExplicitPrecompiledModules/_tgmath-5ZYJQ387XWKQJPX5OVNXQ8WLT.scan
PrecompileModule /Users/admin/builder/spi-builder-workspace/.derivedData/Build/Intermediates.noindex/ExplicitPrecompiledModules/_ctype-9OPNFWXR8NQB8V6OMAVRQWR3B.scan
    cd /Users/admin/builder/spi-builder-workspace/KYNearbyService.xcodeproj
    builtin-precompileModule /Users/admin/builder/spi-builder-workspace/.derivedData/Build/Intermediates.noindex/ExplicitPrecompiledModules/_ctype-9OPNFWXR8NQB8V6OMAVRQWR3B.scan
PrecompileModule /Users/admin/builder/spi-builder-workspace/.derivedData/Build/Intermediates.noindex/ExplicitPrecompiledModules/_Builtin_tgmath-IB6VPDK1E7UG6AWSH92I7MSE.scan
    cd /Users/admin/builder/spi-builder-workspace/KYNearbyService.xcodeproj
    builtin-precompileModule /Users/admin/builder/spi-builder-workspace/.derivedData/Build/Intermediates.noindex/ExplicitPrecompiledModules/_Builtin_tgmath-IB6VPDK1E7UG6AWSH92I7MSE.scan
PrecompileModule /Users/admin/builder/spi-builder-workspace/.derivedData/Build/Intermediates.noindex/ExplicitPrecompiledModules/__wctype-EFE1XXWUPKWS383POPDV349FR.scan
    cd /Users/admin/builder/spi-builder-workspace/KYNearbyService.xcodeproj
    builtin-precompileModule /Users/admin/builder/spi-builder-workspace/.derivedData/Build/Intermediates.noindex/ExplicitPrecompiledModules/__wctype-EFE1XXWUPKWS383POPDV349FR.scan
PrecompileModule /Users/admin/builder/spi-builder-workspace/.derivedData/Build/Intermediates.noindex/ExplicitPrecompiledModules/_limits-3MYCR2I5SF9CX8P7ITSJY7QC2.scan
    cd /Users/admin/builder/spi-builder-workspace/KYNearbyService.xcodeproj
    builtin-precompileModule /Users/admin/builder/spi-builder-workspace/.derivedData/Build/Intermediates.noindex/ExplicitPrecompiledModules/_limits-3MYCR2I5SF9CX8P7ITSJY7QC2.scan
PrecompileModule /Users/admin/builder/spi-builder-workspace/.derivedData/Build/Intermediates.noindex/ExplicitPrecompiledModules/_wctype-C5D57RPURW8WASHKPJKG8H52E.scan
    cd /Users/admin/builder/spi-builder-workspace/KYNearbyService.xcodeproj
    builtin-precompileModule /Users/admin/builder/spi-builder-workspace/.derivedData/Build/Intermediates.noindex/ExplicitPrecompiledModules/_wctype-C5D57RPURW8WASHKPJKG8H52E.scan
PrecompileModule /Users/admin/builder/spi-builder-workspace/.derivedData/Build/Intermediates.noindex/ExplicitPrecompiledModules/_Builtin_limits-6K5PN23FT3POVHQRFNVFL3H7N.scan
    cd /Users/admin/builder/spi-builder-workspace/KYNearbyService.xcodeproj
    builtin-precompileModule /Users/admin/builder/spi-builder-workspace/.derivedData/Build/Intermediates.noindex/ExplicitPrecompiledModules/_Builtin_limits-6K5PN23FT3POVHQRFNVFL3H7N.scan
PrecompileModule /Users/admin/builder/spi-builder-workspace/.derivedData/Build/Intermediates.noindex/ExplicitPrecompiledModules/_Builtin_stdint-50YDTC0LYB1Y9CX3J7EK2OQ77.scan
    cd /Users/admin/builder/spi-builder-workspace/KYNearbyService.xcodeproj
    builtin-precompileModule /Users/admin/builder/spi-builder-workspace/.derivedData/Build/Intermediates.noindex/ExplicitPrecompiledModules/_Builtin_stdint-50YDTC0LYB1Y9CX3J7EK2OQ77.scan
PrecompileModule /Users/admin/builder/spi-builder-workspace/.derivedData/Build/Intermediates.noindex/ExplicitPrecompiledModules/_errno-6R07XKE5Y5O9QKPH9RW49WRUT.scan
    cd /Users/admin/builder/spi-builder-workspace/KYNearbyService.xcodeproj
    builtin-precompileModule /Users/admin/builder/spi-builder-workspace/.derivedData/Build/Intermediates.noindex/ExplicitPrecompiledModules/_errno-6R07XKE5Y5O9QKPH9RW49WRUT.scan
PrecompileModule /Users/admin/builder/spi-builder-workspace/.derivedData/Build/Intermediates.noindex/ExplicitPrecompiledModules/_inttypes-CS1OB20DMU1ZB3OM6NCUGDJBI.scan
    cd /Users/admin/builder/spi-builder-workspace/KYNearbyService.xcodeproj
    builtin-precompileModule /Users/admin/builder/spi-builder-workspace/.derivedData/Build/Intermediates.noindex/ExplicitPrecompiledModules/_inttypes-CS1OB20DMU1ZB3OM6NCUGDJBI.scan
PrecompileModule /Users/admin/builder/spi-builder-workspace/.derivedData/Build/Intermediates.noindex/ExplicitPrecompiledModules/sys_types-9IYKJC55M2V13VX3YMP5HBPM2.scan
    cd /Users/admin/builder/spi-builder-workspace/KYNearbyService.xcodeproj
    builtin-precompileModule /Users/admin/builder/spi-builder-workspace/.derivedData/Build/Intermediates.noindex/ExplicitPrecompiledModules/sys_types-9IYKJC55M2V13VX3YMP5HBPM2.scan
PrecompileModule /Users/admin/builder/spi-builder-workspace/.derivedData/Build/Intermediates.noindex/ExplicitPrecompiledModules/_Builtin_inttypes-4LIVYKNKS5RJ94W339HPMOLFD.scan
    cd /Users/admin/builder/spi-builder-workspace/KYNearbyService.xcodeproj
    builtin-precompileModule /Users/admin/builder/spi-builder-workspace/.derivedData/Build/Intermediates.noindex/ExplicitPrecompiledModules/_Builtin_inttypes-4LIVYKNKS5RJ94W339HPMOLFD.scan
PrecompileModule /Users/admin/builder/spi-builder-workspace/.derivedData/Build/Intermediates.noindex/ExplicitPrecompiledModules/sys_resource-BUQN51MW9CEC080TUIOBS0RTI.scan
    cd /Users/admin/builder/spi-builder-workspace/KYNearbyService.xcodeproj
    builtin-precompileModule /Users/admin/builder/spi-builder-workspace/.derivedData/Build/Intermediates.noindex/ExplicitPrecompiledModules/sys_resource-BUQN51MW9CEC080TUIOBS0RTI.scan
PrecompileModule /Users/admin/builder/spi-builder-workspace/.derivedData/Build/Intermediates.noindex/ExplicitPrecompiledModules/_time-EFKLZAGUP25Q7XPSIYNNE8W3Q.scan
    cd /Users/admin/builder/spi-builder-workspace/KYNearbyService.xcodeproj
    builtin-precompileModule /Users/admin/builder/spi-builder-workspace/.derivedData/Build/Intermediates.noindex/ExplicitPrecompiledModules/_time-EFKLZAGUP25Q7XPSIYNNE8W3Q.scan
PrecompileModule /Users/admin/builder/spi-builder-workspace/.derivedData/Build/Intermediates.noindex/ExplicitPrecompiledModules/_signal-3VEUZ7473SVRXJOYIDXMKKQJB.scan
    cd /Users/admin/builder/spi-builder-workspace/KYNearbyService.xcodeproj
    builtin-precompileModule /Users/admin/builder/spi-builder-workspace/.derivedData/Build/Intermediates.noindex/ExplicitPrecompiledModules/_signal-3VEUZ7473SVRXJOYIDXMKKQJB.scan
PrecompileModule /Users/admin/builder/spi-builder-workspace/.derivedData/Build/Intermediates.noindex/ExplicitPrecompiledModules/_Builtin_stdatomic-EIUTHTELVO1H4BEFUMN5Z51IQ.scan
    cd /Users/admin/builder/spi-builder-workspace/KYNearbyService.xcodeproj
    builtin-precompileModule /Users/admin/builder/spi-builder-workspace/.derivedData/Build/Intermediates.noindex/ExplicitPrecompiledModules/_Builtin_stdatomic-EIUTHTELVO1H4BEFUMN5Z51IQ.scan
PrecompileModule /Users/admin/builder/spi-builder-workspace/.derivedData/Build/Intermediates.noindex/ExplicitPrecompiledModules/pthread-1IDKL6SBB0LZB9OCDPZRI2OWC.scan
    cd /Users/admin/builder/spi-builder-workspace/KYNearbyService.xcodeproj
    builtin-precompileModule /Users/admin/builder/spi-builder-workspace/.derivedData/Build/Intermediates.noindex/ExplicitPrecompiledModules/pthread-1IDKL6SBB0LZB9OCDPZRI2OWC.scan
PrecompileModule /Users/admin/builder/spi-builder-workspace/.derivedData/Build/Intermediates.noindex/ExplicitPrecompiledModules/nl_types-1F6I5XQYABZN639K181UEYNKS.scan
    cd /Users/admin/builder/spi-builder-workspace/KYNearbyService.xcodeproj
    builtin-precompileModule /Users/admin/builder/spi-builder-workspace/.derivedData/Build/Intermediates.noindex/ExplicitPrecompiledModules/nl_types-1F6I5XQYABZN639K181UEYNKS.scan
PrecompileModule /Users/admin/builder/spi-builder-workspace/.derivedData/Build/Intermediates.noindex/ExplicitPrecompiledModules/_stdio-A8TF58OPIE6CTHI802Y8W8801.scan
    cd /Users/admin/builder/spi-builder-workspace/KYNearbyService.xcodeproj
    builtin-precompileModule /Users/admin/builder/spi-builder-workspace/.derivedData/Build/Intermediates.noindex/ExplicitPrecompiledModules/_stdio-A8TF58OPIE6CTHI802Y8W8801.scan
PrecompileModule /Users/admin/builder/spi-builder-workspace/.derivedData/Build/Intermediates.noindex/ExplicitPrecompiledModules/sys_select-2B5T9MBR1ISP02J6V60LV5BI4.scan
    cd /Users/admin/builder/spi-builder-workspace/KYNearbyService.xcodeproj
    builtin-precompileModule /Users/admin/builder/spi-builder-workspace/.derivedData/Build/Intermediates.noindex/ExplicitPrecompiledModules/sys_select-2B5T9MBR1ISP02J6V60LV5BI4.scan
PrecompileModule /Users/admin/builder/spi-builder-workspace/.derivedData/Build/Intermediates.noindex/ExplicitPrecompiledModules/_wchar-ESHL5W2M33FIDFC85EWX918YU.scan
    cd /Users/admin/builder/spi-builder-workspace/KYNearbyService.xcodeproj
    builtin-precompileModule /Users/admin/builder/spi-builder-workspace/.derivedData/Build/Intermediates.noindex/ExplicitPrecompiledModules/_wchar-ESHL5W2M33FIDFC85EWX918YU.scan
PrecompileModule /Users/admin/builder/spi-builder-workspace/.derivedData/Build/Intermediates.noindex/ExplicitPrecompiledModules/gethostuuid-9NYUQPOEWQ1O7BUIYPWOL8PYX.scan
    cd /Users/admin/builder/spi-builder-workspace/KYNearbyService.xcodeproj
    builtin-precompileModule /Users/admin/builder/spi-builder-workspace/.derivedData/Build/Intermediates.noindex/ExplicitPrecompiledModules/gethostuuid-9NYUQPOEWQ1O7BUIYPWOL8PYX.scan
PrecompileModule /Users/admin/builder/spi-builder-workspace/.derivedData/Build/Intermediates.noindex/ExplicitPrecompiledModules/sys_wait-DODAR5LFBJMKVO4FD853JGR4S.scan
    cd /Users/admin/builder/spi-builder-workspace/KYNearbyService.xcodeproj
    builtin-precompileModule /Users/admin/builder/spi-builder-workspace/.derivedData/Build/Intermediates.noindex/ExplicitPrecompiledModules/sys_wait-DODAR5LFBJMKVO4FD853JGR4S.scan
PrecompileModule /Users/admin/builder/spi-builder-workspace/.derivedData/Build/Intermediates.noindex/ExplicitPrecompiledModules/unistd-CZ6VK55V5U7D0QT5S2UOMH5KX.scan
    cd /Users/admin/builder/spi-builder-workspace/KYNearbyService.xcodeproj
    builtin-precompileModule /Users/admin/builder/spi-builder-workspace/.derivedData/Build/Intermediates.noindex/ExplicitPrecompiledModules/unistd-CZ6VK55V5U7D0QT5S2UOMH5KX.scan
PrecompileModule /Users/admin/builder/spi-builder-workspace/.derivedData/Build/Intermediates.noindex/ExplicitPrecompiledModules/_stdlib-CO5P5LPBZB6XY0K1FEZ1ZGGPP.scan
    cd /Users/admin/builder/spi-builder-workspace/KYNearbyService.xcodeproj
    builtin-precompileModule /Users/admin/builder/spi-builder-workspace/.derivedData/Build/Intermediates.noindex/ExplicitPrecompiledModules/_stdlib-CO5P5LPBZB6XY0K1FEZ1ZGGPP.scan
PrecompileModule /Users/admin/builder/spi-builder-workspace/.derivedData/Build/Intermediates.noindex/ExplicitPrecompiledModules/_strings-6IUU5LEXOI289DZR4NBV48TUH.scan
    cd /Users/admin/builder/spi-builder-workspace/KYNearbyService.xcodeproj
    builtin-precompileModule /Users/admin/builder/spi-builder-workspace/.derivedData/Build/Intermediates.noindex/ExplicitPrecompiledModules/_strings-6IUU5LEXOI289DZR4NBV48TUH.scan
PrecompileModule /Users/admin/builder/spi-builder-workspace/.derivedData/Build/Intermediates.noindex/ExplicitPrecompiledModules/_string-9ZDTPOYZ41ER4ZJDHQ5BI4GEM.scan
    cd /Users/admin/builder/spi-builder-workspace/KYNearbyService.xcodeproj
    builtin-precompileModule /Users/admin/builder/spi-builder-workspace/.derivedData/Build/Intermediates.noindex/ExplicitPrecompiledModules/_string-9ZDTPOYZ41ER4ZJDHQ5BI4GEM.scan
PrecompileModule /Users/admin/builder/spi-builder-workspace/.derivedData/Build/Intermediates.noindex/ExplicitPrecompiledModules/libDER-C0U6YTJC8CM4F4NYVA5PNZ8HI.scan
    cd /Users/admin/builder/spi-builder-workspace/KYNearbyService.xcodeproj
    builtin-precompileModule /Users/admin/builder/spi-builder-workspace/.derivedData/Build/Intermediates.noindex/ExplicitPrecompiledModules/libDER-C0U6YTJC8CM4F4NYVA5PNZ8HI.scan
PrecompileModule /Users/admin/builder/spi-builder-workspace/.derivedData/Build/Intermediates.noindex/ExplicitPrecompiledModules/Darwin-9PYU9ROIGEM2NH1M2IUJEA7GQ.scan
    cd /Users/admin/builder/spi-builder-workspace/KYNearbyService.xcodeproj
    builtin-precompileModule /Users/admin/builder/spi-builder-workspace/.derivedData/Build/Intermediates.noindex/ExplicitPrecompiledModules/Darwin-9PYU9ROIGEM2NH1M2IUJEA7GQ.scan
PrecompileModule /Users/admin/builder/spi-builder-workspace/.derivedData/Build/Intermediates.noindex/ExplicitPrecompiledModules/libkern-BE0GFKGAMCH75UE0GZ415L372.scan
    cd /Users/admin/builder/spi-builder-workspace/KYNearbyService.xcodeproj
    builtin-precompileModule /Users/admin/builder/spi-builder-workspace/.derivedData/Build/Intermediates.noindex/ExplicitPrecompiledModules/libkern-BE0GFKGAMCH75UE0GZ415L372.scan
PrecompileModule /Users/admin/builder/spi-builder-workspace/.derivedData/Build/Intermediates.noindex/ExplicitPrecompiledModules/launch-70CXMVQQ2ZMA4KWMPYQMUX4AY.scan
    cd /Users/admin/builder/spi-builder-workspace/KYNearbyService.xcodeproj
    builtin-precompileModule /Users/admin/builder/spi-builder-workspace/.derivedData/Build/Intermediates.noindex/ExplicitPrecompiledModules/launch-70CXMVQQ2ZMA4KWMPYQMUX4AY.scan
PrecompileModule /Users/admin/builder/spi-builder-workspace/.derivedData/Build/Intermediates.noindex/ExplicitPrecompiledModules/MachO-1YAM1DS5BE6UNK7610SR0DUQ9.scan
    cd /Users/admin/builder/spi-builder-workspace/KYNearbyService.xcodeproj
    builtin-precompileModule /Users/admin/builder/spi-builder-workspace/.derivedData/Build/Intermediates.noindex/ExplicitPrecompiledModules/MachO-1YAM1DS5BE6UNK7610SR0DUQ9.scan
PrecompileModule /Users/admin/builder/spi-builder-workspace/.derivedData/Build/Intermediates.noindex/ExplicitPrecompiledModules/ObjectiveC-9QBA6I1UEKL8WX57LDBKO4XAJ.scan
    cd /Users/admin/builder/spi-builder-workspace/KYNearbyService.xcodeproj
    builtin-precompileModule /Users/admin/builder/spi-builder-workspace/.derivedData/Build/Intermediates.noindex/ExplicitPrecompiledModules/ObjectiveC-9QBA6I1UEKL8WX57LDBKO4XAJ.scan
PrecompileModule /Users/admin/builder/spi-builder-workspace/.derivedData/Build/Intermediates.noindex/ExplicitPrecompiledModules/os_object-1L9B3YEWZ6R15YR63MKUVQ62I.scan
    cd /Users/admin/builder/spi-builder-workspace/KYNearbyService.xcodeproj
    builtin-precompileModule /Users/admin/builder/spi-builder-workspace/.derivedData/Build/Intermediates.noindex/ExplicitPrecompiledModules/os_object-1L9B3YEWZ6R15YR63MKUVQ62I.scan
PrecompileModule /Users/admin/builder/spi-builder-workspace/.derivedData/Build/Intermediates.noindex/ExplicitPrecompiledModules/os_workgroup-5R9XSQPQWNJAEH7ZX8EUWMUQZ.scan
    cd /Users/admin/builder/spi-builder-workspace/KYNearbyService.xcodeproj
    builtin-precompileModule /Users/admin/builder/spi-builder-workspace/.derivedData/Build/Intermediates.noindex/ExplicitPrecompiledModules/os_workgroup-5R9XSQPQWNJAEH7ZX8EUWMUQZ.scan
PrecompileModule /Users/admin/builder/spi-builder-workspace/.derivedData/Build/Intermediates.noindex/ExplicitPrecompiledModules/Dispatch-FMEQ0EHJEG79ZH9DNX6LZXJ2.scan
    cd /Users/admin/builder/spi-builder-workspace/KYNearbyService.xcodeproj
    builtin-precompileModule /Users/admin/builder/spi-builder-workspace/.derivedData/Build/Intermediates.noindex/ExplicitPrecompiledModules/Dispatch-FMEQ0EHJEG79ZH9DNX6LZXJ2.scan
PrecompileModule /Users/admin/builder/spi-builder-workspace/.derivedData/Build/Intermediates.noindex/ExplicitPrecompiledModules/XPC-DNBJGGOEWHE8HPXH8YQENC24Q.scan
    cd /Users/admin/builder/spi-builder-workspace/KYNearbyService.xcodeproj
    builtin-precompileModule /Users/admin/builder/spi-builder-workspace/.derivedData/Build/Intermediates.noindex/ExplicitPrecompiledModules/XPC-DNBJGGOEWHE8HPXH8YQENC24Q.scan
PrecompileModule /Users/admin/builder/spi-builder-workspace/.derivedData/Build/Intermediates.noindex/ExplicitPrecompiledModules/CoreFoundation-EGDEYU010810ZR95L62UGO4LJ.scan
    cd /Users/admin/builder/spi-builder-workspace/KYNearbyService.xcodeproj
    builtin-precompileModule /Users/admin/builder/spi-builder-workspace/.derivedData/Build/Intermediates.noindex/ExplicitPrecompiledModules/CoreFoundation-EGDEYU010810ZR95L62UGO4LJ.scan
PrecompileModule /Users/admin/builder/spi-builder-workspace/.derivedData/Build/Intermediates.noindex/ExplicitPrecompiledModules/Security-AW094GDOJ896U2DJXCCLLOJV3.scan
    cd /Users/admin/builder/spi-builder-workspace/KYNearbyService.xcodeproj
    builtin-precompileModule /Users/admin/builder/spi-builder-workspace/.derivedData/Build/Intermediates.noindex/ExplicitPrecompiledModules/Security-AW094GDOJ896U2DJXCCLLOJV3.scan
PrecompileModule /Users/admin/builder/spi-builder-workspace/.derivedData/Build/Intermediates.noindex/ExplicitPrecompiledModules/CFNetwork-1NCDJQFN1JLHOSASYJFM88N9H.scan
    cd /Users/admin/builder/spi-builder-workspace/KYNearbyService.xcodeproj
    builtin-precompileModule /Users/admin/builder/spi-builder-workspace/.derivedData/Build/Intermediates.noindex/ExplicitPrecompiledModules/CFNetwork-1NCDJQFN1JLHOSASYJFM88N9H.scan
SwiftDriverJobDiscovery normal arm64 Emitting module for KYLogger (in target 'KYLogger' from project 'KYLogger')
SwiftDriver\ Compilation\ Requirements KYLogger normal arm64 com.apple.xcode.tools.swift.compiler (in target 'KYLogger' from project 'KYLogger')
    cd /Users/admin/builder/spi-builder-workspace/KYNearbyService.xcodeproj
    builtin-Swift-Compilation-Requirements -- /Applications/Xcode-16.3.0.app/Contents/Developer/Toolchains/XcodeDefault.xctoolchain/usr/bin/swiftc -module-name KYLogger -Onone -enforce-exclusivity\=checked @/Users/admin/builder/spi-builder-workspace/.derivedData/Build/Intermediates.noindex/KYLogger.build/Debug/KYLogger.build/Objects-normal/arm64/KYLogger.SwiftFileList -DSWIFT_PACKAGE -DDEBUG -stats-output-dir .stats -strict-concurrency\=complete -enable-upcoming-feature StrictConcurrency -enable-upcoming-feature DisableOutwardActorInference -enable-upcoming-feature GlobalActorIsolatedTypesUsability -enable-upcoming-feature InferSendableFromCaptures -plugin-path /Applications/Xcode-16.3.0.app/Contents/Developer/Toolchains/XcodeDefault.xctoolchain/usr/lib/swift/host/plugins/testing -enable-experimental-feature DebugDescriptionMacro -sdk /Applications/Xcode-16.3.0.app/Contents/Developer/Platforms/MacOSX.platform/Developer/SDKs/MacOSX15.4.sdk -target arm64-apple-macos12.0 -g -module-cache-path /Users/admin/builder/spi-builder-workspace/.derivedData/ModuleCache.noindex -Xfrontend -serialize-debugging-options -profile-coverage-mapping -profile-generate -enable-testing -suppress-warnings -index-store-path /Users/admin/builder/spi-builder-workspace/.derivedData/Index.noindex/DataStore -swift-version 5 -I /Users/admin/builder/spi-builder-workspace/.derivedData/Build/Products/Debug -I /Applications/Xcode-16.3.0.app/Contents/Developer/Platforms/MacOSX.platform/Developer/usr/lib -F /Users/admin/builder/spi-builder-workspace/.derivedData/Build/Products/Debug -F /Applications/Xcode-16.3.0.app/Contents/Developer/Platforms/MacOSX.platform/Developer/Library/Frameworks -c -j10 -enable-batch-mode -incremental -Xcc -ivfsstatcache -Xcc /Users/admin/builder/spi-builder-workspace/.derivedData/SDKStatCaches.noindex/macosx15.4-24E241-8287b8f5db97e746a1562fbca0c9d29b.sdkstatcache -output-file-map /Users/admin/builder/spi-builder-workspace/.derivedData/Build/Intermediates.noindex/KYLogger.build/Debug/KYLogger.build/Objects-normal/arm64/KYLogger-OutputFileMap.json -use-frontend-parseable-output -save-temps -no-color-diagnostics -serialize-diagnostics -emit-dependencies -emit-module -emit-module-path /Users/admin/builder/spi-builder-workspace/.derivedData/Build/Intermediates.noindex/KYLogger.build/Debug/KYLogger.build/Objects-normal/arm64/KYLogger.swiftmodule -validate-clang-modules-once -clang-build-session-file /Users/admin/builder/spi-builder-workspace/.derivedData/ModuleCache.noindex/Session.modulevalidation -Xcc -I/Users/admin/builder/spi-builder-workspace/.derivedData/Build/Intermediates.noindex/KYLogger.build/Debug/KYLogger.build/swift-overrides.hmap -emit-const-values -Xfrontend -const-gather-protocols-file -Xfrontend /Users/admin/builder/spi-builder-workspace/.derivedData/Build/Intermediates.noindex/KYLogger.build/Debug/KYLogger.build/Objects-normal/arm64/KYLogger_const_extract_protocols.json -Xcc -I/Users/admin/builder/spi-builder-workspace/.derivedData/Build/Products/Debug/include -Xcc -I/Users/admin/builder/spi-builder-workspace/.derivedData/Build/Intermediates.noindex/KYLogger.build/Debug/KYLogger.build/DerivedSources-normal/arm64 -Xcc -I/Users/admin/builder/spi-builder-workspace/.derivedData/Build/Intermediates.noindex/KYLogger.build/Debug/KYLogger.build/DerivedSources/arm64 -Xcc -I/Users/admin/builder/spi-builder-workspace/.derivedData/Build/Intermediates.noindex/KYLogger.build/Debug/KYLogger.build/DerivedSources -Xcc -DSWIFT_PACKAGE -Xcc -DDEBUG\=1 -emit-objc-header -emit-objc-header-path /Users/admin/builder/spi-builder-workspace/.derivedData/Build/Intermediates.noindex/KYLogger.build/Debug/KYLogger.build/Objects-normal/arm64/KYLogger-Swift.h -working-directory /Users/admin/builder/spi-builder-workspace/KYNearbyService.xcodeproj -experimental-emit-module-separately -disable-cmo
PrecompileModule /Users/admin/builder/spi-builder-workspace/.derivedData/Build/Intermediates.noindex/ExplicitPrecompiledModules/IOKit-1FLEEXPGDY5XRPGRFI46SUHDY.scan
    cd /Users/admin/builder/spi-builder-workspace/KYNearbyService.xcodeproj
    builtin-precompileModule /Users/admin/builder/spi-builder-workspace/.derivedData/Build/Intermediates.noindex/ExplicitPrecompiledModules/IOKit-1FLEEXPGDY5XRPGRFI46SUHDY.scan
SwiftMergeGeneratedHeaders /Users/admin/builder/spi-builder-workspace/.derivedData/Build/Intermediates.noindex/GeneratedModuleMaps/KYLogger-Swift.h /Users/admin/builder/spi-builder-workspace/.derivedData/Build/Intermediates.noindex/KYLogger.build/Debug/KYLogger.build/Objects-normal/arm64/KYLogger-Swift.h (in target 'KYLogger' from project 'KYLogger')
    cd /Users/admin/builder/spi-builder-workspace/.dependencies/checkouts/KYLogger
    builtin-swiftHeaderTool -arch arm64 /Users/admin/builder/spi-builder-workspace/.derivedData/Build/Intermediates.noindex/KYLogger.build/Debug/KYLogger.build/Objects-normal/arm64/KYLogger-Swift.h -o /Users/admin/builder/spi-builder-workspace/.derivedData/Build/Intermediates.noindex/GeneratedModuleMaps/KYLogger-Swift.h
Copy /Users/admin/builder/spi-builder-workspace/.derivedData/Build/Products/Debug/KYLogger.swiftmodule/arm64-apple-macos.swiftmodule /Users/admin/builder/spi-builder-workspace/.derivedData/Build/Intermediates.noindex/KYLogger.build/Debug/KYLogger.build/Objects-normal/arm64/KYLogger.swiftmodule (in target 'KYLogger' from project 'KYLogger')
    cd /Users/admin/builder/spi-builder-workspace/.dependencies/checkouts/KYLogger
    builtin-copy -exclude .DS_Store -exclude CVS -exclude .svn -exclude .git -exclude .hg -resolve-src-symlinks -rename /Users/admin/builder/spi-builder-workspace/.derivedData/Build/Intermediates.noindex/KYLogger.build/Debug/KYLogger.build/Objects-normal/arm64/KYLogger.swiftmodule /Users/admin/builder/spi-builder-workspace/.derivedData/Build/Products/Debug/KYLogger.swiftmodule/arm64-apple-macos.swiftmodule
Copy /Users/admin/builder/spi-builder-workspace/.derivedData/Build/Products/Debug/KYLogger.swiftmodule/arm64-apple-macos.swiftdoc /Users/admin/builder/spi-builder-workspace/.derivedData/Build/Intermediates.noindex/KYLogger.build/Debug/KYLogger.build/Objects-normal/arm64/KYLogger.swiftdoc (in target 'KYLogger' from project 'KYLogger')
    cd /Users/admin/builder/spi-builder-workspace/.dependencies/checkouts/KYLogger
    builtin-copy -exclude .DS_Store -exclude CVS -exclude .svn -exclude .git -exclude .hg -resolve-src-symlinks -rename /Users/admin/builder/spi-builder-workspace/.derivedData/Build/Intermediates.noindex/KYLogger.build/Debug/KYLogger.build/Objects-normal/arm64/KYLogger.swiftdoc /Users/admin/builder/spi-builder-workspace/.derivedData/Build/Products/Debug/KYLogger.swiftmodule/arm64-apple-macos.swiftdoc
Copy /Users/admin/builder/spi-builder-workspace/.derivedData/Build/Products/Debug/KYLogger.swiftmodule/arm64-apple-macos.abi.json /Users/admin/builder/spi-builder-workspace/.derivedData/Build/Intermediates.noindex/KYLogger.build/Debug/KYLogger.build/Objects-normal/arm64/KYLogger.abi.json (in target 'KYLogger' from project 'KYLogger')
    cd /Users/admin/builder/spi-builder-workspace/.dependencies/checkouts/KYLogger
    builtin-copy -exclude .DS_Store -exclude CVS -exclude .svn -exclude .git -exclude .hg -resolve-src-symlinks -rename /Users/admin/builder/spi-builder-workspace/.derivedData/Build/Intermediates.noindex/KYLogger.build/Debug/KYLogger.build/Objects-normal/arm64/KYLogger.abi.json /Users/admin/builder/spi-builder-workspace/.derivedData/Build/Products/Debug/KYLogger.swiftmodule/arm64-apple-macos.abi.json
Copy /Users/admin/builder/spi-builder-workspace/.derivedData/Build/Products/Debug/KYLogger.swiftmodule/Project/arm64-apple-macos.swiftsourceinfo /Users/admin/builder/spi-builder-workspace/.derivedData/Build/Intermediates.noindex/KYLogger.build/Debug/KYLogger.build/Objects-normal/arm64/KYLogger.swiftsourceinfo (in target 'KYLogger' from project 'KYLogger')
    cd /Users/admin/builder/spi-builder-workspace/.dependencies/checkouts/KYLogger
    builtin-copy -exclude .DS_Store -exclude CVS -exclude .svn -exclude .git -exclude .hg -resolve-src-symlinks -rename /Users/admin/builder/spi-builder-workspace/.derivedData/Build/Intermediates.noindex/KYLogger.build/Debug/KYLogger.build/Objects-normal/arm64/KYLogger.swiftsourceinfo /Users/admin/builder/spi-builder-workspace/.derivedData/Build/Products/Debug/KYLogger.swiftmodule/Project/arm64-apple-macos.swiftsourceinfo
SwiftDriver KYNearbyService normal arm64 com.apple.xcode.tools.swift.compiler (in target 'KYNearbyService' from project 'KYNearbyService')
    cd /Users/admin/builder/spi-builder-workspace
    builtin-SwiftDriver -- /Applications/Xcode-16.3.0.app/Contents/Developer/Toolchains/XcodeDefault.xctoolchain/usr/bin/swiftc -module-name KYNearbyService -Onone -enforce-exclusivity\=checked @/Users/admin/builder/spi-builder-workspace/.derivedData/Build/Intermediates.noindex/KYNearbyService.build/Debug/KYNearbyService.build/Objects-normal/arm64/KYNearbyService.SwiftFileList -DDEBUG -DKY_NEARBY_SERVICE_FRAMEWORK -Xcc -fmodule-map-file\=/Users/admin/builder/spi-builder-workspace/.derivedData/Build/Intermediates.noindex/GeneratedModuleMaps/KYLoggerObjC.modulemap -stats-output-dir .stats -strict-concurrency\=complete -enable-upcoming-feature StrictConcurrency -enable-upcoming-feature DisableOutwardActorInference -enable-upcoming-feature GlobalActorIsolatedTypesUsability -enable-upcoming-feature InferSendableFromCaptures -enable-experimental-feature DebugDescriptionMacro -sdk /Applications/Xcode-16.3.0.app/Contents/Developer/Platforms/MacOSX.platform/Developer/SDKs/MacOSX15.4.sdk -target arm64-apple-macos11.0 -g -module-cache-path /Users/admin/builder/spi-builder-workspace/.derivedData/ModuleCache.noindex -Xfrontend -serialize-debugging-options -profile-coverage-mapping -profile-generate -enable-testing -index-store-path /Users/admin/builder/spi-builder-workspace/.derivedData/Index.noindex/DataStore -swift-version 6 -I /Users/admin/builder/spi-builder-workspace/.derivedData/Build/Products/Debug -F /Users/admin/builder/spi-builder-workspace/.derivedData/Build/Products/Debug/PackageFrameworks -F /Users/admin/builder/spi-builder-workspace/.derivedData/Build/Products/Debug/PackageFrameworks -F /Users/admin/builder/spi-builder-workspace/.derivedData/Build/Products/Debug -emit-localized-strings -emit-localized-strings-path /Users/admin/builder/spi-builder-workspace/.derivedData/Build/Intermediates.noindex/KYNearbyService.build/Debug/KYNearbyService.build/Objects-normal/arm64 -c -j10 -enable-batch-mode -incremental -Xcc -ivfsstatcache -Xcc /Users/admin/builder/spi-builder-workspace/.derivedData/SDKStatCaches.noindex/macosx15.4-24E241-8287b8f5db97e746a1562fbca0c9d29b.sdkstatcache -output-file-map /Users/admin/builder/spi-builder-workspace/.derivedData/Build/Intermediates.noindex/KYNearbyService.build/Debug/KYNearbyService.build/Objects-normal/arm64/KYNearbyService-OutputFileMap.json -use-frontend-parseable-output -save-temps -no-color-diagnostics -serialize-diagnostics -emit-dependencies -emit-module -emit-module-path /Users/admin/builder/spi-builder-workspace/.derivedData/Build/Intermediates.noindex/KYNearbyService.build/Debug/KYNearbyService.build/Objects-normal/arm64/KYNearbyService.swiftmodule -validate-clang-modules-once -clang-build-session-file /Users/admin/builder/spi-builder-workspace/.derivedData/ModuleCache.noindex/Session.modulevalidation -Xcc -I/Users/admin/builder/spi-builder-workspace/.derivedData/Build/Intermediates.noindex/KYNearbyService.build/Debug/KYNearbyService.build/swift-overrides.hmap -emit-const-values -Xfrontend -const-gather-protocols-file -Xfrontend /Users/admin/builder/spi-builder-workspace/.derivedData/Build/Intermediates.noindex/KYNearbyService.build/Debug/KYNearbyService.build/Objects-normal/arm64/KYNearbyService_const_extract_protocols.json -Xcc -iquote -Xcc /Users/admin/builder/spi-builder-workspace/.derivedData/Build/Intermediates.noindex/KYNearbyService.build/Debug/KYNearbyService.build/KYNearbyService-generated-files.hmap -Xcc -I/Users/admin/builder/spi-builder-workspace/.derivedData/Build/Intermediates.noindex/KYNearbyService.build/Debug/KYNearbyService.build/KYNearbyService-own-target-headers.hmap -Xcc -I/Users/admin/builder/spi-builder-workspace/.derivedData/Build/Intermediates.noindex/KYNearbyService.build/Debug/KYNearbyService.build/KYNearbyService-all-non-framework-target-headers.hmap -Xcc -ivfsoverlay -Xcc /Users/admin/builder/spi-builder-workspace/.derivedData/Build/Intermediates.noindex/KYNearbyService.build/Debug/KYNearbyService-3aff440e96121122b2d5cfb025bd4b0e-VFS/all-product-headers.yaml -Xcc -iquote -Xcc /Users/admin/builder/spi-builder-workspace/.derivedData/Build/Intermediates.noindex/KYNearbyService.build/Debug/KYNearbyService.build/KYNearbyService-project-headers.hmap -Xcc -I/Users/admin/builder/spi-builder-workspace/.dependencies/checkouts/KYLogger/KYLogger/SourcesObjC/include -Xcc -I/Users/admin/builder/spi-builder-workspace/.derivedData/Build/Products/Debug/include -Xcc -I/Users/admin/builder/spi-builder-workspace/.derivedData/Build/Intermediates.noindex/KYNearbyService.build/Debug/KYNearbyService.build/DerivedSources-normal/arm64 -Xcc -I/Users/admin/builder/spi-builder-workspace/.derivedData/Build/Intermediates.noindex/KYNearbyService.build/Debug/KYNearbyService.build/DerivedSources/arm64 -Xcc -I/Users/admin/builder/spi-builder-workspace/.derivedData/Build/Intermediates.noindex/KYNearbyService.build/Debug/KYNearbyService.build/DerivedSources -Xcc -DDEBUG\=1 -Xcc -DKY_NEARBY_SERVICE_FRAMEWORK\=1 -emit-objc-header -emit-objc-header-path /Users/admin/builder/spi-builder-workspace/.derivedData/Build/Intermediates.noindex/KYNearbyService.build/Debug/KYNearbyService.build/Objects-normal/arm64/KYNearbyService-Swift.h -import-underlying-module -Xcc -ivfsoverlay -Xcc /Users/admin/builder/spi-builder-workspace/.derivedData/Build/Intermediates.noindex/KYNearbyService.build/Debug/KYNearbyService.build/unextended-module-overlay.yaml -working-directory /Users/admin/builder/spi-builder-workspace -experimental-emit-module-separately -disable-cmo
SwiftEmitModule normal arm64 Emitting\ module\ for\ KYNearbyService (in target 'KYNearbyService' from project 'KYNearbyService')
EmitSwiftModule normal arm64 (in target 'KYNearbyService' from project 'KYNearbyService')
    cd /Users/admin/builder/spi-builder-workspace

/Users/admin/builder/spi-builder-workspace/KYNearbyService/Sources/KYNearbyService/KYNearbyService+ReceivedFile.swift:10:8: error: compiling for macOS 11.0, but module 'KYLogger' has a minimum deployment target of macOS 12.0: /Users/admin/builder/spi-builder-workspace/.derivedData/Build/Products/Debug/KYLogger.swiftmodule/arm64-apple-macos.swiftmodule
import KYLogger
       ^
<unknown>:0: warning: upcoming feature 'InferSendableFromCaptures' is already enabled as of Swift version 6
<unknown>:0: warning: upcoming feature 'GlobalActorIsolatedTypesUsability' is already enabled as of Swift version 6
<unknown>:0: warning: upcoming feature 'DisableOutwardActorInference' is already enabled as of Swift version 6
Error opening -stats-output-dir file '/Users/admin/builder/spi-builder-workspace/.stats/stats-1790729567317896-swift-frontend-KYNearbyService-all-arm64_apple_macos11.0-swiftmodule-Onone-3661459430.json' for writing
===-------------------------------------------------------------------------===
                               Swift compilation
===-------------------------------------------------------------------------===
  Total Execution Time: 6.0101 seconds (10.3214 wall clock)
   ---User Time---   --System Time--   --User+System--   ---Wall Time---  --- Name ---
   2.0921 ( 46.0%)   0.6909 ( 47.2%)   2.7830 ( 46.3%)   4.9349 ( 47.8%)  parse-and-resolve-imports
   2.0901 ( 46.0%)   0.6883 ( 47.1%)   2.7784 ( 46.2%)   4.9291 ( 47.8%)  Import resolution
   0.0873 (  1.9%)   0.0190 (  1.3%)   0.1063 (  1.8%)   0.1087 (  1.1%)  perform-sema
   0.0868 (  1.9%)   0.0189 (  1.3%)   0.1057 (  1.8%)   0.1081 (  1.0%)  Type checking and Semantic analysis
   0.0863 (  1.9%)   0.0186 (  1.3%)   0.1048 (  1.7%)   0.1073 (  1.0%)  typecheck-decl
   0.0399 (  0.9%)   0.0054 (  0.4%)   0.0452 (  0.8%)   0.0461 (  0.4%)  typecheck-expr
   0.0138 (  0.3%)   0.0099 (  0.7%)   0.0237 (  0.4%)   0.0243 (  0.2%)  load-stdlib
   0.0201 (  0.4%)   0.0025 (  0.2%)   0.0225 (  0.4%)   0.0225 (  0.2%)  typecheck-stmt
   0.0161 (  0.4%)   0.0022 (  0.1%)   0.0183 (  0.3%)   0.0183 (  0.2%)  precheck-target
   0.0058 (  0.1%)   0.0061 (  0.4%)   0.0120 (  0.2%)   0.0120 (  0.1%)  import-clang-decl
   0.0089 (  0.2%)   0.0009 (  0.1%)   0.0098 (  0.2%)   0.0099 (  0.1%)  build-rewrite-system
   0.0002 (  0.0%)   0.0000 (  0.0%)   0.0002 (  0.0%)   0.0002 (  0.0%)  perform-whole-module-type-checking
   0.0000 (  0.0%)   0.0000 (  0.0%)   0.0001 (  0.0%)   0.0001 (  0.0%)  load-all-members
   0.0000 (  0.0%)   0.0000 (  0.0%)   0.0000 (  0.0%)   0.0000 (  0.0%)  associated-type-inference
   0.0000 (  0.0%)   0.0000 (  0.0%)   0.0000 (  0.0%)   0.0000 (  0.0%)  module-populate-cache
   0.0000 (  0.0%)   0.0000 (  0.0%)   0.0000 (  0.0%)   0.0000 (  0.0%)  source-file-populate-cache
   0.0000 (  0.0%)   0.0000 (  0.0%)   0.0000 (  0.0%)   0.0000 (  0.0%)  AST verification
   4.5474 (100.0%)   1.4627 (100.0%)   6.0101 (100.0%)  10.3214 (100.0%)  Total
===-------------------------------------------------------------------------===
                                Running Program
===-------------------------------------------------------------------------===
  Total Execution Time: 2.9153 seconds (5.0702 wall clock)
   ---User Time---   --System Time--   --User+System--   ---Wall Time---  --- Name ---
   2.1938 (100.0%)   0.7215 (100.0%)   2.9153 (100.0%)   5.0702 (100.0%)  Building Target
   2.1938 (100.0%)   0.7215 (100.0%)   2.9153 (100.0%)   5.0702 (100.0%)  Total
Failed frontend command:
/Applications/Xcode-16.3.0.app/Contents/Developer/Toolchains/XcodeDefault.xctoolchain/usr/bin/swift-frontend -frontend -emit-module -experimental-skip-non-inlinable-function-bodies-without-types /Users/admin/builder/spi-builder-workspace/KYNearbyService/Sources/KYNearbyService/KYNearbyService+Connection.swift /Users/admin/builder/spi-builder-workspace/KYNearbyService/Sources/KYNearbyConnectionView/KYNearbyConnectionView.swift /Users/admin/builder/spi-builder-workspace/KYNearbyService/Sources/KYNearbyService/KYNearbyService+ReceivedFile.swift /Users/admin/builder/spi-builder-workspace/KYNearbyService/Sources/KYNearbyConnectionView/Extensions/View+KYNearbyConnectionView.swift /Users/admin/builder/spi-builder-workspace/KYNearbyService/Sources/KYNearbyConnectionView/Extensions/Animation+KYNearbyConnectionView.swift /Users/admin/builder/spi-builder-workspace/KYNearbyService/Sources/KYNearbyConnectionView/ViewModel/KYNearbyConnectionViewModel+Event.swift /Users/admin/builder/spi-builder-workspace/KYNearbyService/Sources/KYNearbyService/Internal/KYNearbyService+MCSessionDelegate.swift /Users/admin/builder/spi-builder-workspace/KYNearbyService/Sources/KYNearbyService/KYNearbyService+ErrorAlert.swift /Users/admin/builder/spi-builder-workspace/KYNearbyService/Sources/KYNearbyConnectionView/PeerCell/KYNearbyConnectionPeerCell.swift /Users/admin/builder/spi-builder-workspace/KYNearbyService/Sources/KYNearbyConnectionView/KYNearbyConnectionViewConstants.swift /Users/admin/builder/spi-builder-workspace/KYNearbyService/Sources/KYNearbyService/KYNearbyService.swift /Users/admin/builder/spi-builder-workspace/KYNearbyService/Sources/KYNearbyService/KYNearbyService+Sending.swift /Users/admin/builder/spi-builder-workspace/KYNearbyService/Sources/KYNearbyConnectionView/ViewModel/Theme/KYNearbyConnectionViewTheme.swift /Users/admin/builder/spi-builder-workspace/KYNearbyService/Sources/KYNearbyService/Internal/KYNearbyService+Internal.swift /Users/admin/builder/spi-builder-workspace/KYNearbyService/Sources/KYNearbyConnectionView/ViewModel/KYNearbyConnectionViewModel+Notification.swift /Users/admin/builder/spi-builder-workspace/KYNearbyService/Sources/KYNearbyService/Internal/KYNearbyService+MCNearbyServiceBrowserDelegate.swift /Users/admin/builder/spi-builder-workspace/KYNearbyService/Sources/KYNearbyService/KYNearbyServiceConfiguration.swift /Users/admin/builder/spi-builder-workspace/KYNearbyService/Sources/KYNearbyService/KYNearbyServiceConstants.swift /Users/admin/builder/spi-builder-workspace/KYNearbyService/Sources/KYNearbyService/Model/KYNearbyPeerModel.swift /Users/admin/builder/spi-builder-workspace/KYNearbyService/Sources/Localizations/KYNearbyServiceLocalizations.swift /Users/admin/builder/spi-builder-workspace/KYNearbyService/Sources/KYNearbyConnectionView/PeerCell/KYNearbyConnectionPeerCell+Actions.swift /Users/admin/builder/spi-builder-workspace/KYNearbyService/Sources/KYNearbyConnectionView/ViewModel/KYNearbyConnectionViewModel.swift /Users/admin/builder/spi-builder-workspace/KYNearbyService/Sources/KYNearbyService/Model/KYNearbyPeerModel+Debug.swift /Users/admin/builder/spi-builder-workspace/KYNearbyService/Sources/KYNearbyService/KYNearbyService+Debug.swift /Users/admin/builder/spi-builder-workspace/KYNearbyService/Sources/KYNearbyService/KYNearbyService+Visibility.swift /Users/admin/builder/spi-builder-workspace/KYNearbyService/Sources/KYNearbyService/Internal/KYNearbyService+MCNearbyServiceAdvertiserDelegate.swift -target arm64-apple-macos11.0 -Xllvm -aarch64-use-tbi -enable-objc-interop -stack-check -sdk /Applications/Xcode-16.3.0.app/Contents/Developer/Platforms/MacOSX.platform/Developer/SDKs/MacOSX15.4.sdk -I /Users/admin/builder/spi-builder-workspace/.derivedData/Build/Products/Debug -F /Users/admin/builder/spi-builder-workspace/.derivedData/Build/Products/Debug/PackageFrameworks -F /Users/admin/builder/spi-builder-workspace/.derivedData/Build/Products/Debug/PackageFrameworks -F /Users/admin/builder/spi-builder-workspace/.derivedData/Build/Products/Debug -no-color-diagnostics -enable-testing -g -debug-info-format\=dwarf -dwarf-version\=4 -import-underlying-module -module-cache-path /Users/admin/builder/spi-builder-workspace/.derivedData/ModuleCache.noindex -profile-generate -profile-coverage-mapping -swift-version 6 -enforce-exclusivity\=checked -stats-output-dir /Users/admin/builder/spi-builder-workspace/.stats -Onone -D DEBUG -D KY_NEARBY_SERVICE_FRAMEWORK -serialize-debugging-options -const-gather-protocols-file /Users/admin/builder/spi-builder-workspace/.derivedData/Build/Intermediates.noindex/KYNearbyService.build/Debug/KYNearbyService.build/Objects-normal/arm64/KYNearbyService_const_extract_protocols.json -enable-upcoming-feature StrictConcurrency -enable-upcoming-feature DisableOutwardActorInference -enable-upcoming-feature GlobalActorIsolatedTypesUsability -enable-upcoming-feature InferSendableFromCaptures -enable-experimental-feature DebugDescriptionMacro -strict-concurrency\=complete -empty-abi-descriptor -validate-clang-modules-once -clang-build-session-file /Users/admin/builder/spi-builder-workspace/.derivedData/ModuleCache.noindex/Session.modulevalidation -Xcc -working-directory -Xcc /Users/admin/builder/spi-builder-workspace -resource-dir /Applications/Xcode-16.3.0.app/Contents/Developer/Toolchains/XcodeDefault.xctoolchain/usr/lib/swift -enable-anonymous-context-mangled-names -file-compilation-dir /Users/admin/builder/spi-builder-workspace -Xcc -fmodule-map-file\=/Users/admin/builder/spi-builder-workspace/.derivedData/Build/Intermediates.noindex/GeneratedModuleMaps/KYLoggerObjC.modulemap -Xcc -ivfsstatcache -Xcc /Users/admin/builder/spi-builder-workspace/.derivedData/SDKStatCaches.noindex/macosx15.4-24E241-8287b8f5db97e746a1562fbca0c9d29b.sdkstatcache -Xcc -I/Users/admin/builder/spi-builder-workspace/.derivedData/Build/Intermediates.noindex/KYNearbyService.build/Debug/KYNearbyService.build/swift-overrides.hmap -Xcc -iquote -Xcc /Users/admin/builder/spi-builder-workspace/.derivedData/Build/Intermediates.noindex/KYNearbyService.build/Debug/KYNearbyService.build/KYNearbyService-generated-files.hmap -Xcc -I/Users/admin/builder/spi-builder-workspace/.derivedData/Build/Intermediates.noindex/KYNearbyService.build/Debug/KYNearbyService.build/KYNearbyService-own-target-headers.hmap -Xcc -I/Users/admin/builder/spi-builder-workspace/.derivedData/Build/Intermediates.noindex/KYNearbyService.build/Debug/KYNearbyService.build/KYNearbyService-all-non-framework-target-headers.hmap -Xcc -ivfsoverlay -Xcc /Users/admin/builder/spi-builder-workspace/.derivedData/Build/Intermediates.noindex/KYNearbyService.build/Debug/KYNearbyService-3aff440e96121122b2d5cfb025bd4b0e-VFS/all-product-headers.yaml -Xcc -iquote -Xcc /Users/admin/builder/spi-builder-workspace/.derivedData/Build/Intermediates.noindex/KYNearbyService.build/Debug/KYNearbyService.build/KYNearbyService-project-headers.hmap -Xcc -I/Users/admin/builder/spi-builder-workspace/.dependencies/checkouts/KYLogger/KYLogger/SourcesObjC/include -Xcc -I/Users/admin/builder/spi-builder-workspace/.derivedData/Build/Products/Debug/include -Xcc -I/Users/admin/builder/spi-builder-workspace/.derivedData/Build/Intermediates.noindex/KYNearbyService.build/Debug/KYNearbyService.build/DerivedSources-normal/arm64 -Xcc -I/Users/admin/builder/spi-builder-workspace/.derivedData/Build/Intermediates.noindex/KYNearbyService.build/Debug/KYNearbyService.build/DerivedSources/arm64 -Xcc -I/Users/admin/builder/spi-builder-workspace/.derivedData/Build/Intermediates.noindex/KYNearbyService.build/Debug/KYNearbyService.build/DerivedSources -Xcc -DDEBUG\=1 -Xcc -DKY_NEARBY_SERVICE_FRAMEWORK\=1 -Xcc -ivfsoverlay -Xcc /Users/admin/builder/spi-builder-workspace/.derivedData/Build/Intermediates.noindex/KYNearbyService.build/Debug/KYNearbyService.build/unextended-module-overlay.yaml -module-name KYNearbyService -frontend-parseable-output -disable-clang-spi -target-sdk-version 15.4 -target-sdk-name macosx15.4 -external-plugin-path /Applications/Xcode-16.3.0.app/Contents/Developer/Platforms/MacOSX.platform/Developer/usr/lib/swift/host/plugins\#/Applications/Xcode-16.3.0.app/Contents/Developer/Platforms/MacOSX.platform/Developer/usr/bin/swift-plugin-server -external-plugin-path /Applications/Xcode-16.3.0.app/Contents/Developer/Platforms/MacOSX.platform/Developer/usr/local/lib/swift/host/plugins\#/Applications/Xcode-16.3.0.app/Contents/Developer/Platforms/MacOSX.platform/Developer/usr/bin/swift-plugin-server -in-process-plugin-server-path /Applications/Xcode-16.3.0.app/Contents/Developer/Toolchains/XcodeDefault.xctoolchain/usr/lib/swift/host/libSwiftInProcPluginServer.dylib -plugin-path /Applications/Xcode-16.3.0.app/Contents/Developer/Toolchains/XcodeDefault.xctoolchain/usr/lib/swift/host/plugins -plugin-path /Applications/Xcode-16.3.0.app/Contents/Developer/Toolchains/XcodeDefault.xctoolchain/usr/local/lib/swift/host/plugins -emit-module-doc-path /Users/admin/builder/spi-builder-workspace/.derivedData/Build/Intermediates.noindex/KYNearbyService.build/Debug/KYNearbyService.build/Objects-normal/arm64/KYNearbyService.swiftdoc -emit-module-source-info-path /Users/admin/builder/spi-builder-workspace/.derivedData/Build/Intermediates.noindex/KYNearbyService.build/Debug/KYNearbyService.build/Objects-normal/arm64/KYNearbyService.swiftsourceinfo -emit-objc-header-path /Users/admin/builder/spi-builder-workspace/.derivedData/Build/Intermediates.noindex/KYNearbyService.build/Debug/KYNearbyService.build/Objects-normal/arm64/KYNearbyService-Swift.h -serialize-diagnostics-path /Users/admin/builder/spi-builder-workspace/.derivedData/Build/Intermediates.noindex/KYNearbyService.build/Debug/KYNearbyService.build/Objects-normal/arm64/KYNearbyService-master-emit-module.dia -emit-dependencies-path /Users/admin/builder/spi-builder-workspace/.derivedData/Build/Intermediates.noindex/KYNearbyService.build/Debug/KYNearbyService.build/Objects-normal/arm64/KYNearbyService-master-emit-module.d -o /Users/admin/builder/spi-builder-workspace/.derivedData/Build/Intermediates.noindex/KYNearbyService.build/Debug/KYNearbyService.build/Objects-normal/arm64/KYNearbyService.swiftmodule -emit-abi-descriptor-path /Users/admin/builder/spi-builder-workspace/.derivedData/Build/Intermediates.noindex/KYNearbyService.build/Debug/KYNearbyService.build/Objects-normal/arm64/KYNearbyService.abi.json
SwiftCompile normal arm64 Compiling\ KYNearbyConnectionViewTheme.swift,\ KYNearbyService+Internal.swift,\ KYNearbyConnectionViewModel+Notification.swift /Users/admin/builder/spi-builder-workspace/KYNearbyService/Sources/KYNearbyConnectionView/ViewModel/Theme/KYNearbyConnectionViewTheme.swift /Users/admin/builder/spi-builder-workspace/KYNearbyService/Sources/KYNearbyService/Internal/KYNearbyService+Internal.swift /Users/admin/builder/spi-builder-workspace/KYNearbyService/Sources/KYNearbyConnectionView/ViewModel/KYNearbyConnectionViewModel+Notification.swift (in target 'KYNearbyService' from project 'KYNearbyService')
SwiftCompile normal arm64 /Users/admin/builder/spi-builder-workspace/KYNearbyService/Sources/KYNearbyConnectionView/ViewModel/Theme/KYNearbyConnectionViewTheme.swift (in target 'KYNearbyService' from project 'KYNearbyService')
    cd /Users/admin/builder/spi-builder-workspace

SwiftCompile normal arm64 /Users/admin/builder/spi-builder-workspace/KYNearbyService/Sources/KYNearbyService/Internal/KYNearbyService+Internal.swift (in target 'KYNearbyService' from project 'KYNearbyService')
    cd /Users/admin/builder/spi-builder-workspace

SwiftCompile normal arm64 /Users/admin/builder/spi-builder-workspace/KYNearbyService/Sources/KYNearbyConnectionView/ViewModel/KYNearbyConnectionViewModel+Notification.swift (in target 'KYNearbyService' from project 'KYNearbyService')
    cd /Users/admin/builder/spi-builder-workspace

<unknown>:0: warning: upcoming feature 'InferSendableFromCaptures' is already enabled as of Swift version 6
<unknown>:0: warning: upcoming feature 'GlobalActorIsolatedTypesUsability' is already enabled as of Swift version 6
<unknown>:0: warning: upcoming feature 'DisableOutwardActorInference' is already enabled as of Swift version 6
PrecompileModule /Users/admin/builder/spi-builder-workspace/.derivedData/Build/Intermediates.noindex/ExplicitPrecompiledModules/DiskArbitration-26GJ78Q76NG0JAOPC26JLG9BI.scan
    cd /Users/admin/builder/spi-builder-workspace/KYNearbyService.xcodeproj
    builtin-precompileModule /Users/admin/builder/spi-builder-workspace/.derivedData/Build/Intermediates.noindex/ExplicitPrecompiledModules/DiskArbitration-26GJ78Q76NG0JAOPC26JLG9BI.scan
SwiftDriverJobDiscovery normal arm64 Compiling KYFileLoggerError.swift (in target 'KYLogger' from project 'KYLogger')
PrecompileModule /Users/admin/builder/spi-builder-workspace/.derivedData/Build/Intermediates.noindex/ExplicitPrecompiledModules/CoreGraphics-5YT6ILE0N4XUM69FGGEAERQEN.scan
    cd /Users/admin/builder/spi-builder-workspace/KYNearbyService.xcodeproj
    builtin-precompileModule /Users/admin/builder/spi-builder-workspace/.derivedData/Build/Intermediates.noindex/ExplicitPrecompiledModules/CoreGraphics-5YT6ILE0N4XUM69FGGEAERQEN.scan
SwiftDriverJobDiscovery normal arm64 Compiling KYLog.swift (in target 'KYLogger' from project 'KYLogger')
SwiftCompile normal arm64 Compiling\ KYNearbyConnectionPeerCell+Actions.swift,\ KYNearbyConnectionViewModel.swift /Users/admin/builder/spi-builder-workspace/KYNearbyService/Sources/KYNearbyConnectionView/PeerCell/KYNearbyConnectionPeerCell+Actions.swift /Users/admin/builder/spi-builder-workspace/KYNearbyService/Sources/KYNearbyConnectionView/ViewModel/KYNearbyConnectionViewModel.swift (in target 'KYNearbyService' from project 'KYNearbyService')
SwiftCompile normal arm64 /Users/admin/builder/spi-builder-workspace/KYNearbyService/Sources/KYNearbyConnectionView/PeerCell/KYNearbyConnectionPeerCell+Actions.swift (in target 'KYNearbyService' from project 'KYNearbyService')
    cd /Users/admin/builder/spi-builder-workspace

SwiftCompile normal arm64 /Users/admin/builder/spi-builder-workspace/KYNearbyService/Sources/KYNearbyConnectionView/ViewModel/KYNearbyConnectionViewModel.swift (in target 'KYNearbyService' from project 'KYNearbyService')
    cd /Users/admin/builder/spi-builder-workspace

<unknown>:0: warning: upcoming feature 'InferSendableFromCaptures' is already enabled as of Swift version 6
<unknown>:0: warning: upcoming feature 'GlobalActorIsolatedTypesUsability' is already enabled as of Swift version 6
<unknown>:0: warning: upcoming feature 'DisableOutwardActorInference' is already enabled as of Swift version 6
SwiftDriverJobDiscovery normal arm64 Compiling KYFileLoggerConfig.swift (in target 'KYLogger' from project 'KYLogger')
SwiftCompile normal arm64 Compiling\ KYNearbyService+MCSessionDelegate.swift,\ KYNearbyService+ErrorAlert.swift,\ KYNearbyConnectionPeerCell.swift /Users/admin/builder/spi-builder-workspace/KYNearbyService/Sources/KYNearbyService/Internal/KYNearbyService+MCSessionDelegate.swift /Users/admin/builder/spi-builder-workspace/KYNearbyService/Sources/KYNearbyService/KYNearbyService+ErrorAlert.swift /Users/admin/builder/spi-builder-workspace/KYNearbyService/Sources/KYNearbyConnectionView/PeerCell/KYNearbyConnectionPeerCell.swift (in target 'KYNearbyService' from project 'KYNearbyService')
<unknown>:0: warning: upcoming feature 'InferSendableFromCaptures' is already enabled as of Swift version 6
<unknown>:0: warning: upcoming feature 'GlobalActorIsolatedTypesUsability' is already enabled as of Swift version 6
<unknown>:0: warning: upcoming feature 'DisableOutwardActorInference' is already enabled as of Swift version 6
SwiftCompile normal arm64 /Users/admin/builder/spi-builder-workspace/KYNearbyService/Sources/KYNearbyService/Internal/KYNearbyService+MCSessionDelegate.swift (in target 'KYNearbyService' from project 'KYNearbyService')
    cd /Users/admin/builder/spi-builder-workspace

SwiftCompile normal arm64 /Users/admin/builder/spi-builder-workspace/KYNearbyService/Sources/KYNearbyService/KYNearbyService+ErrorAlert.swift (in target 'KYNearbyService' from project 'KYNearbyService')
    cd /Users/admin/builder/spi-builder-workspace

SwiftCompile normal arm64 /Users/admin/builder/spi-builder-workspace/KYNearbyService/Sources/KYNearbyConnectionView/PeerCell/KYNearbyConnectionPeerCell.swift (in target 'KYNearbyService' from project 'KYNearbyService')
    cd /Users/admin/builder/spi-builder-workspace

SwiftDriverJobDiscovery normal arm64 Compiling KYLogType.swift (in target 'KYLogger' from project 'KYLogger')
SwiftCompile normal arm64 Compiling\ View+KYNearbyConnectionView.swift,\ Animation+KYNearbyConnectionView.swift,\ KYNearbyConnectionViewModel+Event.swift /Users/admin/builder/spi-builder-workspace/KYNearbyService/Sources/KYNearbyConnectionView/Extensions/View+KYNearbyConnectionView.swift /Users/admin/builder/spi-builder-workspace/KYNearbyService/Sources/KYNearbyConnectionView/Extensions/Animation+KYNearbyConnectionView.swift /Users/admin/builder/spi-builder-workspace/KYNearbyService/Sources/KYNearbyConnectionView/ViewModel/KYNearbyConnectionViewModel+Event.swift (in target 'KYNearbyService' from project 'KYNearbyService')
<unknown>:0: warning: upcoming feature 'InferSendableFromCaptures' is already enabled as of Swift version 6
<unknown>:0: warning: upcoming feature 'GlobalActorIsolatedTypesUsability' is already enabled as of Swift version 6
<unknown>:0: warning: upcoming feature 'DisableOutwardActorInference' is already enabled as of Swift version 6
SwiftCompile normal arm64 /Users/admin/builder/spi-builder-workspace/KYNearbyService/Sources/KYNearbyConnectionView/Extensions/View+KYNearbyConnectionView.swift (in target 'KYNearbyService' from project 'KYNearbyService')
    cd /Users/admin/builder/spi-builder-workspace

SwiftCompile normal arm64 /Users/admin/builder/spi-builder-workspace/KYNearbyService/Sources/KYNearbyConnectionView/Extensions/Animation+KYNearbyConnectionView.swift (in target 'KYNearbyService' from project 'KYNearbyService')
    cd /Users/admin/builder/spi-builder-workspace

SwiftCompile normal arm64 /Users/admin/builder/spi-builder-workspace/KYNearbyService/Sources/KYNearbyConnectionView/ViewModel/KYNearbyConnectionViewModel+Event.swift (in target 'KYNearbyService' from project 'KYNearbyService')
    cd /Users/admin/builder/spi-builder-workspace

SwiftDriverJobDiscovery normal arm64 Compiling KYFileLogger.swift (in target 'KYLogger' from project 'KYLogger')
SwiftCompile normal arm64 Compiling\ KYNearbyConnectionViewConstants.swift,\ KYNearbyService.swift,\ KYNearbyService+Sending.swift /Users/admin/builder/spi-builder-workspace/KYNearbyService/Sources/KYNearbyConnectionView/KYNearbyConnectionViewConstants.swift /Users/admin/builder/spi-builder-workspace/KYNearbyService/Sources/KYNearbyService/KYNearbyService.swift /Users/admin/builder/spi-builder-workspace/KYNearbyService/Sources/KYNearbyService/KYNearbyService+Sending.swift (in target 'KYNearbyService' from project 'KYNearbyService')
SwiftCompile normal arm64 /Users/admin/builder/spi-builder-workspace/KYNearbyService/Sources/KYNearbyConnectionView/KYNearbyConnectionViewConstants.swift (in target 'KYNearbyService' from project 'KYNearbyService')
    cd /Users/admin/builder/spi-builder-workspace

SwiftCompile normal arm64 /Users/admin/builder/spi-builder-workspace/KYNearbyService/Sources/KYNearbyService/KYNearbyService.swift (in target 'KYNearbyService' from project 'KYNearbyService')
    cd /Users/admin/builder/spi-builder-workspace

SwiftCompile normal arm64 /Users/admin/builder/spi-builder-workspace/KYNearbyService/Sources/KYNearbyService/KYNearbyService+Sending.swift (in target 'KYNearbyService' from project 'KYNearbyService')
    cd /Users/admin/builder/spi-builder-workspace

<unknown>:0: warning: upcoming feature 'InferSendableFromCaptures' is already enabled as of Swift version 6
<unknown>:0: warning: upcoming feature 'GlobalActorIsolatedTypesUsability' is already enabled as of Swift version 6
<unknown>:0: warning: upcoming feature 'DisableOutwardActorInference' is already enabled as of Swift version 6
SwiftDriverJobDiscovery normal arm64 Compiling KYFileLogger+Session.swift (in target 'KYLogger' from project 'KYLogger')
SwiftCompile normal arm64 Compiling\ KYNearbyService+Visibility.swift,\ KYNearbyService+MCNearbyServiceAdvertiserDelegate.swift /Users/admin/builder/spi-builder-workspace/KYNearbyService/Sources/KYNearbyService/KYNearbyService+Visibility.swift /Users/admin/builder/spi-builder-workspace/KYNearbyService/Sources/KYNearbyService/Internal/KYNearbyService+MCNearbyServiceAdvertiserDelegate.swift (in target 'KYNearbyService' from project 'KYNearbyService')
<unknown>:0: warning: upcoming feature 'InferSendableFromCaptures' is already enabled as of Swift version 6
<unknown>:0: warning: upcoming feature 'GlobalActorIsolatedTypesUsability' is already enabled as of Swift version 6
<unknown>:0: warning: upcoming feature 'DisableOutwardActorInference' is already enabled as of Swift version 6
SwiftCompile normal arm64 /Users/admin/builder/spi-builder-workspace/KYNearbyService/Sources/KYNearbyService/KYNearbyService+Visibility.swift (in target 'KYNearbyService' from project 'KYNearbyService')
    cd /Users/admin/builder/spi-builder-workspace

SwiftCompile normal arm64 /Users/admin/builder/spi-builder-workspace/KYNearbyService/Sources/KYNearbyService/Internal/KYNearbyService+MCNearbyServiceAdvertiserDelegate.swift (in target 'KYNearbyService' from project 'KYNearbyService')
    cd /Users/admin/builder/spi-builder-workspace

SwiftCompile normal arm64 Compiling\ KYNearbyPeerModel+Debug.swift,\ KYNearbyService+Debug.swift /Users/admin/builder/spi-builder-workspace/KYNearbyService/Sources/KYNearbyService/Model/KYNearbyPeerModel+Debug.swift /Users/admin/builder/spi-builder-workspace/KYNearbyService/Sources/KYNearbyService/KYNearbyService+Debug.swift (in target 'KYNearbyService' from project 'KYNearbyService')
<unknown>:0: warning: upcoming feature 'InferSendableFromCaptures' is already enabled as of Swift version 6
<unknown>:0: warning: upcoming feature 'GlobalActorIsolatedTypesUsability' is already enabled as of Swift version 6
<unknown>:0: warning: upcoming feature 'DisableOutwardActorInference' is already enabled as of Swift version 6
SwiftCompile normal arm64 /Users/admin/builder/spi-builder-workspace/KYNearbyService/Sources/KYNearbyService/Model/KYNearbyPeerModel+Debug.swift (in target 'KYNearbyService' from project 'KYNearbyService')
    cd /Users/admin/builder/spi-builder-workspace

SwiftCompile normal arm64 /Users/admin/builder/spi-builder-workspace/KYNearbyService/Sources/KYNearbyService/KYNearbyService+Debug.swift (in target 'KYNearbyService' from project 'KYNearbyService')
    cd /Users/admin/builder/spi-builder-workspace

SwiftDriverJobDiscovery normal arm64 Compiling KYFileLogger+LogDetails.swift (in target 'KYLogger' from project 'KYLogger')
SwiftDriverJobDiscovery normal arm64 Compiling KYFileLogger+FolderNFile.swift (in target 'KYLogger' from project 'KYLogger')
SwiftCompile normal arm64 Compiling\ KYNearbyService+Connection.swift,\ KYNearbyConnectionView.swift,\ KYNearbyService+ReceivedFile.swift /Users/admin/builder/spi-builder-workspace/KYNearbyService/Sources/KYNearbyService/KYNearbyService+Connection.swift /Users/admin/builder/spi-builder-workspace/KYNearbyService/Sources/KYNearbyConnectionView/KYNearbyConnectionView.swift /Users/admin/builder/spi-builder-workspace/KYNearbyService/Sources/KYNearbyService/KYNearbyService+ReceivedFile.swift (in target 'KYNearbyService' from project 'KYNearbyService')
<unknown>:0: warning: upcoming feature 'InferSendableFromCaptures' is already enabled as of Swift version 6
<unknown>:0: warning: upcoming feature 'GlobalActorIsolatedTypesUsability' is already enabled as of Swift version 6
<unknown>:0: warning: upcoming feature 'DisableOutwardActorInference' is already enabled as of Swift version 6
SwiftCompile normal arm64 /Users/admin/builder/spi-builder-workspace/KYNearbyService/Sources/KYNearbyService/KYNearbyService+Connection.swift (in target 'KYNearbyService' from project 'KYNearbyService')
    cd /Users/admin/builder/spi-builder-workspace

SwiftCompile normal arm64 /Users/admin/builder/spi-builder-workspace/KYNearbyService/Sources/KYNearbyConnectionView/KYNearbyConnectionView.swift (in target 'KYNearbyService' from project 'KYNearbyService')
    cd /Users/admin/builder/spi-builder-workspace

SwiftCompile normal arm64 /Users/admin/builder/spi-builder-workspace/KYNearbyService/Sources/KYNearbyService/KYNearbyService+ReceivedFile.swift (in target 'KYNearbyService' from project 'KYNearbyService')
    cd /Users/admin/builder/spi-builder-workspace

PrecompileModule /Users/admin/builder/spi-builder-workspace/.derivedData/Build/Intermediates.noindex/ExplicitPrecompiledModules/CoreServices-43XOBB2OXBT19S6RZOMKPDKC1.scan
    cd /Users/admin/builder/spi-builder-workspace/KYNearbyService.xcodeproj
    builtin-precompileModule /Users/admin/builder/spi-builder-workspace/.derivedData/Build/Intermediates.noindex/ExplicitPrecompiledModules/CoreServices-43XOBB2OXBT19S6RZOMKPDKC1.scan
SwiftCompile normal arm64 Compiling\ KYNearbyPeerModel.swift,\ KYNearbyServiceLocalizations.swift /Users/admin/builder/spi-builder-workspace/KYNearbyService/Sources/KYNearbyService/Model/KYNearbyPeerModel.swift /Users/admin/builder/spi-builder-workspace/KYNearbyService/Sources/Localizations/KYNearbyServiceLocalizations.swift (in target 'KYNearbyService' from project 'KYNearbyService')
<unknown>:0: warning: upcoming feature 'InferSendableFromCaptures' is already enabled as of Swift version 6
<unknown>:0: warning: upcoming feature 'GlobalActorIsolatedTypesUsability' is already enabled as of Swift version 6
<unknown>:0: warning: upcoming feature 'DisableOutwardActorInference' is already enabled as of Swift version 6
SwiftCompile normal arm64 /Users/admin/builder/spi-builder-workspace/KYNearbyService/Sources/KYNearbyService/Model/KYNearbyPeerModel.swift (in target 'KYNearbyService' from project 'KYNearbyService')
    cd /Users/admin/builder/spi-builder-workspace

SwiftCompile normal arm64 /Users/admin/builder/spi-builder-workspace/KYNearbyService/Sources/Localizations/KYNearbyServiceLocalizations.swift (in target 'KYNearbyService' from project 'KYNearbyService')
    cd /Users/admin/builder/spi-builder-workspace

PrecompileModule /Users/admin/builder/spi-builder-workspace/.derivedData/Build/Intermediates.noindex/ExplicitPrecompiledModules/Foundation-27ZGTO8R180JETUEF4WOEI3LQ.scan
    cd /Users/admin/builder/spi-builder-workspace/KYNearbyService.xcodeproj
    builtin-precompileModule /Users/admin/builder/spi-builder-workspace/.derivedData/Build/Intermediates.noindex/ExplicitPrecompiledModules/Foundation-27ZGTO8R180JETUEF4WOEI3LQ.scan
warning: Run script build phase 'Run Script (Swift Lint)' will be run during every build because it does not specify any outputs. To address this issue, either add output dependencies to the script phase, or configure it to run in every build by unchecking "Based on dependency analysis" in the script phase. (in target 'KYNearbyService' from project 'KYNearbyService')
--- xcodebuild: WARNING: Using the first of multiple matching destinations:
{ platform:macOS, arch:arm64, id:e3e6c6939ea118aae07674dcb5830294abdda681, name:My Mac }
{ platform:macOS, arch:arm64, variant:Mac Catalyst, id:e3e6c6939ea118aae07674dcb5830294abdda681, name:My Mac }
{ platform:macOS, arch:arm64, variant:Designed for [iPad,iPhone], id:e3e6c6939ea118aae07674dcb5830294abdda681, name:My Mac }
** BUILD FAILED **
The following build commands failed:
	EmitSwiftModule normal arm64 (in target 'KYNearbyService' from project 'KYNearbyService')
	SwiftEmitModule normal arm64 Emitting\ module\ for\ KYNearbyService (in target 'KYNearbyService' from project 'KYNearbyService')
	Building project KYNearbyService with scheme KYNearbyService
(3 failures)
Command line invocation:
    /Applications/Xcode-16.3.0.app/Contents/Developer/usr/bin/xcodebuild -IDEClonedSourcePackagesDirPathOverride=/Users/admin/builder/spi-builder-workspace/.dependencies -resolvePackageDependencies
Resolve Package Graph
Resolved source packages:
  KYLogger: https://github.com/Kjuly/KYLogger.git @ main (925cdb9)
resolved source packages: KYLogger
{
  "default_localization" : "en",
  "dependencies" : [
    {
      "identity" : "kylogger",
      "requirement" : {
        "branch" : [
          "main"
        ]
      },
      "type" : "sourceControl",
      "url" : "https://github.com/Kjuly/KYLogger.git"
    }
  ],
  "manifest_display_name" : "KYNearbyService",
  "name" : "KYNearbyService",
  "path" : "/Users/admin/builder/spi-builder-workspace",
  "platforms" : [
    {
      "name" : "ios",
      "version" : "16.0"
    },
    {
      "name" : "macos",
      "version" : "12.0"
    }
  ],
  "products" : [
    {
      "name" : "KYNearbyService",
      "targets" : [
        "KYNearbyService"
      ],
      "type" : {
        "library" : [
          "automatic"
        ]
      }
    }
  ],
  "targets" : [
    {
      "c99name" : "KYNearbyServiceTests",
      "module_type" : "SwiftTarget",
      "name" : "KYNearbyServiceTests",
      "path" : "KYNearbyServiceTests",
      "sources" : [
        "KYNearbyService/KYNearbyServiceConfigurationTests.swift",
        "KYNearbyService/KYNearbyServiceConstantsTests.swift",
        "KYNearbyService/KYNearbyService_ReceivedFileTests.swift"
      ],
      "target_dependencies" : [
        "KYNearbyService"
      ],
      "type" : "test"
    },
    {
      "c99name" : "KYNearbyService",
      "module_type" : "SwiftTarget",
      "name" : "KYNearbyService",
      "path" : "KYNearbyService/Sources",
      "product_dependencies" : [
        "KYLogger"
      ],
      "product_memberships" : [
        "KYNearbyService"
      ],
      "resources" : [
        {
          "path" : "/Users/admin/builder/spi-builder-workspace/KYNearbyService/Sources/Resources/en.lproj/KYNearbyServiceLocalizations.strings",
          "rule" : {
            "process" : {
              "localization" : "en"
            }
          }
        },
        {
          "path" : "/Users/admin/builder/spi-builder-workspace/KYNearbyService/Sources/Resources/zh-Hans.lproj/KYNearbyServiceLocalizations.strings",
          "rule" : {
            "process" : {
              "localization" : "zh-hans"
            }
          }
        }
      ],
      "sources" : [
        "KYNearbyConnectionView/Extensions/Animation+KYNearbyConnectionView.swift",
        "KYNearbyConnectionView/Extensions/View+KYNearbyConnectionView.swift",
        "KYNearbyConnectionView/KYNearbyConnectionView.swift",
        "KYNearbyConnectionView/KYNearbyConnectionViewConstants.swift",
        "KYNearbyConnectionView/PeerCell/KYNearbyConnectionPeerCell+Actions.swift",
        "KYNearbyConnectionView/PeerCell/KYNearbyConnectionPeerCell.swift",
        "KYNearbyConnectionView/ViewModel/KYNearbyConnectionViewModel+Event.swift",
        "KYNearbyConnectionView/ViewModel/KYNearbyConnectionViewModel+Notification.swift",
        "KYNearbyConnectionView/ViewModel/KYNearbyConnectionViewModel.swift",
        "KYNearbyConnectionView/ViewModel/Theme/KYNearbyConnectionViewTheme.swift",
        "KYNearbyService/Internal/KYNearbyService+Internal.swift",
        "KYNearbyService/Internal/KYNearbyService+MCNearbyServiceAdvertiserDelegate.swift",
        "KYNearbyService/Internal/KYNearbyService+MCNearbyServiceBrowserDelegate.swift",
        "KYNearbyService/Internal/KYNearbyService+MCSessionDelegate.swift",
        "KYNearbyService/KYNearbyService+Connection.swift",
        "KYNearbyService/KYNearbyService+Debug.swift",
        "KYNearbyService/KYNearbyService+ErrorAlert.swift",
        "KYNearbyService/KYNearbyService+ReceivedFile.swift",
        "KYNearbyService/KYNearbyService+Sending.swift",
        "KYNearbyService/KYNearbyService+Visibility.swift",
        "KYNearbyService/KYNearbyService.swift",
        "KYNearbyService/KYNearbyServiceConfiguration.swift",
        "KYNearbyService/KYNearbyServiceConstants.swift",
        "KYNearbyService/Model/KYNearbyPeerModel+Debug.swift",
        "KYNearbyService/Model/KYNearbyPeerModel.swift",
        "Localizations/KYNearbyServiceLocalizations.swift"
      ],
      "type" : "library"
    }
  ],
  "tools_version" : "5.7"
}
{
  "project" : {
    "configurations" : [
      "Debug",
      "Release"
    ],
    "name" : "KYNearbyService",
    "schemes" : [
      "KYNearbyService"
    ],
    "targets" : [
      "KYNearbyService",
      "KYNearbyServiceTests"
    ]
  }
}
Running build ...
env DEVELOPER_DIR=/Applications/Xcode-16.3.0.app xcrun xcodebuild -IDEClonedSourcePackagesDirPathOverride=$PWD/.dependencies -skipMacroValidation -skipPackagePluginValidation -derivedDataPath $PWD/.derivedData build -scheme KYNearbyService -destination platform=macOS,arch=arm64
Command line invocation:
    /Applications/Xcode-16.3.0.app/Contents/Developer/usr/bin/xcodebuild -IDEClonedSourcePackagesDirPathOverride=/Users/admin/builder/spi-builder-workspace/.dependencies -skipMacroValidation -skipPackagePluginValidation -derivedDataPath /Users/admin/builder/spi-builder-workspace/.derivedData build -scheme KYNearbyService -destination platform=macOS,arch=arm64
Resolve Package Graph
Resolved source packages:
  KYLogger: https://github.com/Kjuly/KYLogger.git @ main (925cdb9)
ComputePackagePrebuildTargetDependencyGraph
Prepare packages
CreateBuildRequest
SendProjectDescription
CreateBuildOperation
ComputeTargetDependencyGraph
note: Building targets in dependency order
note: Target dependency graph (4 targets)
    Target 'KYNearbyService' in project 'KYNearbyService'
        ➜ Explicit dependency on target 'KYLogger' in project 'KYLogger'
    Target 'KYLogger' in project 'KYLogger'
        ➜ Explicit dependency on target 'KYLogger' in project 'KYLogger'
        ➜ Explicit dependency on target 'KYLoggerObjC' in project 'KYLogger'
    Target 'KYLoggerObjC' in project 'KYLogger' (no dependencies)
    Target 'KYLogger' in project 'KYLogger' (no dependencies)
GatherProvisioningInputs
CreateBuildDescription
ExecuteExternalTool /Applications/Xcode-16.3.0.app/Contents/Developer/Toolchains/XcodeDefault.xctoolchain/usr/bin/clang -v -E -dM -arch arm64 -isysroot /Applications/Xcode-16.3.0.app/Contents/Developer/Platforms/MacOSX.platform/Developer/SDKs/MacOSX15.4.sdk -x objective-c -c /dev/null
ExecuteExternalTool /Applications/Xcode-16.3.0.app/Contents/Developer/Toolchains/XcodeDefault.xctoolchain/usr/bin/swiftc --version
ExecuteExternalTool /Applications/Xcode-16.3.0.app/Contents/Developer/Toolchains/XcodeDefault.xctoolchain/usr/bin/clang -v -E -dM -isysroot /Applications/Xcode-16.3.0.app/Contents/Developer/Platforms/MacOSX.platform/Developer/SDKs/MacOSX15.4.sdk -x c -c /dev/null
ExecuteExternalTool /Applications/Xcode-16.3.0.app/Contents/Developer/Toolchains/XcodeDefault.xctoolchain/usr/bin/clang -v -E -dM -arch arm64 -isysroot /Applications/Xcode-16.3.0.app/Contents/Developer/Platforms/MacOSX.platform/Developer/SDKs/MacOSX15.4.sdk -x c -c /dev/null
ExecuteExternalTool /Applications/Xcode-16.3.0.app/Contents/Developer/Toolchains/XcodeDefault.xctoolchain/usr/bin/ld -version_details
ReadFileContents /Applications/Xcode-16.3.0.app/Contents/Developer/Toolchains/XcodeDefault.xctoolchain/usr/share/docc/features.json
Build description signature: 01b2689de941d1b24c76f0a645e5141d
Build description path: /Users/admin/builder/spi-builder-workspace/.derivedData/Build/Intermediates.noindex/XCBuildData/01b2689de941d1b24c76f0a645e5141d.xcbuilddata
ClangStatCache /Applications/Xcode-16.3.0.app/Contents/Developer/Toolchains/XcodeDefault.xctoolchain/usr/bin/clang-stat-cache /Applications/Xcode-16.3.0.app/Contents/Developer/Platforms/MacOSX.platform/Developer/SDKs/MacOSX15.4.sdk /Users/admin/builder/spi-builder-workspace/.derivedData/SDKStatCaches.noindex/macosx15.4-24E241-8287b8f5db97e746a1562fbca0c9d29b.sdkstatcache
    cd /Users/admin/builder/spi-builder-workspace/KYNearbyService.xcodeproj
    /Applications/Xcode-16.3.0.app/Contents/Developer/Toolchains/XcodeDefault.xctoolchain/usr/bin/clang-stat-cache /Applications/Xcode-16.3.0.app/Contents/Developer/Platforms/MacOSX.platform/Developer/SDKs/MacOSX15.4.sdk -o /Users/admin/builder/spi-builder-workspace/.derivedData/SDKStatCaches.noindex/macosx15.4-24E241-8287b8f5db97e746a1562fbca0c9d29b.sdkstatcache
SwiftDriver KYLogger normal arm64 com.apple.xcode.tools.swift.compiler (in target 'KYLogger' from project 'KYLogger')
    cd /Users/admin/builder/spi-builder-workspace/KYNearbyService.xcodeproj
    builtin-SwiftDriver -- /Applications/Xcode-16.3.0.app/Contents/Developer/Toolchains/XcodeDefault.xctoolchain/usr/bin/swiftc -module-name KYLogger -Onone -enforce-exclusivity\=checked @/Users/admin/builder/spi-builder-workspace/.derivedData/Build/Intermediates.noindex/KYLogger.build/Debug/KYLogger.build/Objects-normal/arm64/KYLogger.SwiftFileList -DSWIFT_PACKAGE -DDEBUG -DXcode -plugin-path /Applications/Xcode-16.3.0.app/Contents/Developer/Toolchains/XcodeDefault.xctoolchain/usr/lib/swift/host/plugins/testing -enable-experimental-feature DebugDescriptionMacro -sdk /Applications/Xcode-16.3.0.app/Contents/Developer/Platforms/MacOSX.platform/Developer/SDKs/MacOSX15.4.sdk -target arm64-apple-macos12.0 -g -module-cache-path /Users/admin/builder/spi-builder-workspace/.derivedData/ModuleCache.noindex -Xfrontend -serialize-debugging-options -profile-coverage-mapping -profile-generate -enable-testing -suppress-warnings -index-store-path /Users/admin/builder/spi-builder-workspace/.derivedData/Index.noindex/DataStore -swift-version 5 -I /Users/admin/builder/spi-builder-workspace/.derivedData/Build/Products/Debug -I /Applications/Xcode-16.3.0.app/Contents/Developer/Platforms/MacOSX.platform/Developer/usr/lib -F /Users/admin/builder/spi-builder-workspace/.derivedData/Build/Products/Debug -F /Applications/Xcode-16.3.0.app/Contents/Developer/Platforms/MacOSX.platform/Developer/Library/Frameworks -c -j10 -enable-batch-mode -incremental -Xcc -ivfsstatcache -Xcc /Users/admin/builder/spi-builder-workspace/.derivedData/SDKStatCaches.noindex/macosx15.4-24E241-8287b8f5db97e746a1562fbca0c9d29b.sdkstatcache -output-file-map /Users/admin/builder/spi-builder-workspace/.derivedData/Build/Intermediates.noindex/KYLogger.build/Debug/KYLogger.build/Objects-normal/arm64/KYLogger-OutputFileMap.json -use-frontend-parseable-output -save-temps -no-color-diagnostics -serialize-diagnostics -emit-dependencies -emit-module -emit-module-path /Users/admin/builder/spi-builder-workspace/.derivedData/Build/Intermediates.noindex/KYLogger.build/Debug/KYLogger.build/Objects-normal/arm64/KYLogger.swiftmodule -validate-clang-modules-once -clang-build-session-file /Users/admin/builder/spi-builder-workspace/.derivedData/ModuleCache.noindex/Session.modulevalidation -Xcc -I/Users/admin/builder/spi-builder-workspace/.derivedData/Build/Intermediates.noindex/KYLogger.build/Debug/KYLogger.build/swift-overrides.hmap -emit-const-values -Xfrontend -const-gather-protocols-file -Xfrontend /Users/admin/builder/spi-builder-workspace/.derivedData/Build/Intermediates.noindex/KYLogger.build/Debug/KYLogger.build/Objects-normal/arm64/KYLogger_const_extract_protocols.json -Xcc -I/Users/admin/builder/spi-builder-workspace/.derivedData/Build/Products/Debug/include -Xcc -I/Users/admin/builder/spi-builder-workspace/.derivedData/Build/Intermediates.noindex/KYLogger.build/Debug/KYLogger.build/DerivedSources-normal/arm64 -Xcc -I/Users/admin/builder/spi-builder-workspace/.derivedData/Build/Intermediates.noindex/KYLogger.build/Debug/KYLogger.build/DerivedSources/arm64 -Xcc -I/Users/admin/builder/spi-builder-workspace/.derivedData/Build/Intermediates.noindex/KYLogger.build/Debug/KYLogger.build/DerivedSources -Xcc -DSWIFT_PACKAGE -Xcc -DDEBUG\=1 -emit-objc-header -emit-objc-header-path /Users/admin/builder/spi-builder-workspace/.derivedData/Build/Intermediates.noindex/KYLogger.build/Debug/KYLogger.build/Objects-normal/arm64/KYLogger-Swift.h -working-directory /Users/admin/builder/spi-builder-workspace/KYNearbyService.xcodeproj -experimental-emit-module-separately -disable-cmo
PrecompileModule /Users/admin/builder/spi-builder-workspace/.derivedData/Build/Intermediates.noindex/ExplicitPrecompiledModules/Foundation-27ZGTO8R180JETUEF4WOEI3LQ.scan
    cd /Users/admin/builder/spi-builder-workspace/KYNearbyService.xcodeproj
    builtin-precompileModule /Users/admin/builder/spi-builder-workspace/.derivedData/Build/Intermediates.noindex/ExplicitPrecompiledModules/Foundation-27ZGTO8R180JETUEF4WOEI3LQ.scan
SwiftCompile normal arm64 Compiling\ KYFileLoggerError.swift /Users/admin/builder/spi-builder-workspace/.dependencies/checkouts/KYLogger/KYLogger/Sources/KYFileLogger/KYFileLoggerError.swift (in target 'KYLogger' from project 'KYLogger')
SwiftCompile normal arm64 /Users/admin/builder/spi-builder-workspace/.dependencies/checkouts/KYLogger/KYLogger/Sources/KYFileLogger/KYFileLoggerError.swift (in target 'KYLogger' from project 'KYLogger')
    cd /Users/admin/builder/spi-builder-workspace/KYNearbyService.xcodeproj

SwiftCompile normal arm64 Compiling\ KYLog.swift /Users/admin/builder/spi-builder-workspace/.dependencies/checkouts/KYLogger/KYLogger/Sources/KYLogger/KYLog.swift (in target 'KYLogger' from project 'KYLogger')
SwiftCompile normal arm64 /Users/admin/builder/spi-builder-workspace/.dependencies/checkouts/KYLogger/KYLogger/Sources/KYLogger/KYLog.swift (in target 'KYLogger' from project 'KYLogger')
    cd /Users/admin/builder/spi-builder-workspace/KYNearbyService.xcodeproj

SwiftCompile normal arm64 Compiling\ KYLogType.swift /Users/admin/builder/spi-builder-workspace/.dependencies/checkouts/KYLogger/KYLogger/Sources/KYLogger/KYLogType.swift (in target 'KYLogger' from project 'KYLogger')
SwiftCompile normal arm64 /Users/admin/builder/spi-builder-workspace/.dependencies/checkouts/KYLogger/KYLogger/Sources/KYLogger/KYLogType.swift (in target 'KYLogger' from project 'KYLogger')
    cd /Users/admin/builder/spi-builder-workspace/KYNearbyService.xcodeproj

SwiftCompile normal arm64 Compiling\ KYFileLogger+LogDetails.swift /Users/admin/builder/spi-builder-workspace/.dependencies/checkouts/KYLogger/KYLogger/Sources/KYFileLogger/KYFileLogger+LogDetails.swift (in target 'KYLogger' from project 'KYLogger')
SwiftCompile normal arm64 /Users/admin/builder/spi-builder-workspace/.dependencies/checkouts/KYLogger/KYLogger/Sources/KYFileLogger/KYFileLogger+LogDetails.swift (in target 'KYLogger' from project 'KYLogger')
    cd /Users/admin/builder/spi-builder-workspace/KYNearbyService.xcodeproj

SwiftCompile normal arm64 Compiling\ KYFileLogger+FolderNFile.swift /Users/admin/builder/spi-builder-workspace/.dependencies/checkouts/KYLogger/KYLogger/Sources/KYFileLogger/KYFileLogger+FolderNFile.swift (in target 'KYLogger' from project 'KYLogger')
SwiftCompile normal arm64 /Users/admin/builder/spi-builder-workspace/.dependencies/checkouts/KYLogger/KYLogger/Sources/KYFileLogger/KYFileLogger+FolderNFile.swift (in target 'KYLogger' from project 'KYLogger')
    cd /Users/admin/builder/spi-builder-workspace/KYNearbyService.xcodeproj

SwiftCompile normal arm64 Compiling\ KYFileLoggerConfig.swift /Users/admin/builder/spi-builder-workspace/.dependencies/checkouts/KYLogger/KYLogger/Sources/KYFileLogger/KYFileLoggerConfig.swift (in target 'KYLogger' from project 'KYLogger')
SwiftCompile normal arm64 /Users/admin/builder/spi-builder-workspace/.dependencies/checkouts/KYLogger/KYLogger/Sources/KYFileLogger/KYFileLoggerConfig.swift (in target 'KYLogger' from project 'KYLogger')
    cd /Users/admin/builder/spi-builder-workspace/KYNearbyService.xcodeproj

SwiftCompile normal arm64 Compiling\ KYFileLogger.swift /Users/admin/builder/spi-builder-workspace/.dependencies/checkouts/KYLogger/KYLogger/Sources/KYFileLogger/KYFileLogger.swift (in target 'KYLogger' from project 'KYLogger')
SwiftCompile normal arm64 /Users/admin/builder/spi-builder-workspace/.dependencies/checkouts/KYLogger/KYLogger/Sources/KYFileLogger/KYFileLogger.swift (in target 'KYLogger' from project 'KYLogger')
    cd /Users/admin/builder/spi-builder-workspace/KYNearbyService.xcodeproj

SwiftCompile normal arm64 Compiling\ KYFileLogger+Session.swift /Users/admin/builder/spi-builder-workspace/.dependencies/checkouts/KYLogger/KYLogger/Sources/KYFileLogger/KYFileLogger+Session.swift (in target 'KYLogger' from project 'KYLogger')
SwiftCompile normal arm64 /Users/admin/builder/spi-builder-workspace/.dependencies/checkouts/KYLogger/KYLogger/Sources/KYFileLogger/KYFileLogger+Session.swift (in target 'KYLogger' from project 'KYLogger')
    cd /Users/admin/builder/spi-builder-workspace/KYNearbyService.xcodeproj

SwiftEmitModule normal arm64 Emitting\ module\ for\ KYLogger (in target 'KYLogger' from project 'KYLogger')
EmitSwiftModule normal arm64 (in target 'KYLogger' from project 'KYLogger')
    cd /Users/admin/builder/spi-builder-workspace/KYNearbyService.xcodeproj

CompileC /Users/admin/builder/spi-builder-workspace/.derivedData/Build/Intermediates.noindex/KYLogger.build/Debug/KYLoggerObjC.build/Objects-normal/arm64/KYLoggerObjC.o /Users/admin/builder/spi-builder-workspace/.dependencies/checkouts/KYLogger/KYLogger/SourcesObjC/KYLoggerObjC.m normal arm64 objective-c com.apple.compilers.llvm.clang.1_0.compiler (in target 'KYLoggerObjC' from project 'KYLogger')
    cd /Users/admin/builder/spi-builder-workspace/KYNearbyService.xcodeproj

    Using response file: /Users/admin/builder/spi-builder-workspace/.derivedData/Build/Intermediates.noindex/KYLogger.build/Debug/KYLoggerObjC.build/Objects-normal/arm64/e6072d4f65d7061329687fe24e3d63a7-common-args.resp

    /Applications/Xcode-16.3.0.app/Contents/Developer/Toolchains/XcodeDefault.xctoolchain/usr/bin/clang -x objective-c -ivfsstatcache /Users/admin/builder/spi-builder-workspace/.derivedData/SDKStatCaches.noindex/macosx15.4-24E241-8287b8f5db97e746a1562fbca0c9d29b.sdkstatcache -fmessage-length\=0 -fdiagnostics-show-note-include-stack -fmacro-backtrace-limit\=0 -fno-color-diagnostics -fmodules-prune-interval\=86400 -fmodules-prune-after\=345600 -fbuild-session-file\=/Users/admin/builder/spi-builder-workspace/.derivedData/ModuleCache.noindex/Session.modulevalidation -fmodules-validate-once-per-build-session -Wnon-modular-include-in-framework-module -Werror\=non-modular-include-in-framework-module -Wno-trigraphs -Wno-missing-field-initializers -Wno-missing-prototypes -Wno-return-type -Wno-implicit-atomic-properties -Wno-objc-interface-ivars -Wno-arc-repeated-use-of-weak -Wno-missing-braces -Wparentheses -Wswitch -Wno-unused-function -Wno-unused-label -Wno-unused-parameter -Wno-unused-variable -Wunused-value -Wno-empty-body -Wno-uninitialized -Wno-unknown-pragmas -w -Wno-shadow -Wno-four-char-constants -Wno-conversion -Wno-constant-conversion -Wno-int-conversion -Wno-bool-conversion -Wno-enum-conversion -Wno-float-conversion -Wno-non-literal-null-conversion -Wno-objc-literal-conversion -Wshorten-64-to-32 -Wpointer-sign -Wno-newline-eof -Wno-selector -Wno-strict-selector-match -Wno-undeclared-selector -Wno-deprecated-implementations -Wno-implicit-fallthrough -fstrict-aliasing -Wprotocol -Wdeprecated-declarations -Wno-sign-conversion -Wno-infinite-recursion -Wno-comma -Wno-block-capture-autoreleasing -Wno-strict-prototypes -Wno-semicolon-before-method-body -index-store-path /Users/admin/builder/spi-builder-workspace/.derivedData/Index.noindex/DataStore @/Users/admin/builder/spi-builder-workspace/.derivedData/Build/Intermediates.noindex/KYLogger.build/Debug/KYLoggerObjC.build/Objects-normal/arm64/e6072d4f65d7061329687fe24e3d63a7-common-args.resp -MMD -MT dependencies -MF /Users/admin/builder/spi-builder-workspace/.derivedData/Build/Intermediates.noindex/KYLogger.build/Debug/KYLoggerObjC.build/Objects-normal/arm64/KYLoggerObjC.d --serialize-diagnostics /Users/admin/builder/spi-builder-workspace/.derivedData/Build/Intermediates.noindex/KYLogger.build/Debug/KYLoggerObjC.build/Objects-normal/arm64/KYLoggerObjC.dia -c /Users/admin/builder/spi-builder-workspace/.dependencies/checkouts/KYLogger/KYLogger/SourcesObjC/KYLoggerObjC.m -o /Users/admin/builder/spi-builder-workspace/.derivedData/Build/Intermediates.noindex/KYLogger.build/Debug/KYLoggerObjC.build/Objects-normal/arm64/KYLoggerObjC.o -index-unit-output-path /KYLogger.build/Debug/KYLoggerObjC.build/Objects-normal/arm64/KYLoggerObjC.o
SwiftDriverJobDiscovery normal arm64 Compiling KYFileLoggerConfig.swift (in target 'KYLogger' from project 'KYLogger')
SwiftDriverJobDiscovery normal arm64 Compiling KYLog.swift (in target 'KYLogger' from project 'KYLogger')
SwiftDriverJobDiscovery normal arm64 Compiling KYLogType.swift (in target 'KYLogger' from project 'KYLogger')
SwiftDriverJobDiscovery normal arm64 Compiling KYFileLoggerError.swift (in target 'KYLogger' from project 'KYLogger')
SwiftDriverJobDiscovery normal arm64 Emitting module for KYLogger (in target 'KYLogger' from project 'KYLogger')
SwiftDriver\ Compilation\ Requirements KYLogger normal arm64 com.apple.xcode.tools.swift.compiler (in target 'KYLogger' from project 'KYLogger')
    cd /Users/admin/builder/spi-builder-workspace/KYNearbyService.xcodeproj
    builtin-Swift-Compilation-Requirements -- /Applications/Xcode-16.3.0.app/Contents/Developer/Toolchains/XcodeDefault.xctoolchain/usr/bin/swiftc -module-name KYLogger -Onone -enforce-exclusivity\=checked @/Users/admin/builder/spi-builder-workspace/.derivedData/Build/Intermediates.noindex/KYLogger.build/Debug/KYLogger.build/Objects-normal/arm64/KYLogger.SwiftFileList -DSWIFT_PACKAGE -DDEBUG -DXcode -plugin-path /Applications/Xcode-16.3.0.app/Contents/Developer/Toolchains/XcodeDefault.xctoolchain/usr/lib/swift/host/plugins/testing -enable-experimental-feature DebugDescriptionMacro -sdk /Applications/Xcode-16.3.0.app/Contents/Developer/Platforms/MacOSX.platform/Developer/SDKs/MacOSX15.4.sdk -target arm64-apple-macos12.0 -g -module-cache-path /Users/admin/builder/spi-builder-workspace/.derivedData/ModuleCache.noindex -Xfrontend -serialize-debugging-options -profile-coverage-mapping -profile-generate -enable-testing -suppress-warnings -index-store-path /Users/admin/builder/spi-builder-workspace/.derivedData/Index.noindex/DataStore -swift-version 5 -I /Users/admin/builder/spi-builder-workspace/.derivedData/Build/Products/Debug -I /Applications/Xcode-16.3.0.app/Contents/Developer/Platforms/MacOSX.platform/Developer/usr/lib -F /Users/admin/builder/spi-builder-workspace/.derivedData/Build/Products/Debug -F /Applications/Xcode-16.3.0.app/Contents/Developer/Platforms/MacOSX.platform/Developer/Library/Frameworks -c -j10 -enable-batch-mode -incremental -Xcc -ivfsstatcache -Xcc /Users/admin/builder/spi-builder-workspace/.derivedData/SDKStatCaches.noindex/macosx15.4-24E241-8287b8f5db97e746a1562fbca0c9d29b.sdkstatcache -output-file-map /Users/admin/builder/spi-builder-workspace/.derivedData/Build/Intermediates.noindex/KYLogger.build/Debug/KYLogger.build/Objects-normal/arm64/KYLogger-OutputFileMap.json -use-frontend-parseable-output -save-temps -no-color-diagnostics -serialize-diagnostics -emit-dependencies -emit-module -emit-module-path /Users/admin/builder/spi-builder-workspace/.derivedData/Build/Intermediates.noindex/KYLogger.build/Debug/KYLogger.build/Objects-normal/arm64/KYLogger.swiftmodule -validate-clang-modules-once -clang-build-session-file /Users/admin/builder/spi-builder-workspace/.derivedData/ModuleCache.noindex/Session.modulevalidation -Xcc -I/Users/admin/builder/spi-builder-workspace/.derivedData/Build/Intermediates.noindex/KYLogger.build/Debug/KYLogger.build/swift-overrides.hmap -emit-const-values -Xfrontend -const-gather-protocols-file -Xfrontend /Users/admin/builder/spi-builder-workspace/.derivedData/Build/Intermediates.noindex/KYLogger.build/Debug/KYLogger.build/Objects-normal/arm64/KYLogger_const_extract_protocols.json -Xcc -I/Users/admin/builder/spi-builder-workspace/.derivedData/Build/Products/Debug/include -Xcc -I/Users/admin/builder/spi-builder-workspace/.derivedData/Build/Intermediates.noindex/KYLogger.build/Debug/KYLogger.build/DerivedSources-normal/arm64 -Xcc -I/Users/admin/builder/spi-builder-workspace/.derivedData/Build/Intermediates.noindex/KYLogger.build/Debug/KYLogger.build/DerivedSources/arm64 -Xcc -I/Users/admin/builder/spi-builder-workspace/.derivedData/Build/Intermediates.noindex/KYLogger.build/Debug/KYLogger.build/DerivedSources -Xcc -DSWIFT_PACKAGE -Xcc -DDEBUG\=1 -emit-objc-header -emit-objc-header-path /Users/admin/builder/spi-builder-workspace/.derivedData/Build/Intermediates.noindex/KYLogger.build/Debug/KYLogger.build/Objects-normal/arm64/KYLogger-Swift.h -working-directory /Users/admin/builder/spi-builder-workspace/KYNearbyService.xcodeproj -experimental-emit-module-separately -disable-cmo
Copy /Users/admin/builder/spi-builder-workspace/.derivedData/Build/Products/Debug/KYLogger.swiftmodule/arm64-apple-macos.abi.json /Users/admin/builder/spi-builder-workspace/.derivedData/Build/Intermediates.noindex/KYLogger.build/Debug/KYLogger.build/Objects-normal/arm64/KYLogger.abi.json (in target 'KYLogger' from project 'KYLogger')
    cd /Users/admin/builder/spi-builder-workspace/.dependencies/checkouts/KYLogger
    builtin-copy -exclude .DS_Store -exclude CVS -exclude .svn -exclude .git -exclude .hg -resolve-src-symlinks -rename /Users/admin/builder/spi-builder-workspace/.derivedData/Build/Intermediates.noindex/KYLogger.build/Debug/KYLogger.build/Objects-normal/arm64/KYLogger.abi.json /Users/admin/builder/spi-builder-workspace/.derivedData/Build/Products/Debug/KYLogger.swiftmodule/arm64-apple-macos.abi.json
SwiftDriverJobDiscovery normal arm64 Compiling KYFileLogger+LogDetails.swift (in target 'KYLogger' from project 'KYLogger')
SwiftDriver KYNearbyService normal arm64 com.apple.xcode.tools.swift.compiler (in target 'KYNearbyService' from project 'KYNearbyService')
    cd /Users/admin/builder/spi-builder-workspace
    builtin-SwiftDriver -- /Applications/Xcode-16.3.0.app/Contents/Developer/Toolchains/XcodeDefault.xctoolchain/usr/bin/swiftc -module-name KYNearbyService -Onone -enforce-exclusivity\=checked @/Users/admin/builder/spi-builder-workspace/.derivedData/Build/Intermediates.noindex/KYNearbyService.build/Debug/KYNearbyService.build/Objects-normal/arm64/KYNearbyService.SwiftFileList -DDEBUG -DKY_NEARBY_SERVICE_FRAMEWORK -Xcc -fmodule-map-file\=/Users/admin/builder/spi-builder-workspace/.derivedData/Build/Intermediates.noindex/GeneratedModuleMaps/KYLoggerObjC.modulemap -D DEBUG -enable-experimental-feature DebugDescriptionMacro -sdk /Applications/Xcode-16.3.0.app/Contents/Developer/Platforms/MacOSX.platform/Developer/SDKs/MacOSX15.4.sdk -target arm64-apple-macos11.0 -g -module-cache-path /Users/admin/builder/spi-builder-workspace/.derivedData/ModuleCache.noindex -Xfrontend -serialize-debugging-options -profile-coverage-mapping -profile-generate -enable-testing -index-store-path /Users/admin/builder/spi-builder-workspace/.derivedData/Index.noindex/DataStore -swift-version 6 -I /Users/admin/builder/spi-builder-workspace/.derivedData/Build/Products/Debug -F /Users/admin/builder/spi-builder-workspace/.derivedData/Build/Products/Debug/PackageFrameworks -F /Users/admin/builder/spi-builder-workspace/.derivedData/Build/Products/Debug/PackageFrameworks -F /Users/admin/builder/spi-builder-workspace/.derivedData/Build/Products/Debug -emit-localized-strings -emit-localized-strings-path /Users/admin/builder/spi-builder-workspace/.derivedData/Build/Intermediates.noindex/KYNearbyService.build/Debug/KYNearbyService.build/Objects-normal/arm64 -c -j10 -enable-batch-mode -incremental -Xcc -ivfsstatcache -Xcc /Users/admin/builder/spi-builder-workspace/.derivedData/SDKStatCaches.noindex/macosx15.4-24E241-8287b8f5db97e746a1562fbca0c9d29b.sdkstatcache -output-file-map /Users/admin/builder/spi-builder-workspace/.derivedData/Build/Intermediates.noindex/KYNearbyService.build/Debug/KYNearbyService.build/Objects-normal/arm64/KYNearbyService-OutputFileMap.json -use-frontend-parseable-output -save-temps -no-color-diagnostics -serialize-diagnostics -emit-dependencies -emit-module -emit-module-path /Users/admin/builder/spi-builder-workspace/.derivedData/Build/Intermediates.noindex/KYNearbyService.build/Debug/KYNearbyService.build/Objects-normal/arm64/KYNearbyService.swiftmodule -validate-clang-modules-once -clang-build-session-file /Users/admin/builder/spi-builder-workspace/.derivedData/ModuleCache.noindex/Session.modulevalidation -Xcc -I/Users/admin/builder/spi-builder-workspace/.derivedData/Build/Intermediates.noindex/KYNearbyService.build/Debug/KYNearbyService.build/swift-overrides.hmap -emit-const-values -Xfrontend -const-gather-protocols-file -Xfrontend /Users/admin/builder/spi-builder-workspace/.derivedData/Build/Intermediates.noindex/KYNearbyService.build/Debug/KYNearbyService.build/Objects-normal/arm64/KYNearbyService_const_extract_protocols.json -Xcc -iquote -Xcc /Users/admin/builder/spi-builder-workspace/.derivedData/Build/Intermediates.noindex/KYNearbyService.build/Debug/KYNearbyService.build/KYNearbyService-generated-files.hmap -Xcc -I/Users/admin/builder/spi-builder-workspace/.derivedData/Build/Intermediates.noindex/KYNearbyService.build/Debug/KYNearbyService.build/KYNearbyService-own-target-headers.hmap -Xcc -I/Users/admin/builder/spi-builder-workspace/.derivedData/Build/Intermediates.noindex/KYNearbyService.build/Debug/KYNearbyService.build/KYNearbyService-all-non-framework-target-headers.hmap -Xcc -ivfsoverlay -Xcc /Users/admin/builder/spi-builder-workspace/.derivedData/Build/Intermediates.noindex/KYNearbyService.build/Debug/KYNearbyService-3aff440e96121122b2d5cfb025bd4b0e-VFS/all-product-headers.yaml -Xcc -iquote -Xcc /Users/admin/builder/spi-builder-workspace/.derivedData/Build/Intermediates.noindex/KYNearbyService.build/Debug/KYNearbyService.build/KYNearbyService-project-headers.hmap -Xcc -I/Users/admin/builder/spi-builder-workspace/.dependencies/checkouts/KYLogger/KYLogger/SourcesObjC/include -Xcc -I/Users/admin/builder/spi-builder-workspace/.derivedData/Build/Products/Debug/include -Xcc -I/Users/admin/builder/spi-builder-workspace/.derivedData/Build/Intermediates.noindex/KYNearbyService.build/Debug/KYNearbyService.build/DerivedSources-normal/arm64 -Xcc -I/Users/admin/builder/spi-builder-workspace/.derivedData/Build/Intermediates.noindex/KYNearbyService.build/Debug/KYNearbyService.build/DerivedSources/arm64 -Xcc -I/Users/admin/builder/spi-builder-workspace/.derivedData/Build/Intermediates.noindex/KYNearbyService.build/Debug/KYNearbyService.build/DerivedSources -Xcc -DDEBUG\=1 -Xcc -DKY_NEARBY_SERVICE_FRAMEWORK\=1 -emit-objc-header -emit-objc-header-path /Users/admin/builder/spi-builder-workspace/.derivedData/Build/Intermediates.noindex/KYNearbyService.build/Debug/KYNearbyService.build/Objects-normal/arm64/KYNearbyService-Swift.h -import-underlying-module -Xcc -ivfsoverlay -Xcc /Users/admin/builder/spi-builder-workspace/.derivedData/Build/Intermediates.noindex/KYNearbyService.build/Debug/KYNearbyService.build/unextended-module-overlay.yaml -working-directory /Users/admin/builder/spi-builder-workspace -experimental-emit-module-separately -disable-cmo
SwiftDriverJobDiscovery normal arm64 Compiling KYFileLogger+FolderNFile.swift (in target 'KYLogger' from project 'KYLogger')
Ld /Users/admin/builder/spi-builder-workspace/.derivedData/Build/Products/Debug/KYLoggerObjC.o normal (in target 'KYLoggerObjC' from project 'KYLogger')
    cd /Users/admin/builder/spi-builder-workspace/.dependencies/checkouts/KYLogger
    /Applications/Xcode-16.3.0.app/Contents/Developer/Toolchains/XcodeDefault.xctoolchain/usr/bin/clang -Xlinker -reproducible -target arm64-apple-macos12.0 -r -isysroot /Applications/Xcode-16.3.0.app/Contents/Developer/Platforms/MacOSX.platform/Developer/SDKs/MacOSX15.4.sdk -O0 -w -L/Users/admin/builder/spi-builder-workspace/.derivedData/Build/Intermediates.noindex/EagerLinkingTBDs/Debug -L/Users/admin/builder/spi-builder-workspace/.derivedData/Build/Products/Debug -L/Applications/Xcode-16.3.0.app/Contents/Developer/Platforms/MacOSX.platform/Developer/usr/lib -F/Users/admin/builder/spi-builder-workspace/.derivedData/Build/Intermediates.noindex/EagerLinkingTBDs/Debug -F/Users/admin/builder/spi-builder-workspace/.derivedData/Build/Products/Debug -iframework /Applications/Xcode-16.3.0.app/Contents/Developer/Platforms/MacOSX.platform/Developer/Library/Frameworks -filelist /Users/admin/builder/spi-builder-workspace/.derivedData/Build/Intermediates.noindex/KYLogger.build/Debug/KYLoggerObjC.build/Objects-normal/arm64/KYLoggerObjC.LinkFileList -nostdlib -Xlinker -object_path_lto -Xlinker /Users/admin/builder/spi-builder-workspace/.derivedData/Build/Intermediates.noindex/KYLogger.build/Debug/KYLoggerObjC.build/Objects-normal/arm64/KYLoggerObjC_lto.o -rdynamic -Xlinker -no_deduplicate -Xlinker -debug_variant -Xlinker -dependency_info -Xlinker /Users/admin/builder/spi-builder-workspace/.derivedData/Build/Intermediates.noindex/KYLogger.build/Debug/KYLoggerObjC.build/Objects-normal/arm64/KYLoggerObjC_dependency_info.dat -fobjc-arc -fobjc-link-runtime -o /Users/admin/builder/spi-builder-workspace/.derivedData/Build/Products/Debug/KYLoggerObjC.o
SwiftDriverJobDiscovery normal arm64 Compiling KYFileLogger+Session.swift (in target 'KYLogger' from project 'KYLogger')
SwiftCompile normal arm64 Compiling\ KYNearbyConnectionViewTheme.swift,\ KYNearbyService+Internal.swift,\ KYNearbyConnectionViewModel+Notification.swift /Users/admin/builder/spi-builder-workspace/KYNearbyService/Sources/KYNearbyConnectionView/ViewModel/Theme/KYNearbyConnectionViewTheme.swift /Users/admin/builder/spi-builder-workspace/KYNearbyService/Sources/KYNearbyService/Internal/KYNearbyService+Internal.swift /Users/admin/builder/spi-builder-workspace/KYNearbyService/Sources/KYNearbyConnectionView/ViewModel/KYNearbyConnectionViewModel+Notification.swift (in target 'KYNearbyService' from project 'KYNearbyService')
SwiftCompile normal arm64 /Users/admin/builder/spi-builder-workspace/KYNearbyService/Sources/KYNearbyConnectionView/ViewModel/Theme/KYNearbyConnectionViewTheme.swift (in target 'KYNearbyService' from project 'KYNearbyService')
    cd /Users/admin/builder/spi-builder-workspace

SwiftCompile normal arm64 /Users/admin/builder/spi-builder-workspace/KYNearbyService/Sources/KYNearbyService/Internal/KYNearbyService+Internal.swift (in target 'KYNearbyService' from project 'KYNearbyService')
    cd /Users/admin/builder/spi-builder-workspace

SwiftCompile normal arm64 /Users/admin/builder/spi-builder-workspace/KYNearbyService/Sources/KYNearbyConnectionView/ViewModel/KYNearbyConnectionViewModel+Notification.swift (in target 'KYNearbyService' from project 'KYNearbyService')
    cd /Users/admin/builder/spi-builder-workspace

SwiftCompile normal arm64 Compiling\ KYNearbyConnectionViewConstants.swift,\ KYNearbyService.swift,\ KYNearbyService+Sending.swift /Users/admin/builder/spi-builder-workspace/KYNearbyService/Sources/KYNearbyConnectionView/KYNearbyConnectionViewConstants.swift /Users/admin/builder/spi-builder-workspace/KYNearbyService/Sources/KYNearbyService/KYNearbyService.swift /Users/admin/builder/spi-builder-workspace/KYNearbyService/Sources/KYNearbyService/KYNearbyService+Sending.swift (in target 'KYNearbyService' from project 'KYNearbyService')
SwiftCompile normal arm64 /Users/admin/builder/spi-builder-workspace/KYNearbyService/Sources/KYNearbyConnectionView/KYNearbyConnectionViewConstants.swift (in target 'KYNearbyService' from project 'KYNearbyService')
    cd /Users/admin/builder/spi-builder-workspace

SwiftCompile normal arm64 /Users/admin/builder/spi-builder-workspace/KYNearbyService/Sources/KYNearbyService/KYNearbyService.swift (in target 'KYNearbyService' from project 'KYNearbyService')
    cd /Users/admin/builder/spi-builder-workspace

SwiftCompile normal arm64 /Users/admin/builder/spi-builder-workspace/KYNearbyService/Sources/KYNearbyService/KYNearbyService+Sending.swift (in target 'KYNearbyService' from project 'KYNearbyService')
    cd /Users/admin/builder/spi-builder-workspace

SwiftCompile normal arm64 Compiling\ KYNearbyService+MCSessionDelegate.swift,\ KYNearbyService+ErrorAlert.swift,\ KYNearbyConnectionPeerCell.swift /Users/admin/builder/spi-builder-workspace/KYNearbyService/Sources/KYNearbyService/Internal/KYNearbyService+MCSessionDelegate.swift /Users/admin/builder/spi-builder-workspace/KYNearbyService/Sources/KYNearbyService/KYNearbyService+ErrorAlert.swift /Users/admin/builder/spi-builder-workspace/KYNearbyService/Sources/KYNearbyConnectionView/PeerCell/KYNearbyConnectionPeerCell.swift (in target 'KYNearbyService' from project 'KYNearbyService')
SwiftCompile normal arm64 /Users/admin/builder/spi-builder-workspace/KYNearbyService/Sources/KYNearbyService/Internal/KYNearbyService+MCSessionDelegate.swift (in target 'KYNearbyService' from project 'KYNearbyService')
    cd /Users/admin/builder/spi-builder-workspace

SwiftCompile normal arm64 /Users/admin/builder/spi-builder-workspace/KYNearbyService/Sources/KYNearbyService/KYNearbyService+ErrorAlert.swift (in target 'KYNearbyService' from project 'KYNearbyService')
    cd /Users/admin/builder/spi-builder-workspace

SwiftCompile normal arm64 /Users/admin/builder/spi-builder-workspace/KYNearbyService/Sources/KYNearbyConnectionView/PeerCell/KYNearbyConnectionPeerCell.swift (in target 'KYNearbyService' from project 'KYNearbyService')
    cd /Users/admin/builder/spi-builder-workspace

SwiftCompile normal arm64 Compiling\ View+KYNearbyConnectionView.swift,\ Animation+KYNearbyConnectionView.swift,\ KYNearbyConnectionViewModel+Event.swift /Users/admin/builder/spi-builder-workspace/KYNearbyService/Sources/KYNearbyConnectionView/Extensions/View+KYNearbyConnectionView.swift /Users/admin/builder/spi-builder-workspace/KYNearbyService/Sources/KYNearbyConnectionView/Extensions/Animation+KYNearbyConnectionView.swift /Users/admin/builder/spi-builder-workspace/KYNearbyService/Sources/KYNearbyConnectionView/ViewModel/KYNearbyConnectionViewModel+Event.swift (in target 'KYNearbyService' from project 'KYNearbyService')
SwiftCompile normal arm64 /Users/admin/builder/spi-builder-workspace/KYNearbyService/Sources/KYNearbyConnectionView/Extensions/View+KYNearbyConnectionView.swift (in target 'KYNearbyService' from project 'KYNearbyService')
    cd /Users/admin/builder/spi-builder-workspace

SwiftCompile normal arm64 /Users/admin/builder/spi-builder-workspace/KYNearbyService/Sources/KYNearbyConnectionView/Extensions/Animation+KYNearbyConnectionView.swift (in target 'KYNearbyService' from project 'KYNearbyService')
    cd /Users/admin/builder/spi-builder-workspace

SwiftCompile normal arm64 /Users/admin/builder/spi-builder-workspace/KYNearbyService/Sources/KYNearbyConnectionView/ViewModel/KYNearbyConnectionViewModel+Event.swift (in target 'KYNearbyService' from project 'KYNearbyService')
    cd /Users/admin/builder/spi-builder-workspace

SwiftEmitModule normal arm64 Emitting\ module\ for\ KYNearbyService (in target 'KYNearbyService' from project 'KYNearbyService')
Failed frontend command:
/Applications/Xcode-16.3.0.app/Contents/Developer/Toolchains/XcodeDefault.xctoolchain/usr/bin/swift-frontend -frontend -emit-module -experimental-skip-non-inlinable-function-bodies-without-types /Users/admin/builder/spi-builder-workspace/KYNearbyService/Sources/KYNearbyService/KYNearbyService+Connection.swift /Users/admin/builder/spi-builder-workspace/KYNearbyService/Sources/KYNearbyConnectionView/KYNearbyConnectionView.swift /Users/admin/builder/spi-builder-workspace/KYNearbyService/Sources/KYNearbyService/KYNearbyService+ReceivedFile.swift /Users/admin/builder/spi-builder-workspace/KYNearbyService/Sources/KYNearbyConnectionView/Extensions/View+KYNearbyConnectionView.swift /Users/admin/builder/spi-builder-workspace/KYNearbyService/Sources/KYNearbyConnectionView/Extensions/Animation+KYNearbyConnectionView.swift /Users/admin/builder/spi-builder-workspace/KYNearbyService/Sources/KYNearbyConnectionView/ViewModel/KYNearbyConnectionViewModel+Event.swift /Users/admin/builder/spi-builder-workspace/KYNearbyService/Sources/KYNearbyService/Internal/KYNearbyService+MCSessionDelegate.swift /Users/admin/builder/spi-builder-workspace/KYNearbyService/Sources/KYNearbyService/KYNearbyService+ErrorAlert.swift /Users/admin/builder/spi-builder-workspace/KYNearbyService/Sources/KYNearbyConnectionView/PeerCell/KYNearbyConnectionPeerCell.swift /Users/admin/builder/spi-builder-workspace/KYNearbyService/Sources/KYNearbyConnectionView/KYNearbyConnectionViewConstants.swift /Users/admin/builder/spi-builder-workspace/KYNearbyService/Sources/KYNearbyService/KYNearbyService.swift /Users/admin/builder/spi-builder-workspace/KYNearbyService/Sources/KYNearbyService/KYNearbyService+Sending.swift /Users/admin/builder/spi-builder-workspace/KYNearbyService/Sources/KYNearbyConnectionView/ViewModel/Theme/KYNearbyConnectionViewTheme.swift /Users/admin/builder/spi-builder-workspace/KYNearbyService/Sources/KYNearbyService/Internal/KYNearbyService+Internal.swift /Users/admin/builder/spi-builder-workspace/KYNearbyService/Sources/KYNearbyConnectionView/ViewModel/KYNearbyConnectionViewModel+Notification.swift /Users/admin/builder/spi-builder-workspace/KYNearbyService/Sources/KYNearbyService/Internal/KYNearbyService+MCNearbyServiceBrowserDelegate.swift /Users/admin/builder/spi-builder-workspace/KYNearbyService/Sources/KYNearbyService/KYNearbyServiceConfiguration.swift /Users/admin/builder/spi-builder-workspace/KYNearbyService/Sources/KYNearbyService/KYNearbyServiceConstants.swift /Users/admin/builder/spi-builder-workspace/KYNearbyService/Sources/KYNearbyService/Model/KYNearbyPeerModel.swift /Users/admin/builder/spi-builder-workspace/KYNearbyService/Sources/Localizations/KYNearbyServiceLocalizations.swift /Users/admin/builder/spi-builder-workspace/KYNearbyService/Sources/KYNearbyConnectionView/PeerCell/KYNearbyConnectionPeerCell+Actions.swift /Users/admin/builder/spi-builder-workspace/KYNearbyService/Sources/KYNearbyConnectionView/ViewModel/KYNearbyConnectionViewModel.swift /Users/admin/builder/spi-builder-workspace/KYNearbyService/Sources/KYNearbyService/Model/KYNearbyPeerModel+Debug.swift /Users/admin/builder/spi-builder-workspace/KYNearbyService/Sources/KYNearbyService/KYNearbyService+Debug.swift /Users/admin/builder/spi-builder-workspace/KYNearbyService/Sources/KYNearbyService/KYNearbyService+Visibility.swift /Users/admin/builder/spi-builder-workspace/KYNearbyService/Sources/KYNearbyService/Internal/KYNearbyService+MCNearbyServiceAdvertiserDelegate.swift -target arm64-apple-macos11.0 -Xllvm -aarch64-use-tbi -enable-objc-interop -stack-check -sdk /Applications/Xcode-16.3.0.app/Contents/Developer/Platforms/MacOSX.platform/Developer/SDKs/MacOSX15.4.sdk -I /Users/admin/builder/spi-builder-workspace/.derivedData/Build/Products/Debug -F /Users/admin/builder/spi-builder-workspace/.derivedData/Build/Products/Debug/PackageFrameworks -F /Users/admin/builder/spi-builder-workspace/.derivedData/Build/Products/Debug/PackageFrameworks -F /Users/admin/builder/spi-builder-workspace/.derivedData/Build/Products/Debug -no-color-diagnostics -enable-testing -g -debug-info-format\=dwarf -dwarf-version\=4 -import-underlying-module -module-cache-path /Users/admin/builder/spi-builder-workspace/.derivedData/ModuleCache.noindex -profile-generate -profile-coverage-mapping -swift-version 6 -enforce-exclusivity\=checked -Onone -D DEBUG -D KY_NEARBY_SERVICE_FRAMEWORK -D DEBUG -serialize-debugging-options -const-gather-protocols-file /Users/admin/builder/spi-builder-workspace/.derivedData/Build/Intermediates.noindex/KYNearbyService.build/Debug/KYNearbyService.build/Objects-normal/arm64/KYNearbyService_const_extract_protocols.json -enable-experimental-feature DebugDescriptionMacro -empty-abi-descriptor -validate-clang-modules-once -clang-build-session-file /Users/admin/builder/spi-builder-workspace/.derivedData/ModuleCache.noindex/Session.modulevalidation -Xcc -working-directory -Xcc /Users/admin/builder/spi-builder-workspace -resource-dir /Applications/Xcode-16.3.0.app/Contents/Developer/Toolchains/XcodeDefault.xctoolchain/usr/lib/swift -enable-anonymous-context-mangled-names -file-compilation-dir /Users/admin/builder/spi-builder-workspace -Xcc -fmodule-map-file\=/Users/admin/builder/spi-builder-workspace/.derivedData/Build/Intermediates.noindex/GeneratedModuleMaps/KYLoggerObjC.modulemap -Xcc -ivfsstatcache -Xcc /Users/admin/builder/spi-builder-workspace/.derivedData/SDKStatCaches.noindex/macosx15.4-24E241-8287b8f5db97e746a1562fbca0c9d29b.sdkstatcache -Xcc -I/Users/admin/builder/spi-builder-workspace/.derivedData/Build/Intermediates.noindex/KYNearbyService.build/Debug/KYNearbyService.build/swift-overrides.hmap -Xcc -iquote -Xcc /Users/admin/builder/spi-builder-workspace/.derivedData/Build/Intermediates.noindex/KYNearbyService.build/Debug/KYNearbyService.build/KYNearbyService-generated-files.hmap -Xcc -I/Users/admin/builder/spi-builder-workspace/.derivedData/Build/Intermediates.noindex/KYNearbyService.build/Debug/KYNearbyService.build/KYNearbyService-own-target-headers.hmap -Xcc -I/Users/admin/builder/spi-builder-workspace/.derivedData/Build/Intermediates.noindex/KYNearbyService.build/Debug/KYNearbyService.build/KYNearbyService-all-non-framework-target-headers.hmap -Xcc -ivfsoverlay -Xcc /Users/admin/builder/spi-builder-workspace/.derivedData/Build/Intermediates.noindex/KYNearbyService.build/Debug/KYNearbyService-3aff440e96121122b2d5cfb025bd4b0e-VFS/all-product-headers.yaml -Xcc -iquote -Xcc /Users/admin/builder/spi-builder-workspace/.derivedData/Build/Intermediates.noindex/KYNearbyService.build/Debug/KYNearbyService.build/KYNearbyService-project-headers.hmap -Xcc -I/Users/admin/builder/spi-builder-workspace/.dependencies/checkouts/KYLogger/KYLogger/SourcesObjC/include -Xcc -I/Users/admin/builder/spi-builder-workspace/.derivedData/Build/Products/Debug/include -Xcc -I/Users/admin/builder/spi-builder-workspace/.derivedData/Build/Intermediates.noindex/KYNearbyService.build/Debug/KYNearbyService.build/DerivedSources-normal/arm64 -Xcc -I/Users/admin/builder/spi-builder-workspace/.derivedData/Build/Intermediates.noindex/KYNearbyService.build/Debug/KYNearbyService.build/DerivedSources/arm64 -Xcc -I/Users/admin/builder/spi-builder-workspace/.derivedData/Build/Intermediates.noindex/KYNearbyService.build/Debug/KYNearbyService.build/DerivedSources -Xcc -DDEBUG\=1 -Xcc -DKY_NEARBY_SERVICE_FRAMEWORK\=1 -Xcc -ivfsoverlay -Xcc /Users/admin/builder/spi-builder-workspace/.derivedData/Build/Intermediates.noindex/KYNearbyService.build/Debug/KYNearbyService.build/unextended-module-overlay.yaml -module-name KYNearbyService -frontend-parseable-output -disable-clang-spi -target-sdk-version 15.4 -target-sdk-name macosx15.4 -external-plugin-path /Applications/Xcode-16.3.0.app/Contents/Developer/Platforms/MacOSX.platform/Developer/usr/lib/swift/host/plugins\#/Applications/Xcode-16.3.0.app/Contents/Developer/Platforms/MacOSX.platform/Developer/usr/bin/swift-plugin-server -external-plugin-path /Applications/Xcode-16.3.0.app/Contents/Developer/Platforms/MacOSX.platform/Developer/usr/local/lib/swift/host/plugins\#/Applications/Xcode-16.3.0.app/Contents/Developer/Platforms/MacOSX.platform/Developer/usr/bin/swift-plugin-server -in-process-plugin-server-path /Applications/Xcode-16.3.0.app/Contents/Developer/Toolchains/XcodeDefault.xctoolchain/usr/lib/swift/host/libSwiftInProcPluginServer.dylib -plugin-path /Applications/Xcode-16.3.0.app/Contents/Developer/Toolchains/XcodeDefault.xctoolchain/usr/lib/swift/host/plugins -plugin-path /Applications/Xcode-16.3.0.app/Contents/Developer/Toolchains/XcodeDefault.xctoolchain/usr/local/lib/swift/host/plugins -emit-module-doc-path /Users/admin/builder/spi-builder-workspace/.derivedData/Build/Intermediates.noindex/KYNearbyService.build/Debug/KYNearbyService.build/Objects-normal/arm64/KYNearbyService.swiftdoc -emit-module-source-info-path /Users/admin/builder/spi-builder-workspace/.derivedData/Build/Intermediates.noindex/KYNearbyService.build/Debug/KYNearbyService.build/Objects-normal/arm64/KYNearbyService.swiftsourceinfo -emit-objc-header-path /Users/admin/builder/spi-builder-workspace/.derivedData/Build/Intermediates.noindex/KYNearbyService.build/Debug/KYNearbyService.build/Objects-normal/arm64/KYNearbyService-Swift.h -serialize-diagnostics-path /Users/admin/builder/spi-builder-workspace/.derivedData/Build/Intermediates.noindex/KYNearbyService.build/Debug/KYNearbyService.build/Objects-normal/arm64/KYNearbyService-master-emit-module.dia -emit-dependencies-path /Users/admin/builder/spi-builder-workspace/.derivedData/Build/Intermediates.noindex/KYNearbyService.build/Debug/KYNearbyService.build/Objects-normal/arm64/KYNearbyService-master-emit-module.d -o /Users/admin/builder/spi-builder-workspace/.derivedData/Build/Intermediates.noindex/KYNearbyService.build/Debug/KYNearbyService.build/Objects-normal/arm64/KYNearbyService.swiftmodule -emit-abi-descriptor-path /Users/admin/builder/spi-builder-workspace/.derivedData/Build/Intermediates.noindex/KYNearbyService.build/Debug/KYNearbyService.build/Objects-normal/arm64/KYNearbyService.abi.json
EmitSwiftModule normal arm64 (in target 'KYNearbyService' from project 'KYNearbyService')
    cd /Users/admin/builder/spi-builder-workspace

/Users/admin/builder/spi-builder-workspace/KYNearbyService/Sources/KYNearbyService/KYNearbyService+ReceivedFile.swift:10:8: error: compiling for macOS 11.0, but module 'KYLogger' has a minimum deployment target of macOS 12.0: /Users/admin/builder/spi-builder-workspace/.derivedData/Build/Products/Debug/KYLogger.swiftmodule/arm64-apple-macos.swiftmodule
import KYLogger
       ^
SwiftCompile normal arm64 Compiling\ KYNearbyService+MCNearbyServiceBrowserDelegate.swift,\ KYNearbyServiceConfiguration.swift,\ KYNearbyServiceConstants.swift /Users/admin/builder/spi-builder-workspace/KYNearbyService/Sources/KYNearbyService/Internal/KYNearbyService+MCNearbyServiceBrowserDelegate.swift /Users/admin/builder/spi-builder-workspace/KYNearbyService/Sources/KYNearbyService/KYNearbyServiceConfiguration.swift /Users/admin/builder/spi-builder-workspace/KYNearbyService/Sources/KYNearbyService/KYNearbyServiceConstants.swift (in target 'KYNearbyService' from project 'KYNearbyService')
SwiftCompile normal arm64 /Users/admin/builder/spi-builder-workspace/KYNearbyService/Sources/KYNearbyService/Internal/KYNearbyService+MCNearbyServiceBrowserDelegate.swift (in target 'KYNearbyService' from project 'KYNearbyService')
    cd /Users/admin/builder/spi-builder-workspace

SwiftCompile normal arm64 /Users/admin/builder/spi-builder-workspace/KYNearbyService/Sources/KYNearbyService/KYNearbyServiceConfiguration.swift (in target 'KYNearbyService' from project 'KYNearbyService')
    cd /Users/admin/builder/spi-builder-workspace

SwiftCompile normal arm64 /Users/admin/builder/spi-builder-workspace/KYNearbyService/Sources/KYNearbyService/KYNearbyServiceConstants.swift (in target 'KYNearbyService' from project 'KYNearbyService')
    cd /Users/admin/builder/spi-builder-workspace

SwiftCompile normal arm64 Compiling\ KYNearbyPeerModel.swift,\ KYNearbyServiceLocalizations.swift /Users/admin/builder/spi-builder-workspace/KYNearbyService/Sources/KYNearbyService/Model/KYNearbyPeerModel.swift /Users/admin/builder/spi-builder-workspace/KYNearbyService/Sources/Localizations/KYNearbyServiceLocalizations.swift (in target 'KYNearbyService' from project 'KYNearbyService')
SwiftCompile normal arm64 /Users/admin/builder/spi-builder-workspace/KYNearbyService/Sources/KYNearbyService/Model/KYNearbyPeerModel.swift (in target 'KYNearbyService' from project 'KYNearbyService')
    cd /Users/admin/builder/spi-builder-workspace

SwiftCompile normal arm64 /Users/admin/builder/spi-builder-workspace/KYNearbyService/Sources/Localizations/KYNearbyServiceLocalizations.swift (in target 'KYNearbyService' from project 'KYNearbyService')
    cd /Users/admin/builder/spi-builder-workspace

SwiftCompile normal arm64 Compiling\ KYNearbyService+Visibility.swift,\ KYNearbyService+MCNearbyServiceAdvertiserDelegate.swift /Users/admin/builder/spi-builder-workspace/KYNearbyService/Sources/KYNearbyService/KYNearbyService+Visibility.swift /Users/admin/builder/spi-builder-workspace/KYNearbyService/Sources/KYNearbyService/Internal/KYNearbyService+MCNearbyServiceAdvertiserDelegate.swift (in target 'KYNearbyService' from project 'KYNearbyService')
SwiftCompile normal arm64 /Users/admin/builder/spi-builder-workspace/KYNearbyService/Sources/KYNearbyService/KYNearbyService+Visibility.swift (in target 'KYNearbyService' from project 'KYNearbyService')
    cd /Users/admin/builder/spi-builder-workspace

SwiftCompile normal arm64 /Users/admin/builder/spi-builder-workspace/KYNearbyService/Sources/KYNearbyService/Internal/KYNearbyService+MCNearbyServiceAdvertiserDelegate.swift (in target 'KYNearbyService' from project 'KYNearbyService')
    cd /Users/admin/builder/spi-builder-workspace

SwiftCompile normal arm64 Compiling\ KYNearbyService+Connection.swift,\ KYNearbyConnectionView.swift,\ KYNearbyService+ReceivedFile.swift /Users/admin/builder/spi-builder-workspace/KYNearbyService/Sources/KYNearbyService/KYNearbyService+Connection.swift /Users/admin/builder/spi-builder-workspace/KYNearbyService/Sources/KYNearbyConnectionView/KYNearbyConnectionView.swift /Users/admin/builder/spi-builder-workspace/KYNearbyService/Sources/KYNearbyService/KYNearbyService+ReceivedFile.swift (in target 'KYNearbyService' from project 'KYNearbyService')
SwiftCompile normal arm64 /Users/admin/builder/spi-builder-workspace/KYNearbyService/Sources/KYNearbyService/KYNearbyService+Connection.swift (in target 'KYNearbyService' from project 'KYNearbyService')
    cd /Users/admin/builder/spi-builder-workspace

SwiftCompile normal arm64 /Users/admin/builder/spi-builder-workspace/KYNearbyService/Sources/KYNearbyConnectionView/KYNearbyConnectionView.swift (in target 'KYNearbyService' from project 'KYNearbyService')
    cd /Users/admin/builder/spi-builder-workspace

SwiftCompile normal arm64 /Users/admin/builder/spi-builder-workspace/KYNearbyService/Sources/KYNearbyService/KYNearbyService+ReceivedFile.swift (in target 'KYNearbyService' from project 'KYNearbyService')
    cd /Users/admin/builder/spi-builder-workspace

SwiftDriverJobDiscovery normal arm64 Compiling KYFileLogger.swift (in target 'KYLogger' from project 'KYLogger')
SwiftCompile normal arm64 Compiling\ KYNearbyConnectionPeerCell+Actions.swift,\ KYNearbyConnectionViewModel.swift /Users/admin/builder/spi-builder-workspace/KYNearbyService/Sources/KYNearbyConnectionView/PeerCell/KYNearbyConnectionPeerCell+Actions.swift /Users/admin/builder/spi-builder-workspace/KYNearbyService/Sources/KYNearbyConnectionView/ViewModel/KYNearbyConnectionViewModel.swift (in target 'KYNearbyService' from project 'KYNearbyService')
SwiftCompile normal arm64 /Users/admin/builder/spi-builder-workspace/KYNearbyService/Sources/KYNearbyConnectionView/PeerCell/KYNearbyConnectionPeerCell+Actions.swift (in target 'KYNearbyService' from project 'KYNearbyService')
    cd /Users/admin/builder/spi-builder-workspace

SwiftCompile normal arm64 /Users/admin/builder/spi-builder-workspace/KYNearbyService/Sources/KYNearbyConnectionView/ViewModel/KYNearbyConnectionViewModel.swift (in target 'KYNearbyService' from project 'KYNearbyService')
    cd /Users/admin/builder/spi-builder-workspace

SwiftCompile normal arm64 Compiling\ KYNearbyPeerModel+Debug.swift,\ KYNearbyService+Debug.swift /Users/admin/builder/spi-builder-workspace/KYNearbyService/Sources/KYNearbyService/Model/KYNearbyPeerModel+Debug.swift /Users/admin/builder/spi-builder-workspace/KYNearbyService/Sources/KYNearbyService/KYNearbyService+Debug.swift (in target 'KYNearbyService' from project 'KYNearbyService')
Command SwiftCompile failed with a nonzero exit code
warning: Run script build phase 'Run Script (Swift Lint)' will be run during every build because it does not specify any outputs. To address this issue, either add output dependencies to the script phase, or configure it to run in every build by unchecking "Based on dependency analysis" in the script phase. (in target 'KYNearbyService' from project 'KYNearbyService')
--- xcodebuild: WARNING: Using the first of multiple matching destinations:
{ platform:macOS, arch:arm64, id:e3e6c6939ea118aae07674dcb5830294abdda681, name:My Mac }
{ platform:macOS, arch:arm64, variant:Mac Catalyst, id:e3e6c6939ea118aae07674dcb5830294abdda681, name:My Mac }
{ platform:macOS, arch:arm64, variant:Designed for [iPad,iPhone], id:e3e6c6939ea118aae07674dcb5830294abdda681, name:My Mac }
** BUILD FAILED **
The following build commands failed:
	SwiftEmitModule normal arm64 Emitting\ module\ for\ KYNearbyService (in target 'KYNearbyService' from project 'KYNearbyService')
	EmitSwiftModule normal arm64 (in target 'KYNearbyService' from project 'KYNearbyService')
	SwiftCompile normal arm64 Compiling\ KYNearbyPeerModel+Debug.swift,\ KYNearbyService+Debug.swift /Users/admin/builder/spi-builder-workspace/KYNearbyService/Sources/KYNearbyService/Model/KYNearbyPeerModel+Debug.swift /Users/admin/builder/spi-builder-workspace/KYNearbyService/Sources/KYNearbyService/KYNearbyService+Debug.swift (in target 'KYNearbyService' from project 'KYNearbyService')
	Building project KYNearbyService with scheme KYNearbyService
(4 failures)
BUILD FAILURE 6.1 macosXcodebuild