Build Information
Failed to build ThriftSwiftNio, reference 0.0.4 (ab875d), with Swift 6.4 for watchOS using Xcode 27.0 on 16 Sep 2026 11:56:15 UTC.
Build Command
No build command. This typically means the build failed at an early stage where we determine the build command.Build Log
========================================
RunAll
========================================
Builder version: 5.1.0
Interrupt handler set up.
========================================
Checkout
========================================
Clone URL: https://github.com/jacopomangiavacchi/thrift-swift-nio.git
Reference: 0.0.4
Initialized empty Git repository in /Users/admin/builder/spi-builder-workspace/.git/
From https://github.com/jacopomangiavacchi/thrift-swift-nio
* tag 0.0.4 -> FETCH_HEAD
HEAD is now at ab875df Added public init and run
Cloned https://github.com/jacopomangiavacchi/thrift-swift-nio.git
Revision (git rev-parse @):
ab875df1063cfbd24f7a92783b5b3fd9e929bda6
SUCCESS checkout https://github.com/jacopomangiavacchi/thrift-swift-nio.git at 0.0.4
========================================
Build
========================================
Selected platform: watchOS
Swift version: 6.4
Building package at path: $PWD
https://github.com/jacopomangiavacchi/thrift-swift-nio.git
Command line invocation:
/Applications/Xcode-27.0.0-Release.Candidate.app/Contents/Developer/usr/bin/xcodebuild -IDEClonedSourcePackagesDirPathOverride=/Users/admin/builder/spi-builder-workspace/.dependencies -resolvePackageDependencies
Resolve Package Graph
Fetching from https://github.com/apple/swift-nio.git
Fetching from https://github.com/apocolipse/Thrift-Swift.git
the Swift tools version specification is missing a label; consider inserting 'swift-tools-version:' between the comment marker and the version specifierResolve Package Graph
Updating from https://github.com/apple/swift-nio.git
Updating from https://github.com/apocolipse/Thrift-Swift.git
the Swift tools version specification is missing a label; consider inserting 'swift-tools-version:' between the comment marker and the version specifierResolve Package Graph
Updating from https://github.com/apple/swift-nio.git
Updating from https://github.com/apocolipse/Thrift-Swift.git
the Swift tools version specification is missing a label; consider inserting 'swift-tools-version:' between the comment marker and the version specifierResolve Package Graph
Updating from https://github.com/apple/swift-nio.git
Updating from https://github.com/apocolipse/Thrift-Swift.git
the Swift tools version specification is missing a label; consider inserting 'swift-tools-version:' between the comment marker and the version specifier
Resolved source packages:
spi-builder-workspace: (null)
2026-09-16 07:56:12.913 xcodebuild[563:3078] Writing error result bundle to /var/folders/xq/y_g06wb113726d38xsyx71_h0000gn/T/ResultBundle_2026-16-09_07-56-0012.xcresult
xcodebuild: error: Could not resolve package dependencies:
the Swift tools version specification is missing a label; consider inserting 'swift-tools-version:' between the comment marker and the version specifier
Command line invocation:
/Applications/Xcode-27.0.0-Release.Candidate.app/Contents/Developer/usr/bin/xcodebuild -IDEClonedSourcePackagesDirPathOverride=/Users/admin/builder/spi-builder-workspace/.dependencies -resolvePackageDependencies
Resolve Package Graph
Updating from https://github.com/apple/swift-nio.git
Updating from https://github.com/apocolipse/Thrift-Swift.git
the Swift tools version specification is missing a label; consider inserting 'swift-tools-version:' between the comment marker and the version specifier
Resolved source packages:
spi-builder-workspace: (null)
2026-09-16 07:56:14.875 xcodebuild[723:4003] Writing error result bundle to /var/folders/xq/y_g06wb113726d38xsyx71_h0000gn/T/ResultBundle_2026-16-09_07-56-0014.xcresult
xcodebuild: error: Could not resolve package dependencies:
the Swift tools version specification is missing a label; consider inserting 'swift-tools-version:' between the comment marker and the version specifier
BUILD FAILURE 6.4 watchOS