Build Information
Failed to build SwiftSDL2, reference 0.0.7 (a0b119), with Swift 6.4 for visionOS using Xcode 27.0 on 16 Sep 2026 04:04:43 UTC.
Build Command
env DEVELOPER_DIR=/Applications/Xcode-27.0.0-Release.Candidate.app xcrun xcodebuild -IDEClonedSourcePackagesDirPathOverride=$PWD/.dependencies -skipMacroValidation -skipPackagePluginValidation -derivedDataPath $PWD/.derivedData build -scheme SwiftSDL2-Package -destination generic/platform=xrOSBuild Log
========================================
RunAll
========================================
Builder version: 5.1.0
Interrupt handler set up.
========================================
Checkout
========================================
Clone URL: https://github.com/sunlubo/swiftsdl2.git
Reference: 0.0.7
Initialized empty Git repository in /Users/admin/builder/spi-builder-workspace/.git/
From https://github.com/sunlubo/swiftsdl2
* tag 0.0.7 -> FETCH_HEAD
HEAD is now at a0b1192 Merge branch 'master' of https://github.com/sunlubo/SwiftSDL2
Cloned https://github.com/sunlubo/swiftsdl2.git
Revision (git rev-parse @):
a0b119201b2d0734efd4ecc1a1029e9be5478126
SUCCESS checkout https://github.com/sunlubo/swiftsdl2.git at 0.0.7
========================================
Build
========================================
Selected platform: visionOS
Swift version: 6.4
Building package at path: $PWD
https://github.com/sunlubo/swiftsdl2.git
Command line invocation:
/Applications/Xcode-27.0.0-Release.Candidate.app/Contents/Developer/usr/bin/xcodebuild -IDEClonedSourcePackagesDirPathOverride=/Users/admin/builder/spi-builder-workspace/.dependencies -resolvePackageDependencies
resolved source packages:
{
"dependencies" : [
{
"identity" : "csdl2",
"requirement" : {
"range" : [
{
"lower_bound" : "1.0.0",
"upper_bound" : "2.0.0"
}
]
},
"type" : "sourceControl",
"url" : "https://github.com/sunlubo/CSDL2"
}
],
"manifest_display_name" : "SwiftSDL2",
"name" : "SwiftSDL2",
"path" : "/Users/admin/builder/spi-builder-workspace",
"platforms" : [
],
"products" : [
{
"name" : "SwiftSDL2",
"targets" : [
"SwiftSDL2"
],
"type" : {
"library" : [
"automatic"
]
}
},
{
"name" : "ThreadDemo",
"targets" : [
"ThreadDemo"
],
"type" : {
"executable" : null
}
},
{
"name" : "SwiftSDL2Demo",
"targets" : [
"SwiftSDL2Demo"
],
"type" : {
"executable" : null
}
}
],
"targets" : [
{
"c99name" : "ThreadDemo",
"module_type" : "SwiftTarget",
"name" : "ThreadDemo",
"path" : "Sources/ThreadDemo",
"product_memberships" : [
"ThreadDemo"
],
"sources" : [
"BlockingQueue.swift",
"main.swift"
],
"target_dependencies" : [
"SwiftSDL2"
],
"type" : "executable"
},
{
"c99name" : "SwiftSDL2Tests",
"module_type" : "SwiftTarget",
"name" : "SwiftSDL2Tests",
"path" : "Tests/SwiftSDL2Tests",
"sources" : [
"WindowTests.swift",
"XCTestManifests.swift"
],
"target_dependencies" : [
"SwiftSDL2"
],
"type" : "test"
},
{
"c99name" : "SwiftSDL2Demo",
"module_type" : "SwiftTarget",
"name" : "SwiftSDL2Demo",
"path" : "Sources/Demo",
"product_memberships" : [
"SwiftSDL2Demo"
],
"sources" : [
"main.swift"
],
"target_dependencies" : [
"SwiftSDL2"
],
"type" : "executable"
},
{
"c99name" : "SwiftSDL2",
"module_type" : "SwiftTarget",
"name" : "SwiftSDL2",
"path" : "Sources/SwiftSDL2",
"product_memberships" : [
"SwiftSDL2",
"ThreadDemo",
"SwiftSDL2Demo"
],
"sources" : [
"Audio.swift",
"Event.swift",
"Mutex.swift",
"PointerExt.swift",
"Renderer.swift",
"SDLError.swift",
"StringExt.swift",
"Surface.swift",
"Texture.swift",
"Thread.swift",
"Timer.swift",
"Util.swift",
"Window.swift"
],
"type" : "library"
}
],
"tools_version" : "4.0"
}
{
"project" : {
"configurations" : [
"Debug",
"Release"
],
"name" : "SwiftSDL2",
"schemes" : [
"SwiftSDL2-Package",
"SwiftSDL2Demo",
"SwiftSDL2PackageDescription",
"SwiftSDL2PackageTests",
"ThreadDemo"
],
"targets" : [
"SwiftSDL2",
"SwiftSDL2Demo",
"SwiftSDL2PackageDescription",
"SwiftSDL2PackageTests",
"SwiftSDL2Tests",
"ThreadDemo"
]
}
}
{
"workspace" : {
"name" : "SwiftSDL2",
"schemes" : [
"SwiftSDL2",
"SwiftSDL2-Package",
"SwiftSDL2Demo",
"ThreadDemo"
]
}
}
2026-09-16 00:04:32.904 xcodebuild[650:3867] [MT] IDERunDestination: Supported platforms for the buildables in the current scheme is empty.
Running build ...
env DEVELOPER_DIR=/Applications/Xcode-27.0.0-Release.Candidate.app xcrun xcodebuild -IDEClonedSourcePackagesDirPathOverride=$PWD/.dependencies -skipMacroValidation -skipPackagePluginValidation -derivedDataPath $PWD/.derivedData build -scheme SwiftSDL2-Package -destination generic/platform=xrOS
Command line invocation:
/Applications/Xcode-27.0.0-Release.Candidate.app/Contents/Developer/usr/bin/xcodebuild -IDEClonedSourcePackagesDirPathOverride=/Users/admin/builder/spi-builder-workspace/.dependencies -skipMacroValidation -skipPackagePluginValidation -derivedDataPath /Users/admin/builder/spi-builder-workspace/.derivedData build -scheme SwiftSDL2-Package -destination generic/platform=xrOS
Resolve Package Graph
ignoring declared target(s) 'CSDL2' in the system packagedependency 'csdl2' is not used by any targetcouldn't find pc file for sdl2
Resolve Package Graph
ignoring declared target(s) 'CSDL2' in the system packagedependency 'csdl2' is not used by any targetcouldn't find pc file for sdl2
Resolved source packages:
SwiftSDL2: /Users/admin/builder/spi-builder-workspace
CSDL2: https://github.com/sunlubo/CSDL2 @ 1.0.0
ComputePackagePrebuildTargetDependencyGraph
Prepare packages
CreateBuildRequest
SendProjectDescription
CreateBuildOperation
ComputeTargetDependencyGraph
note: Building targets in dependency order
note: Target dependency graph (5 targets)
Target 'SwiftSDL2Demo-product' in project 'SwiftSDL2'
➜ Explicit dependency on target 'CSDL2' in project 'CSDL2'
➜ Explicit dependency on target 'SwiftSDL2' in project 'SwiftSDL2'
Target 'ThreadDemo-product' in project 'SwiftSDL2'
➜ Explicit dependency on target 'CSDL2' in project 'CSDL2'
➜ Explicit dependency on target 'SwiftSDL2' in project 'SwiftSDL2'
Target 'SwiftSDL2-product' in project 'SwiftSDL2'
➜ Explicit dependency on target 'SwiftSDL2' in project 'SwiftSDL2'
Target 'SwiftSDL2' in project 'SwiftSDL2'
➜ Explicit dependency on target 'CSDL2' in project 'CSDL2'
Target 'CSDL2' in project 'CSDL2' (no dependencies)
GatherProvisioningInputs
CreateBuildDescription
ExecuteExternalTool /Applications/Xcode-27.0.0-Release.Candidate.app/Contents/Developer/Toolchains/XcodeDefault.xctoolchain/usr/bin/clang -v -E -dM -isysroot /Applications/Xcode-27.0.0-Release.Candidate.app/Contents/Developer/Platforms/XROS.platform/Developer/SDKs/XROS27.0.sdk -x c -c /dev/null
ExecuteExternalTool /Applications/Xcode-27.0.0-Release.Candidate.app/Contents/Developer/Toolchains/XcodeDefault.xctoolchain/usr/bin/swiftc --version
ExecuteExternalTool /Applications/Xcode-27.0.0-Release.Candidate.app/Contents/Developer/Toolchains/XcodeDefault.xctoolchain/usr/bin/ld -version_details
Build description signature: d975acdca15d9f9a2e0523d515b87459
Build description path: /Users/admin/builder/spi-builder-workspace/.derivedData/Build/Intermediates.noindex/XCBuildData/d975acdca15d9f9a2e0523d515b87459.xcbuilddata
CreateBuildDirectory /Users/admin/builder/spi-builder-workspace/.derivedData/SDKExplicitPrecompiledModules
cd /Users/admin/builder/spi-builder-workspace/.swiftpm/xcode
builtin-create-build-directory /Users/admin/builder/spi-builder-workspace/.derivedData/SDKExplicitPrecompiledModules
CreateBuildDirectory /Users/admin/builder/spi-builder-workspace/.derivedData/ModuleCache.noindex
cd /Users/admin/builder/spi-builder-workspace/.swiftpm/xcode
builtin-create-build-directory /Users/admin/builder/spi-builder-workspace/.derivedData/ModuleCache.noindex
CreateBuildDirectory /Users/admin/builder/spi-builder-workspace/.derivedData/Build/Products
cd /Users/admin/builder/spi-builder-workspace/.swiftpm/xcode
builtin-create-build-directory /Users/admin/builder/spi-builder-workspace/.derivedData/Build/Products
CreateBuildDirectory /Users/admin/builder/spi-builder-workspace/.derivedData/Build/Intermediates.noindex
cd /Users/admin/builder/spi-builder-workspace/.swiftpm/xcode
builtin-create-build-directory /Users/admin/builder/spi-builder-workspace/.derivedData/Build/Intermediates.noindex
CreateBuildDirectory /Users/admin/builder/spi-builder-workspace/.derivedData/CompilationCache.noindex
cd /Users/admin/builder/spi-builder-workspace/.swiftpm/xcode
builtin-create-build-directory /Users/admin/builder/spi-builder-workspace/.derivedData/CompilationCache.noindex
ClangStatCache /Applications/Xcode-27.0.0-Release.Candidate.app/Contents/Developer/Toolchains/XcodeDefault.xctoolchain/usr/bin/clang-stat-cache /Applications/Xcode-27.0.0-Release.Candidate.app/Contents/Developer/Platforms/XROS.platform/Developer/SDKs/XROS27.0.sdk /Users/admin/builder/spi-builder-workspace/.derivedData/SDKStatCaches.noindex/xros27.0-24M361-e829b21a6f8c9b70876ba0858053c044735bd543db762f57723cac368afd1ce4.sdkstatcache
cd /Users/admin/builder/spi-builder-workspace/.swiftpm/xcode
/Applications/Xcode-27.0.0-Release.Candidate.app/Contents/Developer/Toolchains/XcodeDefault.xctoolchain/usr/bin/clang-stat-cache /Applications/Xcode-27.0.0-Release.Candidate.app/Contents/Developer/Platforms/XROS.platform/Developer/SDKs/XROS27.0.sdk -o /Users/admin/builder/spi-builder-workspace/.derivedData/SDKStatCaches.noindex/xros27.0-24M361-e829b21a6f8c9b70876ba0858053c044735bd543db762f57723cac368afd1ce4.sdkstatcache
CreateBuildDirectory /Users/admin/builder/spi-builder-workspace/.derivedData/Build/Intermediates.noindex/SwiftExplicitPrecompiledModules
cd /Users/admin/builder/spi-builder-workspace/.swiftpm/xcode
builtin-create-build-directory /Users/admin/builder/spi-builder-workspace/.derivedData/Build/Intermediates.noindex/SwiftExplicitPrecompiledModules
CreateBuildDirectory /Users/admin/builder/spi-builder-workspace/.derivedData/Build/Intermediates.noindex/PrecompiledHeaders
cd /Users/admin/builder/spi-builder-workspace/.swiftpm/xcode
builtin-create-build-directory /Users/admin/builder/spi-builder-workspace/.derivedData/Build/Intermediates.noindex/PrecompiledHeaders
CreateBuildDirectory /Users/admin/builder/spi-builder-workspace/.derivedData/Build/Intermediates.noindex/ExplicitPrecompiledModules
cd /Users/admin/builder/spi-builder-workspace/.swiftpm/xcode
builtin-create-build-directory /Users/admin/builder/spi-builder-workspace/.derivedData/Build/Intermediates.noindex/ExplicitPrecompiledModules
CreateBuildDirectory /Users/admin/builder/spi-builder-workspace/.derivedData/Build/Products/Debug-xros
cd /Users/admin/builder/spi-builder-workspace/.swiftpm/xcode
builtin-create-build-directory /Users/admin/builder/spi-builder-workspace/.derivedData/Build/Products/Debug-xros
CreateBuildDirectory /Users/admin/builder/spi-builder-workspace/.derivedData/Build/Intermediates.noindex/EagerLinkingTBDs/Debug-xros
cd /Users/admin/builder/spi-builder-workspace/.swiftpm/xcode
builtin-create-build-directory /Users/admin/builder/spi-builder-workspace/.derivedData/Build/Intermediates.noindex/EagerLinkingTBDs/Debug-xros
CreateBuildDirectory /Users/admin/builder/spi-builder-workspace/.derivedData/Build/Products/Debug-xros/PackageFrameworks
cd /Users/admin/builder/spi-builder-workspace/.swiftpm/xcode
builtin-create-build-directory /Users/admin/builder/spi-builder-workspace/.derivedData/Build/Products/Debug-xros/PackageFrameworks
WriteAuxiliaryFile /Users/admin/builder/spi-builder-workspace/.derivedData/Build/Intermediates.noindex/SwiftSDL2.build/Debug-xros/SwiftSDL2Demo-p.build/SwiftSDL2Demo.DependencyStaticMetadataFileList (in target 'SwiftSDL2Demo-product' from project 'SwiftSDL2')
cd /Users/admin/builder/spi-builder-workspace
write-file /Users/admin/builder/spi-builder-workspace/.derivedData/Build/Intermediates.noindex/SwiftSDL2.build/Debug-xros/SwiftSDL2Demo-p.build/SwiftSDL2Demo.DependencyStaticMetadataFileList
WriteAuxiliaryFile /Users/admin/builder/spi-builder-workspace/.derivedData/Build/Intermediates.noindex/SwiftSDL2.build/Debug-xros/ThreadDemo-p.build/ThreadDemo.DependencyMetadataFileList (in target 'ThreadDemo-product' from project 'SwiftSDL2')
cd /Users/admin/builder/spi-builder-workspace
write-file /Users/admin/builder/spi-builder-workspace/.derivedData/Build/Intermediates.noindex/SwiftSDL2.build/Debug-xros/ThreadDemo-p.build/ThreadDemo.DependencyMetadataFileList
WriteAuxiliaryFile /Users/admin/builder/spi-builder-workspace/.derivedData/Build/Intermediates.noindex/SwiftSDL2.build/Debug-xros/ThreadDemo-p.build/ThreadDemo.DependencyStaticMetadataFileList (in target 'ThreadDemo-product' from project 'SwiftSDL2')
cd /Users/admin/builder/spi-builder-workspace
write-file /Users/admin/builder/spi-builder-workspace/.derivedData/Build/Intermediates.noindex/SwiftSDL2.build/Debug-xros/ThreadDemo-p.build/ThreadDemo.DependencyStaticMetadataFileList
WriteAuxiliaryFile /Users/admin/builder/spi-builder-workspace/.derivedData/Build/Intermediates.noindex/SwiftSDL2.build/Debug-xros/SwiftSDL2Demo-p.build/SwiftSDL2Demo.DependencyMetadataFileList (in target 'SwiftSDL2Demo-product' from project 'SwiftSDL2')
cd /Users/admin/builder/spi-builder-workspace
write-file /Users/admin/builder/spi-builder-workspace/.derivedData/Build/Intermediates.noindex/SwiftSDL2.build/Debug-xros/SwiftSDL2Demo-p.build/SwiftSDL2Demo.DependencyMetadataFileList
WriteAuxiliaryFile /Users/admin/builder/spi-builder-workspace/.derivedData/Build/Intermediates.noindex/SwiftSDL2.build/Debug-xros/ThreadDemo-p.build/Objects-normal/arm64/ThreadDemo-OutputFileMap.json (in target 'ThreadDemo-product' from project 'SwiftSDL2')
cd /Users/admin/builder/spi-builder-workspace
write-file /Users/admin/builder/spi-builder-workspace/.derivedData/Build/Intermediates.noindex/SwiftSDL2.build/Debug-xros/ThreadDemo-p.build/Objects-normal/arm64/ThreadDemo-OutputFileMap.json
WriteAuxiliaryFile /Users/admin/builder/spi-builder-workspace/.derivedData/Build/Intermediates.noindex/SwiftSDL2.build/Debug-xros/ThreadDemo-p.build/Objects-normal/arm64/ThreadDemo_const_extract_protocols.json (in target 'ThreadDemo-product' from project 'SwiftSDL2')
cd /Users/admin/builder/spi-builder-workspace
write-file /Users/admin/builder/spi-builder-workspace/.derivedData/Build/Intermediates.noindex/SwiftSDL2.build/Debug-xros/ThreadDemo-p.build/Objects-normal/arm64/ThreadDemo_const_extract_protocols.json
WriteAuxiliaryFile /Users/admin/builder/spi-builder-workspace/.derivedData/Build/Intermediates.noindex/SwiftSDL2.build/Debug-xros/ThreadDemo-p.build/Objects-normal/arm64/ThreadDemo.LinkFileList (in target 'ThreadDemo-product' from project 'SwiftSDL2')
cd /Users/admin/builder/spi-builder-workspace
write-file /Users/admin/builder/spi-builder-workspace/.derivedData/Build/Intermediates.noindex/SwiftSDL2.build/Debug-xros/ThreadDemo-p.build/Objects-normal/arm64/ThreadDemo.LinkFileList
WriteAuxiliaryFile /Users/admin/builder/spi-builder-workspace/.derivedData/Build/Intermediates.noindex/SwiftSDL2.build/Debug-xros/ThreadDemo-p.build/Objects-normal/arm64/ThreadDemo.SwiftFileList (in target 'ThreadDemo-product' from project 'SwiftSDL2')
cd /Users/admin/builder/spi-builder-workspace
write-file /Users/admin/builder/spi-builder-workspace/.derivedData/Build/Intermediates.noindex/SwiftSDL2.build/Debug-xros/ThreadDemo-p.build/Objects-normal/arm64/ThreadDemo.SwiftFileList
WriteAuxiliaryFile /Users/admin/builder/spi-builder-workspace/.derivedData/Build/Intermediates.noindex/SwiftSDL2.build/Debug-xros/SwiftSDL2Demo-p.build/Objects-normal/arm64/SwiftSDL2Demo_const_extract_protocols.json (in target 'SwiftSDL2Demo-product' from project 'SwiftSDL2')
cd /Users/admin/builder/spi-builder-workspace
write-file /Users/admin/builder/spi-builder-workspace/.derivedData/Build/Intermediates.noindex/SwiftSDL2.build/Debug-xros/SwiftSDL2Demo-p.build/Objects-normal/arm64/SwiftSDL2Demo_const_extract_protocols.json
WriteAuxiliaryFile /Users/admin/builder/spi-builder-workspace/.derivedData/Build/Intermediates.noindex/SwiftSDL2.build/Debug-xros/SwiftSDL2Demo-p.build/Objects-normal/arm64/SwiftSDL2Demo.SwiftFileList (in target 'SwiftSDL2Demo-product' from project 'SwiftSDL2')
cd /Users/admin/builder/spi-builder-workspace
write-file /Users/admin/builder/spi-builder-workspace/.derivedData/Build/Intermediates.noindex/SwiftSDL2.build/Debug-xros/SwiftSDL2Demo-p.build/Objects-normal/arm64/SwiftSDL2Demo.SwiftFileList
WriteAuxiliaryFile /Users/admin/builder/spi-builder-workspace/.derivedData/Build/Intermediates.noindex/SwiftSDL2.build/Debug-xros/SwiftSDL2Demo-p.build/Objects-normal/arm64/SwiftSDL2Demo.LinkFileList (in target 'SwiftSDL2Demo-product' from project 'SwiftSDL2')
cd /Users/admin/builder/spi-builder-workspace
write-file /Users/admin/builder/spi-builder-workspace/.derivedData/Build/Intermediates.noindex/SwiftSDL2.build/Debug-xros/SwiftSDL2Demo-p.build/Objects-normal/arm64/SwiftSDL2Demo.LinkFileList
WriteAuxiliaryFile /Users/admin/builder/spi-builder-workspace/.derivedData/Build/Intermediates.noindex/SwiftSDL2.build/Debug-xros/SwiftSDL2Demo-p.build/Objects-normal/arm64/SwiftSDL2Demo-OutputFileMap.json (in target 'SwiftSDL2Demo-product' from project 'SwiftSDL2')
cd /Users/admin/builder/spi-builder-workspace
write-file /Users/admin/builder/spi-builder-workspace/.derivedData/Build/Intermediates.noindex/SwiftSDL2.build/Debug-xros/SwiftSDL2Demo-p.build/Objects-normal/arm64/SwiftSDL2Demo-OutputFileMap.json
WriteAuxiliaryFile /Users/admin/builder/spi-builder-workspace/.derivedData/Build/Intermediates.noindex/SwiftSDL2.build/Debug-xros/SwiftSDL2-t.build/SwiftSDL2.modulemap (in target 'SwiftSDL2' from project 'SwiftSDL2')
cd /Users/admin/builder/spi-builder-workspace
write-file /Users/admin/builder/spi-builder-workspace/.derivedData/Build/Intermediates.noindex/SwiftSDL2.build/Debug-xros/SwiftSDL2-t.build/SwiftSDL2.modulemap
WriteAuxiliaryFile /Users/admin/builder/spi-builder-workspace/.derivedData/Build/Intermediates.noindex/SwiftSDL2.build/Debug-xros/SwiftSDL2-t.build/SwiftSDL2.DependencyStaticMetadataFileList (in target 'SwiftSDL2' from project 'SwiftSDL2')
cd /Users/admin/builder/spi-builder-workspace
write-file /Users/admin/builder/spi-builder-workspace/.derivedData/Build/Intermediates.noindex/SwiftSDL2.build/Debug-xros/SwiftSDL2-t.build/SwiftSDL2.DependencyStaticMetadataFileList
WriteAuxiliaryFile /Users/admin/builder/spi-builder-workspace/.derivedData/Build/Intermediates.noindex/SwiftSDL2.build/Debug-xros/SwiftSDL2-t.build/SwiftSDL2.DependencyMetadataFileList (in target 'SwiftSDL2' from project 'SwiftSDL2')
cd /Users/admin/builder/spi-builder-workspace
write-file /Users/admin/builder/spi-builder-workspace/.derivedData/Build/Intermediates.noindex/SwiftSDL2.build/Debug-xros/SwiftSDL2-t.build/SwiftSDL2.DependencyMetadataFileList
WriteAuxiliaryFile /Users/admin/builder/spi-builder-workspace/.derivedData/Build/Intermediates.noindex/SwiftSDL2.build/Debug-xros/SwiftSDL2-t.build/Objects-normal/arm64/SwiftSDL2.SwiftFileList (in target 'SwiftSDL2' from project 'SwiftSDL2')
cd /Users/admin/builder/spi-builder-workspace
write-file /Users/admin/builder/spi-builder-workspace/.derivedData/Build/Intermediates.noindex/SwiftSDL2.build/Debug-xros/SwiftSDL2-t.build/Objects-normal/arm64/SwiftSDL2.SwiftFileList
WriteAuxiliaryFile /Users/admin/builder/spi-builder-workspace/.derivedData/Build/Intermediates.noindex/SwiftSDL2.build/Debug-xros/SwiftSDL2-t.build/Objects-normal/arm64/SwiftSDL2_const_extract_protocols.json (in target 'SwiftSDL2' from project 'SwiftSDL2')
cd /Users/admin/builder/spi-builder-workspace
write-file /Users/admin/builder/spi-builder-workspace/.derivedData/Build/Intermediates.noindex/SwiftSDL2.build/Debug-xros/SwiftSDL2-t.build/Objects-normal/arm64/SwiftSDL2_const_extract_protocols.json
WriteAuxiliaryFile /Users/admin/builder/spi-builder-workspace/.derivedData/Build/Intermediates.noindex/SwiftSDL2.build/Debug-xros/SwiftSDL2-t.build/Objects-normal/arm64/SwiftSDL2.SwiftConstValuesFileList (in target 'SwiftSDL2' from project 'SwiftSDL2')
cd /Users/admin/builder/spi-builder-workspace
write-file /Users/admin/builder/spi-builder-workspace/.derivedData/Build/Intermediates.noindex/SwiftSDL2.build/Debug-xros/SwiftSDL2-t.build/Objects-normal/arm64/SwiftSDL2.SwiftConstValuesFileList
WriteAuxiliaryFile /Users/admin/builder/spi-builder-workspace/.derivedData/Build/Intermediates.noindex/SwiftSDL2.build/Debug-xros/SwiftSDL2-t.build/Objects-normal/arm64/SwiftSDL2.LinkFileList (in target 'SwiftSDL2' from project 'SwiftSDL2')
cd /Users/admin/builder/spi-builder-workspace
write-file /Users/admin/builder/spi-builder-workspace/.derivedData/Build/Intermediates.noindex/SwiftSDL2.build/Debug-xros/SwiftSDL2-t.build/Objects-normal/arm64/SwiftSDL2.LinkFileList
WriteAuxiliaryFile /Users/admin/builder/spi-builder-workspace/.derivedData/Build/Intermediates.noindex/SwiftSDL2.build/Debug-xros/SwiftSDL2-t.build/Objects-normal/arm64/SwiftSDL2-OutputFileMap.json (in target 'SwiftSDL2' from project 'SwiftSDL2')
cd /Users/admin/builder/spi-builder-workspace
write-file /Users/admin/builder/spi-builder-workspace/.derivedData/Build/Intermediates.noindex/SwiftSDL2.build/Debug-xros/SwiftSDL2-t.build/Objects-normal/arm64/SwiftSDL2-OutputFileMap.json
Copy /Users/admin/builder/spi-builder-workspace/.derivedData/Build/Intermediates.noindex/GeneratedModuleMaps-xros/SwiftSDL2.modulemap /Users/admin/builder/spi-builder-workspace/.derivedData/Build/Intermediates.noindex/SwiftSDL2.build/Debug-xros/SwiftSDL2-t.build/SwiftSDL2.modulemap (in target 'SwiftSDL2' from project 'SwiftSDL2')
cd /Users/admin/builder/spi-builder-workspace
builtin-copy -exclude .DS_Store -exclude CVS -exclude .svn -exclude .git -exclude .hg -resolve-src-symlinks /Users/admin/builder/spi-builder-workspace/.derivedData/Build/Intermediates.noindex/SwiftSDL2.build/Debug-xros/SwiftSDL2-t.build/SwiftSDL2.modulemap /Users/admin/builder/spi-builder-workspace/.derivedData/Build/Intermediates.noindex/GeneratedModuleMaps-xros
SwiftDriver SwiftSDL2 normal arm64 com.apple.xcode.tools.swift.compiler (in target 'SwiftSDL2' from project 'SwiftSDL2')
cd /Users/admin/builder/spi-builder-workspace/.swiftpm/xcode
builtin-SwiftDriver -- /Applications/Xcode-27.0.0-Release.Candidate.app/Contents/Developer/Toolchains/XcodeDefault.xctoolchain/usr/bin/swiftc -parse-as-library -module-name SwiftSDL2 -Onone @/Users/admin/builder/spi-builder-workspace/.derivedData/Build/Intermediates.noindex/SwiftSDL2.build/Debug-xros/SwiftSDL2-t.build/Objects-normal/arm64/SwiftSDL2.SwiftFileList -DSWIFT_PACKAGE -DDEBUG -DSWIFT_MODULE_RESOURCE_BUNDLE_UNAVAILABLE -Xcc -fmodule-map-file\=/Users/admin/builder/spi-builder-workspace/.dependencies/checkouts/CSDL2/module.modulemap -DXcode -plugin-path /Applications/Xcode-27.0.0-Release.Candidate.app/Contents/Developer/Toolchains/XcodeDefault.xctoolchain/usr/lib/swift/host/plugins/testing -enable-experimental-feature DebugDescriptionMacro -sdk /Applications/Xcode-27.0.0-Release.Candidate.app/Contents/Developer/Platforms/XROS.platform/Developer/SDKs/XROS27.0.sdk -target arm64-apple-xros1.0 -g -module-cache-path /Users/admin/builder/spi-builder-workspace/.derivedData/ModuleCache.noindex -Xfrontend -serialize-debugging-options -profile-coverage-mapping -profile-generate -enable-testing -index-store-path /Users/admin/builder/spi-builder-workspace/.derivedData/Index.noindex/DataStore -Xcc -D_LIBCPP_HARDENING_MODE\=_LIBCPP_HARDENING_MODE_DEBUG -swift-version 4 -I /Users/admin/builder/spi-builder-workspace/.derivedData/Build/Products/Debug-xros -Isystem /Applications/Xcode-27.0.0-Release.Candidate.app/Contents/Developer/Platforms/XROS.platform/Developer/usr/lib -F /Users/admin/builder/spi-builder-workspace/.derivedData/Build/Products/Debug-xros -F /Applications/Xcode-27.0.0-Release.Candidate.app/Contents/Developer/Platforms/XROS.platform/Developer/Library/Frameworks -F /Applications/Xcode-27.0.0-Release.Candidate.app/Contents/Developer/Platforms/XROS.platform/Developer/SDKs/XROS27.0.sdk/Developer/Library/Frameworks -c -j10 -enable-batch-mode -incremental -Xcc -ivfsstatcache -Xcc /Users/admin/builder/spi-builder-workspace/.derivedData/SDKStatCaches.noindex/xros27.0-24M361-e829b21a6f8c9b70876ba0858053c044735bd543db762f57723cac368afd1ce4.sdkstatcache -output-file-map /Users/admin/builder/spi-builder-workspace/.derivedData/Build/Intermediates.noindex/SwiftSDL2.build/Debug-xros/SwiftSDL2-t.build/Objects-normal/arm64/SwiftSDL2-OutputFileMap.json -save-temps -no-color-diagnostics -emit-dependencies -emit-module -emit-module-path /Users/admin/builder/spi-builder-workspace/.derivedData/Build/Intermediates.noindex/SwiftSDL2.build/Debug-xros/SwiftSDL2-t.build/Objects-normal/arm64/SwiftSDL2.swiftmodule -serialize-diagnostics -validate-clang-modules-once -clang-build-session-file /Users/admin/builder/spi-builder-workspace/.derivedData/ModuleCache.noindex/Session.modulevalidation -Xcc -fmodules-prune-interval\=86400 -Xcc -fmodules-prune-after\=345600 -emit-const-values -const-gather-protocols-list /Users/admin/builder/spi-builder-workspace/.derivedData/Build/Intermediates.noindex/SwiftSDL2.build/Debug-xros/SwiftSDL2-t.build/Objects-normal/arm64/SwiftSDL2_const_extract_protocols.json -Xcc -I/Users/admin/builder/spi-builder-workspace/.derivedData/Build/Products/Debug-xros/include -Xcc -I/Users/admin/builder/spi-builder-workspace/.derivedData/Build/Intermediates.noindex/SwiftSDL2.build/Debug-xros/SwiftSDL2-t.build/DerivedSources-normal/arm64 -Xcc -I/Users/admin/builder/spi-builder-workspace/.derivedData/Build/Intermediates.noindex/SwiftSDL2.build/Debug-xros/SwiftSDL2-t.build/DerivedSources/arm64 -Xcc -I/Users/admin/builder/spi-builder-workspace/.derivedData/Build/Intermediates.noindex/SwiftSDL2.build/Debug-xros/SwiftSDL2-t.build/DerivedSources -Xcc -DSWIFT_PACKAGE -Xcc -DDEBUG\=1 -emit-objc-header -emit-objc-header-path /Users/admin/builder/spi-builder-workspace/.derivedData/Build/Intermediates.noindex/SwiftSDL2.build/Debug-xros/SwiftSDL2-t.build/Objects-normal/arm64/SwiftSDL2-Swift.h -working-directory /Users/admin/builder/spi-builder-workspace/.swiftpm/xcode -experimental-emit-module-separately -disable-cmo
SwiftCompile normal arm64 Compiling\ Mutex.swift,\ PointerExt.swift /Users/admin/builder/spi-builder-workspace/Sources/SwiftSDL2/Mutex.swift /Users/admin/builder/spi-builder-workspace/Sources/SwiftSDL2/PointerExt.swift (in target 'SwiftSDL2' from project 'SwiftSDL2')
SwiftCompile normal arm64 /Users/admin/builder/spi-builder-workspace/Sources/SwiftSDL2/Mutex.swift (in target 'SwiftSDL2' from project 'SwiftSDL2')
cd /Users/admin/builder/spi-builder-workspace/.swiftpm/xcode
builtin-SwiftPerFileCompile Mutex.swift
SwiftCompile normal arm64 /Users/admin/builder/spi-builder-workspace/Sources/SwiftSDL2/PointerExt.swift (in target 'SwiftSDL2' from project 'SwiftSDL2')
cd /Users/admin/builder/spi-builder-workspace/.swiftpm/xcode
builtin-SwiftPerFileCompile PointerExt.swift
SwiftCompile normal arm64 Compiling\ Renderer.swift,\ SDLError.swift /Users/admin/builder/spi-builder-workspace/Sources/SwiftSDL2/Renderer.swift /Users/admin/builder/spi-builder-workspace/Sources/SwiftSDL2/SDLError.swift (in target 'SwiftSDL2' from project 'SwiftSDL2')
SwiftCompile normal arm64 /Users/admin/builder/spi-builder-workspace/Sources/SwiftSDL2/Renderer.swift (in target 'SwiftSDL2' from project 'SwiftSDL2')
cd /Users/admin/builder/spi-builder-workspace/.swiftpm/xcode
builtin-SwiftPerFileCompile Renderer.swift
SwiftCompile normal arm64 /Users/admin/builder/spi-builder-workspace/Sources/SwiftSDL2/SDLError.swift (in target 'SwiftSDL2' from project 'SwiftSDL2')
cd /Users/admin/builder/spi-builder-workspace/.swiftpm/xcode
builtin-SwiftPerFileCompile SDLError.swift
<module-includes>:1:9: note: in file included from <module-includes>:1:
1 | #import "sdl2_shim.h"
| `- note: in file included from <module-includes>:1:
2 |
/Users/admin/builder/spi-builder-workspace/.dependencies/checkouts/CSDL2/sdl2_shim.h:1:10: error: 'SDL2/SDL.h' file not found
1 | #include <SDL2/SDL.h>
| `- error: 'SDL2/SDL.h' file not found
2 |
SwiftCompile normal arm64 Compiling\ Surface.swift /Users/admin/builder/spi-builder-workspace/Sources/SwiftSDL2/Surface.swift (in target 'SwiftSDL2' from project 'SwiftSDL2')
SwiftCompile normal arm64 /Users/admin/builder/spi-builder-workspace/Sources/SwiftSDL2/Surface.swift (in target 'SwiftSDL2' from project 'SwiftSDL2')
cd /Users/admin/builder/spi-builder-workspace/.swiftpm/xcode
builtin-SwiftPerFileCompile Surface.swift
<module-includes>:1:9: note: in file included from <module-includes>:1:
1 | #import "sdl2_shim.h"
| `- note: in file included from <module-includes>:1:
2 |
/Users/admin/builder/spi-builder-workspace/.dependencies/checkouts/CSDL2/sdl2_shim.h:1:10: error: 'SDL2/SDL.h' file not found
1 | #include <SDL2/SDL.h>
| `- error: 'SDL2/SDL.h' file not found
2 |
SwiftCompile normal arm64 Compiling\ Audio.swift,\ Event.swift /Users/admin/builder/spi-builder-workspace/Sources/SwiftSDL2/Audio.swift /Users/admin/builder/spi-builder-workspace/Sources/SwiftSDL2/Event.swift (in target 'SwiftSDL2' from project 'SwiftSDL2')
SwiftCompile normal arm64 /Users/admin/builder/spi-builder-workspace/Sources/SwiftSDL2/Audio.swift (in target 'SwiftSDL2' from project 'SwiftSDL2')
cd /Users/admin/builder/spi-builder-workspace/.swiftpm/xcode
builtin-SwiftPerFileCompile Audio.swift
SwiftCompile normal arm64 /Users/admin/builder/spi-builder-workspace/Sources/SwiftSDL2/Event.swift (in target 'SwiftSDL2' from project 'SwiftSDL2')
cd /Users/admin/builder/spi-builder-workspace/.swiftpm/xcode
builtin-SwiftPerFileCompile Event.swift
<module-includes>:1:9: note: in file included from <module-includes>:1:
1 | #import "sdl2_shim.h"
| `- note: in file included from <module-includes>:1:
2 |
/Users/admin/builder/spi-builder-workspace/.dependencies/checkouts/CSDL2/sdl2_shim.h:1:10: error: 'SDL2/SDL.h' file not found
1 | #include <SDL2/SDL.h>
| `- error: 'SDL2/SDL.h' file not found
2 |
SwiftCompile normal arm64 Compiling\ Timer.swift /Users/admin/builder/spi-builder-workspace/Sources/SwiftSDL2/Timer.swift (in target 'SwiftSDL2' from project 'SwiftSDL2')
<module-includes>:1:9: note: in file included from <module-includes>:1:
1 | #import "sdl2_shim.h"
| `- note: in file included from <module-includes>:1:
2 |
/Users/admin/builder/spi-builder-workspace/.dependencies/checkouts/CSDL2/sdl2_shim.h:1:10: error: 'SDL2/SDL.h' file not found
1 | #include <SDL2/SDL.h>
| `- error: 'SDL2/SDL.h' file not found
2 |
SwiftCompile normal arm64 /Users/admin/builder/spi-builder-workspace/Sources/SwiftSDL2/Timer.swift (in target 'SwiftSDL2' from project 'SwiftSDL2')
cd /Users/admin/builder/spi-builder-workspace/.swiftpm/xcode
builtin-SwiftPerFileCompile Timer.swift
SwiftCompile normal arm64 Compiling\ Util.swift /Users/admin/builder/spi-builder-workspace/Sources/SwiftSDL2/Util.swift (in target 'SwiftSDL2' from project 'SwiftSDL2')
SwiftCompile normal arm64 /Users/admin/builder/spi-builder-workspace/Sources/SwiftSDL2/Util.swift (in target 'SwiftSDL2' from project 'SwiftSDL2')
cd /Users/admin/builder/spi-builder-workspace/.swiftpm/xcode
builtin-SwiftPerFileCompile Util.swift
<module-includes>:1:9: note: in file included from <module-includes>:1:
1 | #import "sdl2_shim.h"
| `- note: in file included from <module-includes>:1:
2 |
/Users/admin/builder/spi-builder-workspace/.dependencies/checkouts/CSDL2/sdl2_shim.h:1:10: error: 'SDL2/SDL.h' file not found
1 | #include <SDL2/SDL.h>
| `- error: 'SDL2/SDL.h' file not found
2 |
SwiftEmitModule normal arm64 Emitting\ module\ for\ SwiftSDL2 (in target 'SwiftSDL2' from project 'SwiftSDL2')
<module-includes>:1:9: note: in file included from <module-includes>:1:
1 | #import "sdl2_shim.h"
| `- note: in file included from <module-includes>:1:
2 |
/Users/admin/builder/spi-builder-workspace/.dependencies/checkouts/CSDL2/sdl2_shim.h:1:10: error: 'SDL2/SDL.h' file not found
1 | #include <SDL2/SDL.h>
| `- error: 'SDL2/SDL.h' file not found
2 |
/Users/admin/builder/spi-builder-workspace/Sources/SwiftSDL2/Audio.swift:8:8: error: could not build Objective-C module 'CSDL2'
6 | //
7 |
8 | import CSDL2
| `- error: could not build Objective-C module 'CSDL2'
9 |
10 | // MARK: - AudioFormat
Failed frontend command:
/Applications/Xcode-27.0.0-Release.Candidate.app/Contents/Developer/Toolchains/XcodeDefault.xctoolchain/usr/bin/swift-frontend -frontend -emit-module -experimental-skip-non-inlinable-function-bodies-without-types /Users/admin/builder/spi-builder-workspace/Sources/SwiftSDL2/Audio.swift /Users/admin/builder/spi-builder-workspace/Sources/SwiftSDL2/Event.swift /Users/admin/builder/spi-builder-workspace/Sources/SwiftSDL2/Mutex.swift /Users/admin/builder/spi-builder-workspace/Sources/SwiftSDL2/PointerExt.swift /Users/admin/builder/spi-builder-workspace/Sources/SwiftSDL2/Renderer.swift /Users/admin/builder/spi-builder-workspace/Sources/SwiftSDL2/SDLError.swift /Users/admin/builder/spi-builder-workspace/Sources/SwiftSDL2/StringExt.swift /Users/admin/builder/spi-builder-workspace/Sources/SwiftSDL2/Surface.swift /Users/admin/builder/spi-builder-workspace/Sources/SwiftSDL2/Texture.swift /Users/admin/builder/spi-builder-workspace/Sources/SwiftSDL2/Thread.swift /Users/admin/builder/spi-builder-workspace/Sources/SwiftSDL2/Timer.swift /Users/admin/builder/spi-builder-workspace/Sources/SwiftSDL2/Util.swift /Users/admin/builder/spi-builder-workspace/Sources/SwiftSDL2/Window.swift -target arm64-apple-xros1.0 -Xllvm -aarch64-use-tbi -enable-objc-interop -stack-check -sdk /Applications/Xcode-27.0.0-Release.Candidate.app/Contents/Developer/Platforms/XROS.platform/Developer/SDKs/XROS27.0.sdk -I /Users/admin/builder/spi-builder-workspace/.derivedData/Build/Products/Debug-xros -Isystem /Applications/Xcode-27.0.0-Release.Candidate.app/Contents/Developer/Platforms/XROS.platform/Developer/usr/lib -F /Users/admin/builder/spi-builder-workspace/.derivedData/Build/Products/Debug-xros -F /Applications/Xcode-27.0.0-Release.Candidate.app/Contents/Developer/Platforms/XROS.platform/Developer/Library/Frameworks -F /Applications/Xcode-27.0.0-Release.Candidate.app/Contents/Developer/Platforms/XROS.platform/Developer/SDKs/XROS27.0.sdk/Developer/Library/Frameworks -module-cache-path /Users/admin/builder/spi-builder-workspace/.derivedData/ModuleCache.noindex -no-color-diagnostics -Xcc -fno-color-diagnostics -enable-testing -g -debug-info-format\=dwarf -dwarf-version\=4 -profile-generate -profile-coverage-mapping -swift-version 4 -Onone -D SWIFT_PACKAGE -D DEBUG -D SWIFT_MODULE_RESOURCE_BUNDLE_UNAVAILABLE -D Xcode -serialize-debugging-options -enable-experimental-feature DebugDescriptionMacro -empty-abi-descriptor -plugin-path /Applications/Xcode-27.0.0-Release.Candidate.app/Contents/Developer/Toolchains/XcodeDefault.xctoolchain/usr/lib/swift/host/plugins/testing -validate-clang-modules-once -clang-build-session-file /Users/admin/builder/spi-builder-workspace/.derivedData/ModuleCache.noindex/Session.modulevalidation -Xcc -working-directory -Xcc /Users/admin/builder/spi-builder-workspace/.swiftpm/xcode -enable-anonymous-context-mangled-names -file-compilation-dir /Users/admin/builder/spi-builder-workspace/.swiftpm/xcode -Xcc -fmodule-map-file\=/Users/admin/builder/spi-builder-workspace/.dependencies/checkouts/CSDL2/module.modulemap -Xcc -D_LIBCPP_HARDENING_MODE\=_LIBCPP_HARDENING_MODE_DEBUG -Xcc -ivfsstatcache -Xcc /Users/admin/builder/spi-builder-workspace/.derivedData/SDKStatCaches.noindex/xros27.0-24M361-e829b21a6f8c9b70876ba0858053c044735bd543db762f57723cac368afd1ce4.sdkstatcache -Xcc -fmodules-prune-interval\=86400 -Xcc -fmodules-prune-after\=345600 -Xcc -I/Users/admin/builder/spi-builder-workspace/.derivedData/Build/Products/Debug-xros/include -Xcc -I/Users/admin/builder/spi-builder-workspace/.derivedData/Build/Intermediates.noindex/SwiftSDL2.build/Debug-xros/SwiftSDL2-t.build/DerivedSources-normal/arm64 -Xcc -I/Users/admin/builder/spi-builder-workspace/.derivedData/Build/Intermediates.noindex/SwiftSDL2.build/Debug-xros/SwiftSDL2-t.build/DerivedSources/arm64 -Xcc -I/Users/admin/builder/spi-builder-workspace/.derivedData/Build/Intermediates.noindex/SwiftSDL2.build/Debug-xros/SwiftSDL2-t.build/DerivedSources -Xcc -DSWIFT_PACKAGE -Xcc -DDEBUG\=1 -no-auto-bridging-header-chaining -module-name SwiftSDL2 -const-gather-protocols-file /Users/admin/builder/spi-builder-workspace/.derivedData/Build/Intermediates.noindex/SwiftSDL2.build/Debug-xros/SwiftSDL2-t.build/Objects-normal/arm64/SwiftSDL2_const_extract_protocols.json -disable-clang-spi -target-sdk-version 27.0 -target-sdk-name xros27.0 -external-plugin-path /Applications/Xcode-27.0.0-Release.Candidate.app/Contents/Developer/Platforms/XROS.platform/Developer/usr/lib/swift/host/plugins\#/Applications/Xcode-27.0.0-Release.Candidate.app/Contents/Developer/Platforms/XROS.platform/Developer/usr/bin/swift-plugin-server -external-plugin-path /Applications/Xcode-27.0.0-Release.Candidate.app/Contents/Developer/Platforms/XROS.platform/Developer/usr/local/lib/swift/host/plugins\#/Applications/Xcode-27.0.0-Release.Candidate.app/Contents/Developer/Platforms/XROS.platform/Developer/usr/bin/swift-plugin-server -in-process-plugin-server-path /Applications/Xcode-27.0.0-Release.Candidate.app/Contents/Developer/Toolchains/XcodeDefault.xctoolchain/usr/lib/swift/host/libSwiftInProcPluginServer.dylib -plugin-path /Applications/Xcode-27.0.0-Release.Candidate.app/Contents/Developer/Toolchains/XcodeDefault.xctoolchain/usr/lib/swift/host/plugins -plugin-path /Applications/Xcode-27.0.0-Release.Candidate.app/Contents/Developer/Toolchains/XcodeDefault.xctoolchain/usr/local/lib/swift/host/plugins -emit-module-doc-path /Users/admin/builder/spi-builder-workspace/.derivedData/Build/Intermediates.noindex/SwiftSDL2.build/Debug-xros/SwiftSDL2-t.build/Objects-normal/arm64/SwiftSDL2.swiftdoc -emit-module-source-info-path /Users/admin/builder/spi-builder-workspace/.derivedData/Build/Intermediates.noindex/SwiftSDL2.build/Debug-xros/SwiftSDL2-t.build/Objects-normal/arm64/SwiftSDL2.swiftsourceinfo -emit-objc-header-path /Users/admin/builder/spi-builder-workspace/.derivedData/Build/Intermediates.noindex/SwiftSDL2.build/Debug-xros/SwiftSDL2-t.build/Objects-normal/arm64/SwiftSDL2-Swift.h -serialize-diagnostics-path /Users/admin/builder/spi-builder-workspace/.derivedData/Build/Intermediates.noindex/SwiftSDL2.build/Debug-xros/SwiftSDL2-t.build/Objects-normal/arm64/SwiftSDL2-primary-emit-module.dia -emit-dependencies-path /Users/admin/builder/spi-builder-workspace/.derivedData/Build/Intermediates.noindex/SwiftSDL2.build/Debug-xros/SwiftSDL2-t.build/Objects-normal/arm64/SwiftSDL2-primary-emit-module.d -parse-as-library -o /Users/admin/builder/spi-builder-workspace/.derivedData/Build/Intermediates.noindex/SwiftSDL2.build/Debug-xros/SwiftSDL2-t.build/Objects-normal/arm64/SwiftSDL2.swiftmodule -emit-abi-descriptor-path /Users/admin/builder/spi-builder-workspace/.derivedData/Build/Intermediates.noindex/SwiftSDL2.build/Debug-xros/SwiftSDL2-t.build/Objects-normal/arm64/SwiftSDL2.abi.json
SwiftCompile normal arm64 (in target 'SwiftSDL2' from project 'SwiftSDL2')
cd /Users/admin/builder/spi-builder-workspace/.swiftpm/xcode
SwiftCompile normal arm64 Compiling\ Thread.swift /Users/admin/builder/spi-builder-workspace/Sources/SwiftSDL2/Thread.swift (in target 'SwiftSDL2' from project 'SwiftSDL2')
SwiftCompile normal arm64 /Users/admin/builder/spi-builder-workspace/Sources/SwiftSDL2/Thread.swift (in target 'SwiftSDL2' from project 'SwiftSDL2')
cd /Users/admin/builder/spi-builder-workspace/.swiftpm/xcode
builtin-SwiftPerFileCompile Thread.swift
<module-includes>:1:9: note: in file included from <module-includes>:1:
1 | #import "sdl2_shim.h"
| `- note: in file included from <module-includes>:1:
2 |
/Users/admin/builder/spi-builder-workspace/.dependencies/checkouts/CSDL2/sdl2_shim.h:1:10: error: 'SDL2/SDL.h' file not found
1 | #include <SDL2/SDL.h>
| `- error: 'SDL2/SDL.h' file not found
2 |
SwiftCompile normal arm64 Compiling\ StringExt.swift /Users/admin/builder/spi-builder-workspace/Sources/SwiftSDL2/StringExt.swift (in target 'SwiftSDL2' from project 'SwiftSDL2')
SwiftCompile normal arm64 /Users/admin/builder/spi-builder-workspace/Sources/SwiftSDL2/StringExt.swift (in target 'SwiftSDL2' from project 'SwiftSDL2')
cd /Users/admin/builder/spi-builder-workspace/.swiftpm/xcode
builtin-SwiftPerFileCompile StringExt.swift
<module-includes>:1:9: note: in file included from <module-includes>:1:
1 | #import "sdl2_shim.h"
| `- note: in file included from <module-includes>:1:
2 |
/Users/admin/builder/spi-builder-workspace/.dependencies/checkouts/CSDL2/sdl2_shim.h:1:10: error: 'SDL2/SDL.h' file not found
1 | #include <SDL2/SDL.h>
| `- error: 'SDL2/SDL.h' file not found
2 |
SwiftCompile normal arm64 Compiling\ Window.swift /Users/admin/builder/spi-builder-workspace/Sources/SwiftSDL2/Window.swift (in target 'SwiftSDL2' from project 'SwiftSDL2')
<module-includes>:1:9: note: in file included from <module-includes>:1:
1 | #import "sdl2_shim.h"
| `- note: in file included from <module-includes>:1:
2 |
/Users/admin/builder/spi-builder-workspace/.dependencies/checkouts/CSDL2/sdl2_shim.h:1:10: error: 'SDL2/SDL.h' file not found
1 | #include <SDL2/SDL.h>
| `- error: 'SDL2/SDL.h' file not found
2 |
SwiftCompile normal arm64 /Users/admin/builder/spi-builder-workspace/Sources/SwiftSDL2/Window.swift (in target 'SwiftSDL2' from project 'SwiftSDL2')
cd /Users/admin/builder/spi-builder-workspace/.swiftpm/xcode
builtin-SwiftPerFileCompile Window.swift
SwiftCompile normal arm64 Compiling\ Texture.swift /Users/admin/builder/spi-builder-workspace/Sources/SwiftSDL2/Texture.swift (in target 'SwiftSDL2' from project 'SwiftSDL2')
SwiftCompile normal arm64 /Users/admin/builder/spi-builder-workspace/Sources/SwiftSDL2/Texture.swift (in target 'SwiftSDL2' from project 'SwiftSDL2')
cd /Users/admin/builder/spi-builder-workspace/.swiftpm/xcode
builtin-SwiftPerFileCompile Texture.swift
PruneExplicitPrecompiledModules /Users/admin/builder/spi-builder-workspace/.derivedData/Build/Intermediates.noindex/SwiftExplicitPrecompiledModules
PruneExplicitPrecompiledModules /Users/admin/builder/spi-builder-workspace/.derivedData/Build/Intermediates.noindex/ExplicitPrecompiledModules
PruneExplicitPrecompiledModules /Users/admin/builder/spi-builder-workspace/.derivedData/SDKExplicitPrecompiledModules
2026-09-16 00:04:35.158 xcodebuild[718:4367] [MT] IDERunDestination: Supported platforms for the buildables in the current scheme is empty.
** BUILD FAILED **
The following build commands failed:
SwiftEmitModule normal arm64 Emitting\ module\ for\ SwiftSDL2 (in target 'SwiftSDL2' from project 'SwiftSDL2')
SwiftCompile normal arm64 (in target 'SwiftSDL2' from project 'SwiftSDL2')
Building workspace SwiftSDL2 with scheme SwiftSDL2-Package
(3 failures)
Command line invocation:
/Applications/Xcode-27.0.0-Release.Candidate.app/Contents/Developer/usr/bin/xcodebuild -IDEClonedSourcePackagesDirPathOverride=/Users/admin/builder/spi-builder-workspace/.dependencies -resolvePackageDependencies
Resolve Package Graph
ignoring declared target(s) 'CSDL2' in the system packagedependency 'csdl2' is not used by any targetcouldn't find pc file for sdl2
Resolved source packages:
CSDL2: https://github.com/sunlubo/CSDL2 @ 1.0.0
SwiftSDL2: /Users/admin/builder/spi-builder-workspace
resolved source packages: CSDL2, SwiftSDL2
2026-09-16 00:04:39.312 xcodebuild[761:4595] [MT] IDERunDestination: Supported platforms for the buildables in the current scheme is empty.
{
"dependencies" : [
{
"identity" : "csdl2",
"requirement" : {
"range" : [
{
"lower_bound" : "1.0.0",
"upper_bound" : "2.0.0"
}
]
},
"type" : "sourceControl",
"url" : "https://github.com/sunlubo/CSDL2"
}
],
"manifest_display_name" : "SwiftSDL2",
"name" : "SwiftSDL2",
"path" : "/Users/admin/builder/spi-builder-workspace",
"platforms" : [
],
"products" : [
{
"name" : "SwiftSDL2",
"targets" : [
"SwiftSDL2"
],
"type" : {
"library" : [
"automatic"
]
}
},
{
"name" : "ThreadDemo",
"targets" : [
"ThreadDemo"
],
"type" : {
"executable" : null
}
},
{
"name" : "SwiftSDL2Demo",
"targets" : [
"SwiftSDL2Demo"
],
"type" : {
"executable" : null
}
}
],
"targets" : [
{
"c99name" : "ThreadDemo",
"module_type" : "SwiftTarget",
"name" : "ThreadDemo",
"path" : "Sources/ThreadDemo",
"product_memberships" : [
"ThreadDemo"
],
"sources" : [
"BlockingQueue.swift",
"main.swift"
],
"target_dependencies" : [
"SwiftSDL2"
],
"type" : "executable"
},
{
"c99name" : "SwiftSDL2Tests",
"module_type" : "SwiftTarget",
"name" : "SwiftSDL2Tests",
"path" : "Tests/SwiftSDL2Tests",
"sources" : [
"WindowTests.swift",
"XCTestManifests.swift"
],
"target_dependencies" : [
"SwiftSDL2"
],
"type" : "test"
},
{
"c99name" : "SwiftSDL2Demo",
"module_type" : "SwiftTarget",
"name" : "SwiftSDL2Demo",
"path" : "Sources/Demo",
"product_memberships" : [
"SwiftSDL2Demo"
],
"sources" : [
"main.swift"
],
"target_dependencies" : [
"SwiftSDL2"
],
"type" : "executable"
},
{
"c99name" : "SwiftSDL2",
"module_type" : "SwiftTarget",
"name" : "SwiftSDL2",
"path" : "Sources/SwiftSDL2",
"product_memberships" : [
"SwiftSDL2",
"ThreadDemo",
"SwiftSDL2Demo"
],
"sources" : [
"Audio.swift",
"Event.swift",
"Mutex.swift",
"PointerExt.swift",
"Renderer.swift",
"SDLError.swift",
"StringExt.swift",
"Surface.swift",
"Texture.swift",
"Thread.swift",
"Timer.swift",
"Util.swift",
"Window.swift"
],
"type" : "library"
}
],
"tools_version" : "4.0"
}
{
"workspace" : {
"name" : "SwiftSDL2",
"schemes" : [
"SwiftSDL2",
"SwiftSDL2-Package",
"SwiftSDL2Demo",
"ThreadDemo"
]
}
}
2026-09-16 00:04:40.552 xcodebuild[770:4661] [MT] IDERunDestination: Supported platforms for the buildables in the current scheme is empty.
{
"workspace" : {
"name" : "SwiftSDL2",
"schemes" : [
"SwiftSDL2",
"SwiftSDL2-Package",
"SwiftSDL2Demo",
"ThreadDemo"
]
}
}
2026-09-16 00:04:41.573 xcodebuild[773:4695] [MT] IDERunDestination: Supported platforms for the buildables in the current scheme is empty.
Running build ...
env DEVELOPER_DIR=/Applications/Xcode-27.0.0-Release.Candidate.app xcrun xcodebuild -IDEClonedSourcePackagesDirPathOverride=$PWD/.dependencies -skipMacroValidation -skipPackagePluginValidation -derivedDataPath $PWD/.derivedData build -scheme SwiftSDL2-Package -destination generic/platform=xrOS
Command line invocation:
/Applications/Xcode-27.0.0-Release.Candidate.app/Contents/Developer/usr/bin/xcodebuild -IDEClonedSourcePackagesDirPathOverride=/Users/admin/builder/spi-builder-workspace/.dependencies -skipMacroValidation -skipPackagePluginValidation -derivedDataPath /Users/admin/builder/spi-builder-workspace/.derivedData build -scheme SwiftSDL2-Package -destination generic/platform=xrOS
Resolve Package Graph
ignoring declared target(s) 'CSDL2' in the system packagedependency 'csdl2' is not used by any targetcouldn't find pc file for sdl2
Resolved source packages:
SwiftSDL2: /Users/admin/builder/spi-builder-workspace
CSDL2: https://github.com/sunlubo/CSDL2 @ 1.0.0
ComputePackagePrebuildTargetDependencyGraph
Prepare packages
CreateBuildRequest
SendProjectDescription
CreateBuildOperation
ComputeTargetDependencyGraph
note: Building targets in dependency order
note: Target dependency graph (5 targets)
Target 'SwiftSDL2Demo-product' in project 'SwiftSDL2'
➜ Explicit dependency on target 'CSDL2' in project 'CSDL2'
➜ Explicit dependency on target 'SwiftSDL2' in project 'SwiftSDL2'
Target 'ThreadDemo-product' in project 'SwiftSDL2'
➜ Explicit dependency on target 'CSDL2' in project 'CSDL2'
➜ Explicit dependency on target 'SwiftSDL2' in project 'SwiftSDL2'
Target 'SwiftSDL2-product' in project 'SwiftSDL2'
➜ Explicit dependency on target 'SwiftSDL2' in project 'SwiftSDL2'
Target 'SwiftSDL2' in project 'SwiftSDL2'
➜ Explicit dependency on target 'CSDL2' in project 'CSDL2'
Target 'CSDL2' in project 'CSDL2' (no dependencies)
GatherProvisioningInputs
CreateBuildDescription
ClangStatCache /Applications/Xcode-27.0.0-Release.Candidate.app/Contents/Developer/Toolchains/XcodeDefault.xctoolchain/usr/bin/clang-stat-cache /Applications/Xcode-27.0.0-Release.Candidate.app/Contents/Developer/Platforms/XROS.platform/Developer/SDKs/XROS27.0.sdk /Users/admin/builder/spi-builder-workspace/.derivedData/SDKStatCaches.noindex/xros27.0-24M361-e829b21a6f8c9b70876ba0858053c044735bd543db762f57723cac368afd1ce4.sdkstatcache
cd /Users/admin/builder/spi-builder-workspace/.swiftpm/xcode
/Applications/Xcode-27.0.0-Release.Candidate.app/Contents/Developer/Toolchains/XcodeDefault.xctoolchain/usr/bin/clang-stat-cache /Applications/Xcode-27.0.0-Release.Candidate.app/Contents/Developer/Platforms/XROS.platform/Developer/SDKs/XROS27.0.sdk -o /Users/admin/builder/spi-builder-workspace/.derivedData/SDKStatCaches.noindex/xros27.0-24M361-e829b21a6f8c9b70876ba0858053c044735bd543db762f57723cac368afd1ce4.sdkstatcache
SwiftDriver SwiftSDL2 normal arm64 com.apple.xcode.tools.swift.compiler (in target 'SwiftSDL2' from project 'SwiftSDL2')
cd /Users/admin/builder/spi-builder-workspace/.swiftpm/xcode
builtin-SwiftDriver -- /Applications/Xcode-27.0.0-Release.Candidate.app/Contents/Developer/Toolchains/XcodeDefault.xctoolchain/usr/bin/swiftc -parse-as-library -module-name SwiftSDL2 -Onone @/Users/admin/builder/spi-builder-workspace/.derivedData/Build/Intermediates.noindex/SwiftSDL2.build/Debug-xros/SwiftSDL2-t.build/Objects-normal/arm64/SwiftSDL2.SwiftFileList -DSWIFT_PACKAGE -DDEBUG -DSWIFT_MODULE_RESOURCE_BUNDLE_UNAVAILABLE -Xcc -fmodule-map-file\=/Users/admin/builder/spi-builder-workspace/.dependencies/checkouts/CSDL2/module.modulemap -DXcode -plugin-path /Applications/Xcode-27.0.0-Release.Candidate.app/Contents/Developer/Toolchains/XcodeDefault.xctoolchain/usr/lib/swift/host/plugins/testing -enable-experimental-feature DebugDescriptionMacro -sdk /Applications/Xcode-27.0.0-Release.Candidate.app/Contents/Developer/Platforms/XROS.platform/Developer/SDKs/XROS27.0.sdk -target arm64-apple-xros1.0 -g -module-cache-path /Users/admin/builder/spi-builder-workspace/.derivedData/ModuleCache.noindex -Xfrontend -serialize-debugging-options -profile-coverage-mapping -profile-generate -enable-testing -index-store-path /Users/admin/builder/spi-builder-workspace/.derivedData/Index.noindex/DataStore -Xcc -D_LIBCPP_HARDENING_MODE\=_LIBCPP_HARDENING_MODE_DEBUG -swift-version 4 -I /Users/admin/builder/spi-builder-workspace/.derivedData/Build/Products/Debug-xros -Isystem /Applications/Xcode-27.0.0-Release.Candidate.app/Contents/Developer/Platforms/XROS.platform/Developer/usr/lib -F /Users/admin/builder/spi-builder-workspace/.derivedData/Build/Products/Debug-xros -F /Applications/Xcode-27.0.0-Release.Candidate.app/Contents/Developer/Platforms/XROS.platform/Developer/Library/Frameworks -F /Applications/Xcode-27.0.0-Release.Candidate.app/Contents/Developer/Platforms/XROS.platform/Developer/SDKs/XROS27.0.sdk/Developer/Library/Frameworks -c -j10 -enable-batch-mode -incremental -Xcc -ivfsstatcache -Xcc /Users/admin/builder/spi-builder-workspace/.derivedData/SDKStatCaches.noindex/xros27.0-24M361-e829b21a6f8c9b70876ba0858053c044735bd543db762f57723cac368afd1ce4.sdkstatcache -output-file-map /Users/admin/builder/spi-builder-workspace/.derivedData/Build/Intermediates.noindex/SwiftSDL2.build/Debug-xros/SwiftSDL2-t.build/Objects-normal/arm64/SwiftSDL2-OutputFileMap.json -save-temps -no-color-diagnostics -emit-dependencies -emit-module -emit-module-path /Users/admin/builder/spi-builder-workspace/.derivedData/Build/Intermediates.noindex/SwiftSDL2.build/Debug-xros/SwiftSDL2-t.build/Objects-normal/arm64/SwiftSDL2.swiftmodule -serialize-diagnostics -validate-clang-modules-once -clang-build-session-file /Users/admin/builder/spi-builder-workspace/.derivedData/ModuleCache.noindex/Session.modulevalidation -Xcc -fmodules-prune-interval\=86400 -Xcc -fmodules-prune-after\=345600 -emit-const-values -const-gather-protocols-list /Users/admin/builder/spi-builder-workspace/.derivedData/Build/Intermediates.noindex/SwiftSDL2.build/Debug-xros/SwiftSDL2-t.build/Objects-normal/arm64/SwiftSDL2_const_extract_protocols.json -Xcc -I/Users/admin/builder/spi-builder-workspace/.derivedData/Build/Products/Debug-xros/include -Xcc -I/Users/admin/builder/spi-builder-workspace/.derivedData/Build/Intermediates.noindex/SwiftSDL2.build/Debug-xros/SwiftSDL2-t.build/DerivedSources-normal/arm64 -Xcc -I/Users/admin/builder/spi-builder-workspace/.derivedData/Build/Intermediates.noindex/SwiftSDL2.build/Debug-xros/SwiftSDL2-t.build/DerivedSources/arm64 -Xcc -I/Users/admin/builder/spi-builder-workspace/.derivedData/Build/Intermediates.noindex/SwiftSDL2.build/Debug-xros/SwiftSDL2-t.build/DerivedSources -Xcc -DSWIFT_PACKAGE -Xcc -DDEBUG\=1 -emit-objc-header -emit-objc-header-path /Users/admin/builder/spi-builder-workspace/.derivedData/Build/Intermediates.noindex/SwiftSDL2.build/Debug-xros/SwiftSDL2-t.build/Objects-normal/arm64/SwiftSDL2-Swift.h -working-directory /Users/admin/builder/spi-builder-workspace/.swiftpm/xcode -experimental-emit-module-separately -disable-cmo
SwiftCompile normal arm64 Compiling\ StringExt.swift /Users/admin/builder/spi-builder-workspace/Sources/SwiftSDL2/StringExt.swift (in target 'SwiftSDL2' from project 'SwiftSDL2')
SwiftCompile normal arm64 /Users/admin/builder/spi-builder-workspace/Sources/SwiftSDL2/StringExt.swift (in target 'SwiftSDL2' from project 'SwiftSDL2')
cd /Users/admin/builder/spi-builder-workspace/.swiftpm/xcode
builtin-SwiftPerFileCompile StringExt.swift
<module-includes>:1:9: note: in file included from <module-includes>:1:
1 | #import "sdl2_shim.h"
| `- note: in file included from <module-includes>:1:
2 |
/Users/admin/builder/spi-builder-workspace/.dependencies/checkouts/CSDL2/sdl2_shim.h:1:10: error: 'SDL2/SDL.h' file not found
1 | #include <SDL2/SDL.h>
| `- error: 'SDL2/SDL.h' file not found
2 |
SwiftCompile normal arm64 Compiling\ Surface.swift /Users/admin/builder/spi-builder-workspace/Sources/SwiftSDL2/Surface.swift (in target 'SwiftSDL2' from project 'SwiftSDL2')
<module-includes>:1:9: note: in file included from <module-includes>:1:
1 | #import "sdl2_shim.h"
| `- note: in file included from <module-includes>:1:
2 |
/Users/admin/builder/spi-builder-workspace/.dependencies/checkouts/CSDL2/sdl2_shim.h:1:10: error: 'SDL2/SDL.h' file not found
1 | #include <SDL2/SDL.h>
| `- error: 'SDL2/SDL.h' file not found
2 |
SwiftCompile normal arm64 /Users/admin/builder/spi-builder-workspace/Sources/SwiftSDL2/Surface.swift (in target 'SwiftSDL2' from project 'SwiftSDL2')
cd /Users/admin/builder/spi-builder-workspace/.swiftpm/xcode
builtin-SwiftPerFileCompile Surface.swift
SwiftCompile normal arm64 Compiling\ Mutex.swift,\ PointerExt.swift /Users/admin/builder/spi-builder-workspace/Sources/SwiftSDL2/Mutex.swift /Users/admin/builder/spi-builder-workspace/Sources/SwiftSDL2/PointerExt.swift (in target 'SwiftSDL2' from project 'SwiftSDL2')
<module-includes>:1:9: note: in file included from <module-includes>:1:
1 | #import "sdl2_shim.h"
| `- note: in file included from <module-includes>:1:
2 |
/Users/admin/builder/spi-builder-workspace/.dependencies/checkouts/CSDL2/sdl2_shim.h:1:10: error: 'SDL2/SDL.h' file not found
1 | #include <SDL2/SDL.h>
| `- error: 'SDL2/SDL.h' file not found
2 |
SwiftCompile normal arm64 /Users/admin/builder/spi-builder-workspace/Sources/SwiftSDL2/Mutex.swift (in target 'SwiftSDL2' from project 'SwiftSDL2')
cd /Users/admin/builder/spi-builder-workspace/.swiftpm/xcode
builtin-SwiftPerFileCompile Mutex.swift
SwiftCompile normal arm64 /Users/admin/builder/spi-builder-workspace/Sources/SwiftSDL2/PointerExt.swift (in target 'SwiftSDL2' from project 'SwiftSDL2')
cd /Users/admin/builder/spi-builder-workspace/.swiftpm/xcode
builtin-SwiftPerFileCompile PointerExt.swift
SwiftCompile normal arm64 Compiling\ Thread.swift /Users/admin/builder/spi-builder-workspace/Sources/SwiftSDL2/Thread.swift (in target 'SwiftSDL2' from project 'SwiftSDL2')
SwiftCompile normal arm64 /Users/admin/builder/spi-builder-workspace/Sources/SwiftSDL2/Thread.swift (in target 'SwiftSDL2' from project 'SwiftSDL2')
cd /Users/admin/builder/spi-builder-workspace/.swiftpm/xcode
builtin-SwiftPerFileCompile Thread.swift
<module-includes>:1:9: note: in file included from <module-includes>:1:
1 | #import "sdl2_shim.h"
| `- note: in file included from <module-includes>:1:
2 |
/Users/admin/builder/spi-builder-workspace/.dependencies/checkouts/CSDL2/sdl2_shim.h:1:10: error: 'SDL2/SDL.h' file not found
1 | #include <SDL2/SDL.h>
| `- error: 'SDL2/SDL.h' file not found
2 |
SwiftCompile normal arm64 Compiling\ Timer.swift /Users/admin/builder/spi-builder-workspace/Sources/SwiftSDL2/Timer.swift (in target 'SwiftSDL2' from project 'SwiftSDL2')
SwiftCompile normal arm64 /Users/admin/builder/spi-builder-workspace/Sources/SwiftSDL2/Timer.swift (in target 'SwiftSDL2' from project 'SwiftSDL2')
cd /Users/admin/builder/spi-builder-workspace/.swiftpm/xcode
builtin-SwiftPerFileCompile Timer.swift
<module-includes>:1:9: note: in file included from <module-includes>:1:
1 | #import "sdl2_shim.h"
| `- note: in file included from <module-includes>:1:
2 |
/Users/admin/builder/spi-builder-workspace/.dependencies/checkouts/CSDL2/sdl2_shim.h:1:10: error: 'SDL2/SDL.h' file not found
1 | #include <SDL2/SDL.h>
| `- error: 'SDL2/SDL.h' file not found
2 |
SwiftCompile normal arm64 Compiling\ Util.swift /Users/admin/builder/spi-builder-workspace/Sources/SwiftSDL2/Util.swift (in target 'SwiftSDL2' from project 'SwiftSDL2')
<module-includes>:1:9: note: in file included from <module-includes>:1:
1 | #import "sdl2_shim.h"
| `- note: in file included from <module-includes>:1:
2 |
/Users/admin/builder/spi-builder-workspace/.dependencies/checkouts/CSDL2/sdl2_shim.h:1:10: error: 'SDL2/SDL.h' file not found
1 | #include <SDL2/SDL.h>
| `- error: 'SDL2/SDL.h' file not found
2 |
SwiftCompile normal arm64 /Users/admin/builder/spi-builder-workspace/Sources/SwiftSDL2/Util.swift (in target 'SwiftSDL2' from project 'SwiftSDL2')
cd /Users/admin/builder/spi-builder-workspace/.swiftpm/xcode
builtin-SwiftPerFileCompile Util.swift
SwiftEmitModule normal arm64 Emitting\ module\ for\ SwiftSDL2 (in target 'SwiftSDL2' from project 'SwiftSDL2')
<module-includes>:1:9: note: in file included from <module-includes>:1:
1 | #import "sdl2_shim.h"
| `- note: in file included from <module-includes>:1:
2 |
/Users/admin/builder/spi-builder-workspace/.dependencies/checkouts/CSDL2/sdl2_shim.h:1:10: error: 'SDL2/SDL.h' file not found
1 | #include <SDL2/SDL.h>
| `- error: 'SDL2/SDL.h' file not found
2 |
/Users/admin/builder/spi-builder-workspace/Sources/SwiftSDL2/Audio.swift:8:8: error: could not build Objective-C module 'CSDL2'
6 | //
7 |
8 | import CSDL2
| `- error: could not build Objective-C module 'CSDL2'
9 |
10 | // MARK: - AudioFormat
Failed frontend command:
/Applications/Xcode-27.0.0-Release.Candidate.app/Contents/Developer/Toolchains/XcodeDefault.xctoolchain/usr/bin/swift-frontend -frontend -emit-module -experimental-skip-non-inlinable-function-bodies-without-types /Users/admin/builder/spi-builder-workspace/Sources/SwiftSDL2/Audio.swift /Users/admin/builder/spi-builder-workspace/Sources/SwiftSDL2/Event.swift /Users/admin/builder/spi-builder-workspace/Sources/SwiftSDL2/Mutex.swift /Users/admin/builder/spi-builder-workspace/Sources/SwiftSDL2/PointerExt.swift /Users/admin/builder/spi-builder-workspace/Sources/SwiftSDL2/Renderer.swift /Users/admin/builder/spi-builder-workspace/Sources/SwiftSDL2/SDLError.swift /Users/admin/builder/spi-builder-workspace/Sources/SwiftSDL2/StringExt.swift /Users/admin/builder/spi-builder-workspace/Sources/SwiftSDL2/Surface.swift /Users/admin/builder/spi-builder-workspace/Sources/SwiftSDL2/Texture.swift /Users/admin/builder/spi-builder-workspace/Sources/SwiftSDL2/Thread.swift /Users/admin/builder/spi-builder-workspace/Sources/SwiftSDL2/Timer.swift /Users/admin/builder/spi-builder-workspace/Sources/SwiftSDL2/Util.swift /Users/admin/builder/spi-builder-workspace/Sources/SwiftSDL2/Window.swift -target arm64-apple-xros1.0 -Xllvm -aarch64-use-tbi -enable-objc-interop -stack-check -sdk /Applications/Xcode-27.0.0-Release.Candidate.app/Contents/Developer/Platforms/XROS.platform/Developer/SDKs/XROS27.0.sdk -I /Users/admin/builder/spi-builder-workspace/.derivedData/Build/Products/Debug-xros -Isystem /Applications/Xcode-27.0.0-Release.Candidate.app/Contents/Developer/Platforms/XROS.platform/Developer/usr/lib -F /Users/admin/builder/spi-builder-workspace/.derivedData/Build/Products/Debug-xros -F /Applications/Xcode-27.0.0-Release.Candidate.app/Contents/Developer/Platforms/XROS.platform/Developer/Library/Frameworks -F /Applications/Xcode-27.0.0-Release.Candidate.app/Contents/Developer/Platforms/XROS.platform/Developer/SDKs/XROS27.0.sdk/Developer/Library/Frameworks -module-cache-path /Users/admin/builder/spi-builder-workspace/.derivedData/ModuleCache.noindex -no-color-diagnostics -Xcc -fno-color-diagnostics -enable-testing -g -debug-info-format\=dwarf -dwarf-version\=4 -profile-generate -profile-coverage-mapping -swift-version 4 -Onone -D SWIFT_PACKAGE -D DEBUG -D SWIFT_MODULE_RESOURCE_BUNDLE_UNAVAILABLE -D Xcode -serialize-debugging-options -enable-experimental-feature DebugDescriptionMacro -empty-abi-descriptor -plugin-path /Applications/Xcode-27.0.0-Release.Candidate.app/Contents/Developer/Toolchains/XcodeDefault.xctoolchain/usr/lib/swift/host/plugins/testing -validate-clang-modules-once -clang-build-session-file /Users/admin/builder/spi-builder-workspace/.derivedData/ModuleCache.noindex/Session.modulevalidation -Xcc -working-directory -Xcc /Users/admin/builder/spi-builder-workspace/.swiftpm/xcode -enable-anonymous-context-mangled-names -file-compilation-dir /Users/admin/builder/spi-builder-workspace/.swiftpm/xcode -Xcc -fmodule-map-file\=/Users/admin/builder/spi-builder-workspace/.dependencies/checkouts/CSDL2/module.modulemap -Xcc -D_LIBCPP_HARDENING_MODE\=_LIBCPP_HARDENING_MODE_DEBUG -Xcc -ivfsstatcache -Xcc /Users/admin/builder/spi-builder-workspace/.derivedData/SDKStatCaches.noindex/xros27.0-24M361-e829b21a6f8c9b70876ba0858053c044735bd543db762f57723cac368afd1ce4.sdkstatcache -Xcc -fmodules-prune-interval\=86400 -Xcc -fmodules-prune-after\=345600 -Xcc -I/Users/admin/builder/spi-builder-workspace/.derivedData/Build/Products/Debug-xros/include -Xcc -I/Users/admin/builder/spi-builder-workspace/.derivedData/Build/Intermediates.noindex/SwiftSDL2.build/Debug-xros/SwiftSDL2-t.build/DerivedSources-normal/arm64 -Xcc -I/Users/admin/builder/spi-builder-workspace/.derivedData/Build/Intermediates.noindex/SwiftSDL2.build/Debug-xros/SwiftSDL2-t.build/DerivedSources/arm64 -Xcc -I/Users/admin/builder/spi-builder-workspace/.derivedData/Build/Intermediates.noindex/SwiftSDL2.build/Debug-xros/SwiftSDL2-t.build/DerivedSources -Xcc -DSWIFT_PACKAGE -Xcc -DDEBUG\=1 -no-auto-bridging-header-chaining -module-name SwiftSDL2 -const-gather-protocols-file /Users/admin/builder/spi-builder-workspace/.derivedData/Build/Intermediates.noindex/SwiftSDL2.build/Debug-xros/SwiftSDL2-t.build/Objects-normal/arm64/SwiftSDL2_const_extract_protocols.json -disable-clang-spi -target-sdk-version 27.0 -target-sdk-name xros27.0 -external-plugin-path /Applications/Xcode-27.0.0-Release.Candidate.app/Contents/Developer/Platforms/XROS.platform/Developer/usr/lib/swift/host/plugins\#/Applications/Xcode-27.0.0-Release.Candidate.app/Contents/Developer/Platforms/XROS.platform/Developer/usr/bin/swift-plugin-server -external-plugin-path /Applications/Xcode-27.0.0-Release.Candidate.app/Contents/Developer/Platforms/XROS.platform/Developer/usr/local/lib/swift/host/plugins\#/Applications/Xcode-27.0.0-Release.Candidate.app/Contents/Developer/Platforms/XROS.platform/Developer/usr/bin/swift-plugin-server -in-process-plugin-server-path /Applications/Xcode-27.0.0-Release.Candidate.app/Contents/Developer/Toolchains/XcodeDefault.xctoolchain/usr/lib/swift/host/libSwiftInProcPluginServer.dylib -plugin-path /Applications/Xcode-27.0.0-Release.Candidate.app/Contents/Developer/Toolchains/XcodeDefault.xctoolchain/usr/lib/swift/host/plugins -plugin-path /Applications/Xcode-27.0.0-Release.Candidate.app/Contents/Developer/Toolchains/XcodeDefault.xctoolchain/usr/local/lib/swift/host/plugins -emit-module-doc-path /Users/admin/builder/spi-builder-workspace/.derivedData/Build/Intermediates.noindex/SwiftSDL2.build/Debug-xros/SwiftSDL2-t.build/Objects-normal/arm64/SwiftSDL2.swiftdoc -emit-module-source-info-path /Users/admin/builder/spi-builder-workspace/.derivedData/Build/Intermediates.noindex/SwiftSDL2.build/Debug-xros/SwiftSDL2-t.build/Objects-normal/arm64/SwiftSDL2.swiftsourceinfo -emit-objc-header-path /Users/admin/builder/spi-builder-workspace/.derivedData/Build/Intermediates.noindex/SwiftSDL2.build/Debug-xros/SwiftSDL2-t.build/Objects-normal/arm64/SwiftSDL2-Swift.h -serialize-diagnostics-path /Users/admin/builder/spi-builder-workspace/.derivedData/Build/Intermediates.noindex/SwiftSDL2.build/Debug-xros/SwiftSDL2-t.build/Objects-normal/arm64/SwiftSDL2-primary-emit-module.dia -emit-dependencies-path /Users/admin/builder/spi-builder-workspace/.derivedData/Build/Intermediates.noindex/SwiftSDL2.build/Debug-xros/SwiftSDL2-t.build/Objects-normal/arm64/SwiftSDL2-primary-emit-module.d -parse-as-library -o /Users/admin/builder/spi-builder-workspace/.derivedData/Build/Intermediates.noindex/SwiftSDL2.build/Debug-xros/SwiftSDL2-t.build/Objects-normal/arm64/SwiftSDL2.swiftmodule -emit-abi-descriptor-path /Users/admin/builder/spi-builder-workspace/.derivedData/Build/Intermediates.noindex/SwiftSDL2.build/Debug-xros/SwiftSDL2-t.build/Objects-normal/arm64/SwiftSDL2.abi.json
SwiftCompile normal arm64 (in target 'SwiftSDL2' from project 'SwiftSDL2')
cd /Users/admin/builder/spi-builder-workspace/.swiftpm/xcode
SwiftCompile normal arm64 Compiling\ Window.swift /Users/admin/builder/spi-builder-workspace/Sources/SwiftSDL2/Window.swift (in target 'SwiftSDL2' from project 'SwiftSDL2')
SwiftCompile normal arm64 /Users/admin/builder/spi-builder-workspace/Sources/SwiftSDL2/Window.swift (in target 'SwiftSDL2' from project 'SwiftSDL2')
cd /Users/admin/builder/spi-builder-workspace/.swiftpm/xcode
builtin-SwiftPerFileCompile Window.swift
<module-includes>:1:9: note: in file included from <module-includes>:1:
1 | #import "sdl2_shim.h"
| `- note: in file included from <module-includes>:1:
2 |
/Users/admin/builder/spi-builder-workspace/.dependencies/checkouts/CSDL2/sdl2_shim.h:1:10: error: 'SDL2/SDL.h' file not found
1 | #include <SDL2/SDL.h>
| `- error: 'SDL2/SDL.h' file not found
2 |
SwiftCompile normal arm64 Compiling\ Renderer.swift,\ SDLError.swift /Users/admin/builder/spi-builder-workspace/Sources/SwiftSDL2/Renderer.swift /Users/admin/builder/spi-builder-workspace/Sources/SwiftSDL2/SDLError.swift (in target 'SwiftSDL2' from project 'SwiftSDL2')
SwiftCompile normal arm64 /Users/admin/builder/spi-builder-workspace/Sources/SwiftSDL2/Renderer.swift (in target 'SwiftSDL2' from project 'SwiftSDL2')
cd /Users/admin/builder/spi-builder-workspace/.swiftpm/xcode
builtin-SwiftPerFileCompile Renderer.swift
SwiftCompile normal arm64 /Users/admin/builder/spi-builder-workspace/Sources/SwiftSDL2/SDLError.swift (in target 'SwiftSDL2' from project 'SwiftSDL2')
cd /Users/admin/builder/spi-builder-workspace/.swiftpm/xcode
builtin-SwiftPerFileCompile SDLError.swift
SwiftCompile normal arm64 Compiling\ Audio.swift,\ Event.swift /Users/admin/builder/spi-builder-workspace/Sources/SwiftSDL2/Audio.swift /Users/admin/builder/spi-builder-workspace/Sources/SwiftSDL2/Event.swift (in target 'SwiftSDL2' from project 'SwiftSDL2')
<module-includes>:1:9: note: in file included from <module-includes>:1:
1 | #import "sdl2_shim.h"
| `- note: in file included from <module-includes>:1:
2 |
/Users/admin/builder/spi-builder-workspace/.dependencies/checkouts/CSDL2/sdl2_shim.h:1:10: error: 'SDL2/SDL.h' file not found
1 | #include <SDL2/SDL.h>
| `- error: 'SDL2/SDL.h' file not found
2 |
SwiftCompile normal arm64 /Users/admin/builder/spi-builder-workspace/Sources/SwiftSDL2/Audio.swift (in target 'SwiftSDL2' from project 'SwiftSDL2')
cd /Users/admin/builder/spi-builder-workspace/.swiftpm/xcode
builtin-SwiftPerFileCompile Audio.swift
SwiftCompile normal arm64 /Users/admin/builder/spi-builder-workspace/Sources/SwiftSDL2/Event.swift (in target 'SwiftSDL2' from project 'SwiftSDL2')
cd /Users/admin/builder/spi-builder-workspace/.swiftpm/xcode
builtin-SwiftPerFileCompile Event.swift
SwiftCompile normal arm64 Compiling\ Texture.swift /Users/admin/builder/spi-builder-workspace/Sources/SwiftSDL2/Texture.swift (in target 'SwiftSDL2' from project 'SwiftSDL2')
SwiftCompile normal arm64 /Users/admin/builder/spi-builder-workspace/Sources/SwiftSDL2/Texture.swift (in target 'SwiftSDL2' from project 'SwiftSDL2')
cd /Users/admin/builder/spi-builder-workspace/.swiftpm/xcode
builtin-SwiftPerFileCompile Texture.swift
PruneExplicitPrecompiledModules /Users/admin/builder/spi-builder-workspace/.derivedData/SDKExplicitPrecompiledModules
PruneExplicitPrecompiledModules /Users/admin/builder/spi-builder-workspace/.derivedData/Build/Intermediates.noindex/SwiftExplicitPrecompiledModules
PruneExplicitPrecompiledModules /Users/admin/builder/spi-builder-workspace/.derivedData/Build/Intermediates.noindex/ExplicitPrecompiledModules
2026-09-16 00:04:42.633 xcodebuild[775:4721] [MT] IDERunDestination: Supported platforms for the buildables in the current scheme is empty.
** BUILD FAILED **
The following build commands failed:
SwiftEmitModule normal arm64 Emitting\ module\ for\ SwiftSDL2 (in target 'SwiftSDL2' from project 'SwiftSDL2')
SwiftCompile normal arm64 (in target 'SwiftSDL2' from project 'SwiftSDL2')
Building workspace SwiftSDL2 with scheme SwiftSDL2-Package
(3 failures)
BUILD FAILURE 6.4 visionOS