The Swift Package Index logo.Swift Package Index

Build Information

Failed to build Semver, reference v1.2.0 (22c565), with Swift 6.4 for watchOS using Xcode 27.0 on 18 Sep 2026 08:36:19 UTC.

Build Command

env DEVELOPER_DIR=/Applications/Xcode-27.0.0-Release.Candidate.app xcrun xcodebuild -IDEClonedSourcePackagesDirPathOverride=$PWD/.dependencies -skipMacroValidation -skipPackagePluginValidation -derivedDataPath $PWD/.derivedData build -scheme Semver -destination generic/platform=watchOS

Build Log

========================================
RunAll
========================================
Builder version: 5.1.0
Interrupt handler set up.
========================================
Checkout
========================================
Clone URL: https://github.com/Jomy10/SemverSwift.git
Reference: v1.2.0
Initialized empty Git repository in /Users/admin/builder/spi-builder-workspace/.git/
From https://github.com/Jomy10/SemverSwift
 * tag               v1.2.0     -> FETCH_HEAD
HEAD is now at 22c5651 update `Package.swift` for v1.2.0
Cloned https://github.com/Jomy10/SemverSwift.git
Revision (git rev-parse @):
22c5651e47f3ce24a1f75ebca20d509ab34414bb
SUCCESS checkout https://github.com/Jomy10/SemverSwift.git at v1.2.0
========================================
Build
========================================
Selected platform:         watchOS
Swift version:             6.4
Building package at path:  $PWD
https://github.com/Jomy10/SemverSwift.git
Command line invocation:
    /Applications/Xcode-27.0.0-Release.Candidate.app/Contents/Developer/usr/bin/xcodebuild -IDEClonedSourcePackagesDirPathOverride=/Users/admin/builder/spi-builder-workspace/.dependencies -resolvePackageDependencies
Resolve Package Graph
Fetching from https://github.com/Jomy10/SemverBridge
Creating working copy of package ‘SemverBridge’
Checking out master (58d52fa) of package ‘SemverBridge’
Resolve Package Graph
Resolved source packages:
  SemverBridge: https://github.com/Jomy10/SemverBridge @ master (58d52fa)
  Semver: /Users/admin/builder/spi-builder-workspace
resolved source packages: SemverBridge, Semver
2026-09-18 04:35:30.893 xcodebuild[528:3033] [MT] IDERunDestination: Supported platforms for the buildables in the current scheme is empty.
{
  "dependencies" : [
    {
      "identity" : "semverbridge",
      "requirement" : {
        "branch" : [
          "master"
        ]
      },
      "type" : "sourceControl",
      "url" : "https://github.com/Jomy10/SemverBridge"
    }
  ],
  "manifest_display_name" : "Semver",
  "name" : "Semver",
  "path" : "/Users/admin/builder/spi-builder-workspace",
  "platforms" : [
  ],
  "products" : [
    {
      "name" : "Semver",
      "targets" : [
        "Semver"
      ],
      "type" : {
        "library" : [
          "automatic"
        ]
      }
    }
  ],
  "targets" : [
    {
      "c99name" : "SemverTests",
      "module_type" : "SwiftTarget",
      "name" : "SemverTests",
      "path" : "Tests/SemverTests",
      "sources" : [
        "ComparatorTests.swift",
        "PrereleaseTests.swift",
        "SemverTests.swift",
        "VersionReqTests.swift",
        "VersionTests.swift"
      ],
      "target_dependencies" : [
        "Semver"
      ],
      "type" : "test"
    },
    {
      "c99name" : "Semver",
      "module_type" : "SwiftTarget",
      "name" : "Semver",
      "path" : "Sources/Semver",
      "product_dependencies" : [
        "SemverBridge"
      ],
      "product_memberships" : [
        "Semver"
      ],
      "sources" : [
        "Semver.swift"
      ],
      "type" : "library"
    }
  ],
  "tools_version" : "5.5"
}
{
  "workspace" : {
    "name" : "Semver",
    "schemes" : [
      "Semver"
    ]
  }
}
2026-09-18 04:36:12.671 xcodebuild[682:4319] [MT] IDERunDestination: Supported platforms for the buildables in the current scheme is empty.
Running build ...
env DEVELOPER_DIR=/Applications/Xcode-27.0.0-Release.Candidate.app xcrun xcodebuild -IDEClonedSourcePackagesDirPathOverride=$PWD/.dependencies -skipMacroValidation -skipPackagePluginValidation -derivedDataPath $PWD/.derivedData build -scheme Semver -destination generic/platform=watchOS
Command line invocation:
    /Applications/Xcode-27.0.0-Release.Candidate.app/Contents/Developer/usr/bin/xcodebuild -IDEClonedSourcePackagesDirPathOverride=/Users/admin/builder/spi-builder-workspace/.dependencies -skipMacroValidation -skipPackagePluginValidation -derivedDataPath /Users/admin/builder/spi-builder-workspace/.derivedData build -scheme Semver -destination generic/platform=watchOS
Resolve Package Graph
Resolve Package Graph
Resolved source packages:
  SemverBridge: https://github.com/Jomy10/SemverBridge @ master (58d52fa)
  Semver: /Users/admin/builder/spi-builder-workspace
ComputePackagePrebuildTargetDependencyGraph
Prepare packages
CreateBuildRequest
SendProjectDescription
CreateBuildOperation
ComputeTargetDependencyGraph
note: Building targets in dependency order
note: Target dependency graph (4 targets)
    Target 'Semver-product' in project 'Semver'
        ➜ Explicit dependency on target 'Semver' in project 'Semver'
        ➜ Explicit dependency on target 'SemverBridge-product' in project 'SemverBridge'
    Target 'Semver' in project 'Semver'
        ➜ Explicit dependency on target 'SemverBridge-product' in project 'SemverBridge'
    Target 'SemverBridge-product' in project 'SemverBridge'
        ➜ Explicit dependency on target 'SemverBridge' in project 'SemverBridge'
    Target 'SemverBridge' in project 'SemverBridge' (no dependencies)
GatherProvisioningInputs
CreateBuildDescription
ExecuteExternalTool /Applications/Xcode-27.0.0-Release.Candidate.app/Contents/Developer/Toolchains/XcodeDefault.xctoolchain/usr/bin/clang -v -E -dM -isysroot /Applications/Xcode-27.0.0-Release.Candidate.app/Contents/Developer/Platforms/WatchOS.platform/Developer/SDKs/WatchOS27.0.sdk -x c -c /dev/null
ExecuteExternalTool /Applications/Xcode-27.0.0-Release.Candidate.app/Contents/Developer/Toolchains/XcodeDefault.xctoolchain/usr/bin/swiftc --version
ExecuteExternalTool /Applications/Xcode-27.0.0-Release.Candidate.app/Contents/Developer/Toolchains/XcodeDefault.xctoolchain/usr/bin/ld -version_details
Build description signature: 70b3112b1d709162acfcaf255585a39b
Build description path: /Users/admin/builder/spi-builder-workspace/.derivedData/Build/Intermediates.noindex/XCBuildData/70b3112b1d709162acfcaf255585a39b.xcbuilddata
/Users/admin/builder/spi-builder-workspace/.dependencies/checkouts/SemverBridge/framework.xcframework:1:1: error: While building for watchOS, no library for this platform was found in '/Users/admin/builder/spi-builder-workspace/.dependencies/checkouts/SemverBridge/framework.xcframework'. (in target 'Semver-product' from project 'Semver')
/Users/admin/builder/spi-builder-workspace/.dependencies/checkouts/SemverBridge/framework.xcframework:1:1: error: While building for watchOS, no library for this platform was found in '/Users/admin/builder/spi-builder-workspace/.dependencies/checkouts/SemverBridge/framework.xcframework'. (in target 'SemverBridge-product' from project 'SemverBridge')
/Users/admin/builder/spi-builder-workspace/.dependencies/checkouts/SemverBridge/framework.xcframework:1:1: error: While building for watchOS, no library for this platform was found in '/Users/admin/builder/spi-builder-workspace/.dependencies/checkouts/SemverBridge/framework.xcframework'. (in target 'SemverBridge' from project 'SemverBridge')
2026-09-18 04:36:14.993 xcodebuild[683:4368] [MT] IDERunDestination: Supported platforms for the buildables in the current scheme is empty.
** BUILD FAILED **
The following build commands failed:
	Building workspace Semver with scheme Semver
(1 failure)
Command line invocation:
    /Applications/Xcode-27.0.0-Release.Candidate.app/Contents/Developer/usr/bin/xcodebuild -IDEClonedSourcePackagesDirPathOverride=/Users/admin/builder/spi-builder-workspace/.dependencies -resolvePackageDependencies
Resolve Package Graph
Resolved source packages:
  SemverBridge: https://github.com/Jomy10/SemverBridge @ master (58d52fa)
  Semver: /Users/admin/builder/spi-builder-workspace
resolved source packages: SemverBridge, Semver
2026-09-18 04:36:16.812 xcodebuild[705:4513] [MT] IDERunDestination: Supported platforms for the buildables in the current scheme is empty.
{
  "dependencies" : [
    {
      "identity" : "semverbridge",
      "requirement" : {
        "branch" : [
          "master"
        ]
      },
      "type" : "sourceControl",
      "url" : "https://github.com/Jomy10/SemverBridge"
    }
  ],
  "manifest_display_name" : "Semver",
  "name" : "Semver",
  "path" : "/Users/admin/builder/spi-builder-workspace",
  "platforms" : [
  ],
  "products" : [
    {
      "name" : "Semver",
      "targets" : [
        "Semver"
      ],
      "type" : {
        "library" : [
          "automatic"
        ]
      }
    }
  ],
  "targets" : [
    {
      "c99name" : "SemverTests",
      "module_type" : "SwiftTarget",
      "name" : "SemverTests",
      "path" : "Tests/SemverTests",
      "sources" : [
        "ComparatorTests.swift",
        "PrereleaseTests.swift",
        "SemverTests.swift",
        "VersionReqTests.swift",
        "VersionTests.swift"
      ],
      "target_dependencies" : [
        "Semver"
      ],
      "type" : "test"
    },
    {
      "c99name" : "Semver",
      "module_type" : "SwiftTarget",
      "name" : "Semver",
      "path" : "Sources/Semver",
      "product_dependencies" : [
        "SemverBridge"
      ],
      "product_memberships" : [
        "Semver"
      ],
      "sources" : [
        "Semver.swift"
      ],
      "type" : "library"
    }
  ],
  "tools_version" : "5.5"
}
{
  "workspace" : {
    "name" : "Semver",
    "schemes" : [
      "Semver"
    ]
  }
}
2026-09-18 04:36:18.065 xcodebuild[713:4568] [MT] IDERunDestination: Supported platforms for the buildables in the current scheme is empty.
Running build ...
env DEVELOPER_DIR=/Applications/Xcode-27.0.0-Release.Candidate.app xcrun xcodebuild -IDEClonedSourcePackagesDirPathOverride=$PWD/.dependencies -skipMacroValidation -skipPackagePluginValidation -derivedDataPath $PWD/.derivedData build -scheme Semver -destination generic/platform=watchOS
Command line invocation:
    /Applications/Xcode-27.0.0-Release.Candidate.app/Contents/Developer/usr/bin/xcodebuild -IDEClonedSourcePackagesDirPathOverride=/Users/admin/builder/spi-builder-workspace/.dependencies -skipMacroValidation -skipPackagePluginValidation -derivedDataPath /Users/admin/builder/spi-builder-workspace/.derivedData build -scheme Semver -destination generic/platform=watchOS
Resolve Package Graph
Resolved source packages:
  SemverBridge: https://github.com/Jomy10/SemverBridge @ master (58d52fa)
  Semver: /Users/admin/builder/spi-builder-workspace
ComputePackagePrebuildTargetDependencyGraph
Prepare packages
CreateBuildRequest
SendProjectDescription
CreateBuildOperation
ComputeTargetDependencyGraph
note: Building targets in dependency order
note: Target dependency graph (4 targets)
    Target 'Semver-product' in project 'Semver'
        ➜ Explicit dependency on target 'Semver' in project 'Semver'
        ➜ Explicit dependency on target 'SemverBridge-product' in project 'SemverBridge'
    Target 'Semver' in project 'Semver'
        ➜ Explicit dependency on target 'SemverBridge-product' in project 'SemverBridge'
    Target 'SemverBridge-product' in project 'SemverBridge'
        ➜ Explicit dependency on target 'SemverBridge' in project 'SemverBridge'
    Target 'SemverBridge' in project 'SemverBridge' (no dependencies)
GatherProvisioningInputs
CreateBuildDescription
/Users/admin/builder/spi-builder-workspace/.dependencies/checkouts/SemverBridge/framework.xcframework:1:1: error: While building for watchOS, no library for this platform was found in '/Users/admin/builder/spi-builder-workspace/.dependencies/checkouts/SemverBridge/framework.xcframework'. (in target 'SemverBridge' from project 'SemverBridge')
/Users/admin/builder/spi-builder-workspace/.dependencies/checkouts/SemverBridge/framework.xcframework:1:1: error: While building for watchOS, no library for this platform was found in '/Users/admin/builder/spi-builder-workspace/.dependencies/checkouts/SemverBridge/framework.xcframework'. (in target 'SemverBridge-product' from project 'SemverBridge')
/Users/admin/builder/spi-builder-workspace/.dependencies/checkouts/SemverBridge/framework.xcframework:1:1: error: While building for watchOS, no library for this platform was found in '/Users/admin/builder/spi-builder-workspace/.dependencies/checkouts/SemverBridge/framework.xcframework'. (in target 'Semver-product' from project 'Semver')
2026-09-18 04:36:19.044 xcodebuild[714:4595] [MT] IDERunDestination: Supported platforms for the buildables in the current scheme is empty.
** BUILD FAILED **
The following build commands failed:
	Building workspace Semver with scheme Semver
(1 failure)
BUILD FAILURE 6.4 watchOS