The Swift Package Index logo.Swift Package Index

Build Information

Failed to build swift-watch, reference main (e861c3), with Swift 6.3 for Android on 11 Aug 2026 12:25:52 UTC.

Build Command

bash -c docker run --pull=always --rm -v "checkouts-54344844-2":/host -w "$PWD" -e JAVA_HOME="/root/.sdkman/candidates/java/current" -e SPI_BUILD="1" -e SPI_PROCESSING="1" registry.gitlab.com/saguaro1/spi-images:android-6.3-latest swift build --swift-sdk aarch64-unknown-linux-android28 2>&1

Build Log

========================================
RunAll
========================================
Builder version: 729ceb5fcd9493dc13ee340bc4f0908bd201f85d
Interrupt handler set up.
========================================
Checkout
========================================
Clone URL: https://github.com/ahtcx/swift-watch.git
Reference: main
Initialized empty Git repository in /host/spi-builder-workspace/.git/
hint: Using 'master' as the name for the initial branch. This default branch name
hint: is subject to change. To configure the initial branch name to use in all
hint: of your new repositories, which will suppress this warning, call:
hint:
hint: 	git config --global init.defaultBranch <name>
hint:
hint: Names commonly chosen instead of 'master' are 'main', 'trunk' and
hint: 'development'. The just-created branch can be renamed via this command:
hint:
hint: 	git branch -m <name>
From https://github.com/ahtcx/swift-watch
 * branch            main       -> FETCH_HEAD
 * [new branch]      main       -> origin/main
HEAD is now at e861c38 Keep manifest edits responsive during planning
Cloned https://github.com/ahtcx/swift-watch.git
Revision (git rev-parse @):
e861c3853e13f0d50ddecc0d7d41c7b0071fa2b7
SUCCESS checkout https://github.com/ahtcx/swift-watch.git at main
========================================
Build
========================================
Selected platform:         android
Swift version:             6.3
Building package at path:  $PWD
https://github.com/ahtcx/swift-watch.git
Running build ...
bash -c docker run --pull=always --rm -v "checkouts-54344844-2":/host -w "$PWD" -e JAVA_HOME="/root/.sdkman/candidates/java/current" -e SPI_BUILD="1" -e SPI_PROCESSING="1" registry.gitlab.com/saguaro1/spi-images:android-6.3-latest swift build --swift-sdk aarch64-unknown-linux-android28 2>&1
android-6.3-latest: Pulling from saguaro1/spi-images
Digest: sha256:2b782c87e0bdf114eb0da12f6379a346f06569d6991407581da7dc03d1813adf
Status: Image is up to date for registry.gitlab.com/saguaro1/spi-images:android-6.3-latest
Fetching https://github.com/swiftlang/swift-subprocess.git
Fetching https://github.com/apple/swift-argument-parser.git
[1/4610] Fetching swift-subprocess
[4012/22887] Fetching swift-subprocess, swift-argument-parser
Fetched https://github.com/swiftlang/swift-subprocess.git from cache (0.54s)
[1097/18277] Fetching swift-argument-parser
Fetched https://github.com/apple/swift-argument-parser.git from cache (0.73s)
Computing version for https://github.com/apple/swift-argument-parser.git
Computed https://github.com/apple/swift-argument-parser.git at 1.8.2 (0.89s)
Computing version for https://github.com/swiftlang/swift-subprocess.git
Computed https://github.com/swiftlang/swift-subprocess.git at 1.0.0-beta.1 (0.16s)
Fetching https://github.com/apple/swift-system
[1/6690] Fetching swift-system
Fetched https://github.com/apple/swift-system from cache (0.69s)
Computing version for https://github.com/apple/swift-system
Computed https://github.com/apple/swift-system at 1.8.0 (0.88s)
Creating working copy for https://github.com/swiftlang/swift-subprocess.git
Working copy of https://github.com/swiftlang/swift-subprocess.git resolved at 1.0.0-beta.1
Creating working copy for https://github.com/apple/swift-system
Working copy of https://github.com/apple/swift-system resolved at 1.8.0
Creating working copy for https://github.com/apple/swift-argument-parser.git
Working copy of https://github.com/apple/swift-argument-parser.git resolved at 1.8.2
[1/1] Compiling plugin GenerateManual
[2/2] Compiling plugin GenerateDoccReference
Building for debugging...
[2/23] Write sources
[10/23] Compiling CSystem shims.c
[11/23] Compiling _SubprocessCShims process_shims.c
[12/23] Write swift-version-272D24FF697CF451.txt
[14/62] Emitting module SystemPackage
[15/67] Compiling SystemPackage IOCompletion.swift
[16/67] Compiling SystemPackage IORequest.swift
[17/67] Compiling SystemPackage IORing+Util.swift
[18/67] Compiling SystemPackage IORing.swift
[19/67] Compiling SystemPackage RawIORequest.swift
[20/67] Compiling SystemPackage SystemString.swift
[21/67] Compiling SystemPackage Util+StringArray.swift
[22/67] Compiling SystemPackage Util.swift
[23/67] Compiling SystemPackage UtilConsumers.swift
[24/67] Compiling SystemPackage WinSDK+Overlay.swift
[25/67] Compiling SystemPackage Errno.swift
[26/67] Compiling SystemPackage ErrnoWindows.swift
[27/67] Compiling SystemPackage FileDescriptor.swift
[28/67] Compiling SystemPackage FileHelpers.swift
[29/67] Compiling SystemPackage FileOperations.swift
[30/67] Compiling SystemPackage FilePath.swift
[31/67] Compiling SystemPackage FilePathComponentView.swift
[32/67] Compiling SystemPackage FilePathComponents.swift
[33/67] Compiling SystemPackage FilePathParsing.swift
[34/67] Compiling SystemPackage FilePathString.swift
[35/67] Compiling SystemPackage FilePathSyntax.swift
[36/67] Emitting module ArgumentParserToolInfo
[37/67] Compiling ArgumentParserToolInfo ToolInfo.swift
[38/68] Wrapping AST for ArgumentParserToolInfo for debugging
[40/115] Compiling ArgumentParser SequenceExtensions.swift
[41/115] Compiling ArgumentParser StringExtensions.swift
[42/115] Compiling ArgumentParser SwiftExtensions.swift
[43/115] Compiling ArgumentParser Tree.swift
[44/115] Compiling ArgumentParser Name.swift
[45/115] Compiling ArgumentParser Argument.swift
[46/115] Compiling ArgumentParser ArgumentDiscussion.swift
[47/115] Compiling ArgumentParser ArgumentHelp.swift
[48/115] Compiling ArgumentParser Mutex.swift
[49/115] Compiling ArgumentParser Platform.swift
[50/115] Compiling ArgumentParser OptionGroup.swift
[51/115] Compiling ArgumentParser BashCompletionsGenerator.swift
[52/115] Compiling ArgumentParser CompletionsGenerator.swift
[53/115] Compiling ArgumentParser FishCompletionsGenerator.swift
[54/115] Compiling ArgumentParser ZshCompletionsGenerator.swift
[55/115] Compiling ArgumentParser HelpCommand.swift
[56/115] Compiling ArgumentParser HelpGenerator.swift
[57/115] Compiling ArgumentParser MessageInfo.swift
[58/115] Compiling ArgumentParser UsageGenerator.swift
[59/115] Compiling ArgumentParser CollectionExtensions.swift
[61/116] Emitting module ArgumentParser
[61/122] Wrapping AST for SystemPackage for debugging
[63/144] Compiling Subprocess Input+Foundation.swift
[64/144] Compiling Subprocess Output+Foundation.swift
[65/144] Compiling Subprocess Span+SubprocessFoundation.swift
[66/147] Compiling Subprocess Subprocess+Unix.swift
[67/147] Compiling Subprocess AsyncIO+Linux.swift
[68/147] Compiling Subprocess AsyncIO+Unix.swift
[69/147] Compiling Subprocess AsyncIO+Windows.swift
[70/147] Compiling Subprocess Subprocess+Windows.swift
[71/147] Compiling Subprocess Result.swift
[72/147] Compiling Subprocess Span+Subprocess.swift
[73/147] Compiling Subprocess SubprocessOutputSequence.swift
[74/147] Compiling Subprocess Teardown.swift
[75/147] Compiling Subprocess Thread.swift
[76/147] Compiling ArgumentParser SplitArguments.swift
[77/147] Compiling ArgumentParser DumpHelpGenerator.swift
[78/147] Compiling ArgumentParser ParentCommand.swift
[79/147] Compiling ArgumentParser AsyncParsableCommand.swift
[80/147] Compiling ArgumentParser CommandConfiguration.swift
[81/147] Compiling ArgumentParser CommandGroup.swift
[82/147] Compiling ArgumentParser EnumerableFlag.swift
[83/147] Compiling ArgumentParser ExpressibleByArgument.swift
[84/147] Compiling ArgumentParser ParsableArguments.swift
[88/147] Compiling Subprocess API.swift
[89/147] Compiling Subprocess Buffer.swift
[90/147] Compiling Subprocess Configuration.swift
[94/147] Compiling Subprocess Input.swift
[95/147] Compiling ArgumentParser AsyncCompletionsValidator.swift
[96/147] Compiling ArgumentParser CodingKeyValidator.swift
[97/147] Compiling ArgumentParser NonsenseFlagsValidator.swift
[98/147] Compiling ArgumentParser ParsableArgumentsValidation.swift
[99/147] Compiling ArgumentParser PositionalArgumentsValidator.swift
[100/147] Compiling ArgumentParser UniqueNamesValidator.swift
[101/147] Compiling Subprocess Output.swift
[102/147] Compiling Subprocess Subprocess+BSD.swift
[103/147] Compiling Subprocess Error.swift
[104/147] Compiling Subprocess Execution.swift
[105/147] Compiling Subprocess AsyncIO+KQueue.swift
[106/147] Compiling Subprocess Subprocess+Darwin.swift
[107/147] Compiling Subprocess Subprocess+Linux.swift
[108/147] Emitting module Subprocess
[114/147] Compiling ArgumentParser Foundation.swift
[115/147] Compiling ArgumentParser ParsableCommand.swift
[116/147] Compiling ArgumentParser ArgumentDecoder.swift
[117/147] Compiling ArgumentParser ArgumentDefinition.swift
[118/147] Compiling ArgumentParser ArgumentSet.swift
[119/147] Compiling ArgumentParser CommandParser.swift
[120/147] Compiling ArgumentParser InputKey.swift
[121/147] Compiling ArgumentParser InputOrigin.swift
[122/148] Wrapping AST for ArgumentParser for debugging
[142/149] Wrapping AST for Subprocess for debugging
error: emit-module command failed with exit code 1 (use -v to see invocation)
[144/165] Emitting module SwiftWatch
/host/spi-builder-workspace/Sources/SwiftWatch/SignalCancellation.swift:6:9: error: no such module 'Darwin'
 4 | 	import Glibc
 5 | #else
 6 | 	import Darwin
   |         `- error: no such module 'Darwin'
 7 | #endif
 8 |
[145/167] Compiling SwiftWatch WatchGraph.swift
/host/spi-builder-workspace/Sources/SwiftWatch/SignalCancellation.swift:6:9: error: no such module 'Darwin'
 4 | 	import Glibc
 5 | #else
 6 | 	import Darwin
   |         `- error: no such module 'Darwin'
 7 | #endif
 8 |
[146/167] Compiling SwiftWatch WatchRules.swift
/host/spi-builder-workspace/Sources/SwiftWatch/SignalCancellation.swift:6:9: error: no such module 'Darwin'
 4 | 	import Glibc
 5 | #else
 6 | 	import Darwin
   |         `- error: no such module 'Darwin'
 7 | #endif
 8 |
[147/167] Compiling SwiftWatch WatchScope.swift
/host/spi-builder-workspace/Sources/SwiftWatch/SignalCancellation.swift:6:9: error: no such module 'Darwin'
 4 | 	import Glibc
 5 | #else
 6 | 	import Darwin
   |         `- error: no such module 'Darwin'
 7 | #endif
 8 |
[148/167] Compiling SwiftWatch WatchSelection.swift
/host/spi-builder-workspace/Sources/SwiftWatch/SignalCancellation.swift:6:9: error: no such module 'Darwin'
 4 | 	import Glibc
 5 | #else
 6 | 	import Darwin
   |         `- error: no such module 'Darwin'
 7 | #endif
 8 |
[149/167] Compiling SwiftWatch DirectoryTraversal.swift
/host/spi-builder-workspace/Sources/SwiftWatch/SignalCancellation.swift:6:9: error: no such module 'Darwin'
 4 | 	import Glibc
 5 | #else
 6 | 	import Darwin
   |         `- error: no such module 'Darwin'
 7 | #endif
 8 |
[150/167] Compiling SwiftWatch ExecutionOptions.swift
/host/spi-builder-workspace/Sources/SwiftWatch/SignalCancellation.swift:6:9: error: no such module 'Darwin'
 4 | 	import Glibc
 5 | #else
 6 | 	import Darwin
   |         `- error: no such module 'Darwin'
 7 | #endif
 8 |
[151/167] Compiling SwiftWatch SwiftToolRunner.swift
/host/spi-builder-workspace/Sources/SwiftWatch/SignalCancellation.swift:6:9: error: no such module 'Darwin'
 4 | 	import Glibc
 5 | #else
 6 | 	import Darwin
   |         `- error: no such module 'Darwin'
 7 | #endif
 8 |
[152/167] Compiling SwiftWatch SwiftWatchError.swift
/host/spi-builder-workspace/Sources/SwiftWatch/SignalCancellation.swift:6:9: error: no such module 'Darwin'
 4 | 	import Glibc
 5 | #else
 6 | 	import Darwin
   |         `- error: no such module 'Darwin'
 7 | #endif
 8 |
[153/167] Compiling SwiftWatch FileWatcher.swift
/host/spi-builder-workspace/Sources/SwiftWatch/SignalCancellation.swift:6:9: error: no such module 'Darwin'
 4 | 	import Glibc
 5 | #else
 6 | 	import Darwin
   |         `- error: no such module 'Darwin'
 7 | #endif
 8 |
[154/167] Compiling SwiftWatch PathContainment.swift
/host/spi-builder-workspace/Sources/SwiftWatch/SignalCancellation.swift:6:9: error: no such module 'Darwin'
 4 | 	import Glibc
 5 | #else
 6 | 	import Darwin
   |         `- error: no such module 'Darwin'
 7 | #endif
 8 |
[155/167] Compiling SwiftWatch NativeBuildManifest.swift
/host/spi-builder-workspace/Sources/SwiftWatch/SignalCancellation.swift:6:9: error: no such module 'Darwin'
 4 | 	import Glibc
 5 | #else
 6 | 	import Darwin
   |         `- error: no such module 'Darwin'
 7 | #endif
 8 |
[156/167] Compiling SwiftWatch SwiftBuildManifest.swift
/host/spi-builder-workspace/Sources/SwiftWatch/SignalCancellation.swift:6:9: error: no such module 'Darwin'
 4 | 	import Glibc
 5 | #else
 6 | 	import Darwin
   |         `- error: no such module 'Darwin'
 7 | #endif
 8 |
[157/167] Compiling SwiftWatch AsyncSupport.swift
/host/spi-builder-workspace/Sources/SwiftWatch/SignalCancellation.swift:6:9: error: no such module 'Darwin'
 4 | 	import Glibc
 5 | #else
 6 | 	import Darwin
   |         `- error: no such module 'Darwin'
 7 | #endif
 8 |
[158/167] Compiling SwiftWatch BuildManifestReading.swift
/host/spi-builder-workspace/Sources/SwiftWatch/SignalCancellation.swift:6:9: error: no such module 'Darwin'
 4 | 	import Glibc
 5 | #else
 6 | 	import Darwin
   |         `- error: no such module 'Darwin'
 7 | #endif
 8 |
[159/167] Compiling SwiftWatch BuildSystem.swift
/host/spi-builder-workspace/Sources/SwiftWatch/SignalCancellation.swift:6:9: error: no such module 'Darwin'
 4 | 	import Glibc
 5 | #else
 6 | 	import Darwin
   |         `- error: no such module 'Darwin'
 7 | #endif
 8 |
[160/167] Compiling SwiftWatch PlannedBuildGraph.swift
/host/spi-builder-workspace/Sources/SwiftWatch/SignalCancellation.swift:6:9: error: no such module 'Darwin'
 4 | 	import Glibc
 5 | #else
 6 | 	import Darwin
   |         `- error: no such module 'Darwin'
 7 | #endif
 8 |
[161/167] Compiling SwiftWatch SignalCancellation.swift
/host/spi-builder-workspace/Sources/SwiftWatch/SignalCancellation.swift:6:9: error: no such module 'Darwin'
 4 | 	import Glibc
 5 | #else
 6 | 	import Darwin
   |         `- error: no such module 'Darwin'
 7 | #endif
 8 |
BUILD FAILURE 6.3 android