Build Information
Failed to build UserDefaultsExtensions, reference v1.0.1 (bab30c), with Swift 6.4 for watchOS using Xcode 27.0 on 18 Sep 2026 12:28:47 UTC.
Build Command
env DEVELOPER_DIR=/Applications/Xcode-27.0.0-Release.Candidate.app xcrun xcodebuild -IDEClonedSourcePackagesDirPathOverride=$PWD/.dependencies -skipMacroValidation -skipPackagePluginValidation -derivedDataPath $PWD/.derivedData build -scheme UserDefaultsExtensions -destination generic/platform=watchOSBuild Log
SwiftEmitModule normal arm64 Emitting\ module\ for\ Matchable (in target 'Matchable' from project 'Matchable')
SwiftCompile normal arm64 (in target 'Matchable' from project 'Matchable')
cd /Users/admin/builder/spi-builder-workspace/.swiftpm/xcode
Copy /Users/admin/builder/spi-builder-workspace/.derivedData/Build/Products/Debug-watchos/UserDefaultsExtensions.swiftmodule/arm64_32-apple-watchos.swiftmodule /Users/admin/builder/spi-builder-workspace/.derivedData/Build/Intermediates.noindex/UserDefaultsExtensions.build/Debug-watchos/UserDefaultsExtensions-t.build/Objects-normal/arm64_32/UserDefaultsExtensions.swiftmodule (in target 'UserDefaultsExtensions' from project 'UserDefaultsExtensions')
cd /Users/admin/builder/spi-builder-workspace
builtin-copy -exclude .DS_Store -exclude CVS -exclude .svn -exclude .git -exclude .hg -resolve-src-symlinks -rename /Users/admin/builder/spi-builder-workspace/.derivedData/Build/Intermediates.noindex/UserDefaultsExtensions.build/Debug-watchos/UserDefaultsExtensions-t.build/Objects-normal/arm64_32/UserDefaultsExtensions.swiftmodule /Users/admin/builder/spi-builder-workspace/.derivedData/Build/Products/Debug-watchos/UserDefaultsExtensions.swiftmodule/arm64_32-apple-watchos.swiftmodule
SwiftDriverJobDiscovery normal arm64 Emitting module for UserDefaultsExtensions (in target 'UserDefaultsExtensions' from project 'UserDefaultsExtensions')
SwiftDriver\ Compilation\ Requirements UserDefaultsExtensions normal arm64 com.apple.xcode.tools.swift.compiler (in target 'UserDefaultsExtensions' from project 'UserDefaultsExtensions')
cd /Users/admin/builder/spi-builder-workspace/.swiftpm/xcode
builtin-Swift-Compilation-Requirements -- /Applications/Xcode-27.0.0-Release.Candidate.app/Contents/Developer/Toolchains/XcodeDefault.xctoolchain/usr/bin/swiftc -parse-as-library -module-name UserDefaultsExtensions -Onone @/Users/admin/builder/spi-builder-workspace/.derivedData/Build/Intermediates.noindex/UserDefaultsExtensions.build/Debug-watchos/UserDefaultsExtensions-t.build/Objects-normal/arm64/UserDefaultsExtensions.SwiftFileList -DSWIFT_PACKAGE -DDEBUG -DSWIFT_MODULE_RESOURCE_BUNDLE_UNAVAILABLE -DXcode -plugin-path /Applications/Xcode-27.0.0-Release.Candidate.app/Contents/Developer/Toolchains/XcodeDefault.xctoolchain/usr/lib/swift/host/plugins/testing -enable-experimental-feature DebugDescriptionMacro -sdk /Applications/Xcode-27.0.0-Release.Candidate.app/Contents/Developer/Platforms/WatchOS.platform/Developer/SDKs/WatchOS27.0.sdk -target arm64-apple-watchos9.0 -g -module-cache-path /Users/admin/builder/spi-builder-workspace/.derivedData/ModuleCache.noindex -Xfrontend -serialize-debugging-options -enable-testing -index-store-path /Users/admin/builder/spi-builder-workspace/.derivedData/Index.noindex/DataStore -Xcc -D_LIBCPP_HARDENING_MODE\=_LIBCPP_HARDENING_MODE_DEBUG -swift-version 5 -I /Users/admin/builder/spi-builder-workspace/.derivedData/Build/Products/Debug-watchos -Isystem /Applications/Xcode-27.0.0-Release.Candidate.app/Contents/Developer/Platforms/WatchOS.platform/Developer/usr/lib -F /Users/admin/builder/spi-builder-workspace/.derivedData/Build/Products/Debug-watchos -F /Applications/Xcode-27.0.0-Release.Candidate.app/Contents/Developer/Platforms/WatchOS.platform/Developer/Library/Frameworks -F /Applications/Xcode-27.0.0-Release.Candidate.app/Contents/Developer/Platforms/WatchOS.platform/Developer/SDKs/WatchOS27.0.sdk/Developer/Library/Frameworks -c -j10 -enable-batch-mode -incremental -Xcc -ivfsstatcache -Xcc /Users/admin/builder/spi-builder-workspace/.derivedData/SDKStatCaches.noindex/watchos27.0-24R360-e829b21a6f8c9b70876ba0858053c04477534ef55a1706bf4c1112bbb242f0a2.sdkstatcache -output-file-map /Users/admin/builder/spi-builder-workspace/.derivedData/Build/Intermediates.noindex/UserDefaultsExtensions.build/Debug-watchos/UserDefaultsExtensions-t.build/Objects-normal/arm64/UserDefaultsExtensions-OutputFileMap.json -save-temps -no-color-diagnostics -explicit-module-build -module-cache-path /Users/admin/builder/spi-builder-workspace/.derivedData/Build/Intermediates.noindex/SwiftExplicitPrecompiledModules -clang-scanner-module-cache-path /Users/admin/builder/spi-builder-workspace/.derivedData/ModuleCache.noindex -sdk-module-cache-path /Users/admin/builder/spi-builder-workspace/.derivedData/SDKExplicitPrecompiledModules -emit-dependencies -emit-module -emit-module-path /Users/admin/builder/spi-builder-workspace/.derivedData/Build/Intermediates.noindex/UserDefaultsExtensions.build/Debug-watchos/UserDefaultsExtensions-t.build/Objects-normal/arm64/UserDefaultsExtensions.swiftmodule -serialize-diagnostics -dependency-scan-serialize-diagnostics-path /Users/admin/builder/spi-builder-workspace/.derivedData/Build/Intermediates.noindex/UserDefaultsExtensions.build/Debug-watchos/UserDefaultsExtensions-t.build/Objects-normal/arm64/UserDefaultsExtensions-dependency-scan.dia -validate-clang-modules-once -clang-build-session-file /Users/admin/builder/spi-builder-workspace/.derivedData/ModuleCache.noindex/Session.modulevalidation -Xcc -fmodules-prune-interval\=86400 -Xcc -fmodules-prune-after\=345600 -emit-const-values -const-gather-protocols-list /Users/admin/builder/spi-builder-workspace/.derivedData/Build/Intermediates.noindex/UserDefaultsExtensions.build/Debug-watchos/UserDefaultsExtensions-t.build/Objects-normal/arm64/UserDefaultsExtensions_const_extract_protocols.json -Xcc -I/Users/admin/builder/spi-builder-workspace/.derivedData/Build/Products/Debug-watchos/include -Xcc -I/Users/admin/builder/spi-builder-workspace/.derivedData/Build/Intermediates.noindex/UserDefaultsExtensions.build/Debug-watchos/UserDefaultsExtensions-t.build/DerivedSources-normal/arm64 -Xcc -I/Users/admin/builder/spi-builder-workspace/.derivedData/Build/Intermediates.noindex/UserDefaultsExtensions.build/Debug-watchos/UserDefaultsExtensions-t.build/DerivedSources/arm64 -Xcc -I/Users/admin/builder/spi-builder-workspace/.derivedData/Build/Intermediates.noindex/UserDefaultsExtensions.build/Debug-watchos/UserDefaultsExtensions-t.build/DerivedSources -Xcc -DSWIFT_PACKAGE -Xcc -DDEBUG\=1 -emit-objc-header -emit-objc-header-path /Users/admin/builder/spi-builder-workspace/.derivedData/Build/Intermediates.noindex/UserDefaultsExtensions.build/Debug-watchos/UserDefaultsExtensions-t.build/Objects-normal/arm64/UserDefaultsExtensions-Swift.h -working-directory /Users/admin/builder/spi-builder-workspace/.swiftpm/xcode -experimental-emit-module-separately -disable-cmo
Copy /Users/admin/builder/spi-builder-workspace/.derivedData/Build/Products/Debug-watchos/UserDefaultsExtensions.swiftmodule/arm64_32-apple-watchos.swiftdoc /Users/admin/builder/spi-builder-workspace/.derivedData/Build/Intermediates.noindex/UserDefaultsExtensions.build/Debug-watchos/UserDefaultsExtensions-t.build/Objects-normal/arm64_32/UserDefaultsExtensions.swiftdoc (in target 'UserDefaultsExtensions' from project 'UserDefaultsExtensions')
cd /Users/admin/builder/spi-builder-workspace
builtin-copy -exclude .DS_Store -exclude CVS -exclude .svn -exclude .git -exclude .hg -resolve-src-symlinks -rename /Users/admin/builder/spi-builder-workspace/.derivedData/Build/Intermediates.noindex/UserDefaultsExtensions.build/Debug-watchos/UserDefaultsExtensions-t.build/Objects-normal/arm64_32/UserDefaultsExtensions.swiftdoc /Users/admin/builder/spi-builder-workspace/.derivedData/Build/Products/Debug-watchos/UserDefaultsExtensions.swiftmodule/arm64_32-apple-watchos.swiftdoc
Copy /Users/admin/builder/spi-builder-workspace/.derivedData/Build/Products/Debug-watchos/UserDefaultsExtensions.swiftmodule/arm64_32-apple-watchos.abi.json /Users/admin/builder/spi-builder-workspace/.derivedData/Build/Intermediates.noindex/UserDefaultsExtensions.build/Debug-watchos/UserDefaultsExtensions-t.build/Objects-normal/arm64_32/UserDefaultsExtensions.abi.json (in target 'UserDefaultsExtensions' from project 'UserDefaultsExtensions')
cd /Users/admin/builder/spi-builder-workspace
builtin-copy -exclude .DS_Store -exclude CVS -exclude .svn -exclude .git -exclude .hg -resolve-src-symlinks -rename /Users/admin/builder/spi-builder-workspace/.derivedData/Build/Intermediates.noindex/UserDefaultsExtensions.build/Debug-watchos/UserDefaultsExtensions-t.build/Objects-normal/arm64_32/UserDefaultsExtensions.abi.json /Users/admin/builder/spi-builder-workspace/.derivedData/Build/Products/Debug-watchos/UserDefaultsExtensions.swiftmodule/arm64_32-apple-watchos.abi.json
SwiftMergeGeneratedHeaders /Users/admin/builder/spi-builder-workspace/.derivedData/Build/Intermediates.noindex/GeneratedModuleMaps-watchos/UserDefaultsExtensions-Swift.h /Users/admin/builder/spi-builder-workspace/.derivedData/Build/Intermediates.noindex/UserDefaultsExtensions.build/Debug-watchos/UserDefaultsExtensions-t.build/Objects-normal/arm64/UserDefaultsExtensions-Swift.h /Users/admin/builder/spi-builder-workspace/.derivedData/Build/Intermediates.noindex/UserDefaultsExtensions.build/Debug-watchos/UserDefaultsExtensions-t.build/Objects-normal/arm64_32/UserDefaultsExtensions-Swift.h (in target 'UserDefaultsExtensions' from project 'UserDefaultsExtensions')
cd /Users/admin/builder/spi-builder-workspace
builtin-swiftHeaderTool -arch arm64 /Users/admin/builder/spi-builder-workspace/.derivedData/Build/Intermediates.noindex/UserDefaultsExtensions.build/Debug-watchos/UserDefaultsExtensions-t.build/Objects-normal/arm64/UserDefaultsExtensions-Swift.h -arch arm64_32 /Users/admin/builder/spi-builder-workspace/.derivedData/Build/Intermediates.noindex/UserDefaultsExtensions.build/Debug-watchos/UserDefaultsExtensions-t.build/Objects-normal/arm64_32/UserDefaultsExtensions-Swift.h -o /Users/admin/builder/spi-builder-workspace/.derivedData/Build/Intermediates.noindex/GeneratedModuleMaps-watchos/UserDefaultsExtensions-Swift.h
Copy /Users/admin/builder/spi-builder-workspace/.derivedData/Build/Products/Debug-watchos/UserDefaultsExtensions.swiftmodule/arm64-apple-watchos.swiftmodule /Users/admin/builder/spi-builder-workspace/.derivedData/Build/Intermediates.noindex/UserDefaultsExtensions.build/Debug-watchos/UserDefaultsExtensions-t.build/Objects-normal/arm64/UserDefaultsExtensions.swiftmodule (in target 'UserDefaultsExtensions' from project 'UserDefaultsExtensions')
cd /Users/admin/builder/spi-builder-workspace
builtin-copy -exclude .DS_Store -exclude CVS -exclude .svn -exclude .git -exclude .hg -resolve-src-symlinks -rename /Users/admin/builder/spi-builder-workspace/.derivedData/Build/Intermediates.noindex/UserDefaultsExtensions.build/Debug-watchos/UserDefaultsExtensions-t.build/Objects-normal/arm64/UserDefaultsExtensions.swiftmodule /Users/admin/builder/spi-builder-workspace/.derivedData/Build/Products/Debug-watchos/UserDefaultsExtensions.swiftmodule/arm64-apple-watchos.swiftmodule
Copy /Users/admin/builder/spi-builder-workspace/.derivedData/Build/Products/Debug-watchos/UserDefaultsExtensions.swiftmodule/arm64-apple-watchos.swiftdoc /Users/admin/builder/spi-builder-workspace/.derivedData/Build/Intermediates.noindex/UserDefaultsExtensions.build/Debug-watchos/UserDefaultsExtensions-t.build/Objects-normal/arm64/UserDefaultsExtensions.swiftdoc (in target 'UserDefaultsExtensions' from project 'UserDefaultsExtensions')
cd /Users/admin/builder/spi-builder-workspace
builtin-copy -exclude .DS_Store -exclude CVS -exclude .svn -exclude .git -exclude .hg -resolve-src-symlinks -rename /Users/admin/builder/spi-builder-workspace/.derivedData/Build/Intermediates.noindex/UserDefaultsExtensions.build/Debug-watchos/UserDefaultsExtensions-t.build/Objects-normal/arm64/UserDefaultsExtensions.swiftdoc /Users/admin/builder/spi-builder-workspace/.derivedData/Build/Products/Debug-watchos/UserDefaultsExtensions.swiftmodule/arm64-apple-watchos.swiftdoc
Copy /Users/admin/builder/spi-builder-workspace/.derivedData/Build/Products/Debug-watchos/UserDefaultsExtensions.swiftmodule/arm64-apple-watchos.abi.json /Users/admin/builder/spi-builder-workspace/.derivedData/Build/Intermediates.noindex/UserDefaultsExtensions.build/Debug-watchos/UserDefaultsExtensions-t.build/Objects-normal/arm64/UserDefaultsExtensions.abi.json (in target 'UserDefaultsExtensions' from project 'UserDefaultsExtensions')
cd /Users/admin/builder/spi-builder-workspace
builtin-copy -exclude .DS_Store -exclude CVS -exclude .svn -exclude .git -exclude .hg -resolve-src-symlinks -rename /Users/admin/builder/spi-builder-workspace/.derivedData/Build/Intermediates.noindex/UserDefaultsExtensions.build/Debug-watchos/UserDefaultsExtensions-t.build/Objects-normal/arm64/UserDefaultsExtensions.abi.json /Users/admin/builder/spi-builder-workspace/.derivedData/Build/Products/Debug-watchos/UserDefaultsExtensions.swiftmodule/arm64-apple-watchos.abi.json
Copy /Users/admin/builder/spi-builder-workspace/.derivedData/Build/Products/Debug-watchos/UserDefaultsExtensions.swiftmodule/Project/arm64_32-apple-watchos.swiftsourceinfo /Users/admin/builder/spi-builder-workspace/.derivedData/Build/Intermediates.noindex/UserDefaultsExtensions.build/Debug-watchos/UserDefaultsExtensions-t.build/Objects-normal/arm64_32/UserDefaultsExtensions.swiftsourceinfo (in target 'UserDefaultsExtensions' from project 'UserDefaultsExtensions')
cd /Users/admin/builder/spi-builder-workspace
builtin-copy -exclude .DS_Store -exclude CVS -exclude .svn -exclude .git -exclude .hg -resolve-src-symlinks -rename /Users/admin/builder/spi-builder-workspace/.derivedData/Build/Intermediates.noindex/UserDefaultsExtensions.build/Debug-watchos/UserDefaultsExtensions-t.build/Objects-normal/arm64_32/UserDefaultsExtensions.swiftsourceinfo /Users/admin/builder/spi-builder-workspace/.derivedData/Build/Products/Debug-watchos/UserDefaultsExtensions.swiftmodule/Project/arm64_32-apple-watchos.swiftsourceinfo
Copy /Users/admin/builder/spi-builder-workspace/.derivedData/Build/Products/Debug-watchos/UserDefaultsExtensions.swiftmodule/Project/arm64-apple-watchos.swiftsourceinfo /Users/admin/builder/spi-builder-workspace/.derivedData/Build/Intermediates.noindex/UserDefaultsExtensions.build/Debug-watchos/UserDefaultsExtensions-t.build/Objects-normal/arm64/UserDefaultsExtensions.swiftsourceinfo (in target 'UserDefaultsExtensions' from project 'UserDefaultsExtensions')
cd /Users/admin/builder/spi-builder-workspace
builtin-copy -exclude .DS_Store -exclude CVS -exclude .svn -exclude .git -exclude .hg -resolve-src-symlinks -rename /Users/admin/builder/spi-builder-workspace/.derivedData/Build/Intermediates.noindex/UserDefaultsExtensions.build/Debug-watchos/UserDefaultsExtensions-t.build/Objects-normal/arm64/UserDefaultsExtensions.swiftsourceinfo /Users/admin/builder/spi-builder-workspace/.derivedData/Build/Products/Debug-watchos/UserDefaultsExtensions.swiftmodule/Project/arm64-apple-watchos.swiftsourceinfo
Copy /Users/admin/builder/spi-builder-workspace/.derivedData/Build/Products/Debug-watchos/Matchable.swiftmodule/arm64_32-apple-watchos.swiftmodule /Users/admin/builder/spi-builder-workspace/.derivedData/Build/Intermediates.noindex/Matchable.build/Debug-watchos/Matchable-t.build/Objects-normal/arm64_32/Matchable.swiftmodule (in target 'Matchable' from project 'Matchable')
cd /Users/admin/builder/spi-builder-workspace/.dependencies/checkouts/Matchable
builtin-copy -exclude .DS_Store -exclude CVS -exclude .svn -exclude .git -exclude .hg -resolve-src-symlinks -rename /Users/admin/builder/spi-builder-workspace/.derivedData/Build/Intermediates.noindex/Matchable.build/Debug-watchos/Matchable-t.build/Objects-normal/arm64_32/Matchable.swiftmodule /Users/admin/builder/spi-builder-workspace/.derivedData/Build/Products/Debug-watchos/Matchable.swiftmodule/arm64_32-apple-watchos.swiftmodule
Copy /Users/admin/builder/spi-builder-workspace/.derivedData/Build/Products/Debug-watchos/Matchable.swiftmodule/arm64_32-apple-watchos.swiftdoc /Users/admin/builder/spi-builder-workspace/.derivedData/Build/Intermediates.noindex/Matchable.build/Debug-watchos/Matchable-t.build/Objects-normal/arm64_32/Matchable.swiftdoc (in target 'Matchable' from project 'Matchable')
cd /Users/admin/builder/spi-builder-workspace/.dependencies/checkouts/Matchable
builtin-copy -exclude .DS_Store -exclude CVS -exclude .svn -exclude .git -exclude .hg -resolve-src-symlinks -rename /Users/admin/builder/spi-builder-workspace/.derivedData/Build/Intermediates.noindex/Matchable.build/Debug-watchos/Matchable-t.build/Objects-normal/arm64_32/Matchable.swiftdoc /Users/admin/builder/spi-builder-workspace/.derivedData/Build/Products/Debug-watchos/Matchable.swiftmodule/arm64_32-apple-watchos.swiftdoc
Copy /Users/admin/builder/spi-builder-workspace/.derivedData/Build/Products/Debug-watchos/Matchable.swiftmodule/arm64_32-apple-watchos.abi.json /Users/admin/builder/spi-builder-workspace/.derivedData/Build/Intermediates.noindex/Matchable.build/Debug-watchos/Matchable-t.build/Objects-normal/arm64_32/Matchable.abi.json (in target 'Matchable' from project 'Matchable')
cd /Users/admin/builder/spi-builder-workspace/.dependencies/checkouts/Matchable
builtin-copy -exclude .DS_Store -exclude CVS -exclude .svn -exclude .git -exclude .hg -resolve-src-symlinks -rename /Users/admin/builder/spi-builder-workspace/.derivedData/Build/Intermediates.noindex/Matchable.build/Debug-watchos/Matchable-t.build/Objects-normal/arm64_32/Matchable.abi.json /Users/admin/builder/spi-builder-workspace/.derivedData/Build/Products/Debug-watchos/Matchable.swiftmodule/arm64_32-apple-watchos.abi.json
Copy /Users/admin/builder/spi-builder-workspace/.derivedData/Build/Products/Debug-watchos/Matchable.swiftmodule/Project/arm64_32-apple-watchos.swiftsourceinfo /Users/admin/builder/spi-builder-workspace/.derivedData/Build/Intermediates.noindex/Matchable.build/Debug-watchos/Matchable-t.build/Objects-normal/arm64_32/Matchable.swiftsourceinfo (in target 'Matchable' from project 'Matchable')
cd /Users/admin/builder/spi-builder-workspace/.dependencies/checkouts/Matchable
builtin-copy -exclude .DS_Store -exclude CVS -exclude .svn -exclude .git -exclude .hg -resolve-src-symlinks -rename /Users/admin/builder/spi-builder-workspace/.derivedData/Build/Intermediates.noindex/Matchable.build/Debug-watchos/Matchable-t.build/Objects-normal/arm64_32/Matchable.swiftsourceinfo /Users/admin/builder/spi-builder-workspace/.derivedData/Build/Products/Debug-watchos/Matchable.swiftmodule/Project/arm64_32-apple-watchos.swiftsourceinfo
SwiftCompile normal arm64 Compiling\ UserDefaultsRepresentable.swift /Users/admin/builder/spi-builder-workspace/Sources/UserDefaultsExtensions/UserDefaultsRepresentable.swift (in target 'UserDefaultsExtensions' from project 'UserDefaultsExtensions')
SwiftCompile normal arm64 /Users/admin/builder/spi-builder-workspace/Sources/UserDefaultsExtensions/UserDefaultsRepresentable.swift (in target 'UserDefaultsExtensions' from project 'UserDefaultsExtensions')
cd /Users/admin/builder/spi-builder-workspace/.swiftpm/xcode
builtin-SwiftPerFileCompile UserDefaultsRepresentable.swift
SwiftDriverJobDiscovery normal arm64 Emitting module for Matchable (in target 'Matchable' from project 'Matchable')
SwiftCompile normal arm64 Compiling\ UserDefaultsExtensions.swift /Users/admin/builder/spi-builder-workspace/Sources/UserDefaultsExtensions/UserDefaultsExtensions.swift (in target 'UserDefaultsExtensions' from project 'UserDefaultsExtensions')
SwiftCompile normal arm64 /Users/admin/builder/spi-builder-workspace/Sources/UserDefaultsExtensions/UserDefaultsExtensions.swift (in target 'UserDefaultsExtensions' from project 'UserDefaultsExtensions')
cd /Users/admin/builder/spi-builder-workspace/.swiftpm/xcode
builtin-SwiftPerFileCompile UserDefaultsExtensions.swift
SwiftDriver\ Compilation\ Requirements Matchable normal arm64 com.apple.xcode.tools.swift.compiler (in target 'Matchable' from project 'Matchable')
cd /Users/admin/builder/spi-builder-workspace/.swiftpm/xcode
builtin-Swift-Compilation-Requirements -- /Applications/Xcode-27.0.0-Release.Candidate.app/Contents/Developer/Toolchains/XcodeDefault.xctoolchain/usr/bin/swiftc -parse-as-library -module-name Matchable -Onone @/Users/admin/builder/spi-builder-workspace/.derivedData/Build/Intermediates.noindex/Matchable.build/Debug-watchos/Matchable-t.build/Objects-normal/arm64/Matchable.SwiftFileList -DSWIFT_PACKAGE -DDEBUG -DSWIFT_MODULE_RESOURCE_BUNDLE_UNAVAILABLE -DXcode -plugin-path /Applications/Xcode-27.0.0-Release.Candidate.app/Contents/Developer/Toolchains/XcodeDefault.xctoolchain/usr/lib/swift/host/plugins/testing -enable-experimental-feature DebugDescriptionMacro -sdk /Applications/Xcode-27.0.0-Release.Candidate.app/Contents/Developer/Platforms/WatchOS.platform/Developer/SDKs/WatchOS27.0.sdk -target arm64-apple-watchos9.0 -g -module-cache-path /Users/admin/builder/spi-builder-workspace/.derivedData/ModuleCache.noindex -Xfrontend -serialize-debugging-options -enable-testing -suppress-warnings -index-store-path /Users/admin/builder/spi-builder-workspace/.derivedData/Index.noindex/DataStore -Xcc -D_LIBCPP_HARDENING_MODE\=_LIBCPP_HARDENING_MODE_DEBUG -swift-version 5 -I /Users/admin/builder/spi-builder-workspace/.derivedData/Build/Products/Debug-watchos -Isystem /Applications/Xcode-27.0.0-Release.Candidate.app/Contents/Developer/Platforms/WatchOS.platform/Developer/usr/lib -F /Users/admin/builder/spi-builder-workspace/.derivedData/Build/Products/Debug-watchos -F /Applications/Xcode-27.0.0-Release.Candidate.app/Contents/Developer/Platforms/WatchOS.platform/Developer/Library/Frameworks -F /Applications/Xcode-27.0.0-Release.Candidate.app/Contents/Developer/Platforms/WatchOS.platform/Developer/SDKs/WatchOS27.0.sdk/Developer/Library/Frameworks -c -j10 -enable-batch-mode -incremental -Xcc -ivfsstatcache -Xcc /Users/admin/builder/spi-builder-workspace/.derivedData/SDKStatCaches.noindex/watchos27.0-24R360-e829b21a6f8c9b70876ba0858053c04477534ef55a1706bf4c1112bbb242f0a2.sdkstatcache -output-file-map /Users/admin/builder/spi-builder-workspace/.derivedData/Build/Intermediates.noindex/Matchable.build/Debug-watchos/Matchable-t.build/Objects-normal/arm64/Matchable-OutputFileMap.json -save-temps -no-color-diagnostics -explicit-module-build -module-cache-path /Users/admin/builder/spi-builder-workspace/.derivedData/Build/Intermediates.noindex/SwiftExplicitPrecompiledModules -clang-scanner-module-cache-path /Users/admin/builder/spi-builder-workspace/.derivedData/ModuleCache.noindex -sdk-module-cache-path /Users/admin/builder/spi-builder-workspace/.derivedData/SDKExplicitPrecompiledModules -emit-dependencies -emit-module -emit-module-path /Users/admin/builder/spi-builder-workspace/.derivedData/Build/Intermediates.noindex/Matchable.build/Debug-watchos/Matchable-t.build/Objects-normal/arm64/Matchable.swiftmodule -serialize-diagnostics -dependency-scan-serialize-diagnostics-path /Users/admin/builder/spi-builder-workspace/.derivedData/Build/Intermediates.noindex/Matchable.build/Debug-watchos/Matchable-t.build/Objects-normal/arm64/Matchable-dependency-scan.dia -validate-clang-modules-once -clang-build-session-file /Users/admin/builder/spi-builder-workspace/.derivedData/ModuleCache.noindex/Session.modulevalidation -Xcc -fmodules-prune-interval\=86400 -Xcc -fmodules-prune-after\=345600 -emit-const-values -const-gather-protocols-list /Users/admin/builder/spi-builder-workspace/.derivedData/Build/Intermediates.noindex/Matchable.build/Debug-watchos/Matchable-t.build/Objects-normal/arm64/Matchable_const_extract_protocols.json -Xcc -I/Users/admin/builder/spi-builder-workspace/.derivedData/Build/Products/Debug-watchos/include -Xcc -I/Users/admin/builder/spi-builder-workspace/.derivedData/Build/Intermediates.noindex/Matchable.build/Debug-watchos/Matchable-t.build/DerivedSources-normal/arm64 -Xcc -I/Users/admin/builder/spi-builder-workspace/.derivedData/Build/Intermediates.noindex/Matchable.build/Debug-watchos/Matchable-t.build/DerivedSources/arm64 -Xcc -I/Users/admin/builder/spi-builder-workspace/.derivedData/Build/Intermediates.noindex/Matchable.build/Debug-watchos/Matchable-t.build/DerivedSources -Xcc -DSWIFT_PACKAGE -Xcc -DDEBUG\=1 -emit-objc-header -emit-objc-header-path /Users/admin/builder/spi-builder-workspace/.derivedData/Build/Intermediates.noindex/Matchable.build/Debug-watchos/Matchable-t.build/Objects-normal/arm64/Matchable-Swift.h -working-directory /Users/admin/builder/spi-builder-workspace/.swiftpm/xcode -experimental-emit-module-separately -disable-cmo
SwiftDriverJobDiscovery normal arm64_32 Compiling Bool+Matchable.swift, Collections+Matchable.swift (in target 'Matchable' from project 'Matchable')
SwiftCompile normal arm64 Compiling\ UserDefaults+Combine.swift /Users/admin/builder/spi-builder-workspace/Sources/UserDefaultsExtensions/UserDefaults+Combine.swift (in target 'UserDefaultsExtensions' from project 'UserDefaultsExtensions')
SwiftCompile normal arm64 /Users/admin/builder/spi-builder-workspace/Sources/UserDefaultsExtensions/UserDefaults+Combine.swift (in target 'UserDefaultsExtensions' from project 'UserDefaultsExtensions')
cd /Users/admin/builder/spi-builder-workspace/.swiftpm/xcode
builtin-SwiftPerFileCompile UserDefaults+Combine.swift
SwiftCompile normal arm64 Compiling\ Matchable.swift /Users/admin/builder/spi-builder-workspace/.dependencies/checkouts/Matchable/Sources/Matchable/Matchable.swift (in target 'Matchable' from project 'Matchable')
SwiftCompile normal arm64 /Users/admin/builder/spi-builder-workspace/.dependencies/checkouts/Matchable/Sources/Matchable/Matchable.swift (in target 'Matchable' from project 'Matchable')
cd /Users/admin/builder/spi-builder-workspace/.swiftpm/xcode
builtin-SwiftPerFileCompile Matchable.swift
SwiftCompile normal arm64 Compiling\ FloatingPoint+Matchable.swift /Users/admin/builder/spi-builder-workspace/.dependencies/checkouts/Matchable/Sources/Matchable/FloatingPoint+Matchable.swift (in target 'Matchable' from project 'Matchable')
SwiftCompile normal arm64 /Users/admin/builder/spi-builder-workspace/.dependencies/checkouts/Matchable/Sources/Matchable/FloatingPoint+Matchable.swift (in target 'Matchable' from project 'Matchable')
cd /Users/admin/builder/spi-builder-workspace/.swiftpm/xcode
builtin-SwiftPerFileCompile FloatingPoint+Matchable.swift
SwiftCompile normal arm64 Compiling\ RawRepresentable+Matchable.swift /Users/admin/builder/spi-builder-workspace/.dependencies/checkouts/Matchable/Sources/Matchable/RawRepresentable+Matchable.swift (in target 'Matchable' from project 'Matchable')
SwiftCompile normal arm64 /Users/admin/builder/spi-builder-workspace/.dependencies/checkouts/Matchable/Sources/Matchable/RawRepresentable+Matchable.swift (in target 'Matchable' from project 'Matchable')
cd /Users/admin/builder/spi-builder-workspace/.swiftpm/xcode
builtin-SwiftPerFileCompile RawRepresentable+Matchable.swift
SwiftDriverJobDiscovery normal arm64_32 Compiling FloatingPoint+Matchable.swift (in target 'Matchable' from project 'Matchable')
SwiftDriverJobDiscovery normal arm64_32 Compiling UserDefaultsRepresentable.swift (in target 'UserDefaultsExtensions' from project 'UserDefaultsExtensions')
SwiftCompile normal arm64 Compiling\ Integer+Matchable.swift /Users/admin/builder/spi-builder-workspace/.dependencies/checkouts/Matchable/Sources/Matchable/Integer+Matchable.swift (in target 'Matchable' from project 'Matchable')
SwiftCompile normal arm64 /Users/admin/builder/spi-builder-workspace/.dependencies/checkouts/Matchable/Sources/Matchable/Integer+Matchable.swift (in target 'Matchable' from project 'Matchable')
cd /Users/admin/builder/spi-builder-workspace/.swiftpm/xcode
builtin-SwiftPerFileCompile Integer+Matchable.swift
SwiftDriverJobDiscovery normal arm64_32 Compiling Integer+Matchable.swift (in target 'Matchable' from project 'Matchable')
SwiftDriverJobDiscovery normal arm64_32 Compiling UserDefaults+Combine.swift (in target 'UserDefaultsExtensions' from project 'UserDefaultsExtensions')
SwiftMergeGeneratedHeaders /Users/admin/builder/spi-builder-workspace/.derivedData/Build/Intermediates.noindex/GeneratedModuleMaps-watchos/Matchable-Swift.h /Users/admin/builder/spi-builder-workspace/.derivedData/Build/Intermediates.noindex/Matchable.build/Debug-watchos/Matchable-t.build/Objects-normal/arm64/Matchable-Swift.h /Users/admin/builder/spi-builder-workspace/.derivedData/Build/Intermediates.noindex/Matchable.build/Debug-watchos/Matchable-t.build/Objects-normal/arm64_32/Matchable-Swift.h (in target 'Matchable' from project 'Matchable')
cd /Users/admin/builder/spi-builder-workspace/.dependencies/checkouts/Matchable
builtin-swiftHeaderTool -arch arm64 /Users/admin/builder/spi-builder-workspace/.derivedData/Build/Intermediates.noindex/Matchable.build/Debug-watchos/Matchable-t.build/Objects-normal/arm64/Matchable-Swift.h -arch arm64_32 /Users/admin/builder/spi-builder-workspace/.derivedData/Build/Intermediates.noindex/Matchable.build/Debug-watchos/Matchable-t.build/Objects-normal/arm64_32/Matchable-Swift.h -o /Users/admin/builder/spi-builder-workspace/.derivedData/Build/Intermediates.noindex/GeneratedModuleMaps-watchos/Matchable-Swift.h
SwiftDriverJobDiscovery normal arm64_32 Compiling UserDefaultsExtensions.swift (in target 'UserDefaultsExtensions' from project 'UserDefaultsExtensions')
Copy /Users/admin/builder/spi-builder-workspace/.derivedData/Build/Products/Debug-watchos/Matchable.swiftmodule/arm64-apple-watchos.swiftmodule /Users/admin/builder/spi-builder-workspace/.derivedData/Build/Intermediates.noindex/Matchable.build/Debug-watchos/Matchable-t.build/Objects-normal/arm64/Matchable.swiftmodule (in target 'Matchable' from project 'Matchable')
cd /Users/admin/builder/spi-builder-workspace/.dependencies/checkouts/Matchable
builtin-copy -exclude .DS_Store -exclude CVS -exclude .svn -exclude .git -exclude .hg -resolve-src-symlinks -rename /Users/admin/builder/spi-builder-workspace/.derivedData/Build/Intermediates.noindex/Matchable.build/Debug-watchos/Matchable-t.build/Objects-normal/arm64/Matchable.swiftmodule /Users/admin/builder/spi-builder-workspace/.derivedData/Build/Products/Debug-watchos/Matchable.swiftmodule/arm64-apple-watchos.swiftmodule
Copy /Users/admin/builder/spi-builder-workspace/.derivedData/Build/Products/Debug-watchos/Matchable.swiftmodule/arm64-apple-watchos.swiftdoc /Users/admin/builder/spi-builder-workspace/.derivedData/Build/Intermediates.noindex/Matchable.build/Debug-watchos/Matchable-t.build/Objects-normal/arm64/Matchable.swiftdoc (in target 'Matchable' from project 'Matchable')
cd /Users/admin/builder/spi-builder-workspace/.dependencies/checkouts/Matchable
builtin-copy -exclude .DS_Store -exclude CVS -exclude .svn -exclude .git -exclude .hg -resolve-src-symlinks -rename /Users/admin/builder/spi-builder-workspace/.derivedData/Build/Intermediates.noindex/Matchable.build/Debug-watchos/Matchable-t.build/Objects-normal/arm64/Matchable.swiftdoc /Users/admin/builder/spi-builder-workspace/.derivedData/Build/Products/Debug-watchos/Matchable.swiftmodule/arm64-apple-watchos.swiftdoc
SwiftDriverJobDiscovery normal arm64_32 Compiling MatchFailedError.swift (in target 'Matchable' from project 'Matchable')
Copy /Users/admin/builder/spi-builder-workspace/.derivedData/Build/Products/Debug-watchos/Matchable.swiftmodule/arm64-apple-watchos.abi.json /Users/admin/builder/spi-builder-workspace/.derivedData/Build/Intermediates.noindex/Matchable.build/Debug-watchos/Matchable-t.build/Objects-normal/arm64/Matchable.abi.json (in target 'Matchable' from project 'Matchable')
cd /Users/admin/builder/spi-builder-workspace/.dependencies/checkouts/Matchable
builtin-copy -exclude .DS_Store -exclude CVS -exclude .svn -exclude .git -exclude .hg -resolve-src-symlinks -rename /Users/admin/builder/spi-builder-workspace/.derivedData/Build/Intermediates.noindex/Matchable.build/Debug-watchos/Matchable-t.build/Objects-normal/arm64/Matchable.abi.json /Users/admin/builder/spi-builder-workspace/.derivedData/Build/Products/Debug-watchos/Matchable.swiftmodule/arm64-apple-watchos.abi.json
Copy /Users/admin/builder/spi-builder-workspace/.derivedData/Build/Products/Debug-watchos/Matchable.swiftmodule/Project/arm64-apple-watchos.swiftsourceinfo /Users/admin/builder/spi-builder-workspace/.derivedData/Build/Intermediates.noindex/Matchable.build/Debug-watchos/Matchable-t.build/Objects-normal/arm64/Matchable.swiftsourceinfo (in target 'Matchable' from project 'Matchable')
cd /Users/admin/builder/spi-builder-workspace/.dependencies/checkouts/Matchable
builtin-copy -exclude .DS_Store -exclude CVS -exclude .svn -exclude .git -exclude .hg -resolve-src-symlinks -rename /Users/admin/builder/spi-builder-workspace/.derivedData/Build/Intermediates.noindex/Matchable.build/Debug-watchos/Matchable-t.build/Objects-normal/arm64/Matchable.swiftsourceinfo /Users/admin/builder/spi-builder-workspace/.derivedData/Build/Products/Debug-watchos/Matchable.swiftmodule/Project/arm64-apple-watchos.swiftsourceinfo
SwiftDriverJobDiscovery normal arm64_32 Compiling Matchable.swift (in target 'Matchable' from project 'Matchable')
SwiftDriver\ Compilation UserDefaultsExtensions normal arm64_32 com.apple.xcode.tools.swift.compiler (in target 'UserDefaultsExtensions' from project 'UserDefaultsExtensions')
cd /Users/admin/builder/spi-builder-workspace/.swiftpm/xcode
builtin-Swift-Compilation -- /Applications/Xcode-27.0.0-Release.Candidate.app/Contents/Developer/Toolchains/XcodeDefault.xctoolchain/usr/bin/swiftc -parse-as-library -module-name UserDefaultsExtensions -Onone @/Users/admin/builder/spi-builder-workspace/.derivedData/Build/Intermediates.noindex/UserDefaultsExtensions.build/Debug-watchos/UserDefaultsExtensions-t.build/Objects-normal/arm64_32/UserDefaultsExtensions.SwiftFileList -DSWIFT_PACKAGE -DDEBUG -DSWIFT_MODULE_RESOURCE_BUNDLE_UNAVAILABLE -DXcode -plugin-path /Applications/Xcode-27.0.0-Release.Candidate.app/Contents/Developer/Toolchains/XcodeDefault.xctoolchain/usr/lib/swift/host/plugins/testing -enable-experimental-feature DebugDescriptionMacro -sdk /Applications/Xcode-27.0.0-Release.Candidate.app/Contents/Developer/Platforms/WatchOS.platform/Developer/SDKs/WatchOS27.0.sdk -target arm64_32-apple-watchos9.0 -g -module-cache-path /Users/admin/builder/spi-builder-workspace/.derivedData/ModuleCache.noindex -Xfrontend -serialize-debugging-options -enable-testing -index-store-path /Users/admin/builder/spi-builder-workspace/.derivedData/Index.noindex/DataStore -Xcc -D_LIBCPP_HARDENING_MODE\=_LIBCPP_HARDENING_MODE_DEBUG -swift-version 5 -I /Users/admin/builder/spi-builder-workspace/.derivedData/Build/Products/Debug-watchos -Isystem /Applications/Xcode-27.0.0-Release.Candidate.app/Contents/Developer/Platforms/WatchOS.platform/Developer/usr/lib -F /Users/admin/builder/spi-builder-workspace/.derivedData/Build/Products/Debug-watchos -F /Applications/Xcode-27.0.0-Release.Candidate.app/Contents/Developer/Platforms/WatchOS.platform/Developer/Library/Frameworks -F /Applications/Xcode-27.0.0-Release.Candidate.app/Contents/Developer/Platforms/WatchOS.platform/Developer/SDKs/WatchOS27.0.sdk/Developer/Library/Frameworks -c -j10 -enable-batch-mode -incremental -Xcc -ivfsstatcache -Xcc /Users/admin/builder/spi-builder-workspace/.derivedData/SDKStatCaches.noindex/watchos27.0-24R360-e829b21a6f8c9b70876ba0858053c04477534ef55a1706bf4c1112bbb242f0a2.sdkstatcache -output-file-map /Users/admin/builder/spi-builder-workspace/.derivedData/Build/Intermediates.noindex/UserDefaultsExtensions.build/Debug-watchos/UserDefaultsExtensions-t.build/Objects-normal/arm64_32/UserDefaultsExtensions-OutputFileMap.json -save-temps -no-color-diagnostics -explicit-module-build -module-cache-path /Users/admin/builder/spi-builder-workspace/.derivedData/Build/Intermediates.noindex/SwiftExplicitPrecompiledModules -clang-scanner-module-cache-path /Users/admin/builder/spi-builder-workspace/.derivedData/ModuleCache.noindex -sdk-module-cache-path /Users/admin/builder/spi-builder-workspace/.derivedData/SDKExplicitPrecompiledModules -emit-dependencies -emit-module -emit-module-path /Users/admin/builder/spi-builder-workspace/.derivedData/Build/Intermediates.noindex/UserDefaultsExtensions.build/Debug-watchos/UserDefaultsExtensions-t.build/Objects-normal/arm64_32/UserDefaultsExtensions.swiftmodule -serialize-diagnostics -dependency-scan-serialize-diagnostics-path /Users/admin/builder/spi-builder-workspace/.derivedData/Build/Intermediates.noindex/UserDefaultsExtensions.build/Debug-watchos/UserDefaultsExtensions-t.build/Objects-normal/arm64_32/UserDefaultsExtensions-dependency-scan.dia -validate-clang-modules-once -clang-build-session-file /Users/admin/builder/spi-builder-workspace/.derivedData/ModuleCache.noindex/Session.modulevalidation -Xcc -fmodules-prune-interval\=86400 -Xcc -fmodules-prune-after\=345600 -emit-const-values -const-gather-protocols-list /Users/admin/builder/spi-builder-workspace/.derivedData/Build/Intermediates.noindex/UserDefaultsExtensions.build/Debug-watchos/UserDefaultsExtensions-t.build/Objects-normal/arm64_32/UserDefaultsExtensions_const_extract_protocols.json -Xcc -I/Users/admin/builder/spi-builder-workspace/.derivedData/Build/Products/Debug-watchos/include -Xcc -I/Users/admin/builder/spi-builder-workspace/.derivedData/Build/Intermediates.noindex/UserDefaultsExtensions.build/Debug-watchos/UserDefaultsExtensions-t.build/DerivedSources-normal/arm64_32 -Xcc -I/Users/admin/builder/spi-builder-workspace/.derivedData/Build/Intermediates.noindex/UserDefaultsExtensions.build/Debug-watchos/UserDefaultsExtensions-t.build/DerivedSources/arm64_32 -Xcc -I/Users/admin/builder/spi-builder-workspace/.derivedData/Build/Intermediates.noindex/UserDefaultsExtensions.build/Debug-watchos/UserDefaultsExtensions-t.build/DerivedSources -Xcc -DSWIFT_PACKAGE -Xcc -DDEBUG\=1 -emit-objc-header -emit-objc-header-path /Users/admin/builder/spi-builder-workspace/.derivedData/Build/Intermediates.noindex/UserDefaultsExtensions.build/Debug-watchos/UserDefaultsExtensions-t.build/Objects-normal/arm64_32/UserDefaultsExtensions-Swift.h -working-directory /Users/admin/builder/spi-builder-workspace/.swiftpm/xcode -experimental-emit-module-separately -disable-cmo
SwiftCompile normal arm64 Compiling\ Bool+Matchable.swift,\ Collections+Matchable.swift /Users/admin/builder/spi-builder-workspace/.dependencies/checkouts/Matchable/Sources/Matchable/Bool+Matchable.swift /Users/admin/builder/spi-builder-workspace/.dependencies/checkouts/Matchable/Sources/Matchable/Collections+Matchable.swift (in target 'Matchable' from project 'Matchable')
SwiftCompile normal arm64 /Users/admin/builder/spi-builder-workspace/.dependencies/checkouts/Matchable/Sources/Matchable/Bool+Matchable.swift (in target 'Matchable' from project 'Matchable')
cd /Users/admin/builder/spi-builder-workspace/.swiftpm/xcode
builtin-SwiftPerFileCompile Bool+Matchable.swift
SwiftCompile normal arm64 /Users/admin/builder/spi-builder-workspace/.dependencies/checkouts/Matchable/Sources/Matchable/Collections+Matchable.swift (in target 'Matchable' from project 'Matchable')
cd /Users/admin/builder/spi-builder-workspace/.swiftpm/xcode
builtin-SwiftPerFileCompile Collections+Matchable.swift
SwiftCompile normal arm64 Compiling\ MatchableCompound.swift /Users/admin/builder/spi-builder-workspace/.dependencies/checkouts/Matchable/Sources/Matchable/MatchableCompound.swift (in target 'Matchable' from project 'Matchable')
SwiftCompile normal arm64 /Users/admin/builder/spi-builder-workspace/.dependencies/checkouts/Matchable/Sources/Matchable/MatchableCompound.swift (in target 'Matchable' from project 'Matchable')
cd /Users/admin/builder/spi-builder-workspace/.swiftpm/xcode
builtin-SwiftPerFileCompile MatchableCompound.swift
SwiftCompile normal arm64_32 Compiling\ Optional+Matchable.swift /Users/admin/builder/spi-builder-workspace/.dependencies/checkouts/Matchable/Sources/Matchable/Optional+Matchable.swift (in target 'Matchable' from project 'Matchable')
SwiftCompile normal arm64_32 /Users/admin/builder/spi-builder-workspace/.dependencies/checkouts/Matchable/Sources/Matchable/Optional+Matchable.swift (in target 'Matchable' from project 'Matchable')
cd /Users/admin/builder/spi-builder-workspace/.swiftpm/xcode
builtin-SwiftPerFileCompile Optional+Matchable.swift
SwiftDriverJobDiscovery normal arm64 Compiling MatchableCompound.swift (in target 'Matchable' from project 'Matchable')
SwiftCompile normal arm64_32 Compiling\ String+Matchable.swift /Users/admin/builder/spi-builder-workspace/.dependencies/checkouts/Matchable/Sources/Matchable/String+Matchable.swift (in target 'Matchable' from project 'Matchable')
SwiftCompile normal arm64_32 /Users/admin/builder/spi-builder-workspace/.dependencies/checkouts/Matchable/Sources/Matchable/String+Matchable.swift (in target 'Matchable' from project 'Matchable')
cd /Users/admin/builder/spi-builder-workspace/.swiftpm/xcode
builtin-SwiftPerFileCompile String+Matchable.swift
SwiftDriverJobDiscovery normal arm64_32 Compiling Optional+Matchable.swift (in target 'Matchable' from project 'Matchable')
SwiftDriverJobDiscovery normal arm64 Compiling UserDefaultsRepresentable.swift (in target 'UserDefaultsExtensions' from project 'UserDefaultsExtensions')
SwiftCompile normal arm64_32 Compiling\ MatchableCompound.swift /Users/admin/builder/spi-builder-workspace/.dependencies/checkouts/Matchable/Sources/Matchable/MatchableCompound.swift (in target 'Matchable' from project 'Matchable')
SwiftCompile normal arm64_32 /Users/admin/builder/spi-builder-workspace/.dependencies/checkouts/Matchable/Sources/Matchable/MatchableCompound.swift (in target 'Matchable' from project 'Matchable')
cd /Users/admin/builder/spi-builder-workspace/.swiftpm/xcode
builtin-SwiftPerFileCompile MatchableCompound.swift
SwiftCompile normal arm64 Compiling\ Optional+Matchable.swift /Users/admin/builder/spi-builder-workspace/.dependencies/checkouts/Matchable/Sources/Matchable/Optional+Matchable.swift (in target 'Matchable' from project 'Matchable')
SwiftCompile normal arm64 /Users/admin/builder/spi-builder-workspace/.dependencies/checkouts/Matchable/Sources/Matchable/Optional+Matchable.swift (in target 'Matchable' from project 'Matchable')
cd /Users/admin/builder/spi-builder-workspace/.swiftpm/xcode
builtin-SwiftPerFileCompile Optional+Matchable.swift
SwiftDriverJobDiscovery normal arm64 Compiling FloatingPoint+Matchable.swift (in target 'Matchable' from project 'Matchable')
SwiftCompile normal arm64 Compiling\ MatchFailedError.swift /Users/admin/builder/spi-builder-workspace/.dependencies/checkouts/Matchable/Sources/Matchable/MatchFailedError.swift (in target 'Matchable' from project 'Matchable')
SwiftCompile normal arm64 /Users/admin/builder/spi-builder-workspace/.dependencies/checkouts/Matchable/Sources/Matchable/MatchFailedError.swift (in target 'Matchable' from project 'Matchable')
cd /Users/admin/builder/spi-builder-workspace/.swiftpm/xcode
builtin-SwiftPerFileCompile MatchFailedError.swift
SwiftCompile normal arm64_32 Compiling\ RawRepresentable+Matchable.swift /Users/admin/builder/spi-builder-workspace/.dependencies/checkouts/Matchable/Sources/Matchable/RawRepresentable+Matchable.swift (in target 'Matchable' from project 'Matchable')
SwiftCompile normal arm64_32 /Users/admin/builder/spi-builder-workspace/.dependencies/checkouts/Matchable/Sources/Matchable/RawRepresentable+Matchable.swift (in target 'Matchable' from project 'Matchable')
cd /Users/admin/builder/spi-builder-workspace/.swiftpm/xcode
builtin-SwiftPerFileCompile RawRepresentable+Matchable.swift
SwiftCompile normal arm64_32 Compiling\ Date+Matchable.swift /Users/admin/builder/spi-builder-workspace/.dependencies/checkouts/Matchable/Sources/Matchable/Date+Matchable.swift (in target 'Matchable' from project 'Matchable')
SwiftCompile normal arm64_32 /Users/admin/builder/spi-builder-workspace/.dependencies/checkouts/Matchable/Sources/Matchable/Date+Matchable.swift (in target 'Matchable' from project 'Matchable')
cd /Users/admin/builder/spi-builder-workspace/.swiftpm/xcode
builtin-SwiftPerFileCompile Date+Matchable.swift
SwiftDriverJobDiscovery normal arm64 Compiling Integer+Matchable.swift (in target 'Matchable' from project 'Matchable')
SwiftDriverJobDiscovery normal arm64 Compiling UserDefaultsExtensions.swift (in target 'UserDefaultsExtensions' from project 'UserDefaultsExtensions')
SwiftCompile normal arm64 Compiling\ String+Matchable.swift /Users/admin/builder/spi-builder-workspace/.dependencies/checkouts/Matchable/Sources/Matchable/String+Matchable.swift (in target 'Matchable' from project 'Matchable')
SwiftCompile normal arm64 /Users/admin/builder/spi-builder-workspace/.dependencies/checkouts/Matchable/Sources/Matchable/String+Matchable.swift (in target 'Matchable' from project 'Matchable')
cd /Users/admin/builder/spi-builder-workspace/.swiftpm/xcode
builtin-SwiftPerFileCompile String+Matchable.swift
SwiftDriverJobDiscovery normal arm64 Compiling UserDefaults+Combine.swift (in target 'UserDefaultsExtensions' from project 'UserDefaultsExtensions')
SwiftDriver\ Compilation UserDefaultsExtensions normal arm64 com.apple.xcode.tools.swift.compiler (in target 'UserDefaultsExtensions' from project 'UserDefaultsExtensions')
cd /Users/admin/builder/spi-builder-workspace/.swiftpm/xcode
builtin-Swift-Compilation -- /Applications/Xcode-27.0.0-Release.Candidate.app/Contents/Developer/Toolchains/XcodeDefault.xctoolchain/usr/bin/swiftc -parse-as-library -module-name UserDefaultsExtensions -Onone @/Users/admin/builder/spi-builder-workspace/.derivedData/Build/Intermediates.noindex/UserDefaultsExtensions.build/Debug-watchos/UserDefaultsExtensions-t.build/Objects-normal/arm64/UserDefaultsExtensions.SwiftFileList -DSWIFT_PACKAGE -DDEBUG -DSWIFT_MODULE_RESOURCE_BUNDLE_UNAVAILABLE -DXcode -plugin-path /Applications/Xcode-27.0.0-Release.Candidate.app/Contents/Developer/Toolchains/XcodeDefault.xctoolchain/usr/lib/swift/host/plugins/testing -enable-experimental-feature DebugDescriptionMacro -sdk /Applications/Xcode-27.0.0-Release.Candidate.app/Contents/Developer/Platforms/WatchOS.platform/Developer/SDKs/WatchOS27.0.sdk -target arm64-apple-watchos9.0 -g -module-cache-path /Users/admin/builder/spi-builder-workspace/.derivedData/ModuleCache.noindex -Xfrontend -serialize-debugging-options -enable-testing -index-store-path /Users/admin/builder/spi-builder-workspace/.derivedData/Index.noindex/DataStore -Xcc -D_LIBCPP_HARDENING_MODE\=_LIBCPP_HARDENING_MODE_DEBUG -swift-version 5 -I /Users/admin/builder/spi-builder-workspace/.derivedData/Build/Products/Debug-watchos -Isystem /Applications/Xcode-27.0.0-Release.Candidate.app/Contents/Developer/Platforms/WatchOS.platform/Developer/usr/lib -F /Users/admin/builder/spi-builder-workspace/.derivedData/Build/Products/Debug-watchos -F /Applications/Xcode-27.0.0-Release.Candidate.app/Contents/Developer/Platforms/WatchOS.platform/Developer/Library/Frameworks -F /Applications/Xcode-27.0.0-Release.Candidate.app/Contents/Developer/Platforms/WatchOS.platform/Developer/SDKs/WatchOS27.0.sdk/Developer/Library/Frameworks -c -j10 -enable-batch-mode -incremental -Xcc -ivfsstatcache -Xcc /Users/admin/builder/spi-builder-workspace/.derivedData/SDKStatCaches.noindex/watchos27.0-24R360-e829b21a6f8c9b70876ba0858053c04477534ef55a1706bf4c1112bbb242f0a2.sdkstatcache -output-file-map /Users/admin/builder/spi-builder-workspace/.derivedData/Build/Intermediates.noindex/UserDefaultsExtensions.build/Debug-watchos/UserDefaultsExtensions-t.build/Objects-normal/arm64/UserDefaultsExtensions-OutputFileMap.json -save-temps -no-color-diagnostics -explicit-module-build -module-cache-path /Users/admin/builder/spi-builder-workspace/.derivedData/Build/Intermediates.noindex/SwiftExplicitPrecompiledModules -clang-scanner-module-cache-path /Users/admin/builder/spi-builder-workspace/.derivedData/ModuleCache.noindex -sdk-module-cache-path /Users/admin/builder/spi-builder-workspace/.derivedData/SDKExplicitPrecompiledModules -emit-dependencies -emit-module -emit-module-path /Users/admin/builder/spi-builder-workspace/.derivedData/Build/Intermediates.noindex/UserDefaultsExtensions.build/Debug-watchos/UserDefaultsExtensions-t.build/Objects-normal/arm64/UserDefaultsExtensions.swiftmodule -serialize-diagnostics -dependency-scan-serialize-diagnostics-path /Users/admin/builder/spi-builder-workspace/.derivedData/Build/Intermediates.noindex/UserDefaultsExtensions.build/Debug-watchos/UserDefaultsExtensions-t.build/Objects-normal/arm64/UserDefaultsExtensions-dependency-scan.dia -validate-clang-modules-once -clang-build-session-file /Users/admin/builder/spi-builder-workspace/.derivedData/ModuleCache.noindex/Session.modulevalidation -Xcc -fmodules-prune-interval\=86400 -Xcc -fmodules-prune-after\=345600 -emit-const-values -const-gather-protocols-list /Users/admin/builder/spi-builder-workspace/.derivedData/Build/Intermediates.noindex/UserDefaultsExtensions.build/Debug-watchos/UserDefaultsExtensions-t.build/Objects-normal/arm64/UserDefaultsExtensions_const_extract_protocols.json -Xcc -I/Users/admin/builder/spi-builder-workspace/.derivedData/Build/Products/Debug-watchos/include -Xcc -I/Users/admin/builder/spi-builder-workspace/.derivedData/Build/Intermediates.noindex/UserDefaultsExtensions.build/Debug-watchos/UserDefaultsExtensions-t.build/DerivedSources-normal/arm64 -Xcc -I/Users/admin/builder/spi-builder-workspace/.derivedData/Build/Intermediates.noindex/UserDefaultsExtensions.build/Debug-watchos/UserDefaultsExtensions-t.build/DerivedSources/arm64 -Xcc -I/Users/admin/builder/spi-builder-workspace/.derivedData/Build/Intermediates.noindex/UserDefaultsExtensions.build/Debug-watchos/UserDefaultsExtensions-t.build/DerivedSources -Xcc -DSWIFT_PACKAGE -Xcc -DDEBUG\=1 -emit-objc-header -emit-objc-header-path /Users/admin/builder/spi-builder-workspace/.derivedData/Build/Intermediates.noindex/UserDefaultsExtensions.build/Debug-watchos/UserDefaultsExtensions-t.build/Objects-normal/arm64/UserDefaultsExtensions-Swift.h -working-directory /Users/admin/builder/spi-builder-workspace/.swiftpm/xcode -experimental-emit-module-separately -disable-cmo
SwiftDriverJobDiscovery normal arm64 Compiling Bool+Matchable.swift, Collections+Matchable.swift (in target 'Matchable' from project 'Matchable')
SwiftCompile normal arm64 Compiling\ Date+Matchable.swift /Users/admin/builder/spi-builder-workspace/.dependencies/checkouts/Matchable/Sources/Matchable/Date+Matchable.swift (in target 'Matchable' from project 'Matchable')
SwiftCompile normal arm64 /Users/admin/builder/spi-builder-workspace/.dependencies/checkouts/Matchable/Sources/Matchable/Date+Matchable.swift (in target 'Matchable' from project 'Matchable')
cd /Users/admin/builder/spi-builder-workspace/.swiftpm/xcode
builtin-SwiftPerFileCompile Date+Matchable.swift
SwiftDriverJobDiscovery normal arm64 Compiling Matchable.swift (in target 'Matchable' from project 'Matchable')
Ld /Users/admin/builder/spi-builder-workspace/.derivedData/Build/Intermediates.noindex/UserDefaultsExtensions.build/Debug-watchos/UserDefaultsExtensions-t.build/Objects-normal/arm64_32/Binary/UserDefaultsExtensions.o normal arm64_32 (in target 'UserDefaultsExtensions' from project 'UserDefaultsExtensions')
cd /Users/admin/builder/spi-builder-workspace
/Applications/Xcode-27.0.0-Release.Candidate.app/Contents/Developer/Toolchains/XcodeDefault.xctoolchain/usr/bin/clang -Xlinker -reproducible -target arm64_32-apple-watchos9.0 -r -isysroot /Applications/Xcode-27.0.0-Release.Candidate.app/Contents/Developer/Platforms/WatchOS.platform/Developer/SDKs/WatchOS27.0.sdk -O0 -Xlinker -no_warn_duplicate_libraries -F/Users/admin/builder/spi-builder-workspace/.derivedData/Build/Intermediates.noindex/EagerLinkingTBDs/Debug-watchos -F/Users/admin/builder/spi-builder-workspace/.derivedData/Build/Products/Debug-watchos -iframework /Applications/Xcode-27.0.0-Release.Candidate.app/Contents/Developer/Platforms/WatchOS.platform/Developer/Library/Frameworks -iframework /Applications/Xcode-27.0.0-Release.Candidate.app/Contents/Developer/Platforms/WatchOS.platform/Developer/SDKs/WatchOS27.0.sdk/Developer/Library/Frameworks -filelist /Users/admin/builder/spi-builder-workspace/.derivedData/Build/Intermediates.noindex/UserDefaultsExtensions.build/Debug-watchos/UserDefaultsExtensions-t.build/Objects-normal/arm64_32/UserDefaultsExtensions.LinkFileList -nostdlib -Xlinker -object_path_lto -Xlinker /Users/admin/builder/spi-builder-workspace/.derivedData/Build/Intermediates.noindex/UserDefaultsExtensions.build/Debug-watchos/UserDefaultsExtensions-t.build/Objects-normal/arm64_32/UserDefaultsExtensions_lto.o -Xlinker -no_deduplicate -Xlinker -dependency_info -Xlinker /Users/admin/builder/spi-builder-workspace/.derivedData/Build/Intermediates.noindex/UserDefaultsExtensions.build/Debug-watchos/UserDefaultsExtensions-t.build/Objects-normal/arm64_32/UserDefaultsExtensions_dependency_info.dat -fobjc-link-runtime -L/Applications/Xcode-27.0.0-Release.Candidate.app/Contents/Developer/Toolchains/XcodeDefault.xctoolchain/usr/lib/swift/watchos -L/usr/lib/swift -Xlinker -add_ast_path -Xlinker /Users/admin/builder/spi-builder-workspace/.derivedData/Build/Intermediates.noindex/UserDefaultsExtensions.build/Debug-watchos/UserDefaultsExtensions-t.build/Objects-normal/arm64_32/UserDefaultsExtensions.swiftmodule -o /Users/admin/builder/spi-builder-workspace/.derivedData/Build/Intermediates.noindex/UserDefaultsExtensions.build/Debug-watchos/UserDefaultsExtensions-t.build/Objects-normal/arm64_32/Binary/UserDefaultsExtensions.o
Ld /Users/admin/builder/spi-builder-workspace/.derivedData/Build/Intermediates.noindex/UserDefaultsExtensions.build/Debug-watchos/UserDefaultsExtensions-t.build/Objects-normal/arm64/Binary/UserDefaultsExtensions.o normal arm64 (in target 'UserDefaultsExtensions' from project 'UserDefaultsExtensions')
cd /Users/admin/builder/spi-builder-workspace
/Applications/Xcode-27.0.0-Release.Candidate.app/Contents/Developer/Toolchains/XcodeDefault.xctoolchain/usr/bin/clang -Xlinker -reproducible -target arm64-apple-watchos9.0 -r -isysroot /Applications/Xcode-27.0.0-Release.Candidate.app/Contents/Developer/Platforms/WatchOS.platform/Developer/SDKs/WatchOS27.0.sdk -O0 -Xlinker -no_warn_duplicate_libraries -F/Users/admin/builder/spi-builder-workspace/.derivedData/Build/Intermediates.noindex/EagerLinkingTBDs/Debug-watchos -F/Users/admin/builder/spi-builder-workspace/.derivedData/Build/Products/Debug-watchos -iframework /Applications/Xcode-27.0.0-Release.Candidate.app/Contents/Developer/Platforms/WatchOS.platform/Developer/Library/Frameworks -iframework /Applications/Xcode-27.0.0-Release.Candidate.app/Contents/Developer/Platforms/WatchOS.platform/Developer/SDKs/WatchOS27.0.sdk/Developer/Library/Frameworks -filelist /Users/admin/builder/spi-builder-workspace/.derivedData/Build/Intermediates.noindex/UserDefaultsExtensions.build/Debug-watchos/UserDefaultsExtensions-t.build/Objects-normal/arm64/UserDefaultsExtensions.LinkFileList -nostdlib -Xlinker -object_path_lto -Xlinker /Users/admin/builder/spi-builder-workspace/.derivedData/Build/Intermediates.noindex/UserDefaultsExtensions.build/Debug-watchos/UserDefaultsExtensions-t.build/Objects-normal/arm64/UserDefaultsExtensions_lto.o -Xlinker -no_deduplicate -Xlinker -dependency_info -Xlinker /Users/admin/builder/spi-builder-workspace/.derivedData/Build/Intermediates.noindex/UserDefaultsExtensions.build/Debug-watchos/UserDefaultsExtensions-t.build/Objects-normal/arm64/UserDefaultsExtensions_dependency_info.dat -fobjc-link-runtime -L/Applications/Xcode-27.0.0-Release.Candidate.app/Contents/Developer/Toolchains/XcodeDefault.xctoolchain/usr/lib/swift/watchos -L/usr/lib/swift -Xlinker -add_ast_path -Xlinker /Users/admin/builder/spi-builder-workspace/.derivedData/Build/Intermediates.noindex/UserDefaultsExtensions.build/Debug-watchos/UserDefaultsExtensions-t.build/Objects-normal/arm64/UserDefaultsExtensions.swiftmodule -o /Users/admin/builder/spi-builder-workspace/.derivedData/Build/Intermediates.noindex/UserDefaultsExtensions.build/Debug-watchos/UserDefaultsExtensions-t.build/Objects-normal/arm64/Binary/UserDefaultsExtensions.o
SwiftDriverJobDiscovery normal arm64_32 Compiling MatchableCompound.swift (in target 'Matchable' from project 'Matchable')
SwiftDriverJobDiscovery normal arm64_32 Compiling RawRepresentable+Matchable.swift (in target 'Matchable' from project 'Matchable')
SwiftDriver XCTestExtensions normal arm64_32 com.apple.xcode.tools.swift.compiler (in target 'XCTestExtensions' from project 'XCTestExtensions')
cd /Users/admin/builder/spi-builder-workspace/.swiftpm/xcode
builtin-SwiftDriver -- /Applications/Xcode-27.0.0-Release.Candidate.app/Contents/Developer/Toolchains/XcodeDefault.xctoolchain/usr/bin/swiftc -parse-as-library -module-name XCTestExtensions -Onone @/Users/admin/builder/spi-builder-workspace/.derivedData/Build/Intermediates.noindex/XCTestExtensions.build/Debug-watchos/XCTestExtensions-t.build/Objects-normal/arm64_32/XCTestExtensions.SwiftFileList -DSWIFT_PACKAGE -DDEBUG -DSWIFT_MODULE_RESOURCE_BUNDLE_UNAVAILABLE -DXcode -plugin-path /Applications/Xcode-27.0.0-Release.Candidate.app/Contents/Developer/Toolchains/XcodeDefault.xctoolchain/usr/lib/swift/host/plugins/testing -enable-experimental-feature DebugDescriptionMacro -sdk /Applications/Xcode-27.0.0-Release.Candidate.app/Contents/Developer/Platforms/WatchOS.platform/Developer/SDKs/WatchOS27.0.sdk -target arm64_32-apple-watchos9.0 -g -module-cache-path /Users/admin/builder/spi-builder-workspace/.derivedData/ModuleCache.noindex -Xfrontend -serialize-debugging-options -enable-testing -suppress-warnings -index-store-path /Users/admin/builder/spi-builder-workspace/.derivedData/Index.noindex/DataStore -Xcc -D_LIBCPP_HARDENING_MODE\=_LIBCPP_HARDENING_MODE_DEBUG -swift-version 5 -I /Users/admin/builder/spi-builder-workspace/.derivedData/Build/Products/Debug-watchos -Isystem /Applications/Xcode-27.0.0-Release.Candidate.app/Contents/Developer/Platforms/WatchOS.platform/Developer/usr/lib -F /Users/admin/builder/spi-builder-workspace/.derivedData/Build/Products/Debug-watchos/PackageFrameworks -F /Users/admin/builder/spi-builder-workspace/.derivedData/Build/Products/Debug-watchos -F /Applications/Xcode-27.0.0-Release.Candidate.app/Contents/Developer/Platforms/WatchOS.platform/Developer/Library/Frameworks -F /Applications/Xcode-27.0.0-Release.Candidate.app/Contents/Developer/Platforms/WatchOS.platform/Developer/SDKs/WatchOS27.0.sdk/Developer/Library/Frameworks -c -j10 -enable-batch-mode -incremental -Xcc -ivfsstatcache -Xcc /Users/admin/builder/spi-builder-workspace/.derivedData/SDKStatCaches.noindex/watchos27.0-24R360-e829b21a6f8c9b70876ba0858053c04477534ef55a1706bf4c1112bbb242f0a2.sdkstatcache -output-file-map /Users/admin/builder/spi-builder-workspace/.derivedData/Build/Intermediates.noindex/XCTestExtensions.build/Debug-watchos/XCTestExtensions-t.build/Objects-normal/arm64_32/XCTestExtensions-OutputFileMap.json -save-temps -no-color-diagnostics -explicit-module-build -module-cache-path /Users/admin/builder/spi-builder-workspace/.derivedData/Build/Intermediates.noindex/SwiftExplicitPrecompiledModules -clang-scanner-module-cache-path /Users/admin/builder/spi-builder-workspace/.derivedData/ModuleCache.noindex -sdk-module-cache-path /Users/admin/builder/spi-builder-workspace/.derivedData/SDKExplicitPrecompiledModules -emit-dependencies -emit-module -emit-module-path /Users/admin/builder/spi-builder-workspace/.derivedData/Build/Intermediates.noindex/XCTestExtensions.build/Debug-watchos/XCTestExtensions-t.build/Objects-normal/arm64_32/XCTestExtensions.swiftmodule -serialize-diagnostics -dependency-scan-serialize-diagnostics-path /Users/admin/builder/spi-builder-workspace/.derivedData/Build/Intermediates.noindex/XCTestExtensions.build/Debug-watchos/XCTestExtensions-t.build/Objects-normal/arm64_32/XCTestExtensions-dependency-scan.dia -validate-clang-modules-once -clang-build-session-file /Users/admin/builder/spi-builder-workspace/.derivedData/ModuleCache.noindex/Session.modulevalidation -Xcc -fmodules-prune-interval\=86400 -Xcc -fmodules-prune-after\=345600 -emit-const-values -const-gather-protocols-list /Users/admin/builder/spi-builder-workspace/.derivedData/Build/Intermediates.noindex/XCTestExtensions.build/Debug-watchos/XCTestExtensions-t.build/Objects-normal/arm64_32/XCTestExtensions_const_extract_protocols.json -Xcc -I/Users/admin/builder/spi-builder-workspace/.derivedData/Build/Products/Debug-watchos/include -Xcc -I/Users/admin/builder/spi-builder-workspace/.derivedData/Build/Intermediates.noindex/XCTestExtensions.build/Debug-watchos/XCTestExtensions-t.build/DerivedSources-normal/arm64_32 -Xcc -I/Users/admin/builder/spi-builder-workspace/.derivedData/Build/Intermediates.noindex/XCTestExtensions.build/Debug-watchos/XCTestExtensions-t.build/DerivedSources/arm64_32 -Xcc -I/Users/admin/builder/spi-builder-workspace/.derivedData/Build/Intermediates.noindex/XCTestExtensions.build/Debug-watchos/XCTestExtensions-t.build/DerivedSources -Xcc -DSWIFT_PACKAGE -Xcc -DDEBUG\=1 -emit-objc-header -emit-objc-header-path /Users/admin/builder/spi-builder-workspace/.derivedData/Build/Intermediates.noindex/XCTestExtensions.build/Debug-watchos/XCTestExtensions-t.build/Objects-normal/arm64_32/XCTestExtensions-Swift.h -working-directory /Users/admin/builder/spi-builder-workspace/.swiftpm/xcode -experimental-emit-module-separately -disable-cmo
SwiftDriver XCTestExtensions normal arm64 com.apple.xcode.tools.swift.compiler (in target 'XCTestExtensions' from project 'XCTestExtensions')
cd /Users/admin/builder/spi-builder-workspace/.swiftpm/xcode
builtin-SwiftDriver -- /Applications/Xcode-27.0.0-Release.Candidate.app/Contents/Developer/Toolchains/XcodeDefault.xctoolchain/usr/bin/swiftc -parse-as-library -module-name XCTestExtensions -Onone @/Users/admin/builder/spi-builder-workspace/.derivedData/Build/Intermediates.noindex/XCTestExtensions.build/Debug-watchos/XCTestExtensions-t.build/Objects-normal/arm64/XCTestExtensions.SwiftFileList -DSWIFT_PACKAGE -DDEBUG -DSWIFT_MODULE_RESOURCE_BUNDLE_UNAVAILABLE -DXcode -plugin-path /Applications/Xcode-27.0.0-Release.Candidate.app/Contents/Developer/Toolchains/XcodeDefault.xctoolchain/usr/lib/swift/host/plugins/testing -enable-experimental-feature DebugDescriptionMacro -sdk /Applications/Xcode-27.0.0-Release.Candidate.app/Contents/Developer/Platforms/WatchOS.platform/Developer/SDKs/WatchOS27.0.sdk -target arm64-apple-watchos9.0 -g -module-cache-path /Users/admin/builder/spi-builder-workspace/.derivedData/ModuleCache.noindex -Xfrontend -serialize-debugging-options -enable-testing -suppress-warnings -index-store-path /Users/admin/builder/spi-builder-workspace/.derivedData/Index.noindex/DataStore -Xcc -D_LIBCPP_HARDENING_MODE\=_LIBCPP_HARDENING_MODE_DEBUG -swift-version 5 -I /Users/admin/builder/spi-builder-workspace/.derivedData/Build/Products/Debug-watchos -Isystem /Applications/Xcode-27.0.0-Release.Candidate.app/Contents/Developer/Platforms/WatchOS.platform/Developer/usr/lib -F /Users/admin/builder/spi-builder-workspace/.derivedData/Build/Products/Debug-watchos/PackageFrameworks -F /Users/admin/builder/spi-builder-workspace/.derivedData/Build/Products/Debug-watchos -F /Applications/Xcode-27.0.0-Release.Candidate.app/Contents/Developer/Platforms/WatchOS.platform/Developer/Library/Frameworks -F /Applications/Xcode-27.0.0-Release.Candidate.app/Contents/Developer/Platforms/WatchOS.platform/Developer/SDKs/WatchOS27.0.sdk/Developer/Library/Frameworks -c -j10 -enable-batch-mode -incremental -Xcc -ivfsstatcache -Xcc /Users/admin/builder/spi-builder-workspace/.derivedData/SDKStatCaches.noindex/watchos27.0-24R360-e829b21a6f8c9b70876ba0858053c04477534ef55a1706bf4c1112bbb242f0a2.sdkstatcache -output-file-map /Users/admin/builder/spi-builder-workspace/.derivedData/Build/Intermediates.noindex/XCTestExtensions.build/Debug-watchos/XCTestExtensions-t.build/Objects-normal/arm64/XCTestExtensions-OutputFileMap.json -save-temps -no-color-diagnostics -explicit-module-build -module-cache-path /Users/admin/builder/spi-builder-workspace/.derivedData/Build/Intermediates.noindex/SwiftExplicitPrecompiledModules -clang-scanner-module-cache-path /Users/admin/builder/spi-builder-workspace/.derivedData/ModuleCache.noindex -sdk-module-cache-path /Users/admin/builder/spi-builder-workspace/.derivedData/SDKExplicitPrecompiledModules -emit-dependencies -emit-module -emit-module-path /Users/admin/builder/spi-builder-workspace/.derivedData/Build/Intermediates.noindex/XCTestExtensions.build/Debug-watchos/XCTestExtensions-t.build/Objects-normal/arm64/XCTestExtensions.swiftmodule -serialize-diagnostics -dependency-scan-serialize-diagnostics-path /Users/admin/builder/spi-builder-workspace/.derivedData/Build/Intermediates.noindex/XCTestExtensions.build/Debug-watchos/XCTestExtensions-t.build/Objects-normal/arm64/XCTestExtensions-dependency-scan.dia -validate-clang-modules-once -clang-build-session-file /Users/admin/builder/spi-builder-workspace/.derivedData/ModuleCache.noindex/Session.modulevalidation -Xcc -fmodules-prune-interval\=86400 -Xcc -fmodules-prune-after\=345600 -emit-const-values -const-gather-protocols-list /Users/admin/builder/spi-builder-workspace/.derivedData/Build/Intermediates.noindex/XCTestExtensions.build/Debug-watchos/XCTestExtensions-t.build/Objects-normal/arm64/XCTestExtensions_const_extract_protocols.json -Xcc -I/Users/admin/builder/spi-builder-workspace/.derivedData/Build/Products/Debug-watchos/include -Xcc -I/Users/admin/builder/spi-builder-workspace/.derivedData/Build/Intermediates.noindex/XCTestExtensions.build/Debug-watchos/XCTestExtensions-t.build/DerivedSources-normal/arm64 -Xcc -I/Users/admin/builder/spi-builder-workspace/.derivedData/Build/Intermediates.noindex/XCTestExtensions.build/Debug-watchos/XCTestExtensions-t.build/DerivedSources/arm64 -Xcc -I/Users/admin/builder/spi-builder-workspace/.derivedData/Build/Intermediates.noindex/XCTestExtensions.build/Debug-watchos/XCTestExtensions-t.build/DerivedSources -Xcc -DSWIFT_PACKAGE -Xcc -DDEBUG\=1 -emit-objc-header -emit-objc-header-path /Users/admin/builder/spi-builder-workspace/.derivedData/Build/Intermediates.noindex/XCTestExtensions.build/Debug-watchos/XCTestExtensions-t.build/Objects-normal/arm64/XCTestExtensions-Swift.h -working-directory /Users/admin/builder/spi-builder-workspace/.swiftpm/xcode -experimental-emit-module-separately -disable-cmo
SwiftDriverJobDiscovery normal arm64 Compiling Optional+Matchable.swift (in target 'Matchable' from project 'Matchable')
SwiftDriverJobDiscovery normal arm64_32 Compiling Date+Matchable.swift (in target 'Matchable' from project 'Matchable')
CreateUniversalBinary /Users/admin/builder/spi-builder-workspace/.derivedData/Build/Products/Debug-watchos/UserDefaultsExtensions.o normal arm64\ arm64_32 (in target 'UserDefaultsExtensions' from project 'UserDefaultsExtensions')
cd /Users/admin/builder/spi-builder-workspace
/Applications/Xcode-27.0.0-Release.Candidate.app/Contents/Developer/Toolchains/XcodeDefault.xctoolchain/usr/bin/lipo -create /Users/admin/builder/spi-builder-workspace/.derivedData/Build/Intermediates.noindex/UserDefaultsExtensions.build/Debug-watchos/UserDefaultsExtensions-t.build/Objects-normal/arm64/Binary/UserDefaultsExtensions.o /Users/admin/builder/spi-builder-workspace/.derivedData/Build/Intermediates.noindex/UserDefaultsExtensions.build/Debug-watchos/UserDefaultsExtensions-t.build/Objects-normal/arm64_32/Binary/UserDefaultsExtensions.o -output /Users/admin/builder/spi-builder-workspace/.derivedData/Build/Products/Debug-watchos/UserDefaultsExtensions.o
ExtractAppIntentsMetadata (in target 'UserDefaultsExtensions' from project 'UserDefaultsExtensions')
cd /Users/admin/builder/spi-builder-workspace
/Applications/Xcode-27.0.0-Release.Candidate.app/Contents/Developer/Toolchains/XcodeDefault.xctoolchain/usr/bin/appintentsmetadataprocessor --toolchain-dir /var/run/com.apple.security.cryptexd/mnt/com.apple.MobileAsset.MetalToolchain-v27.1.266.1.f5qA7Y/Metal.xctoolchain --module-name UserDefaultsExtensions --sdk-root /Applications/Xcode-27.0.0-Release.Candidate.app/Contents/Developer/Platforms/WatchOS.platform/Developer/SDKs/WatchOS27.0.sdk --xcode-version 27A266a --platform-family watchOS --deployment-target 9.0 --bundle-identifier spi-builder-workspace.UserDefaultsExtensions --output /Users/admin/builder/spi-builder-workspace/.derivedData/Build/Products/Debug-watchos/UserDefaultsExtensions.appintents --target-triple arm64-apple-watchos9.0 --target-triple arm64_32-apple-watchos9.0 --binary-file /Users/admin/builder/spi-builder-workspace/.derivedData/Build/Products/Debug-watchos/UserDefaultsExtensions.o --dependency-file /Users/admin/builder/spi-builder-workspace/.derivedData/Build/Intermediates.noindex/UserDefaultsExtensions.build/Debug-watchos/UserDefaultsExtensions-t.build/Objects-normal/arm64/UserDefaultsExtensions_dependency_info.dat --dependency-file /Users/admin/builder/spi-builder-workspace/.derivedData/Build/Intermediates.noindex/UserDefaultsExtensions.build/Debug-watchos/UserDefaultsExtensions-t.build/Objects-normal/arm64_32/UserDefaultsExtensions_dependency_info.dat --stringsdata-file /Users/admin/builder/spi-builder-workspace/.derivedData/Build/Intermediates.noindex/UserDefaultsExtensions.build/Debug-watchos/UserDefaultsExtensions-t.build/Objects-normal/arm64/ExtractedAppShortcutsMetadata.stringsdata --stringsdata-file /Users/admin/builder/spi-builder-workspace/.derivedData/Build/Intermediates.noindex/UserDefaultsExtensions.build/Debug-watchos/UserDefaultsExtensions-t.build/Objects-normal/arm64_32/ExtractedAppShortcutsMetadata.stringsdata --source-file-list /Users/admin/builder/spi-builder-workspace/.derivedData/Build/Intermediates.noindex/UserDefaultsExtensions.build/Debug-watchos/UserDefaultsExtensions-t.build/Objects-normal/arm64/UserDefaultsExtensions.SwiftFileList --source-file-list /Users/admin/builder/spi-builder-workspace/.derivedData/Build/Intermediates.noindex/UserDefaultsExtensions.build/Debug-watchos/UserDefaultsExtensions-t.build/Objects-normal/arm64_32/UserDefaultsExtensions.SwiftFileList --metadata-file-list /Users/admin/builder/spi-builder-workspace/.derivedData/Build/Intermediates.noindex/UserDefaultsExtensions.build/Debug-watchos/UserDefaultsExtensions-t.build/UserDefaultsExtensions.DependencyMetadataFileList --static-metadata-file-list /Users/admin/builder/spi-builder-workspace/.derivedData/Build/Intermediates.noindex/UserDefaultsExtensions.build/Debug-watchos/UserDefaultsExtensions-t.build/UserDefaultsExtensions.DependencyStaticMetadataFileList --swift-const-vals-list /Users/admin/builder/spi-builder-workspace/.derivedData/Build/Intermediates.noindex/UserDefaultsExtensions.build/Debug-watchos/UserDefaultsExtensions-t.build/Objects-normal/arm64/UserDefaultsExtensions.SwiftConstValuesFileList --swift-const-vals-list /Users/admin/builder/spi-builder-workspace/.derivedData/Build/Intermediates.noindex/UserDefaultsExtensions.build/Debug-watchos/UserDefaultsExtensions-t.build/Objects-normal/arm64_32/UserDefaultsExtensions.SwiftConstValuesFileList --force --compile-time-extraction --deployment-aware-processing --no-app-shortcuts-localization
2026-09-18 08:28:38.263 appintentsmetadataprocessor[839:5043] Starting appintentsmetadataprocessor export
2026-09-18 08:28:38.371 appintentsmetadataprocessor[839:5043] Extracted no relevant App Intents symbols, skipping writing output
SwiftDriverJobDiscovery normal arm64 Compiling Date+Matchable.swift (in target 'Matchable' from project 'Matchable')
SwiftDriverJobDiscovery normal arm64 Compiling MatchFailedError.swift (in target 'Matchable' from project 'Matchable')
SwiftDriverJobDiscovery normal arm64_32 Compiling String+Matchable.swift (in target 'Matchable' from project 'Matchable')
SwiftDriver\ Compilation Matchable normal arm64_32 com.apple.xcode.tools.swift.compiler (in target 'Matchable' from project 'Matchable')
cd /Users/admin/builder/spi-builder-workspace/.swiftpm/xcode
builtin-Swift-Compilation -- /Applications/Xcode-27.0.0-Release.Candidate.app/Contents/Developer/Toolchains/XcodeDefault.xctoolchain/usr/bin/swiftc -parse-as-library -module-name Matchable -Onone @/Users/admin/builder/spi-builder-workspace/.derivedData/Build/Intermediates.noindex/Matchable.build/Debug-watchos/Matchable-t.build/Objects-normal/arm64_32/Matchable.SwiftFileList -DSWIFT_PACKAGE -DDEBUG -DSWIFT_MODULE_RESOURCE_BUNDLE_UNAVAILABLE -DXcode -plugin-path /Applications/Xcode-27.0.0-Release.Candidate.app/Contents/Developer/Toolchains/XcodeDefault.xctoolchain/usr/lib/swift/host/plugins/testing -enable-experimental-feature DebugDescriptionMacro -sdk /Applications/Xcode-27.0.0-Release.Candidate.app/Contents/Developer/Platforms/WatchOS.platform/Developer/SDKs/WatchOS27.0.sdk -target arm64_32-apple-watchos9.0 -g -module-cache-path /Users/admin/builder/spi-builder-workspace/.derivedData/ModuleCache.noindex -Xfrontend -serialize-debugging-options -enable-testing -suppress-warnings -index-store-path /Users/admin/builder/spi-builder-workspace/.derivedData/Index.noindex/DataStore -Xcc -D_LIBCPP_HARDENING_MODE\=_LIBCPP_HARDENING_MODE_DEBUG -swift-version 5 -I /Users/admin/builder/spi-builder-workspace/.derivedData/Build/Products/Debug-watchos -Isystem /Applications/Xcode-27.0.0-Release.Candidate.app/Contents/Developer/Platforms/WatchOS.platform/Developer/usr/lib -F /Users/admin/builder/spi-builder-workspace/.derivedData/Build/Products/Debug-watchos -F /Applications/Xcode-27.0.0-Release.Candidate.app/Contents/Developer/Platforms/WatchOS.platform/Developer/Library/Frameworks -F /Applications/Xcode-27.0.0-Release.Candidate.app/Contents/Developer/Platforms/WatchOS.platform/Developer/SDKs/WatchOS27.0.sdk/Developer/Library/Frameworks -c -j10 -enable-batch-mode -incremental -Xcc -ivfsstatcache -Xcc /Users/admin/builder/spi-builder-workspace/.derivedData/SDKStatCaches.noindex/watchos27.0-24R360-e829b21a6f8c9b70876ba0858053c04477534ef55a1706bf4c1112bbb242f0a2.sdkstatcache -output-file-map /Users/admin/builder/spi-builder-workspace/.derivedData/Build/Intermediates.noindex/Matchable.build/Debug-watchos/Matchable-t.build/Objects-normal/arm64_32/Matchable-OutputFileMap.json -save-temps -no-color-diagnostics -explicit-module-build -module-cache-path /Users/admin/builder/spi-builder-workspace/.derivedData/Build/Intermediates.noindex/SwiftExplicitPrecompiledModules -clang-scanner-module-cache-path /Users/admin/builder/spi-builder-workspace/.derivedData/ModuleCache.noindex -sdk-module-cache-path /Users/admin/builder/spi-builder-workspace/.derivedData/SDKExplicitPrecompiledModules -emit-dependencies -emit-module -emit-module-path /Users/admin/builder/spi-builder-workspace/.derivedData/Build/Intermediates.noindex/Matchable.build/Debug-watchos/Matchable-t.build/Objects-normal/arm64_32/Matchable.swiftmodule -serialize-diagnostics -dependency-scan-serialize-diagnostics-path /Users/admin/builder/spi-builder-workspace/.derivedData/Build/Intermediates.noindex/Matchable.build/Debug-watchos/Matchable-t.build/Objects-normal/arm64_32/Matchable-dependency-scan.dia -validate-clang-modules-once -clang-build-session-file /Users/admin/builder/spi-builder-workspace/.derivedData/ModuleCache.noindex/Session.modulevalidation -Xcc -fmodules-prune-interval\=86400 -Xcc -fmodules-prune-after\=345600 -emit-const-values -const-gather-protocols-list /Users/admin/builder/spi-builder-workspace/.derivedData/Build/Intermediates.noindex/Matchable.build/Debug-watchos/Matchable-t.build/Objects-normal/arm64_32/Matchable_const_extract_protocols.json -Xcc -I/Users/admin/builder/spi-builder-workspace/.derivedData/Build/Products/Debug-watchos/include -Xcc -I/Users/admin/builder/spi-builder-workspace/.derivedData/Build/Intermediates.noindex/Matchable.build/Debug-watchos/Matchable-t.build/DerivedSources-normal/arm64_32 -Xcc -I/Users/admin/builder/spi-builder-workspace/.derivedData/Build/Intermediates.noindex/Matchable.build/Debug-watchos/Matchable-t.build/DerivedSources/arm64_32 -Xcc -I/Users/admin/builder/spi-builder-workspace/.derivedData/Build/Intermediates.noindex/Matchable.build/Debug-watchos/Matchable-t.build/DerivedSources -Xcc -DSWIFT_PACKAGE -Xcc -DDEBUG\=1 -emit-objc-header -emit-objc-header-path /Users/admin/builder/spi-builder-workspace/.derivedData/Build/Intermediates.noindex/Matchable.build/Debug-watchos/Matchable-t.build/Objects-normal/arm64_32/Matchable-Swift.h -working-directory /Users/admin/builder/spi-builder-workspace/.swiftpm/xcode -experimental-emit-module-separately -disable-cmo
Ld /Users/admin/builder/spi-builder-workspace/.derivedData/Build/Intermediates.noindex/Matchable.build/Debug-watchos/Matchable-t.build/Objects-normal/arm64_32/Binary/Matchable.o normal arm64_32 (in target 'Matchable' from project 'Matchable')
cd /Users/admin/builder/spi-builder-workspace/.dependencies/checkouts/Matchable
/Applications/Xcode-27.0.0-Release.Candidate.app/Contents/Developer/Toolchains/XcodeDefault.xctoolchain/usr/bin/clang -Xlinker -reproducible -target arm64_32-apple-watchos9.0 -r -isysroot /Applications/Xcode-27.0.0-Release.Candidate.app/Contents/Developer/Platforms/WatchOS.platform/Developer/SDKs/WatchOS27.0.sdk -O0 -w -Xlinker -no_warn_duplicate_libraries -F/Users/admin/builder/spi-builder-workspace/.derivedData/Build/Intermediates.noindex/EagerLinkingTBDs/Debug-watchos -F/Users/admin/builder/spi-builder-workspace/.derivedData/Build/Products/Debug-watchos -iframework /Applications/Xcode-27.0.0-Release.Candidate.app/Contents/Developer/Platforms/WatchOS.platform/Developer/Library/Frameworks -iframework /Applications/Xcode-27.0.0-Release.Candidate.app/Contents/Developer/Platforms/WatchOS.platform/Developer/SDKs/WatchOS27.0.sdk/Developer/Library/Frameworks -filelist /Users/admin/builder/spi-builder-workspace/.derivedData/Build/Intermediates.noindex/Matchable.build/Debug-watchos/Matchable-t.build/Objects-normal/arm64_32/Matchable.LinkFileList -nostdlib -Xlinker -object_path_lto -Xlinker /Users/admin/builder/spi-builder-workspace/.derivedData/Build/Intermediates.noindex/Matchable.build/Debug-watchos/Matchable-t.build/Objects-normal/arm64_32/Matchable_lto.o -Xlinker -no_deduplicate -Xlinker -dependency_info -Xlinker /Users/admin/builder/spi-builder-workspace/.derivedData/Build/Intermediates.noindex/Matchable.build/Debug-watchos/Matchable-t.build/Objects-normal/arm64_32/Matchable_dependency_info.dat -fobjc-link-runtime -L/Applications/Xcode-27.0.0-Release.Candidate.app/Contents/Developer/Toolchains/XcodeDefault.xctoolchain/usr/lib/swift/watchos -L/usr/lib/swift -Xlinker -add_ast_path -Xlinker /Users/admin/builder/spi-builder-workspace/.derivedData/Build/Intermediates.noindex/Matchable.build/Debug-watchos/Matchable-t.build/Objects-normal/arm64_32/Matchable.swiftmodule -o /Users/admin/builder/spi-builder-workspace/.derivedData/Build/Intermediates.noindex/Matchable.build/Debug-watchos/Matchable-t.build/Objects-normal/arm64_32/Binary/Matchable.o
SwiftDriverJobDiscovery normal arm64 Compiling String+Matchable.swift (in target 'Matchable' from project 'Matchable')
SwiftDriverJobDiscovery normal arm64 Compiling RawRepresentable+Matchable.swift (in target 'Matchable' from project 'Matchable')
SwiftDriver\ Compilation Matchable normal arm64 com.apple.xcode.tools.swift.compiler (in target 'Matchable' from project 'Matchable')
cd /Users/admin/builder/spi-builder-workspace/.swiftpm/xcode
builtin-Swift-Compilation -- /Applications/Xcode-27.0.0-Release.Candidate.app/Contents/Developer/Toolchains/XcodeDefault.xctoolchain/usr/bin/swiftc -parse-as-library -module-name Matchable -Onone @/Users/admin/builder/spi-builder-workspace/.derivedData/Build/Intermediates.noindex/Matchable.build/Debug-watchos/Matchable-t.build/Objects-normal/arm64/Matchable.SwiftFileList -DSWIFT_PACKAGE -DDEBUG -DSWIFT_MODULE_RESOURCE_BUNDLE_UNAVAILABLE -DXcode -plugin-path /Applications/Xcode-27.0.0-Release.Candidate.app/Contents/Developer/Toolchains/XcodeDefault.xctoolchain/usr/lib/swift/host/plugins/testing -enable-experimental-feature DebugDescriptionMacro -sdk /Applications/Xcode-27.0.0-Release.Candidate.app/Contents/Developer/Platforms/WatchOS.platform/Developer/SDKs/WatchOS27.0.sdk -target arm64-apple-watchos9.0 -g -module-cache-path /Users/admin/builder/spi-builder-workspace/.derivedData/ModuleCache.noindex -Xfrontend -serialize-debugging-options -enable-testing -suppress-warnings -index-store-path /Users/admin/builder/spi-builder-workspace/.derivedData/Index.noindex/DataStore -Xcc -D_LIBCPP_HARDENING_MODE\=_LIBCPP_HARDENING_MODE_DEBUG -swift-version 5 -I /Users/admin/builder/spi-builder-workspace/.derivedData/Build/Products/Debug-watchos -Isystem /Applications/Xcode-27.0.0-Release.Candidate.app/Contents/Developer/Platforms/WatchOS.platform/Developer/usr/lib -F /Users/admin/builder/spi-builder-workspace/.derivedData/Build/Products/Debug-watchos -F /Applications/Xcode-27.0.0-Release.Candidate.app/Contents/Developer/Platforms/WatchOS.platform/Developer/Library/Frameworks -F /Applications/Xcode-27.0.0-Release.Candidate.app/Contents/Developer/Platforms/WatchOS.platform/Developer/SDKs/WatchOS27.0.sdk/Developer/Library/Frameworks -c -j10 -enable-batch-mode -incremental -Xcc -ivfsstatcache -Xcc /Users/admin/builder/spi-builder-workspace/.derivedData/SDKStatCaches.noindex/watchos27.0-24R360-e829b21a6f8c9b70876ba0858053c04477534ef55a1706bf4c1112bbb242f0a2.sdkstatcache -output-file-map /Users/admin/builder/spi-builder-workspace/.derivedData/Build/Intermediates.noindex/Matchable.build/Debug-watchos/Matchable-t.build/Objects-normal/arm64/Matchable-OutputFileMap.json -save-temps -no-color-diagnostics -explicit-module-build -module-cache-path /Users/admin/builder/spi-builder-workspace/.derivedData/Build/Intermediates.noindex/SwiftExplicitPrecompiledModules -clang-scanner-module-cache-path /Users/admin/builder/spi-builder-workspace/.derivedData/ModuleCache.noindex -sdk-module-cache-path /Users/admin/builder/spi-builder-workspace/.derivedData/SDKExplicitPrecompiledModules -emit-dependencies -emit-module -emit-module-path /Users/admin/builder/spi-builder-workspace/.derivedData/Build/Intermediates.noindex/Matchable.build/Debug-watchos/Matchable-t.build/Objects-normal/arm64/Matchable.swiftmodule -serialize-diagnostics -dependency-scan-serialize-diagnostics-path /Users/admin/builder/spi-builder-workspace/.derivedData/Build/Intermediates.noindex/Matchable.build/Debug-watchos/Matchable-t.build/Objects-normal/arm64/Matchable-dependency-scan.dia -validate-clang-modules-once -clang-build-session-file /Users/admin/builder/spi-builder-workspace/.derivedData/ModuleCache.noindex/Session.modulevalidation -Xcc -fmodules-prune-interval\=86400 -Xcc -fmodules-prune-after\=345600 -emit-const-values -const-gather-protocols-list /Users/admin/builder/spi-builder-workspace/.derivedData/Build/Intermediates.noindex/Matchable.build/Debug-watchos/Matchable-t.build/Objects-normal/arm64/Matchable_const_extract_protocols.json -Xcc -I/Users/admin/builder/spi-builder-workspace/.derivedData/Build/Products/Debug-watchos/include -Xcc -I/Users/admin/builder/spi-builder-workspace/.derivedData/Build/Intermediates.noindex/Matchable.build/Debug-watchos/Matchable-t.build/DerivedSources-normal/arm64 -Xcc -I/Users/admin/builder/spi-builder-workspace/.derivedData/Build/Intermediates.noindex/Matchable.build/Debug-watchos/Matchable-t.build/DerivedSources/arm64 -Xcc -I/Users/admin/builder/spi-builder-workspace/.derivedData/Build/Intermediates.noindex/Matchable.build/Debug-watchos/Matchable-t.build/DerivedSources -Xcc -DSWIFT_PACKAGE -Xcc -DDEBUG\=1 -emit-objc-header -emit-objc-header-path /Users/admin/builder/spi-builder-workspace/.derivedData/Build/Intermediates.noindex/Matchable.build/Debug-watchos/Matchable-t.build/Objects-normal/arm64/Matchable-Swift.h -working-directory /Users/admin/builder/spi-builder-workspace/.swiftpm/xcode -experimental-emit-module-separately -disable-cmo
Ld /Users/admin/builder/spi-builder-workspace/.derivedData/Build/Intermediates.noindex/Matchable.build/Debug-watchos/Matchable-t.build/Objects-normal/arm64/Binary/Matchable.o normal arm64 (in target 'Matchable' from project 'Matchable')
cd /Users/admin/builder/spi-builder-workspace/.dependencies/checkouts/Matchable
/Applications/Xcode-27.0.0-Release.Candidate.app/Contents/Developer/Toolchains/XcodeDefault.xctoolchain/usr/bin/clang -Xlinker -reproducible -target arm64-apple-watchos9.0 -r -isysroot /Applications/Xcode-27.0.0-Release.Candidate.app/Contents/Developer/Platforms/WatchOS.platform/Developer/SDKs/WatchOS27.0.sdk -O0 -w -Xlinker -no_warn_duplicate_libraries -F/Users/admin/builder/spi-builder-workspace/.derivedData/Build/Intermediates.noindex/EagerLinkingTBDs/Debug-watchos -F/Users/admin/builder/spi-builder-workspace/.derivedData/Build/Products/Debug-watchos -iframework /Applications/Xcode-27.0.0-Release.Candidate.app/Contents/Developer/Platforms/WatchOS.platform/Developer/Library/Frameworks -iframework /Applications/Xcode-27.0.0-Release.Candidate.app/Contents/Developer/Platforms/WatchOS.platform/Developer/SDKs/WatchOS27.0.sdk/Developer/Library/Frameworks -filelist /Users/admin/builder/spi-builder-workspace/.derivedData/Build/Intermediates.noindex/Matchable.build/Debug-watchos/Matchable-t.build/Objects-normal/arm64/Matchable.LinkFileList -nostdlib -Xlinker -object_path_lto -Xlinker /Users/admin/builder/spi-builder-workspace/.derivedData/Build/Intermediates.noindex/Matchable.build/Debug-watchos/Matchable-t.build/Objects-normal/arm64/Matchable_lto.o -Xlinker -no_deduplicate -Xlinker -dependency_info -Xlinker /Users/admin/builder/spi-builder-workspace/.derivedData/Build/Intermediates.noindex/Matchable.build/Debug-watchos/Matchable-t.build/Objects-normal/arm64/Matchable_dependency_info.dat -fobjc-link-runtime -L/Applications/Xcode-27.0.0-Release.Candidate.app/Contents/Developer/Toolchains/XcodeDefault.xctoolchain/usr/lib/swift/watchos -L/usr/lib/swift -Xlinker -add_ast_path -Xlinker /Users/admin/builder/spi-builder-workspace/.derivedData/Build/Intermediates.noindex/Matchable.build/Debug-watchos/Matchable-t.build/Objects-normal/arm64/Matchable.swiftmodule -o /Users/admin/builder/spi-builder-workspace/.derivedData/Build/Intermediates.noindex/Matchable.build/Debug-watchos/Matchable-t.build/Objects-normal/arm64/Binary/Matchable.o
CreateUniversalBinary /Users/admin/builder/spi-builder-workspace/.derivedData/Build/Products/Debug-watchos/Matchable.o normal arm64\ arm64_32 (in target 'Matchable' from project 'Matchable')
cd /Users/admin/builder/spi-builder-workspace/.dependencies/checkouts/Matchable
/Applications/Xcode-27.0.0-Release.Candidate.app/Contents/Developer/Toolchains/XcodeDefault.xctoolchain/usr/bin/lipo -create /Users/admin/builder/spi-builder-workspace/.derivedData/Build/Intermediates.noindex/Matchable.build/Debug-watchos/Matchable-t.build/Objects-normal/arm64/Binary/Matchable.o /Users/admin/builder/spi-builder-workspace/.derivedData/Build/Intermediates.noindex/Matchable.build/Debug-watchos/Matchable-t.build/Objects-normal/arm64_32/Binary/Matchable.o -output /Users/admin/builder/spi-builder-workspace/.derivedData/Build/Products/Debug-watchos/Matchable.o
ExtractAppIntentsMetadata (in target 'Matchable' from project 'Matchable')
cd /Users/admin/builder/spi-builder-workspace/.dependencies/checkouts/Matchable
/Applications/Xcode-27.0.0-Release.Candidate.app/Contents/Developer/Toolchains/XcodeDefault.xctoolchain/usr/bin/appintentsmetadataprocessor --toolchain-dir /var/run/com.apple.security.cryptexd/mnt/com.apple.MobileAsset.MetalToolchain-v27.1.266.1.f5qA7Y/Metal.xctoolchain --module-name Matchable --sdk-root /Applications/Xcode-27.0.0-Release.Candidate.app/Contents/Developer/Platforms/WatchOS.platform/Developer/SDKs/WatchOS27.0.sdk --xcode-version 27A266a --platform-family watchOS --deployment-target 9.0 --bundle-identifier matchable.Matchable --output /Users/admin/builder/spi-builder-workspace/.derivedData/Build/Products/Debug-watchos/Matchable.appintents --target-triple arm64-apple-watchos9.0 --target-triple arm64_32-apple-watchos9.0 --binary-file /Users/admin/builder/spi-builder-workspace/.derivedData/Build/Products/Debug-watchos/Matchable.o --dependency-file /Users/admin/builder/spi-builder-workspace/.derivedData/Build/Intermediates.noindex/Matchable.build/Debug-watchos/Matchable-t.build/Objects-normal/arm64/Matchable_dependency_info.dat --dependency-file /Users/admin/builder/spi-builder-workspace/.derivedData/Build/Intermediates.noindex/Matchable.build/Debug-watchos/Matchable-t.build/Objects-normal/arm64_32/Matchable_dependency_info.dat --stringsdata-file /Users/admin/builder/spi-builder-workspace/.derivedData/Build/Intermediates.noindex/Matchable.build/Debug-watchos/Matchable-t.build/Objects-normal/arm64/ExtractedAppShortcutsMetadata.stringsdata --stringsdata-file /Users/admin/builder/spi-builder-workspace/.derivedData/Build/Intermediates.noindex/Matchable.build/Debug-watchos/Matchable-t.build/Objects-normal/arm64_32/ExtractedAppShortcutsMetadata.stringsdata --source-file-list /Users/admin/builder/spi-builder-workspace/.derivedData/Build/Intermediates.noindex/Matchable.build/Debug-watchos/Matchable-t.build/Objects-normal/arm64/Matchable.SwiftFileList --source-file-list /Users/admin/builder/spi-builder-workspace/.derivedData/Build/Intermediates.noindex/Matchable.build/Debug-watchos/Matchable-t.build/Objects-normal/arm64_32/Matchable.SwiftFileList --metadata-file-list /Users/admin/builder/spi-builder-workspace/.derivedData/Build/Intermediates.noindex/Matchable.build/Debug-watchos/Matchable-t.build/Matchable.DependencyMetadataFileList --static-metadata-file-list /Users/admin/builder/spi-builder-workspace/.derivedData/Build/Intermediates.noindex/Matchable.build/Debug-watchos/Matchable-t.build/Matchable.DependencyStaticMetadataFileList --swift-const-vals-list /Users/admin/builder/spi-builder-workspace/.derivedData/Build/Intermediates.noindex/Matchable.build/Debug-watchos/Matchable-t.build/Objects-normal/arm64/Matchable.SwiftConstValuesFileList --swift-const-vals-list /Users/admin/builder/spi-builder-workspace/.derivedData/Build/Intermediates.noindex/Matchable.build/Debug-watchos/Matchable-t.build/Objects-normal/arm64_32/Matchable.SwiftConstValuesFileList --force --compile-time-extraction --deployment-aware-processing --no-app-shortcuts-localization
2026-09-18 08:28:38.408 appintentsmetadataprocessor[845:5160] Starting appintentsmetadataprocessor export
2026-09-18 08:28:38.468 appintentsmetadataprocessor[845:5160] Extracted no relevant App Intents symbols, skipping writing output
SwiftExplicitDependencyGeneratePcm arm64 /Users/admin/builder/spi-builder-workspace/.derivedData/SDKExplicitPrecompiledModules/MachO-2U90NNSAQILBNBPS1SA4F8TYP.pcm
SwiftExplicitDependencyGeneratePcm arm64 /Users/admin/builder/spi-builder-workspace/.derivedData/SDKExplicitPrecompiledModules/_Builtin_stdatomic-7JEFA3KBJJJN6TKJWY3OG1VG5.pcm
SwiftExplicitDependencyGeneratePcm arm64 /Users/admin/builder/spi-builder-workspace/.derivedData/SDKExplicitPrecompiledModules/CoreTransferable-9PPG3SLJ55T4LITIFYX2M0NOZ.pcm
SwiftExplicitDependencyGeneratePcm arm64 /Users/admin/builder/spi-builder-workspace/.derivedData/SDKExplicitPrecompiledModules/UserNotifications-ARAH8MEQ0C2L0FBO39HITJMAO.pcm
SwiftExplicitDependencyGeneratePcm arm64 /Users/admin/builder/spi-builder-workspace/.derivedData/SDKExplicitPrecompiledModules/CoreGraphics-DWNZ73GEH98SBJXZ7DEXB420K.pcm
SwiftExplicitDependencyGeneratePcm arm64 /Users/admin/builder/spi-builder-workspace/.derivedData/SDKExplicitPrecompiledModules/_LocationEssentials-5ZZDGDXB6HLQUC72SJW7YJ7MK.pcm
SwiftExplicitDependencyGeneratePcm arm64 /Users/admin/builder/spi-builder-workspace/.derivedData/SDKExplicitPrecompiledModules/UniformTypeIdentifiers-8L08Q8DQJV8C4AW84YVGFGTRN.pcm
SwiftExplicitDependencyGeneratePcm arm64 /Users/admin/builder/spi-builder-workspace/.derivedData/SDKExplicitPrecompiledModules/DataDetection-7BNVI1SZW5ISQL5SX4WL2X7I5.pcm
SwiftExplicitDependencyGeneratePcm arm64 /Users/admin/builder/spi-builder-workspace/.derivedData/SDKExplicitPrecompiledModules/CoreServices-AL8T5Q4K0CTGO6W37FTF22ZVF.pcm
SwiftExplicitDependencyGeneratePcm arm64 /Users/admin/builder/spi-builder-workspace/.derivedData/SDKExplicitPrecompiledModules/_Builtin_intrinsics-75960HIPCIYA06IUW8FIIPQT.pcm
SwiftExplicitDependencyGeneratePcm arm64_32 /Users/admin/builder/spi-builder-workspace/.derivedData/SDKExplicitPrecompiledModules/_Builtin_tgmath-23PGCKURCQILXMK0MYZRYDCOU.pcm
SwiftExplicitDependencyGeneratePcm arm64_32 /Users/admin/builder/spi-builder-workspace/.derivedData/SDKExplicitPrecompiledModules/UniformTypeIdentifiers-CJZ3NTHPSBH4XWX5EVOG56UZS.pcm
SwiftExplicitDependencyGeneratePcm arm64_32 /Users/admin/builder/spi-builder-workspace/.derivedData/SDKExplicitPrecompiledModules/CoreServices-BX02FA9J39YHWG3BINPX1CDFH.pcm
SwiftExplicitDependencyGeneratePcm arm64 /Users/admin/builder/spi-builder-workspace/.derivedData/SDKExplicitPrecompiledModules/CoreLocation-ACKJ9K7ABI14F97Y46Y6SRR17.pcm
SwiftExplicitDependencyGeneratePcm arm64_32 /Users/admin/builder/spi-builder-workspace/.derivedData/SDKExplicitPrecompiledModules/_Builtin_intrinsics-196IIAKDQVU42DLOZP9OQCV76.pcm
SwiftExplicitDependencyGeneratePcm arm64_32 /Users/admin/builder/spi-builder-workspace/.derivedData/SDKExplicitPrecompiledModules/_Builtin_stdatomic-1TY035TURL76BF2U98PZPPZRX.pcm
SwiftExplicitDependencyGeneratePcm arm64_32 /Users/admin/builder/spi-builder-workspace/.derivedData/SDKExplicitPrecompiledModules/UIUtilities-9YFVNIMRC5HRVOIARNWHP1E3H.pcm
SwiftExplicitDependencyGeneratePcm arm64_32 /Users/admin/builder/spi-builder-workspace/.derivedData/SDKExplicitPrecompiledModules/UserNotifications-6TBN8TEAKO014N1T2QD926XED.pcm
SwiftExplicitDependencyGeneratePcm arm64 /Users/admin/builder/spi-builder-workspace/.derivedData/SDKExplicitPrecompiledModules/os-5DIL6Z9LFIGLMZAHM7X2T5435.pcm
SwiftExplicitDependencyGeneratePcm arm64_32 /Users/admin/builder/spi-builder-workspace/.derivedData/SDKExplicitPrecompiledModules/_LocationEssentials-AQ1OL9QKC3LQLY5CNSRM1HB53.pcm
SwiftExplicitDependencyGeneratePcm arm64 /Users/admin/builder/spi-builder-workspace/.derivedData/SDKExplicitPrecompiledModules/CoreVideo-8MRR5MNWUOAW2DBPGUQ8FKK4.pcm
SwiftExplicitDependencyGeneratePcm arm64 /Users/admin/builder/spi-builder-workspace/.derivedData/SDKExplicitPrecompiledModules/Accessibility-27QMG6ZQ1NKYTNBYFPM1XKNFC.pcm
SwiftExplicitDependencyGeneratePcm arm64 /Users/admin/builder/spi-builder-workspace/.derivedData/SDKExplicitPrecompiledModules/CoreText-970YJN6NIYGK1316L35Z0O8QT.pcm
SwiftExplicitDependencyGeneratePcm arm64_32 /Users/admin/builder/spi-builder-workspace/.derivedData/SDKExplicitPrecompiledModules/Symbols-1H97WMG76HU94F5VGJR19PXFY.pcm
SwiftExplicitDependencyGeneratePcm arm64_32 /Users/admin/builder/spi-builder-workspace/.derivedData/SDKExplicitPrecompiledModules/MachO-56838ZJ0NC1EBAJ0O6O8QMPDX.pcm
SwiftExplicitDependencyGeneratePcm arm64_32 /Users/admin/builder/spi-builder-workspace/.derivedData/SDKExplicitPrecompiledModules/CoreGraphics-9FDXYX6BKBUT6TJ2VF819E7T5.pcm
SwiftExplicitDependencyGeneratePcm arm64_32 /Users/admin/builder/spi-builder-workspace/.derivedData/SDKExplicitPrecompiledModules/DeveloperToolsSupport-DZU5G1OCMNWU0AQRULIFHUJ1Z.pcm
SwiftExplicitDependencyGeneratePcm arm64_32 /Users/admin/builder/spi-builder-workspace/.derivedData/SDKExplicitPrecompiledModules/CoreLocation-8XU5YMYM4P11RQMYCQAG65ITK.pcm
SwiftExplicitDependencyGeneratePcm arm64 /Users/admin/builder/spi-builder-workspace/.derivedData/SDKExplicitPrecompiledModules/OSLog-B7VGO357Y3GJG35TST7DKDSI3.pcm
SwiftExplicitDependencyGeneratePcm arm64 /Users/admin/builder/spi-builder-workspace/.derivedData/SDKExplicitPrecompiledModules/UIUtilities-IR7RNW23VAUKYI9MLCS9NL9A.pcm
SwiftExplicitDependencyGeneratePcm arm64 /Users/admin/builder/spi-builder-workspace/.derivedData/SDKExplicitPrecompiledModules/QuartzCore-94KFMWNOU7ZLUZNB4T5DLZC9D.pcm
SwiftExplicitDependencyGeneratePcm arm64 /Users/admin/builder/spi-builder-workspace/.derivedData/SDKExplicitPrecompiledModules/Symbols-3EFABTJ9L5PQDJ7RQCYQWEJMM.pcm
SwiftExplicitDependencyGeneratePcm arm64_32 /Users/admin/builder/spi-builder-workspace/.derivedData/SDKExplicitPrecompiledModules/CoreTransferable-5D4IR6X37682FPHJ5CBPTKQV6.pcm
SwiftExplicitDependencyGeneratePcm arm64 /Users/admin/builder/spi-builder-workspace/.derivedData/SDKExplicitPrecompiledModules/_Builtin_tgmath-8NQ96OZ0YHXEC24JI95P01UF8.pcm
SwiftExplicitDependencyGeneratePcm arm64_32 /Users/admin/builder/spi-builder-workspace/.derivedData/SDKExplicitPrecompiledModules/os-E5IGB442IA6SBB25TTCOLK2OC.pcm
SwiftExplicitDependencyGeneratePcm arm64 /Users/admin/builder/spi-builder-workspace/.derivedData/SDKExplicitPrecompiledModules/DeveloperToolsSupport-E7CNISCB36UE8XQ9IOHK9XDX1.pcm
SwiftExplicitDependencyGeneratePcm arm64_32 /Users/admin/builder/spi-builder-workspace/.derivedData/SDKExplicitPrecompiledModules/CoreMotion-1XGTVTE5PP32UHME8AC63TL6.pcm
SwiftExplicitDependencyGeneratePcm arm64_32 /Users/admin/builder/spi-builder-workspace/.derivedData/SDKExplicitPrecompiledModules/Accessibility-F385OMZ5GYBUY5O4QAJB4NRII.pcm
SwiftExplicitDependencyGeneratePcm arm64_32 /Users/admin/builder/spi-builder-workspace/.derivedData/SDKExplicitPrecompiledModules/CoreVideo-2P8HI0403J99LBDPKNFJ5D4DL.pcm
SwiftExplicitDependencyGeneratePcm arm64_32 /Users/admin/builder/spi-builder-workspace/.derivedData/SDKExplicitPrecompiledModules/CoreText-C9X2REPZN2V5BSU4G80FCETDR.pcm
SwiftExplicitDependencyGeneratePcm arm64_32 /Users/admin/builder/spi-builder-workspace/.derivedData/SDKExplicitPrecompiledModules/DataDetection-U9BF7WHFVA6BZGFXXXP272PS.pcm
SwiftExplicitDependencyGeneratePcm arm64 /Users/admin/builder/spi-builder-workspace/.derivedData/SDKExplicitPrecompiledModules/simd-EH08NODU6574T74ZKU61VP9BW.pcm
SwiftExplicitDependencyGeneratePcm arm64_32 /Users/admin/builder/spi-builder-workspace/.derivedData/SDKExplicitPrecompiledModules/simd-21UNWYOBUZI1LVSQ99S1XBLMO.pcm
SwiftExplicitDependencyGeneratePcm arm64 /Users/admin/builder/spi-builder-workspace/.derivedData/SDKExplicitPrecompiledModules/CoreMotion-6RD5K48QT1F4L9CATNFD2O7YB.pcm
SwiftExplicitDependencyGeneratePcm arm64_32 /Users/admin/builder/spi-builder-workspace/.derivedData/SDKExplicitPrecompiledModules/OSLog-D9AVFY0KWO7RVBIQ73CBIJVCN.pcm
SwiftExplicitDependencyGeneratePcm arm64 /Users/admin/builder/spi-builder-workspace/.derivedData/SDKExplicitPrecompiledModules/SwiftUICore-C1DST1IX2Z0PTH5SJJZ1IULRB.pcm
SwiftExplicitDependencyGeneratePcm arm64_32 /Users/admin/builder/spi-builder-workspace/.derivedData/SDKExplicitPrecompiledModules/QuartzCore-6375NPYACK5NYVHPMC1QQ8MC2.pcm
SwiftExplicitDependencyGeneratePcm arm64 /Users/admin/builder/spi-builder-workspace/.derivedData/SDKExplicitPrecompiledModules/UIKit-27R3P1YMV4C6JLDT661G3MRIA.pcm
SwiftExplicitDependencyGeneratePcm arm64_32 /Users/admin/builder/spi-builder-workspace/.derivedData/SDKExplicitPrecompiledModules/SwiftUICore-3Q7WLRD8MR9R3NGIPUBQCP6F6.pcm
SwiftExplicitDependencyGeneratePcm arm64_32 /Users/admin/builder/spi-builder-workspace/.derivedData/SDKExplicitPrecompiledModules/UIKit-6PPV7YPZ89CZPHYAP072QH8B6.pcm
SwiftExplicitDependencyGeneratePcm arm64 /Users/admin/builder/spi-builder-workspace/.derivedData/SDKExplicitPrecompiledModules/Spatial-44FJGYXFAT2AQAW9Z6T7YS02U.pcm
SwiftExplicitDependencyGeneratePcm arm64_32 /Users/admin/builder/spi-builder-workspace/.derivedData/SDKExplicitPrecompiledModules/Spatial-CWVWNML3T0NXVHZDKVLD3X1YZ.pcm
SwiftExplicitDependencyGeneratePcm arm64 /Users/admin/builder/spi-builder-workspace/.derivedData/Build/Intermediates.noindex/SwiftExplicitPrecompiledModules/XCUIAutomation-65SKIQZZ6OXJZ058GTE7TZUKY.pcm
SwiftExplicitDependencyGeneratePcm arm64_32 /Users/admin/builder/spi-builder-workspace/.derivedData/Build/Intermediates.noindex/SwiftExplicitPrecompiledModules/XCUIAutomation-ERPZF489YJ15F4EKGJCX4WDM7.pcm
SwiftExplicitDependencyCompileModuleFromInterface arm64 /Users/admin/builder/spi-builder-workspace/.derivedData/Build/Intermediates.noindex/SwiftExplicitPrecompiledModules/XCUIAutomation-3PQB341DBMV4O.swiftmodule
SwiftExplicitDependencyGeneratePcm arm64 /Users/admin/builder/spi-builder-workspace/.derivedData/Build/Intermediates.noindex/SwiftExplicitPrecompiledModules/XCTest-4Q8FQHAHRUNG512Q4TRQNJS8O.pcm
SwiftExplicitDependencyCompileModuleFromInterface arm64_32 /Users/admin/builder/spi-builder-workspace/.derivedData/Build/Intermediates.noindex/SwiftExplicitPrecompiledModules/XCUIAutomation-1Z222UB6YQLTV.swiftmodule
SwiftExplicitDependencyGeneratePcm arm64_32 /Users/admin/builder/spi-builder-workspace/.derivedData/Build/Intermediates.noindex/SwiftExplicitPrecompiledModules/XCTest-9YC7ZIH3UMB42XTXWLC83PNWV.pcm
SwiftExplicitDependencyCompileModuleFromInterface arm64 /Users/admin/builder/spi-builder-workspace/.derivedData/Build/Intermediates.noindex/SwiftExplicitPrecompiledModules/XCTest-MUHEOAP4Y0HH.swiftmodule
SwiftExplicitDependencyCompileModuleFromInterface arm64_32 /Users/admin/builder/spi-builder-workspace/.derivedData/Build/Intermediates.noindex/SwiftExplicitPrecompiledModules/XCTest-1SNBWFEGNAYYD.swiftmodule
SwiftEmitModule normal arm64 Emitting\ module\ for\ XCTestExtensions (in target 'XCTestExtensions' from project 'XCTestExtensions')
SwiftCompile normal arm64 (in target 'XCTestExtensions' from project 'XCTestExtensions')
cd /Users/admin/builder/spi-builder-workspace/.swiftpm/xcode
SwiftCompile normal arm64 Compiling\ XCTestCase+Resources.swift /Users/admin/builder/spi-builder-workspace/.dependencies/checkouts/XCTestExtensions/Sources/XCTestExtensions/XCTestCase+Resources.swift (in target 'XCTestExtensions' from project 'XCTestExtensions')
SwiftCompile normal arm64 /Users/admin/builder/spi-builder-workspace/.dependencies/checkouts/XCTestExtensions/Sources/XCTestExtensions/XCTestCase+Resources.swift (in target 'XCTestExtensions' from project 'XCTestExtensions')
cd /Users/admin/builder/spi-builder-workspace/.swiftpm/xcode
builtin-SwiftPerFileCompile XCTestCase+Resources.swift
SwiftCompile normal arm64 Compiling\ XCUIApplication+UITesting.swift /Users/admin/builder/spi-builder-workspace/.dependencies/checkouts/XCTestExtensions/Sources/XCTestExtensions/XCUIApplication+UITesting.swift (in target 'XCTestExtensions' from project 'XCTestExtensions')
/Users/admin/builder/spi-builder-workspace/.dependencies/checkouts/XCTestExtensions/Sources/XCTestExtensions/XCUIApplication+UITesting.swift:66:26: error: cannot find 'Host' in scope
64 | deviceName = UIDevice.current.name
65 | #else
66 | deviceName = Host.current().name
| `- error: cannot find 'Host' in scope
67 | #endif
68 | if let deviceName {
Failed frontend command:
/Applications/Xcode-27.0.0-Release.Candidate.app/Contents/Developer/Toolchains/XcodeDefault.xctoolchain/usr/bin/swift-frontend -frontend -c /Users/admin/builder/spi-builder-workspace/.dependencies/checkouts/XCTestExtensions/Sources/XCTestExtensions/XCTAssert+Collections.swift /Users/admin/builder/spi-builder-workspace/.dependencies/checkouts/XCTestExtensions/Sources/XCTestExtensions/XCTAssert+Matching.swift /Users/admin/builder/spi-builder-workspace/.dependencies/checkouts/XCTestExtensions/Sources/XCTestExtensions/XCTAssert+Result.swift /Users/admin/builder/spi-builder-workspace/.dependencies/checkouts/XCTestExtensions/Sources/XCTestExtensions/XCTAssert+Types.swift /Users/admin/builder/spi-builder-workspace/.dependencies/checkouts/XCTestExtensions/Sources/XCTestExtensions/XCTAssertEqual+Data.swift /Users/admin/builder/spi-builder-workspace/.dependencies/checkouts/XCTestExtensions/Sources/XCTestExtensions/XCTAssertEqual+Result.swift /Users/admin/builder/spi-builder-workspace/.dependencies/checkouts/XCTestExtensions/Sources/XCTestExtensions/XCTAssertEqual+String.swift /Users/admin/builder/spi-builder-workspace/.dependencies/checkouts/XCTestExtensions/Sources/XCTestExtensions/XCTestCase+Combine.swift /Users/admin/builder/spi-builder-workspace/.dependencies/checkouts/XCTestExtensions/Sources/XCTestExtensions/XCTestCase+JSON.swift /Users/admin/builder/spi-builder-workspace/.dependencies/checkouts/XCTestExtensions/Sources/XCTestExtensions/XCTestCase+Resources.swift /Users/admin/builder/spi-builder-workspace/.dependencies/checkouts/XCTestExtensions/Sources/XCTestExtensions/XCTestCase+WaitForAsync.swift /Users/admin/builder/spi-builder-workspace/.dependencies/checkouts/XCTestExtensions/Sources/XCTestExtensions/XCTestMonitor.swift /Users/admin/builder/spi-builder-workspace/.dependencies/checkouts/XCTestExtensions/Sources/XCTestExtensions/XCTestRunner.swift -primary-file /Users/admin/builder/spi-builder-workspace/.dependencies/checkouts/XCTestExtensions/Sources/XCTestExtensions/XCUIApplication+UITesting.swift -emit-dependencies-path /Users/admin/builder/spi-builder-workspace/.derivedData/Build/Intermediates.noindex/XCTestExtensions.build/Debug-watchos/XCTestExtensions-t.build/Objects-normal/arm64/XCUIApplication+UITesting.d -emit-const-values-path /Users/admin/builder/spi-builder-workspace/.derivedData/Build/Intermediates.noindex/XCTestExtensions.build/Debug-watchos/XCTestExtensions-t.build/Objects-normal/arm64/XCUIApplication+UITesting.swiftconstvalues -emit-reference-dependencies-path /Users/admin/builder/spi-builder-workspace/.derivedData/Build/Intermediates.noindex/XCTestExtensions.build/Debug-watchos/XCTestExtensions-t.build/Objects-normal/arm64/XCUIApplication+UITesting.swiftdeps -serialize-diagnostics-path /Users/admin/builder/spi-builder-workspace/.derivedData/Build/Intermediates.noindex/XCTestExtensions.build/Debug-watchos/XCTestExtensions-t.build/Objects-normal/arm64/XCUIApplication+UITesting.dia -target arm64-apple-watchos9.0 -module-can-import-version Combine 3023 0 -disable-cross-import-overlay-search -load-resolved-plugin /Applications/Xcode-27.0.0-Release.Candidate.app/Contents/Developer/Platforms/WatchOS.platform/Developer/usr/lib/swift/host/plugins/libFoundationMacros.dylib\#/Applications/Xcode-27.0.0-Release.Candidate.app/Contents/Developer/Platforms/WatchOS.platform/Developer/usr/bin/swift-plugin-server\#FoundationMacros -load-resolved-plugin /Applications/Xcode-27.0.0-Release.Candidate.app/Contents/Developer/Platforms/WatchOS.platform/Developer/usr/lib/swift/host/plugins/libObservationMacros.dylib\#/Applications/Xcode-27.0.0-Release.Candidate.app/Contents/Developer/Platforms/WatchOS.platform/Developer/usr/bin/swift-plugin-server\#ObservationMacros -load-resolved-plugin /Applications/Xcode-27.0.0-Release.Candidate.app/Contents/Developer/Platforms/WatchOS.platform/Developer/usr/lib/swift/host/plugins/libSwiftMacros.dylib\#/Applications/Xcode-27.0.0-Release.Candidate.app/Contents/Developer/Platforms/WatchOS.platform/Developer/usr/bin/swift-plugin-server\#SwiftMacros -load-resolved-plugin /Applications/Xcode-27.0.0-Release.Candidate.app/Contents/Developer/Platforms/WatchOS.platform/Developer/usr/lib/swift/host/plugins/libSwiftUIMacros.dylib\#/Applications/Xcode-27.0.0-Release.Candidate.app/Contents/Developer/Platforms/WatchOS.platform/Developer/usr/bin/swift-plugin-server\#SwiftUIMacros -disable-implicit-swift-modules -Xcc -fno-implicit-modules -Xcc -fno-implicit-module-maps -explicit-swift-module-map-file /Users/admin/builder/spi-builder-workspace/.derivedData/Build/Intermediates.noindex/XCTestExtensions.build/Debug-watchos/XCTestExtensions-t.build/Objects-normal/arm64/XCTestExtensions-dependencies-1.json -Xllvm -aarch64-use-tbi -enable-objc-interop -stack-check -sdk /Applications/Xcode-27.0.0-Release.Candidate.app/Contents/Developer/Platforms/WatchOS.platform/Developer/SDKs/WatchOS27.0.sdk -I /Users/admin/builder/spi-builder-workspace/.derivedData/Build/Products/Debug-watchos -Isystem /Applications/Xcode-27.0.0-Release.Candidate.app/Contents/Developer/Platforms/WatchOS.platform/Developer/usr/lib -F /Users/admin/builder/spi-builder-workspace/.derivedData/Build/Products/Debug-watchos/PackageFrameworks -F /Users/admin/builder/spi-builder-workspace/.derivedData/Build/Products/Debug-watchos -F /Applications/Xcode-27.0.0-Release.Candidate.app/Contents/Developer/Platforms/WatchOS.platform/Developer/Library/Frameworks -F /Applications/Xcode-27.0.0-Release.Candidate.app/Contents/Developer/Platforms/WatchOS.platform/Developer/SDKs/WatchOS27.0.sdk/Developer/Library/Frameworks -module-cache-path /Users/admin/builder/spi-builder-workspace/.derivedData/Build/Intermediates.noindex/SwiftExplicitPrecompiledModules -no-color-diagnostics -Xcc -fno-color-diagnostics -enable-testing -g -debug-info-format\=dwarf -dwarf-version\=4 -suppress-warnings -swift-version 5 -Onone -D SWIFT_PACKAGE -D DEBUG -D SWIFT_MODULE_RESOURCE_BUNDLE_UNAVAILABLE -D Xcode -serialize-debugging-options -enable-experimental-feature DebugDescriptionMacro -empty-abi-descriptor -validate-clang-modules-once -clang-build-session-file /Users/admin/builder/spi-builder-workspace/.derivedData/ModuleCache.noindex/Session.modulevalidation -Xcc -working-directory -Xcc /Users/admin/builder/spi-builder-workspace/.swiftpm/xcode -enable-anonymous-context-mangled-names -file-compilation-dir /Users/admin/builder/spi-builder-workspace/.swiftpm/xcode -Xcc -D_LIBCPP_HARDENING_MODE\=_LIBCPP_HARDENING_MODE_DEBUG -Xcc -ivfsstatcache -Xcc /Users/admin/builder/spi-builder-workspace/.derivedData/SDKStatCaches.noindex/watchos27.0-24R360-e829b21a6f8c9b70876ba0858053c04477534ef55a1706bf4c1112bbb242f0a2.sdkstatcache -Xcc -fmodules-prune-interval\=86400 -Xcc -fmodules-prune-after\=345600 -Xcc -I/Users/admin/builder/spi-builder-workspace/.derivedData/Build/Products/Debug-watchos/include -Xcc -I/Users/admin/builder/spi-builder-workspace/.derivedData/Build/Intermediates.noindex/XCTestExtensions.build/Debug-watchos/XCTestExtensions-t.build/DerivedSources-normal/arm64 -Xcc -I/Users/admin/builder/spi-builder-workspace/.derivedData/Build/Intermediates.noindex/XCTestExtensions.build/Debug-watchos/XCTestExtensions-t.build/DerivedSources/arm64 -Xcc -I/Users/admin/builder/spi-builder-workspace/.derivedData/Build/Intermediates.noindex/XCTestExtensions.build/Debug-watchos/XCTestExtensions-t.build/DerivedSources -Xcc -DSWIFT_PACKAGE -Xcc -DDEBUG\=1 -no-auto-bridging-header-chaining -module-name XCTestExtensions -const-gather-protocols-file /Users/admin/builder/spi-builder-workspace/.derivedData/Build/Intermediates.noindex/XCTestExtensions.build/Debug-watchos/XCTestExtensions-t.build/Objects-normal/arm64/XCTestExtensions_const_extract_protocols.json -disable-clang-spi -clang-target arm64-apple-watchos27.0 -target-sdk-version 27.0 -target-sdk-name watchos27.0 -in-process-plugin-server-path /Applications/Xcode-27.0.0-Release.Candidate.app/Contents/Developer/Toolchains/XcodeDefault.xctoolchain/usr/lib/swift/host/libSwiftInProcPluginServer.dylib -parse-as-library -o /Users/admin/builder/spi-builder-workspace/.derivedData/Build/Intermediates.noindex/XCTestExtensions.build/Debug-watchos/XCTestExtensions-t.build/Objects-normal/arm64/XCUIApplication+UITesting.o -debug-module-path /Users/admin/builder/spi-builder-workspace/.derivedData/Build/Intermediates.noindex/XCTestExtensions.build/Debug-watchos/XCTestExtensions-t.build/Objects-normal/arm64/XCTestExtensions.swiftmodule -index-unit-output-path /XCTestExtensions.build/Debug-watchos/XCTestExtensions-t.build/Objects-normal/arm64/XCUIApplication+UITesting.o -index-store-path /Users/admin/builder/spi-builder-workspace/.derivedData/Index.noindex/DataStore -index-system-modules
SwiftCompile normal arm64 /Users/admin/builder/spi-builder-workspace/.dependencies/checkouts/XCTestExtensions/Sources/XCTestExtensions/XCUIApplication+UITesting.swift (in target 'XCTestExtensions' from project 'XCTestExtensions')
cd /Users/admin/builder/spi-builder-workspace/.swiftpm/xcode
builtin-SwiftPerFileCompile XCUIApplication+UITesting.swift
SwiftCompile normal arm64 Compiling\ XCTestCase+WaitForAsync.swift /Users/admin/builder/spi-builder-workspace/.dependencies/checkouts/XCTestExtensions/Sources/XCTestExtensions/XCTestCase+WaitForAsync.swift (in target 'XCTestExtensions' from project 'XCTestExtensions')
SwiftCompile normal arm64 /Users/admin/builder/spi-builder-workspace/.dependencies/checkouts/XCTestExtensions/Sources/XCTestExtensions/XCTestCase+WaitForAsync.swift (in target 'XCTestExtensions' from project 'XCTestExtensions')
cd /Users/admin/builder/spi-builder-workspace/.swiftpm/xcode
builtin-SwiftPerFileCompile XCTestCase+WaitForAsync.swift
SwiftCompile normal arm64 Compiling\ XCTestMonitor.swift /Users/admin/builder/spi-builder-workspace/.dependencies/checkouts/XCTestExtensions/Sources/XCTestExtensions/XCTestMonitor.swift (in target 'XCTestExtensions' from project 'XCTestExtensions')
SwiftCompile normal arm64 /Users/admin/builder/spi-builder-workspace/.dependencies/checkouts/XCTestExtensions/Sources/XCTestExtensions/XCTestMonitor.swift (in target 'XCTestExtensions' from project 'XCTestExtensions')
cd /Users/admin/builder/spi-builder-workspace/.swiftpm/xcode
builtin-SwiftPerFileCompile XCTestMonitor.swift
SwiftCompile normal arm64 Compiling\ XCTestRunner.swift /Users/admin/builder/spi-builder-workspace/.dependencies/checkouts/XCTestExtensions/Sources/XCTestExtensions/XCTestRunner.swift (in target 'XCTestExtensions' from project 'XCTestExtensions')
SwiftCompile normal arm64 /Users/admin/builder/spi-builder-workspace/.dependencies/checkouts/XCTestExtensions/Sources/XCTestExtensions/XCTestRunner.swift (in target 'XCTestExtensions' from project 'XCTestExtensions')
cd /Users/admin/builder/spi-builder-workspace/.swiftpm/xcode
builtin-SwiftPerFileCompile XCTestRunner.swift
SwiftCompile normal arm64 Compiling\ XCTAssertEqual+Data.swift,\ XCTAssertEqual+Result.swift /Users/admin/builder/spi-builder-workspace/.dependencies/checkouts/XCTestExtensions/Sources/XCTestExtensions/XCTAssertEqual+Data.swift /Users/admin/builder/spi-builder-workspace/.dependencies/checkouts/XCTestExtensions/Sources/XCTestExtensions/XCTAssertEqual+Result.swift (in target 'XCTestExtensions' from project 'XCTestExtensions')
SwiftCompile normal arm64 /Users/admin/builder/spi-builder-workspace/.dependencies/checkouts/XCTestExtensions/Sources/XCTestExtensions/XCTAssertEqual+Data.swift (in target 'XCTestExtensions' from project 'XCTestExtensions')
cd /Users/admin/builder/spi-builder-workspace/.swiftpm/xcode
builtin-SwiftPerFileCompile XCTAssertEqual+Data.swift
SwiftCompile normal arm64 /Users/admin/builder/spi-builder-workspace/.dependencies/checkouts/XCTestExtensions/Sources/XCTestExtensions/XCTAssertEqual+Result.swift (in target 'XCTestExtensions' from project 'XCTestExtensions')
cd /Users/admin/builder/spi-builder-workspace/.swiftpm/xcode
builtin-SwiftPerFileCompile XCTAssertEqual+Result.swift
SwiftCompile normal arm64 Compiling\ XCTestCase+JSON.swift /Users/admin/builder/spi-builder-workspace/.dependencies/checkouts/XCTestExtensions/Sources/XCTestExtensions/XCTestCase+JSON.swift (in target 'XCTestExtensions' from project 'XCTestExtensions')
SwiftCompile normal arm64 /Users/admin/builder/spi-builder-workspace/.dependencies/checkouts/XCTestExtensions/Sources/XCTestExtensions/XCTestCase+JSON.swift (in target 'XCTestExtensions' from project 'XCTestExtensions')
cd /Users/admin/builder/spi-builder-workspace/.swiftpm/xcode
builtin-SwiftPerFileCompile XCTestCase+JSON.swift
SwiftCompile normal arm64 Compiling\ XCTAssert+Collections.swift,\ XCTAssert+Matching.swift /Users/admin/builder/spi-builder-workspace/.dependencies/checkouts/XCTestExtensions/Sources/XCTestExtensions/XCTAssert+Collections.swift /Users/admin/builder/spi-builder-workspace/.dependencies/checkouts/XCTestExtensions/Sources/XCTestExtensions/XCTAssert+Matching.swift (in target 'XCTestExtensions' from project 'XCTestExtensions')
SwiftCompile normal arm64 /Users/admin/builder/spi-builder-workspace/.dependencies/checkouts/XCTestExtensions/Sources/XCTestExtensions/XCTAssert+Collections.swift (in target 'XCTestExtensions' from project 'XCTestExtensions')
cd /Users/admin/builder/spi-builder-workspace/.swiftpm/xcode
builtin-SwiftPerFileCompile XCTAssert+Collections.swift
SwiftCompile normal arm64 /Users/admin/builder/spi-builder-workspace/.dependencies/checkouts/XCTestExtensions/Sources/XCTestExtensions/XCTAssert+Matching.swift (in target 'XCTestExtensions' from project 'XCTestExtensions')
cd /Users/admin/builder/spi-builder-workspace/.swiftpm/xcode
builtin-SwiftPerFileCompile XCTAssert+Matching.swift
SwiftCompile normal arm64 Compiling\ XCTAssert+Result.swift,\ XCTAssert+Types.swift /Users/admin/builder/spi-builder-workspace/.dependencies/checkouts/XCTestExtensions/Sources/XCTestExtensions/XCTAssert+Result.swift /Users/admin/builder/spi-builder-workspace/.dependencies/checkouts/XCTestExtensions/Sources/XCTestExtensions/XCTAssert+Types.swift (in target 'XCTestExtensions' from project 'XCTestExtensions')
SwiftCompile normal arm64 /Users/admin/builder/spi-builder-workspace/.dependencies/checkouts/XCTestExtensions/Sources/XCTestExtensions/XCTAssert+Result.swift (in target 'XCTestExtensions' from project 'XCTestExtensions')
cd /Users/admin/builder/spi-builder-workspace/.swiftpm/xcode
builtin-SwiftPerFileCompile XCTAssert+Result.swift
SwiftCompile normal arm64 /Users/admin/builder/spi-builder-workspace/.dependencies/checkouts/XCTestExtensions/Sources/XCTestExtensions/XCTAssert+Types.swift (in target 'XCTestExtensions' from project 'XCTestExtensions')
cd /Users/admin/builder/spi-builder-workspace/.swiftpm/xcode
builtin-SwiftPerFileCompile XCTAssert+Types.swift
SwiftEmitModule normal arm64_32 Emitting\ module\ for\ XCTestExtensions (in target 'XCTestExtensions' from project 'XCTestExtensions')
SwiftCompile normal arm64_32 (in target 'XCTestExtensions' from project 'XCTestExtensions')
cd /Users/admin/builder/spi-builder-workspace/.swiftpm/xcode
SwiftDriverJobDiscovery normal arm64 Compiling XCTestRunner.swift (in target 'XCTestExtensions' from project 'XCTestExtensions')
SwiftCompile normal arm64_32 Compiling\ XCTAssert+Collections.swift,\ XCTAssert+Matching.swift /Users/admin/builder/spi-builder-workspace/.dependencies/checkouts/XCTestExtensions/Sources/XCTestExtensions/XCTAssert+Collections.swift /Users/admin/builder/spi-builder-workspace/.dependencies/checkouts/XCTestExtensions/Sources/XCTestExtensions/XCTAssert+Matching.swift (in target 'XCTestExtensions' from project 'XCTestExtensions')
SwiftCompile normal arm64_32 /Users/admin/builder/spi-builder-workspace/.dependencies/checkouts/XCTestExtensions/Sources/XCTestExtensions/XCTAssert+Collections.swift (in target 'XCTestExtensions' from project 'XCTestExtensions')
cd /Users/admin/builder/spi-builder-workspace/.swiftpm/xcode
builtin-SwiftPerFileCompile XCTAssert+Collections.swift
SwiftCompile normal arm64_32 /Users/admin/builder/spi-builder-workspace/.dependencies/checkouts/XCTestExtensions/Sources/XCTestExtensions/XCTAssert+Matching.swift (in target 'XCTestExtensions' from project 'XCTestExtensions')
cd /Users/admin/builder/spi-builder-workspace/.swiftpm/xcode
builtin-SwiftPerFileCompile XCTAssert+Matching.swift
SwiftDriverJobDiscovery normal arm64 Emitting module for XCTestExtensions (in target 'XCTestExtensions' from project 'XCTestExtensions')
SwiftDriver\ Compilation\ Requirements XCTestExtensions normal arm64 com.apple.xcode.tools.swift.compiler (in target 'XCTestExtensions' from project 'XCTestExtensions')
cd /Users/admin/builder/spi-builder-workspace/.swiftpm/xcode
builtin-Swift-Compilation-Requirements -- /Applications/Xcode-27.0.0-Release.Candidate.app/Contents/Developer/Toolchains/XcodeDefault.xctoolchain/usr/bin/swiftc -parse-as-library -module-name XCTestExtensions -Onone @/Users/admin/builder/spi-builder-workspace/.derivedData/Build/Intermediates.noindex/XCTestExtensions.build/Debug-watchos/XCTestExtensions-t.build/Objects-normal/arm64/XCTestExtensions.SwiftFileList -DSWIFT_PACKAGE -DDEBUG -DSWIFT_MODULE_RESOURCE_BUNDLE_UNAVAILABLE -DXcode -plugin-path /Applications/Xcode-27.0.0-Release.Candidate.app/Contents/Developer/Toolchains/XcodeDefault.xctoolchain/usr/lib/swift/host/plugins/testing -enable-experimental-feature DebugDescriptionMacro -sdk /Applications/Xcode-27.0.0-Release.Candidate.app/Contents/Developer/Platforms/WatchOS.platform/Developer/SDKs/WatchOS27.0.sdk -target arm64-apple-watchos9.0 -g -module-cache-path /Users/admin/builder/spi-builder-workspace/.derivedData/ModuleCache.noindex -Xfrontend -serialize-debugging-options -enable-testing -suppress-warnings -index-store-path /Users/admin/builder/spi-builder-workspace/.derivedData/Index.noindex/DataStore -Xcc -D_LIBCPP_HARDENING_MODE\=_LIBCPP_HARDENING_MODE_DEBUG -swift-version 5 -I /Users/admin/builder/spi-builder-workspace/.derivedData/Build/Products/Debug-watchos -Isystem /Applications/Xcode-27.0.0-Release.Candidate.app/Contents/Developer/Platforms/WatchOS.platform/Developer/usr/lib -F /Users/admin/builder/spi-builder-workspace/.derivedData/Build/Products/Debug-watchos/PackageFrameworks -F /Users/admin/builder/spi-builder-workspace/.derivedData/Build/Products/Debug-watchos -F /Applications/Xcode-27.0.0-Release.Candidate.app/Contents/Developer/Platforms/WatchOS.platform/Developer/Library/Frameworks -F /Applications/Xcode-27.0.0-Release.Candidate.app/Contents/Developer/Platforms/WatchOS.platform/Developer/SDKs/WatchOS27.0.sdk/Developer/Library/Frameworks -c -j10 -enable-batch-mode -incremental -Xcc -ivfsstatcache -Xcc /Users/admin/builder/spi-builder-workspace/.derivedData/SDKStatCaches.noindex/watchos27.0-24R360-e829b21a6f8c9b70876ba0858053c04477534ef55a1706bf4c1112bbb242f0a2.sdkstatcache -output-file-map /Users/admin/builder/spi-builder-workspace/.derivedData/Build/Intermediates.noindex/XCTestExtensions.build/Debug-watchos/XCTestExtensions-t.build/Objects-normal/arm64/XCTestExtensions-OutputFileMap.json -save-temps -no-color-diagnostics -explicit-module-build -module-cache-path /Users/admin/builder/spi-builder-workspace/.derivedData/Build/Intermediates.noindex/SwiftExplicitPrecompiledModules -clang-scanner-module-cache-path /Users/admin/builder/spi-builder-workspace/.derivedData/ModuleCache.noindex -sdk-module-cache-path /Users/admin/builder/spi-builder-workspace/.derivedData/SDKExplicitPrecompiledModules -emit-dependencies -emit-module -emit-module-path /Users/admin/builder/spi-builder-workspace/.derivedData/Build/Intermediates.noindex/XCTestExtensions.build/Debug-watchos/XCTestExtensions-t.build/Objects-normal/arm64/XCTestExtensions.swiftmodule -serialize-diagnostics -dependency-scan-serialize-diagnostics-path /Users/admin/builder/spi-builder-workspace/.derivedData/Build/Intermediates.noindex/XCTestExtensions.build/Debug-watchos/XCTestExtensions-t.build/Objects-normal/arm64/XCTestExtensions-dependency-scan.dia -validate-clang-modules-once -clang-build-session-file /Users/admin/builder/spi-builder-workspace/.derivedData/ModuleCache.noindex/Session.modulevalidation -Xcc -fmodules-prune-interval\=86400 -Xcc -fmodules-prune-after\=345600 -emit-const-values -const-gather-protocols-list /Users/admin/builder/spi-builder-workspace/.derivedData/Build/Intermediates.noindex/XCTestExtensions.build/Debug-watchos/XCTestExtensions-t.build/Objects-normal/arm64/XCTestExtensions_const_extract_protocols.json -Xcc -I/Users/admin/builder/spi-builder-workspace/.derivedData/Build/Products/Debug-watchos/include -Xcc -I/Users/admin/builder/spi-builder-workspace/.derivedData/Build/Intermediates.noindex/XCTestExtensions.build/Debug-watchos/XCTestExtensions-t.build/DerivedSources-normal/arm64 -Xcc -I/Users/admin/builder/spi-builder-workspace/.derivedData/Build/Intermediates.noindex/XCTestExtensions.build/Debug-watchos/XCTestExtensions-t.build/DerivedSources/arm64 -Xcc -I/Users/admin/builder/spi-builder-workspace/.derivedData/Build/Intermediates.noindex/XCTestExtensions.build/Debug-watchos/XCTestExtensions-t.build/DerivedSources -Xcc -DSWIFT_PACKAGE -Xcc -DDEBUG\=1 -emit-objc-header -emit-objc-header-path /Users/admin/builder/spi-builder-workspace/.derivedData/Build/Intermediates.noindex/XCTestExtensions.build/Debug-watchos/XCTestExtensions-t.build/Objects-normal/arm64/XCTestExtensions-Swift.h -working-directory /Users/admin/builder/spi-builder-workspace/.swiftpm/xcode -experimental-emit-module-separately -disable-cmo
SwiftDriverJobDiscovery normal arm64_32 Emitting module for XCTestExtensions (in target 'XCTestExtensions' from project 'XCTestExtensions')
SwiftCompile normal arm64_32 Compiling\ XCUIApplication+UITesting.swift /Users/admin/builder/spi-builder-workspace/.dependencies/checkouts/XCTestExtensions/Sources/XCTestExtensions/XCUIApplication+UITesting.swift (in target 'XCTestExtensions' from project 'XCTestExtensions')
/Users/admin/builder/spi-builder-workspace/.dependencies/checkouts/XCTestExtensions/Sources/XCTestExtensions/XCUIApplication+UITesting.swift:66:26: error: cannot find 'Host' in scope
64 | deviceName = UIDevice.current.name
65 | #else
66 | deviceName = Host.current().name
| `- error: cannot find 'Host' in scope
67 | #endif
68 | if let deviceName {
Failed frontend command:
/Applications/Xcode-27.0.0-Release.Candidate.app/Contents/Developer/Toolchains/XcodeDefault.xctoolchain/usr/bin/swift-frontend -frontend -c /Users/admin/builder/spi-builder-workspace/.dependencies/checkouts/XCTestExtensions/Sources/XCTestExtensions/XCTAssert+Collections.swift /Users/admin/builder/spi-builder-workspace/.dependencies/checkouts/XCTestExtensions/Sources/XCTestExtensions/XCTAssert+Matching.swift /Users/admin/builder/spi-builder-workspace/.dependencies/checkouts/XCTestExtensions/Sources/XCTestExtensions/XCTAssert+Result.swift /Users/admin/builder/spi-builder-workspace/.dependencies/checkouts/XCTestExtensions/Sources/XCTestExtensions/XCTAssert+Types.swift /Users/admin/builder/spi-builder-workspace/.dependencies/checkouts/XCTestExtensions/Sources/XCTestExtensions/XCTAssertEqual+Data.swift /Users/admin/builder/spi-builder-workspace/.dependencies/checkouts/XCTestExtensions/Sources/XCTestExtensions/XCTAssertEqual+Result.swift /Users/admin/builder/spi-builder-workspace/.dependencies/checkouts/XCTestExtensions/Sources/XCTestExtensions/XCTAssertEqual+String.swift /Users/admin/builder/spi-builder-workspace/.dependencies/checkouts/XCTestExtensions/Sources/XCTestExtensions/XCTestCase+Combine.swift /Users/admin/builder/spi-builder-workspace/.dependencies/checkouts/XCTestExtensions/Sources/XCTestExtensions/XCTestCase+JSON.swift /Users/admin/builder/spi-builder-workspace/.dependencies/checkouts/XCTestExtensions/Sources/XCTestExtensions/XCTestCase+Resources.swift /Users/admin/builder/spi-builder-workspace/.dependencies/checkouts/XCTestExtensions/Sources/XCTestExtensions/XCTestCase+WaitForAsync.swift /Users/admin/builder/spi-builder-workspace/.dependencies/checkouts/XCTestExtensions/Sources/XCTestExtensions/XCTestMonitor.swift /Users/admin/builder/spi-builder-workspace/.dependencies/checkouts/XCTestExtensions/Sources/XCTestExtensions/XCTestRunner.swift -primary-file /Users/admin/builder/spi-builder-workspace/.dependencies/checkouts/XCTestExtensions/Sources/XCTestExtensions/XCUIApplication+UITesting.swift -emit-dependencies-path /Users/admin/builder/spi-builder-workspace/.derivedData/Build/Intermediates.noindex/XCTestExtensions.build/Debug-watchos/XCTestExtensions-t.build/Objects-normal/arm64_32/XCUIApplication+UITesting.d -emit-const-values-path /Users/admin/builder/spi-builder-workspace/.derivedData/Build/Intermediates.noindex/XCTestExtensions.build/Debug-watchos/XCTestExtensions-t.build/Objects-normal/arm64_32/XCUIApplication+UITesting.swiftconstvalues -emit-reference-dependencies-path /Users/admin/builder/spi-builder-workspace/.derivedData/Build/Intermediates.noindex/XCTestExtensions.build/Debug-watchos/XCTestExtensions-t.build/Objects-normal/arm64_32/XCUIApplication+UITesting.swiftdeps -serialize-diagnostics-path /Users/admin/builder/spi-builder-workspace/.derivedData/Build/Intermediates.noindex/XCTestExtensions.build/Debug-watchos/XCTestExtensions-t.build/Objects-normal/arm64_32/XCUIApplication+UITesting.dia -target arm64_32-apple-watchos9.0 -module-can-import-version Combine 3023 0 -disable-cross-import-overlay-search -load-resolved-plugin /Applications/Xcode-27.0.0-Release.Candidate.app/Contents/Developer/Platforms/WatchOS.platform/Developer/usr/lib/swift/host/plugins/libFoundationMacros.dylib\#/Applications/Xcode-27.0.0-Release.Candidate.app/Contents/Developer/Platforms/WatchOS.platform/Developer/usr/bin/swift-plugin-server\#FoundationMacros -load-resolved-plugin /Applications/Xcode-27.0.0-Release.Candidate.app/Contents/Developer/Platforms/WatchOS.platform/Developer/usr/lib/swift/host/plugins/libObservationMacros.dylib\#/Applications/Xcode-27.0.0-Release.Candidate.app/Contents/Developer/Platforms/WatchOS.platform/Developer/usr/bin/swift-plugin-server\#ObservationMacros -load-resolved-plugin /Applications/Xcode-27.0.0-Release.Candidate.app/Contents/Developer/Platforms/WatchOS.platform/Developer/usr/lib/swift/host/plugins/libSwiftMacros.dylib\#/Applications/Xcode-27.0.0-Release.Candidate.app/Contents/Developer/Platforms/WatchOS.platform/Developer/usr/bin/swift-plugin-server\#SwiftMacros -load-resolved-plugin /Applications/Xcode-27.0.0-Release.Candidate.app/Contents/Developer/Platforms/WatchOS.platform/Developer/usr/lib/swift/host/plugins/libSwiftUIMacros.dylib\#/Applications/Xcode-27.0.0-Release.Candidate.app/Contents/Developer/Platforms/WatchOS.platform/Developer/usr/bin/swift-plugin-server\#SwiftUIMacros -disable-implicit-swift-modules -Xcc -fno-implicit-modules -Xcc -fno-implicit-module-maps -explicit-swift-module-map-file /Users/admin/builder/spi-builder-workspace/.derivedData/Build/Intermediates.noindex/XCTestExtensions.build/Debug-watchos/XCTestExtensions-t.build/Objects-normal/arm64_32/XCTestExtensions-dependencies-2.json -enable-objc-interop -sdk /Applications/Xcode-27.0.0-Release.Candidate.app/Contents/Developer/Platforms/WatchOS.platform/Developer/SDKs/WatchOS27.0.sdk -I /Users/admin/builder/spi-builder-workspace/.derivedData/Build/Products/Debug-watchos -Isystem /Applications/Xcode-27.0.0-Release.Candidate.app/Contents/Developer/Platforms/WatchOS.platform/Developer/usr/lib -F /Users/admin/builder/spi-builder-workspace/.derivedData/Build/Products/Debug-watchos/PackageFrameworks -F /Users/admin/builder/spi-builder-workspace/.derivedData/Build/Products/Debug-watchos -F /Applications/Xcode-27.0.0-Release.Candidate.app/Contents/Developer/Platforms/WatchOS.platform/Developer/Library/Frameworks -F /Applications/Xcode-27.0.0-Release.Candidate.app/Contents/Developer/Platforms/WatchOS.platform/Developer/SDKs/WatchOS27.0.sdk/Developer/Library/Frameworks -module-cache-path /Users/admin/builder/spi-builder-workspace/.derivedData/Build/Intermediates.noindex/SwiftExplicitPrecompiledModules -no-color-diagnostics -Xcc -fno-color-diagnostics -enable-testing -g -debug-info-format\=dwarf -dwarf-version\=4 -suppress-warnings -swift-version 5 -Onone -D SWIFT_PACKAGE -D DEBUG -D SWIFT_MODULE_RESOURCE_BUNDLE_UNAVAILABLE -D Xcode -serialize-debugging-options -enable-experimental-feature DebugDescriptionMacro -empty-abi-descriptor -validate-clang-modules-once -clang-build-session-file /Users/admin/builder/spi-builder-workspace/.derivedData/ModuleCache.noindex/Session.modulevalidation -Xcc -working-directory -Xcc /Users/admin/builder/spi-builder-workspace/.swiftpm/xcode -enable-anonymous-context-mangled-names -file-compilation-dir /Users/admin/builder/spi-builder-workspace/.swiftpm/xcode -Xcc -D_LIBCPP_HARDENING_MODE\=_LIBCPP_HARDENING_MODE_DEBUG -Xcc -ivfsstatcache -Xcc /Users/admin/builder/spi-builder-workspace/.derivedData/SDKStatCaches.noindex/watchos27.0-24R360-e829b21a6f8c9b70876ba0858053c04477534ef55a1706bf4c1112bbb242f0a2.sdkstatcache -Xcc -fmodules-prune-interval\=86400 -Xcc -fmodules-prune-after\=345600 -Xcc -I/Users/admin/builder/spi-builder-workspace/.derivedData/Build/Products/Debug-watchos/include -Xcc -I/Users/admin/builder/spi-builder-workspace/.derivedData/Build/Intermediates.noindex/XCTestExtensions.build/Debug-watchos/XCTestExtensions-t.build/DerivedSources-normal/arm64_32 -Xcc -I/Users/admin/builder/spi-builder-workspace/.derivedData/Build/Intermediates.noindex/XCTestExtensions.build/Debug-watchos/XCTestExtensions-t.build/DerivedSources/arm64_32 -Xcc -I/Users/admin/builder/spi-builder-workspace/.derivedData/Build/Intermediates.noindex/XCTestExtensions.build/Debug-watchos/XCTestExtensions-t.build/DerivedSources -Xcc -DSWIFT_PACKAGE -Xcc -DDEBUG\=1 -no-auto-bridging-header-chaining -module-name XCTestExtensions -const-gather-protocols-file /Users/admin/builder/spi-builder-workspace/.derivedData/Build/Intermediates.noindex/XCTestExtensions.build/Debug-watchos/XCTestExtensions-t.build/Objects-normal/arm64_32/XCTestExtensions_const_extract_protocols.json -disable-clang-spi -clang-target arm64_32-apple-watchos27.0 -target-sdk-version 27.0 -target-sdk-name watchos27.0 -in-process-plugin-server-path /Applications/Xcode-27.0.0-Release.Candidate.app/Contents/Developer/Toolchains/XcodeDefault.xctoolchain/usr/lib/swift/host/libSwiftInProcPluginServer.dylib -parse-as-library -o /Users/admin/builder/spi-builder-workspace/.derivedData/Build/Intermediates.noindex/XCTestExtensions.build/Debug-watchos/XCTestExtensions-t.build/Objects-normal/arm64_32/XCUIApplication+UITesting.o -debug-module-path /Users/admin/builder/spi-builder-workspace/.derivedData/Build/Intermediates.noindex/XCTestExtensions.build/Debug-watchos/XCTestExtensions-t.build/Objects-normal/arm64_32/XCTestExtensions.swiftmodule -index-unit-output-path /XCTestExtensions.build/Debug-watchos/XCTestExtensions-t.build/Objects-normal/arm64_32/XCUIApplication+UITesting.o -index-store-path /Users/admin/builder/spi-builder-workspace/.derivedData/Index.noindex/DataStore -index-system-modules
SwiftCompile normal arm64_32 /Users/admin/builder/spi-builder-workspace/.dependencies/checkouts/XCTestExtensions/Sources/XCTestExtensions/XCUIApplication+UITesting.swift (in target 'XCTestExtensions' from project 'XCTestExtensions')
cd /Users/admin/builder/spi-builder-workspace/.swiftpm/xcode
builtin-SwiftPerFileCompile XCUIApplication+UITesting.swift
SwiftDriver\ Compilation\ Requirements XCTestExtensions normal arm64_32 com.apple.xcode.tools.swift.compiler (in target 'XCTestExtensions' from project 'XCTestExtensions')
cd /Users/admin/builder/spi-builder-workspace/.swiftpm/xcode
builtin-Swift-Compilation-Requirements -- /Applications/Xcode-27.0.0-Release.Candidate.app/Contents/Developer/Toolchains/XcodeDefault.xctoolchain/usr/bin/swiftc -parse-as-library -module-name XCTestExtensions -Onone @/Users/admin/builder/spi-builder-workspace/.derivedData/Build/Intermediates.noindex/XCTestExtensions.build/Debug-watchos/XCTestExtensions-t.build/Objects-normal/arm64_32/XCTestExtensions.SwiftFileList -DSWIFT_PACKAGE -DDEBUG -DSWIFT_MODULE_RESOURCE_BUNDLE_UNAVAILABLE -DXcode -plugin-path /Applications/Xcode-27.0.0-Release.Candidate.app/Contents/Developer/Toolchains/XcodeDefault.xctoolchain/usr/lib/swift/host/plugins/testing -enable-experimental-feature DebugDescriptionMacro -sdk /Applications/Xcode-27.0.0-Release.Candidate.app/Contents/Developer/Platforms/WatchOS.platform/Developer/SDKs/WatchOS27.0.sdk -target arm64_32-apple-watchos9.0 -g -module-cache-path /Users/admin/builder/spi-builder-workspace/.derivedData/ModuleCache.noindex -Xfrontend -serialize-debugging-options -enable-testing -suppress-warnings -index-store-path /Users/admin/builder/spi-builder-workspace/.derivedData/Index.noindex/DataStore -Xcc -D_LIBCPP_HARDENING_MODE\=_LIBCPP_HARDENING_MODE_DEBUG -swift-version 5 -I /Users/admin/builder/spi-builder-workspace/.derivedData/Build/Products/Debug-watchos -Isystem /Applications/Xcode-27.0.0-Release.Candidate.app/Contents/Developer/Platforms/WatchOS.platform/Developer/usr/lib -F /Users/admin/builder/spi-builder-workspace/.derivedData/Build/Products/Debug-watchos/PackageFrameworks -F /Users/admin/builder/spi-builder-workspace/.derivedData/Build/Products/Debug-watchos -F /Applications/Xcode-27.0.0-Release.Candidate.app/Contents/Developer/Platforms/WatchOS.platform/Developer/Library/Frameworks -F /Applications/Xcode-27.0.0-Release.Candidate.app/Contents/Developer/Platforms/WatchOS.platform/Developer/SDKs/WatchOS27.0.sdk/Developer/Library/Frameworks -c -j10 -enable-batch-mode -incremental -Xcc -ivfsstatcache -Xcc /Users/admin/builder/spi-builder-workspace/.derivedData/SDKStatCaches.noindex/watchos27.0-24R360-e829b21a6f8c9b70876ba0858053c04477534ef55a1706bf4c1112bbb242f0a2.sdkstatcache -output-file-map /Users/admin/builder/spi-builder-workspace/.derivedData/Build/Intermediates.noindex/XCTestExtensions.build/Debug-watchos/XCTestExtensions-t.build/Objects-normal/arm64_32/XCTestExtensions-OutputFileMap.json -save-temps -no-color-diagnostics -explicit-module-build -module-cache-path /Users/admin/builder/spi-builder-workspace/.derivedData/Build/Intermediates.noindex/SwiftExplicitPrecompiledModules -clang-scanner-module-cache-path /Users/admin/builder/spi-builder-workspace/.derivedData/ModuleCache.noindex -sdk-module-cache-path /Users/admin/builder/spi-builder-workspace/.derivedData/SDKExplicitPrecompiledModules -emit-dependencies -emit-module -emit-module-path /Users/admin/builder/spi-builder-workspace/.derivedData/Build/Intermediates.noindex/XCTestExtensions.build/Debug-watchos/XCTestExtensions-t.build/Objects-normal/arm64_32/XCTestExtensions.swiftmodule -serialize-diagnostics -dependency-scan-serialize-diagnostics-path /Users/admin/builder/spi-builder-workspace/.derivedData/Build/Intermediates.noindex/XCTestExtensions.build/Debug-watchos/XCTestExtensions-t.build/Objects-normal/arm64_32/XCTestExtensions-dependency-scan.dia -validate-clang-modules-once -clang-build-session-file /Users/admin/builder/spi-builder-workspace/.derivedData/ModuleCache.noindex/Session.modulevalidation -Xcc -fmodules-prune-interval\=86400 -Xcc -fmodules-prune-after\=345600 -emit-const-values -const-gather-protocols-list /Users/admin/builder/spi-builder-workspace/.derivedData/Build/Intermediates.noindex/XCTestExtensions.build/Debug-watchos/XCTestExtensions-t.build/Objects-normal/arm64_32/XCTestExtensions_const_extract_protocols.json -Xcc -I/Users/admin/builder/spi-builder-workspace/.derivedData/Build/Products/Debug-watchos/include -Xcc -I/Users/admin/builder/spi-builder-workspace/.derivedData/Build/Intermediates.noindex/XCTestExtensions.build/Debug-watchos/XCTestExtensions-t.build/DerivedSources-normal/arm64_32 -Xcc -I/Users/admin/builder/spi-builder-workspace/.derivedData/Build/Intermediates.noindex/XCTestExtensions.build/Debug-watchos/XCTestExtensions-t.build/DerivedSources/arm64_32 -Xcc -I/Users/admin/builder/spi-builder-workspace/.derivedData/Build/Intermediates.noindex/XCTestExtensions.build/Debug-watchos/XCTestExtensions-t.build/DerivedSources -Xcc -DSWIFT_PACKAGE -Xcc -DDEBUG\=1 -emit-objc-header -emit-objc-header-path /Users/admin/builder/spi-builder-workspace/.derivedData/Build/Intermediates.noindex/XCTestExtensions.build/Debug-watchos/XCTestExtensions-t.build/Objects-normal/arm64_32/XCTestExtensions-Swift.h -working-directory /Users/admin/builder/spi-builder-workspace/.swiftpm/xcode -experimental-emit-module-separately -disable-cmo
SwiftDriverJobDiscovery normal arm64_32 Compiling XCTAssert+Collections.swift, XCTAssert+Matching.swift (in target 'XCTestExtensions' from project 'XCTestExtensions')
Copy /Users/admin/builder/spi-builder-workspace/.derivedData/Build/Products/Debug-watchos/XCTestExtensions.swiftmodule/arm64-apple-watchos.swiftmodule /Users/admin/builder/spi-builder-workspace/.derivedData/Build/Intermediates.noindex/XCTestExtensions.build/Debug-watchos/XCTestExtensions-t.build/Objects-normal/arm64/XCTestExtensions.swiftmodule (in target 'XCTestExtensions' from project 'XCTestExtensions')
cd /Users/admin/builder/spi-builder-workspace/.dependencies/checkouts/XCTestExtensions
builtin-copy -exclude .DS_Store -exclude CVS -exclude .svn -exclude .git -exclude .hg -resolve-src-symlinks -rename /Users/admin/builder/spi-builder-workspace/.derivedData/Build/Intermediates.noindex/XCTestExtensions.build/Debug-watchos/XCTestExtensions-t.build/Objects-normal/arm64/XCTestExtensions.swiftmodule /Users/admin/builder/spi-builder-workspace/.derivedData/Build/Products/Debug-watchos/XCTestExtensions.swiftmodule/arm64-apple-watchos.swiftmodule
Copy /Users/admin/builder/spi-builder-workspace/.derivedData/Build/Products/Debug-watchos/XCTestExtensions.swiftmodule/arm64-apple-watchos.swiftdoc /Users/admin/builder/spi-builder-workspace/.derivedData/Build/Intermediates.noindex/XCTestExtensions.build/Debug-watchos/XCTestExtensions-t.build/Objects-normal/arm64/XCTestExtensions.swiftdoc (in target 'XCTestExtensions' from project 'XCTestExtensions')
cd /Users/admin/builder/spi-builder-workspace/.dependencies/checkouts/XCTestExtensions
builtin-copy -exclude .DS_Store -exclude CVS -exclude .svn -exclude .git -exclude .hg -resolve-src-symlinks -rename /Users/admin/builder/spi-builder-workspace/.derivedData/Build/Intermediates.noindex/XCTestExtensions.build/Debug-watchos/XCTestExtensions-t.build/Objects-normal/arm64/XCTestExtensions.swiftdoc /Users/admin/builder/spi-builder-workspace/.derivedData/Build/Products/Debug-watchos/XCTestExtensions.swiftmodule/arm64-apple-watchos.swiftdoc
Copy /Users/admin/builder/spi-builder-workspace/.derivedData/Build/Products/Debug-watchos/XCTestExtensions.swiftmodule/arm64-apple-watchos.abi.json /Users/admin/builder/spi-builder-workspace/.derivedData/Build/Intermediates.noindex/XCTestExtensions.build/Debug-watchos/XCTestExtensions-t.build/Objects-normal/arm64/XCTestExtensions.abi.json (in target 'XCTestExtensions' from project 'XCTestExtensions')
cd /Users/admin/builder/spi-builder-workspace/.dependencies/checkouts/XCTestExtensions
builtin-copy -exclude .DS_Store -exclude CVS -exclude .svn -exclude .git -exclude .hg -resolve-src-symlinks -rename /Users/admin/builder/spi-builder-workspace/.derivedData/Build/Intermediates.noindex/XCTestExtensions.build/Debug-watchos/XCTestExtensions-t.build/Objects-normal/arm64/XCTestExtensions.abi.json /Users/admin/builder/spi-builder-workspace/.derivedData/Build/Products/Debug-watchos/XCTestExtensions.swiftmodule/arm64-apple-watchos.abi.json
SwiftDriverJobDiscovery normal arm64 Compiling XCTAssert+Collections.swift, XCTAssert+Matching.swift (in target 'XCTestExtensions' from project 'XCTestExtensions')
Copy /Users/admin/builder/spi-builder-workspace/.derivedData/Build/Products/Debug-watchos/XCTestExtensions.swiftmodule/Project/arm64-apple-watchos.swiftsourceinfo /Users/admin/builder/spi-builder-workspace/.derivedData/Build/Intermediates.noindex/XCTestExtensions.build/Debug-watchos/XCTestExtensions-t.build/Objects-normal/arm64/XCTestExtensions.swiftsourceinfo (in target 'XCTestExtensions' from project 'XCTestExtensions')
cd /Users/admin/builder/spi-builder-workspace/.dependencies/checkouts/XCTestExtensions
builtin-copy -exclude .DS_Store -exclude CVS -exclude .svn -exclude .git -exclude .hg -resolve-src-symlinks -rename /Users/admin/builder/spi-builder-workspace/.derivedData/Build/Intermediates.noindex/XCTestExtensions.build/Debug-watchos/XCTestExtensions-t.build/Objects-normal/arm64/XCTestExtensions.swiftsourceinfo /Users/admin/builder/spi-builder-workspace/.derivedData/Build/Products/Debug-watchos/XCTestExtensions.swiftmodule/Project/arm64-apple-watchos.swiftsourceinfo
SwiftCompile normal arm64_32 Compiling\ XCTAssertEqual+String.swift,\ XCTestCase+Combine.swift /Users/admin/builder/spi-builder-workspace/.dependencies/checkouts/XCTestExtensions/Sources/XCTestExtensions/XCTAssertEqual+String.swift /Users/admin/builder/spi-builder-workspace/.dependencies/checkouts/XCTestExtensions/Sources/XCTestExtensions/XCTestCase+Combine.swift (in target 'XCTestExtensions' from project 'XCTestExtensions')
SwiftCompile normal arm64_32 /Users/admin/builder/spi-builder-workspace/.dependencies/checkouts/XCTestExtensions/Sources/XCTestExtensions/XCTAssertEqual+String.swift (in target 'XCTestExtensions' from project 'XCTestExtensions')
cd /Users/admin/builder/spi-builder-workspace/.swiftpm/xcode
builtin-SwiftPerFileCompile XCTAssertEqual+String.swift
SwiftCompile normal arm64_32 /Users/admin/builder/spi-builder-workspace/.dependencies/checkouts/XCTestExtensions/Sources/XCTestExtensions/XCTestCase+Combine.swift (in target 'XCTestExtensions' from project 'XCTestExtensions')
cd /Users/admin/builder/spi-builder-workspace/.swiftpm/xcode
builtin-SwiftPerFileCompile XCTestCase+Combine.swift
SwiftDriverJobDiscovery normal arm64 Compiling XCTestCase+WaitForAsync.swift (in target 'XCTestExtensions' from project 'XCTestExtensions')
PruneExplicitPrecompiledModules /Users/admin/builder/spi-builder-workspace/.derivedData/SDKExplicitPrecompiledModules
PruneExplicitPrecompiledModules /Users/admin/builder/spi-builder-workspace/.derivedData/Build/Intermediates.noindex/SwiftExplicitPrecompiledModules
PruneExplicitPrecompiledModules /Users/admin/builder/spi-builder-workspace/.derivedData/Build/Intermediates.noindex/ExplicitPrecompiledModules
2026-09-18 08:28:30.379 xcodebuild[721:4481] [MT] IDERunDestination: Supported platforms for the buildables in the current scheme is empty.
2026-09-18 08:28:30.528 xcodebuild[721:4481] [MT] IDERunDestination: Supported platforms for the buildables in the current scheme is empty.
** BUILD FAILED **
The following build commands failed:
SwiftCompile normal arm64 Compiling\ XCUIApplication+UITesting.swift /Users/admin/builder/spi-builder-workspace/.dependencies/checkouts/XCTestExtensions/Sources/XCTestExtensions/XCUIApplication+UITesting.swift (in target 'XCTestExtensions' from project 'XCTestExtensions')
SwiftCompile normal arm64 /Users/admin/builder/spi-builder-workspace/.dependencies/checkouts/XCTestExtensions/Sources/XCTestExtensions/XCUIApplication+UITesting.swift (in target 'XCTestExtensions' from project 'XCTestExtensions')
SwiftCompile normal arm64_32 Compiling\ XCUIApplication+UITesting.swift /Users/admin/builder/spi-builder-workspace/.dependencies/checkouts/XCTestExtensions/Sources/XCTestExtensions/XCUIApplication+UITesting.swift (in target 'XCTestExtensions' from project 'XCTestExtensions')
SwiftCompile normal arm64_32 /Users/admin/builder/spi-builder-workspace/.dependencies/checkouts/XCTestExtensions/Sources/XCTestExtensions/XCUIApplication+UITesting.swift (in target 'XCTestExtensions' from project 'XCTestExtensions')
Building workspace UserDefaultsExtensions with scheme UserDefaultsExtensions
(5 failures)
Command line invocation:
/Applications/Xcode-27.0.0-Release.Candidate.app/Contents/Developer/usr/bin/xcodebuild -IDEClonedSourcePackagesDirPathOverride=/Users/admin/builder/spi-builder-workspace/.dependencies -resolvePackageDependencies
Resolve Package Graph
Resolved source packages:
Matchable: https://github.com/elegantchaos/Matchable.git @ 1.0.7
XCTestExtensions: https://github.com/elegantchaos/XCTestExtensions.git @ 1.5.1
UserDefaultsExtensions: /Users/admin/builder/spi-builder-workspace
resolved source packages: Matchable, XCTestExtensions, UserDefaultsExtensions
2026-09-18 08:28:42.592 xcodebuild[919:5403] [MT] IDERunDestination: Supported platforms for the buildables in the current scheme is empty.
2026-09-18 08:28:42.697 xcodebuild[919:5403] [MT] IDERunDestination: Supported platforms for the buildables in the current scheme is empty.
{
"dependencies" : [
{
"identity" : "xctestextensions",
"requirement" : {
"range" : [
{
"lower_bound" : "1.3.1",
"upper_bound" : "2.0.0"
}
]
},
"type" : "sourceControl",
"url" : "https://github.com/elegantchaos/XCTestExtensions.git"
}
],
"manifest_display_name" : "UserDefaultsExtensions",
"name" : "UserDefaultsExtensions",
"path" : "/Users/admin/builder/spi-builder-workspace",
"platforms" : [
{
"name" : "macos",
"version" : "10.13"
},
{
"name" : "ios",
"version" : "13.0"
},
{
"name" : "tvos",
"version" : "13.0"
},
{
"name" : "watchos",
"version" : "6.0"
}
],
"products" : [
{
"name" : "UserDefaultsExtensions",
"targets" : [
"UserDefaultsExtensions"
],
"type" : {
"library" : [
"automatic"
]
}
}
],
"targets" : [
{
"c99name" : "UserDefaultsExtensionsTests",
"module_type" : "SwiftTarget",
"name" : "UserDefaultsExtensionsTests",
"path" : "Tests/UserDefaultsExtensionsTests",
"product_dependencies" : [
"XCTestExtensions"
],
"sources" : [
"UserDefaultsExtensionsTests.swift",
"XCTestManifests.swift"
],
"target_dependencies" : [
"UserDefaultsExtensions"
],
"type" : "test"
},
{
"c99name" : "UserDefaultsExtensions",
"module_type" : "SwiftTarget",
"name" : "UserDefaultsExtensions",
"path" : "Sources/UserDefaultsExtensions",
"product_memberships" : [
"UserDefaultsExtensions"
],
"sources" : [
"UserDefaults+Combine.swift",
"UserDefaultsExtensions.swift",
"UserDefaultsRepresentable.swift"
],
"type" : "library"
}
],
"tools_version" : "5.3"
}
{
"workspace" : {
"name" : "UserDefaultsExtensions",
"schemes" : [
"Matchable",
"UserDefaultsExtensions",
"XCTestExtensions"
]
}
}
2026-09-18 08:28:43.809 xcodebuild[927:5476] [MT] IDERunDestination: Supported platforms for the buildables in the current scheme is empty.
2026-09-18 08:28:43.913 xcodebuild[927:5476] [MT] IDERunDestination: Supported platforms for the buildables in the current scheme is empty.
{
"workspace" : {
"name" : "UserDefaultsExtensions",
"schemes" : [
"Matchable",
"UserDefaultsExtensions",
"XCTestExtensions"
]
}
}
2026-09-18 08:28:44.817 xcodebuild[929:5508] [MT] IDERunDestination: Supported platforms for the buildables in the current scheme is empty.
2026-09-18 08:28:44.923 xcodebuild[929:5508] [MT] IDERunDestination: Supported platforms for the buildables in the current scheme is empty.
Running build ...
env DEVELOPER_DIR=/Applications/Xcode-27.0.0-Release.Candidate.app xcrun xcodebuild -IDEClonedSourcePackagesDirPathOverride=$PWD/.dependencies -skipMacroValidation -skipPackagePluginValidation -derivedDataPath $PWD/.derivedData build -scheme UserDefaultsExtensions -destination generic/platform=watchOS
Command line invocation:
/Applications/Xcode-27.0.0-Release.Candidate.app/Contents/Developer/usr/bin/xcodebuild -IDEClonedSourcePackagesDirPathOverride=/Users/admin/builder/spi-builder-workspace/.dependencies -skipMacroValidation -skipPackagePluginValidation -derivedDataPath /Users/admin/builder/spi-builder-workspace/.derivedData build -scheme UserDefaultsExtensions -destination generic/platform=watchOS
Resolve Package Graph
Resolved source packages:
UserDefaultsExtensions: /Users/admin/builder/spi-builder-workspace
XCTestExtensions: https://github.com/elegantchaos/XCTestExtensions.git @ 1.5.1
Matchable: https://github.com/elegantchaos/Matchable.git @ 1.0.7
ComputePackagePrebuildTargetDependencyGraph
Prepare packages
CreateBuildRequest
SendProjectDescription
CreateBuildOperation
ComputeTargetDependencyGraph
note: Building targets in dependency order
note: Target dependency graph (7 targets)
Target 'UserDefaultsExtensionsTests-product' in project 'UserDefaultsExtensions'
➜ Explicit dependency on target 'UserDefaultsExtensions' in project 'UserDefaultsExtensions'
➜ Explicit dependency on target 'XCTestExtensions-product' in project 'XCTestExtensions'
Target 'XCTestExtensions-product' in project 'XCTestExtensions'
➜ Explicit dependency on target 'XCTestExtensions' in project 'XCTestExtensions'
➜ Explicit dependency on target 'Matchable-product' in project 'Matchable'
Target 'XCTestExtensions' in project 'XCTestExtensions'
➜ Explicit dependency on target 'Matchable-product' in project 'Matchable'
Target 'Matchable-product' in project 'Matchable'
➜ Explicit dependency on target 'Matchable' in project 'Matchable'
Target 'Matchable' in project 'Matchable' (no dependencies)
Target 'UserDefaultsExtensions-product' in project 'UserDefaultsExtensions'
➜ Explicit dependency on target 'UserDefaultsExtensions' in project 'UserDefaultsExtensions'
Target 'UserDefaultsExtensions' in project 'UserDefaultsExtensions' (no dependencies)
GatherProvisioningInputs
CreateBuildDescription
ClangStatCache /Applications/Xcode-27.0.0-Release.Candidate.app/Contents/Developer/Toolchains/XcodeDefault.xctoolchain/usr/bin/clang-stat-cache /Applications/Xcode-27.0.0-Release.Candidate.app/Contents/Developer/Platforms/WatchOS.platform/Developer/SDKs/WatchOS27.0.sdk /Users/admin/builder/spi-builder-workspace/.derivedData/SDKStatCaches.noindex/watchos27.0-24R360-e829b21a6f8c9b70876ba0858053c04477534ef55a1706bf4c1112bbb242f0a2.sdkstatcache
cd /Users/admin/builder/spi-builder-workspace/.swiftpm/xcode
/Applications/Xcode-27.0.0-Release.Candidate.app/Contents/Developer/Toolchains/XcodeDefault.xctoolchain/usr/bin/clang-stat-cache /Applications/Xcode-27.0.0-Release.Candidate.app/Contents/Developer/Platforms/WatchOS.platform/Developer/SDKs/WatchOS27.0.sdk -o /Users/admin/builder/spi-builder-workspace/.derivedData/SDKStatCaches.noindex/watchos27.0-24R360-e829b21a6f8c9b70876ba0858053c04477534ef55a1706bf4c1112bbb242f0a2.sdkstatcache
SwiftMergeGeneratedHeaders /Users/admin/builder/spi-builder-workspace/.derivedData/Build/Intermediates.noindex/GeneratedModuleMaps-watchos/XCTestExtensions-Swift.h /Users/admin/builder/spi-builder-workspace/.derivedData/Build/Intermediates.noindex/XCTestExtensions.build/Debug-watchos/XCTestExtensions-t.build/Objects-normal/arm64/XCTestExtensions-Swift.h /Users/admin/builder/spi-builder-workspace/.derivedData/Build/Intermediates.noindex/XCTestExtensions.build/Debug-watchos/XCTestExtensions-t.build/Objects-normal/arm64_32/XCTestExtensions-Swift.h (in target 'XCTestExtensions' from project 'XCTestExtensions')
cd /Users/admin/builder/spi-builder-workspace/.dependencies/checkouts/XCTestExtensions
builtin-swiftHeaderTool -arch arm64 /Users/admin/builder/spi-builder-workspace/.derivedData/Build/Intermediates.noindex/XCTestExtensions.build/Debug-watchos/XCTestExtensions-t.build/Objects-normal/arm64/XCTestExtensions-Swift.h -arch arm64_32 /Users/admin/builder/spi-builder-workspace/.derivedData/Build/Intermediates.noindex/XCTestExtensions.build/Debug-watchos/XCTestExtensions-t.build/Objects-normal/arm64_32/XCTestExtensions-Swift.h -o /Users/admin/builder/spi-builder-workspace/.derivedData/Build/Intermediates.noindex/GeneratedModuleMaps-watchos/XCTestExtensions-Swift.h
SwiftDriver XCTestExtensions normal arm64 com.apple.xcode.tools.swift.compiler (in target 'XCTestExtensions' from project 'XCTestExtensions')
cd /Users/admin/builder/spi-builder-workspace/.swiftpm/xcode
builtin-SwiftDriver -- /Applications/Xcode-27.0.0-Release.Candidate.app/Contents/Developer/Toolchains/XcodeDefault.xctoolchain/usr/bin/swiftc -parse-as-library -module-name XCTestExtensions -Onone @/Users/admin/builder/spi-builder-workspace/.derivedData/Build/Intermediates.noindex/XCTestExtensions.build/Debug-watchos/XCTestExtensions-t.build/Objects-normal/arm64/XCTestExtensions.SwiftFileList -DSWIFT_PACKAGE -DDEBUG -DSWIFT_MODULE_RESOURCE_BUNDLE_UNAVAILABLE -DXcode -plugin-path /Applications/Xcode-27.0.0-Release.Candidate.app/Contents/Developer/Toolchains/XcodeDefault.xctoolchain/usr/lib/swift/host/plugins/testing -enable-experimental-feature DebugDescriptionMacro -sdk /Applications/Xcode-27.0.0-Release.Candidate.app/Contents/Developer/Platforms/WatchOS.platform/Developer/SDKs/WatchOS27.0.sdk -target arm64-apple-watchos9.0 -g -module-cache-path /Users/admin/builder/spi-builder-workspace/.derivedData/ModuleCache.noindex -Xfrontend -serialize-debugging-options -enable-testing -suppress-warnings -index-store-path /Users/admin/builder/spi-builder-workspace/.derivedData/Index.noindex/DataStore -Xcc -D_LIBCPP_HARDENING_MODE\=_LIBCPP_HARDENING_MODE_DEBUG -swift-version 5 -I /Users/admin/builder/spi-builder-workspace/.derivedData/Build/Products/Debug-watchos -Isystem /Applications/Xcode-27.0.0-Release.Candidate.app/Contents/Developer/Platforms/WatchOS.platform/Developer/usr/lib -F /Users/admin/builder/spi-builder-workspace/.derivedData/Build/Products/Debug-watchos/PackageFrameworks -F /Users/admin/builder/spi-builder-workspace/.derivedData/Build/Products/Debug-watchos -F /Applications/Xcode-27.0.0-Release.Candidate.app/Contents/Developer/Platforms/WatchOS.platform/Developer/Library/Frameworks -F /Applications/Xcode-27.0.0-Release.Candidate.app/Contents/Developer/Platforms/WatchOS.platform/Developer/SDKs/WatchOS27.0.sdk/Developer/Library/Frameworks -c -j10 -enable-batch-mode -incremental -Xcc -ivfsstatcache -Xcc /Users/admin/builder/spi-builder-workspace/.derivedData/SDKStatCaches.noindex/watchos27.0-24R360-e829b21a6f8c9b70876ba0858053c04477534ef55a1706bf4c1112bbb242f0a2.sdkstatcache -output-file-map /Users/admin/builder/spi-builder-workspace/.derivedData/Build/Intermediates.noindex/XCTestExtensions.build/Debug-watchos/XCTestExtensions-t.build/Objects-normal/arm64/XCTestExtensions-OutputFileMap.json -save-temps -no-color-diagnostics -explicit-module-build -module-cache-path /Users/admin/builder/spi-builder-workspace/.derivedData/Build/Intermediates.noindex/SwiftExplicitPrecompiledModules -clang-scanner-module-cache-path /Users/admin/builder/spi-builder-workspace/.derivedData/ModuleCache.noindex -sdk-module-cache-path /Users/admin/builder/spi-builder-workspace/.derivedData/SDKExplicitPrecompiledModules -emit-dependencies -emit-module -emit-module-path /Users/admin/builder/spi-builder-workspace/.derivedData/Build/Intermediates.noindex/XCTestExtensions.build/Debug-watchos/XCTestExtensions-t.build/Objects-normal/arm64/XCTestExtensions.swiftmodule -serialize-diagnostics -dependency-scan-serialize-diagnostics-path /Users/admin/builder/spi-builder-workspace/.derivedData/Build/Intermediates.noindex/XCTestExtensions.build/Debug-watchos/XCTestExtensions-t.build/Objects-normal/arm64/XCTestExtensions-dependency-scan.dia -validate-clang-modules-once -clang-build-session-file /Users/admin/builder/spi-builder-workspace/.derivedData/ModuleCache.noindex/Session.modulevalidation -Xcc -fmodules-prune-interval\=86400 -Xcc -fmodules-prune-after\=345600 -emit-const-values -const-gather-protocols-list /Users/admin/builder/spi-builder-workspace/.derivedData/Build/Intermediates.noindex/XCTestExtensions.build/Debug-watchos/XCTestExtensions-t.build/Objects-normal/arm64/XCTestExtensions_const_extract_protocols.json -Xcc -I/Users/admin/builder/spi-builder-workspace/.derivedData/Build/Products/Debug-watchos/include -Xcc -I/Users/admin/builder/spi-builder-workspace/.derivedData/Build/Intermediates.noindex/XCTestExtensions.build/Debug-watchos/XCTestExtensions-t.build/DerivedSources-normal/arm64 -Xcc -I/Users/admin/builder/spi-builder-workspace/.derivedData/Build/Intermediates.noindex/XCTestExtensions.build/Debug-watchos/XCTestExtensions-t.build/DerivedSources/arm64 -Xcc -I/Users/admin/builder/spi-builder-workspace/.derivedData/Build/Intermediates.noindex/XCTestExtensions.build/Debug-watchos/XCTestExtensions-t.build/DerivedSources -Xcc -DSWIFT_PACKAGE -Xcc -DDEBUG\=1 -emit-objc-header -emit-objc-header-path /Users/admin/builder/spi-builder-workspace/.derivedData/Build/Intermediates.noindex/XCTestExtensions.build/Debug-watchos/XCTestExtensions-t.build/Objects-normal/arm64/XCTestExtensions-Swift.h -working-directory /Users/admin/builder/spi-builder-workspace/.swiftpm/xcode -experimental-emit-module-separately -disable-cmo
SwiftDriver XCTestExtensions normal arm64_32 com.apple.xcode.tools.swift.compiler (in target 'XCTestExtensions' from project 'XCTestExtensions')
cd /Users/admin/builder/spi-builder-workspace/.swiftpm/xcode
builtin-SwiftDriver -- /Applications/Xcode-27.0.0-Release.Candidate.app/Contents/Developer/Toolchains/XcodeDefault.xctoolchain/usr/bin/swiftc -parse-as-library -module-name XCTestExtensions -Onone @/Users/admin/builder/spi-builder-workspace/.derivedData/Build/Intermediates.noindex/XCTestExtensions.build/Debug-watchos/XCTestExtensions-t.build/Objects-normal/arm64_32/XCTestExtensions.SwiftFileList -DSWIFT_PACKAGE -DDEBUG -DSWIFT_MODULE_RESOURCE_BUNDLE_UNAVAILABLE -DXcode -plugin-path /Applications/Xcode-27.0.0-Release.Candidate.app/Contents/Developer/Toolchains/XcodeDefault.xctoolchain/usr/lib/swift/host/plugins/testing -enable-experimental-feature DebugDescriptionMacro -sdk /Applications/Xcode-27.0.0-Release.Candidate.app/Contents/Developer/Platforms/WatchOS.platform/Developer/SDKs/WatchOS27.0.sdk -target arm64_32-apple-watchos9.0 -g -module-cache-path /Users/admin/builder/spi-builder-workspace/.derivedData/ModuleCache.noindex -Xfrontend -serialize-debugging-options -enable-testing -suppress-warnings -index-store-path /Users/admin/builder/spi-builder-workspace/.derivedData/Index.noindex/DataStore -Xcc -D_LIBCPP_HARDENING_MODE\=_LIBCPP_HARDENING_MODE_DEBUG -swift-version 5 -I /Users/admin/builder/spi-builder-workspace/.derivedData/Build/Products/Debug-watchos -Isystem /Applications/Xcode-27.0.0-Release.Candidate.app/Contents/Developer/Platforms/WatchOS.platform/Developer/usr/lib -F /Users/admin/builder/spi-builder-workspace/.derivedData/Build/Products/Debug-watchos/PackageFrameworks -F /Users/admin/builder/spi-builder-workspace/.derivedData/Build/Products/Debug-watchos -F /Applications/Xcode-27.0.0-Release.Candidate.app/Contents/Developer/Platforms/WatchOS.platform/Developer/Library/Frameworks -F /Applications/Xcode-27.0.0-Release.Candidate.app/Contents/Developer/Platforms/WatchOS.platform/Developer/SDKs/WatchOS27.0.sdk/Developer/Library/Frameworks -c -j10 -enable-batch-mode -incremental -Xcc -ivfsstatcache -Xcc /Users/admin/builder/spi-builder-workspace/.derivedData/SDKStatCaches.noindex/watchos27.0-24R360-e829b21a6f8c9b70876ba0858053c04477534ef55a1706bf4c1112bbb242f0a2.sdkstatcache -output-file-map /Users/admin/builder/spi-builder-workspace/.derivedData/Build/Intermediates.noindex/XCTestExtensions.build/Debug-watchos/XCTestExtensions-t.build/Objects-normal/arm64_32/XCTestExtensions-OutputFileMap.json -save-temps -no-color-diagnostics -explicit-module-build -module-cache-path /Users/admin/builder/spi-builder-workspace/.derivedData/Build/Intermediates.noindex/SwiftExplicitPrecompiledModules -clang-scanner-module-cache-path /Users/admin/builder/spi-builder-workspace/.derivedData/ModuleCache.noindex -sdk-module-cache-path /Users/admin/builder/spi-builder-workspace/.derivedData/SDKExplicitPrecompiledModules -emit-dependencies -emit-module -emit-module-path /Users/admin/builder/spi-builder-workspace/.derivedData/Build/Intermediates.noindex/XCTestExtensions.build/Debug-watchos/XCTestExtensions-t.build/Objects-normal/arm64_32/XCTestExtensions.swiftmodule -serialize-diagnostics -dependency-scan-serialize-diagnostics-path /Users/admin/builder/spi-builder-workspace/.derivedData/Build/Intermediates.noindex/XCTestExtensions.build/Debug-watchos/XCTestExtensions-t.build/Objects-normal/arm64_32/XCTestExtensions-dependency-scan.dia -validate-clang-modules-once -clang-build-session-file /Users/admin/builder/spi-builder-workspace/.derivedData/ModuleCache.noindex/Session.modulevalidation -Xcc -fmodules-prune-interval\=86400 -Xcc -fmodules-prune-after\=345600 -emit-const-values -const-gather-protocols-list /Users/admin/builder/spi-builder-workspace/.derivedData/Build/Intermediates.noindex/XCTestExtensions.build/Debug-watchos/XCTestExtensions-t.build/Objects-normal/arm64_32/XCTestExtensions_const_extract_protocols.json -Xcc -I/Users/admin/builder/spi-builder-workspace/.derivedData/Build/Products/Debug-watchos/include -Xcc -I/Users/admin/builder/spi-builder-workspace/.derivedData/Build/Intermediates.noindex/XCTestExtensions.build/Debug-watchos/XCTestExtensions-t.build/DerivedSources-normal/arm64_32 -Xcc -I/Users/admin/builder/spi-builder-workspace/.derivedData/Build/Intermediates.noindex/XCTestExtensions.build/Debug-watchos/XCTestExtensions-t.build/DerivedSources/arm64_32 -Xcc -I/Users/admin/builder/spi-builder-workspace/.derivedData/Build/Intermediates.noindex/XCTestExtensions.build/Debug-watchos/XCTestExtensions-t.build/DerivedSources -Xcc -DSWIFT_PACKAGE -Xcc -DDEBUG\=1 -emit-objc-header -emit-objc-header-path /Users/admin/builder/spi-builder-workspace/.derivedData/Build/Intermediates.noindex/XCTestExtensions.build/Debug-watchos/XCTestExtensions-t.build/Objects-normal/arm64_32/XCTestExtensions-Swift.h -working-directory /Users/admin/builder/spi-builder-workspace/.swiftpm/xcode -experimental-emit-module-separately -disable-cmo
Copy /Users/admin/builder/spi-builder-workspace/.derivedData/Build/Products/Debug-watchos/XCTestExtensions.swiftmodule/arm64_32-apple-watchos.swiftmodule /Users/admin/builder/spi-builder-workspace/.derivedData/Build/Intermediates.noindex/XCTestExtensions.build/Debug-watchos/XCTestExtensions-t.build/Objects-normal/arm64_32/XCTestExtensions.swiftmodule (in target 'XCTestExtensions' from project 'XCTestExtensions')
cd /Users/admin/builder/spi-builder-workspace/.dependencies/checkouts/XCTestExtensions
builtin-copy -exclude .DS_Store -exclude CVS -exclude .svn -exclude .git -exclude .hg -resolve-src-symlinks -rename /Users/admin/builder/spi-builder-workspace/.derivedData/Build/Intermediates.noindex/XCTestExtensions.build/Debug-watchos/XCTestExtensions-t.build/Objects-normal/arm64_32/XCTestExtensions.swiftmodule /Users/admin/builder/spi-builder-workspace/.derivedData/Build/Products/Debug-watchos/XCTestExtensions.swiftmodule/arm64_32-apple-watchos.swiftmodule
Copy /Users/admin/builder/spi-builder-workspace/.derivedData/Build/Products/Debug-watchos/XCTestExtensions.swiftmodule/arm64_32-apple-watchos.swiftdoc /Users/admin/builder/spi-builder-workspace/.derivedData/Build/Intermediates.noindex/XCTestExtensions.build/Debug-watchos/XCTestExtensions-t.build/Objects-normal/arm64_32/XCTestExtensions.swiftdoc (in target 'XCTestExtensions' from project 'XCTestExtensions')
cd /Users/admin/builder/spi-builder-workspace/.dependencies/checkouts/XCTestExtensions
builtin-copy -exclude .DS_Store -exclude CVS -exclude .svn -exclude .git -exclude .hg -resolve-src-symlinks -rename /Users/admin/builder/spi-builder-workspace/.derivedData/Build/Intermediates.noindex/XCTestExtensions.build/Debug-watchos/XCTestExtensions-t.build/Objects-normal/arm64_32/XCTestExtensions.swiftdoc /Users/admin/builder/spi-builder-workspace/.derivedData/Build/Products/Debug-watchos/XCTestExtensions.swiftmodule/arm64_32-apple-watchos.swiftdoc
Copy /Users/admin/builder/spi-builder-workspace/.derivedData/Build/Products/Debug-watchos/XCTestExtensions.swiftmodule/arm64_32-apple-watchos.abi.json /Users/admin/builder/spi-builder-workspace/.derivedData/Build/Intermediates.noindex/XCTestExtensions.build/Debug-watchos/XCTestExtensions-t.build/Objects-normal/arm64_32/XCTestExtensions.abi.json (in target 'XCTestExtensions' from project 'XCTestExtensions')
cd /Users/admin/builder/spi-builder-workspace/.dependencies/checkouts/XCTestExtensions
builtin-copy -exclude .DS_Store -exclude CVS -exclude .svn -exclude .git -exclude .hg -resolve-src-symlinks -rename /Users/admin/builder/spi-builder-workspace/.derivedData/Build/Intermediates.noindex/XCTestExtensions.build/Debug-watchos/XCTestExtensions-t.build/Objects-normal/arm64_32/XCTestExtensions.abi.json /Users/admin/builder/spi-builder-workspace/.derivedData/Build/Products/Debug-watchos/XCTestExtensions.swiftmodule/arm64_32-apple-watchos.abi.json
Copy /Users/admin/builder/spi-builder-workspace/.derivedData/Build/Products/Debug-watchos/XCTestExtensions.swiftmodule/Project/arm64_32-apple-watchos.swiftsourceinfo /Users/admin/builder/spi-builder-workspace/.derivedData/Build/Intermediates.noindex/XCTestExtensions.build/Debug-watchos/XCTestExtensions-t.build/Objects-normal/arm64_32/XCTestExtensions.swiftsourceinfo (in target 'XCTestExtensions' from project 'XCTestExtensions')
cd /Users/admin/builder/spi-builder-workspace/.dependencies/checkouts/XCTestExtensions
builtin-copy -exclude .DS_Store -exclude CVS -exclude .svn -exclude .git -exclude .hg -resolve-src-symlinks -rename /Users/admin/builder/spi-builder-workspace/.derivedData/Build/Intermediates.noindex/XCTestExtensions.build/Debug-watchos/XCTestExtensions-t.build/Objects-normal/arm64_32/XCTestExtensions.swiftsourceinfo /Users/admin/builder/spi-builder-workspace/.derivedData/Build/Products/Debug-watchos/XCTestExtensions.swiftmodule/Project/arm64_32-apple-watchos.swiftsourceinfo
SwiftDriver UserDefaultsExtensionsTests normal arm64 com.apple.xcode.tools.swift.compiler (in target 'UserDefaultsExtensionsTests-product' from project 'UserDefaultsExtensions')
cd /Users/admin/builder/spi-builder-workspace/.swiftpm/xcode
builtin-SwiftDriver -- /Applications/Xcode-27.0.0-Release.Candidate.app/Contents/Developer/Toolchains/XcodeDefault.xctoolchain/usr/bin/swiftc -parse-as-library -module-name UserDefaultsExtensionsTests -Onone @/Users/admin/builder/spi-builder-workspace/.derivedData/Build/Intermediates.noindex/UserDefaultsExtensions.build/Debug-watchos/UserDefaultsExtensionsTests-p.build/Objects-normal/arm64/UserDefaultsExtensionsTests.SwiftFileList -DSWIFT_PACKAGE -DDEBUG -DXcode -plugin-path /Applications/Xcode-27.0.0-Release.Candidate.app/Contents/Developer/Toolchains/XcodeDefault.xctoolchain/usr/lib/swift/host/plugins/testing -enable-experimental-feature DebugDescriptionMacro -sdk /Applications/Xcode-27.0.0-Release.Candidate.app/Contents/Developer/Platforms/WatchOS.platform/Developer/SDKs/WatchOS27.0.sdk -target arm64-apple-watchos10.0 -g -module-cache-path /Users/admin/builder/spi-builder-workspace/.derivedData/ModuleCache.noindex -Xfrontend -serialize-debugging-options -enable-testing -index-store-path /Users/admin/builder/spi-builder-workspace/.derivedData/Index.noindex/DataStore -Xcc -D_LIBCPP_HARDENING_MODE\=_LIBCPP_HARDENING_MODE_DEBUG -swift-version 5 -I /Users/admin/builder/spi-builder-workspace/.derivedData/Build/Products/Debug-watchos -Isystem /Applications/Xcode-27.0.0-Release.Candidate.app/Contents/Developer/Platforms/WatchOS.platform/Developer/usr/lib -F /Users/admin/builder/spi-builder-workspace/.derivedData/Build/Products/Debug-watchos/PackageFrameworks -F /Users/admin/builder/spi-builder-workspace/.derivedData/Build/Products/Debug-watchos -F /Applications/Xcode-27.0.0-Release.Candidate.app/Contents/Developer/Platforms/WatchOS.platform/Developer/Library/Frameworks -F /Applications/Xcode-27.0.0-Release.Candidate.app/Contents/Developer/Platforms/WatchOS.platform/Developer/SDKs/WatchOS27.0.sdk/Developer/Library/Frameworks -c -j10 -enable-batch-mode -incremental -Xcc -ivfsstatcache -Xcc /Users/admin/builder/spi-builder-workspace/.derivedData/SDKStatCaches.noindex/watchos27.0-24R360-e829b21a6f8c9b70876ba0858053c04477534ef55a1706bf4c1112bbb242f0a2.sdkstatcache -output-file-map /Users/admin/builder/spi-builder-workspace/.derivedData/Build/Intermediates.noindex/UserDefaultsExtensions.build/Debug-watchos/UserDefaultsExtensionsTests-p.build/Objects-normal/arm64/UserDefaultsExtensionsTests-OutputFileMap.json -save-temps -no-color-diagnostics -explicit-module-build -module-cache-path /Users/admin/builder/spi-builder-workspace/.derivedData/Build/Intermediates.noindex/SwiftExplicitPrecompiledModules -clang-scanner-module-cache-path /Users/admin/builder/spi-builder-workspace/.derivedData/ModuleCache.noindex -sdk-module-cache-path /Users/admin/builder/spi-builder-workspace/.derivedData/SDKExplicitPrecompiledModules -emit-dependencies -emit-module -emit-module-path /Users/admin/builder/spi-builder-workspace/.derivedData/Build/Intermediates.noindex/UserDefaultsExtensions.build/Debug-watchos/UserDefaultsExtensionsTests-p.build/Objects-normal/arm64/UserDefaultsExtensionsTests.swiftmodule -serialize-diagnostics -dependency-scan-serialize-diagnostics-path /Users/admin/builder/spi-builder-workspace/.derivedData/Build/Intermediates.noindex/UserDefaultsExtensions.build/Debug-watchos/UserDefaultsExtensionsTests-p.build/Objects-normal/arm64/UserDefaultsExtensionsTests-dependency-scan.dia -validate-clang-modules-once -clang-build-session-file /Users/admin/builder/spi-builder-workspace/.derivedData/ModuleCache.noindex/Session.modulevalidation -Xcc -fmodules-prune-interval\=86400 -Xcc -fmodules-prune-after\=345600 -emit-const-values -const-gather-protocols-list /Users/admin/builder/spi-builder-workspace/.derivedData/Build/Intermediates.noindex/UserDefaultsExtensions.build/Debug-watchos/UserDefaultsExtensionsTests-p.build/Objects-normal/arm64/UserDefaultsExtensionsTests_const_extract_protocols.json -Xcc -I/Users/admin/builder/spi-builder-workspace/.derivedData/Build/Products/Debug-watchos/include -Xcc -I/Users/admin/builder/spi-builder-workspace/.derivedData/Build/Intermediates.noindex/UserDefaultsExtensions.build/Debug-watchos/UserDefaultsExtensionsTests-p.build/DerivedSources-normal/arm64 -Xcc -I/Users/admin/builder/spi-builder-workspace/.derivedData/Build/Intermediates.noindex/UserDefaultsExtensions.build/Debug-watchos/UserDefaultsExtensionsTests-p.build/DerivedSources/arm64 -Xcc -I/Users/admin/builder/spi-builder-workspace/.derivedData/Build/Intermediates.noindex/UserDefaultsExtensions.build/Debug-watchos/UserDefaultsExtensionsTests-p.build/DerivedSources -Xcc -DSWIFT_PACKAGE -Xcc -DDEBUG\=1 -working-directory /Users/admin/builder/spi-builder-workspace/.swiftpm/xcode -experimental-emit-module-separately -disable-cmo
SwiftDriver UserDefaultsExtensionsTests normal arm64_32 com.apple.xcode.tools.swift.compiler (in target 'UserDefaultsExtensionsTests-product' from project 'UserDefaultsExtensions')
cd /Users/admin/builder/spi-builder-workspace/.swiftpm/xcode
builtin-SwiftDriver -- /Applications/Xcode-27.0.0-Release.Candidate.app/Contents/Developer/Toolchains/XcodeDefault.xctoolchain/usr/bin/swiftc -parse-as-library -module-name UserDefaultsExtensionsTests -Onone @/Users/admin/builder/spi-builder-workspace/.derivedData/Build/Intermediates.noindex/UserDefaultsExtensions.build/Debug-watchos/UserDefaultsExtensionsTests-p.build/Objects-normal/arm64_32/UserDefaultsExtensionsTests.SwiftFileList -DSWIFT_PACKAGE -DDEBUG -DXcode -plugin-path /Applications/Xcode-27.0.0-Release.Candidate.app/Contents/Developer/Toolchains/XcodeDefault.xctoolchain/usr/lib/swift/host/plugins/testing -enable-experimental-feature DebugDescriptionMacro -sdk /Applications/Xcode-27.0.0-Release.Candidate.app/Contents/Developer/Platforms/WatchOS.platform/Developer/SDKs/WatchOS27.0.sdk -target arm64_32-apple-watchos10.0 -g -module-cache-path /Users/admin/builder/spi-builder-workspace/.derivedData/ModuleCache.noindex -Xfrontend -serialize-debugging-options -enable-testing -index-store-path /Users/admin/builder/spi-builder-workspace/.derivedData/Index.noindex/DataStore -Xcc -D_LIBCPP_HARDENING_MODE\=_LIBCPP_HARDENING_MODE_DEBUG -swift-version 5 -I /Users/admin/builder/spi-builder-workspace/.derivedData/Build/Products/Debug-watchos -Isystem /Applications/Xcode-27.0.0-Release.Candidate.app/Contents/Developer/Platforms/WatchOS.platform/Developer/usr/lib -F /Users/admin/builder/spi-builder-workspace/.derivedData/Build/Products/Debug-watchos/PackageFrameworks -F /Users/admin/builder/spi-builder-workspace/.derivedData/Build/Products/Debug-watchos -F /Applications/Xcode-27.0.0-Release.Candidate.app/Contents/Developer/Platforms/WatchOS.platform/Developer/Library/Frameworks -F /Applications/Xcode-27.0.0-Release.Candidate.app/Contents/Developer/Platforms/WatchOS.platform/Developer/SDKs/WatchOS27.0.sdk/Developer/Library/Frameworks -c -j10 -enable-batch-mode -incremental -Xcc -ivfsstatcache -Xcc /Users/admin/builder/spi-builder-workspace/.derivedData/SDKStatCaches.noindex/watchos27.0-24R360-e829b21a6f8c9b70876ba0858053c04477534ef55a1706bf4c1112bbb242f0a2.sdkstatcache -output-file-map /Users/admin/builder/spi-builder-workspace/.derivedData/Build/Intermediates.noindex/UserDefaultsExtensions.build/Debug-watchos/UserDefaultsExtensionsTests-p.build/Objects-normal/arm64_32/UserDefaultsExtensionsTests-OutputFileMap.json -save-temps -no-color-diagnostics -explicit-module-build -module-cache-path /Users/admin/builder/spi-builder-workspace/.derivedData/Build/Intermediates.noindex/SwiftExplicitPrecompiledModules -clang-scanner-module-cache-path /Users/admin/builder/spi-builder-workspace/.derivedData/ModuleCache.noindex -sdk-module-cache-path /Users/admin/builder/spi-builder-workspace/.derivedData/SDKExplicitPrecompiledModules -emit-dependencies -emit-module -emit-module-path /Users/admin/builder/spi-builder-workspace/.derivedData/Build/Intermediates.noindex/UserDefaultsExtensions.build/Debug-watchos/UserDefaultsExtensionsTests-p.build/Objects-normal/arm64_32/UserDefaultsExtensionsTests.swiftmodule -serialize-diagnostics -dependency-scan-serialize-diagnostics-path /Users/admin/builder/spi-builder-workspace/.derivedData/Build/Intermediates.noindex/UserDefaultsExtensions.build/Debug-watchos/UserDefaultsExtensionsTests-p.build/Objects-normal/arm64_32/UserDefaultsExtensionsTests-dependency-scan.dia -validate-clang-modules-once -clang-build-session-file /Users/admin/builder/spi-builder-workspace/.derivedData/ModuleCache.noindex/Session.modulevalidation -Xcc -fmodules-prune-interval\=86400 -Xcc -fmodules-prune-after\=345600 -emit-const-values -const-gather-protocols-list /Users/admin/builder/spi-builder-workspace/.derivedData/Build/Intermediates.noindex/UserDefaultsExtensions.build/Debug-watchos/UserDefaultsExtensionsTests-p.build/Objects-normal/arm64_32/UserDefaultsExtensionsTests_const_extract_protocols.json -Xcc -I/Users/admin/builder/spi-builder-workspace/.derivedData/Build/Products/Debug-watchos/include -Xcc -I/Users/admin/builder/spi-builder-workspace/.derivedData/Build/Intermediates.noindex/UserDefaultsExtensions.build/Debug-watchos/UserDefaultsExtensionsTests-p.build/DerivedSources-normal/arm64_32 -Xcc -I/Users/admin/builder/spi-builder-workspace/.derivedData/Build/Intermediates.noindex/UserDefaultsExtensions.build/Debug-watchos/UserDefaultsExtensionsTests-p.build/DerivedSources/arm64_32 -Xcc -I/Users/admin/builder/spi-builder-workspace/.derivedData/Build/Intermediates.noindex/UserDefaultsExtensions.build/Debug-watchos/UserDefaultsExtensionsTests-p.build/DerivedSources -Xcc -DSWIFT_PACKAGE -Xcc -DDEBUG\=1 -working-directory /Users/admin/builder/spi-builder-workspace/.swiftpm/xcode -experimental-emit-module-separately -disable-cmo
SwiftCompile normal arm64_32 Compiling\ XCTAssertEqual+String.swift /Users/admin/builder/spi-builder-workspace/.dependencies/checkouts/XCTestExtensions/Sources/XCTestExtensions/XCTAssertEqual+String.swift (in target 'XCTestExtensions' from project 'XCTestExtensions')
SwiftCompile normal arm64_32 /Users/admin/builder/spi-builder-workspace/.dependencies/checkouts/XCTestExtensions/Sources/XCTestExtensions/XCTAssertEqual+String.swift (in target 'XCTestExtensions' from project 'XCTestExtensions')
cd /Users/admin/builder/spi-builder-workspace/.swiftpm/xcode
builtin-SwiftPerFileCompile XCTAssertEqual+String.swift
SwiftCompile normal arm64_32 Compiling\ XCTestCase+Combine.swift /Users/admin/builder/spi-builder-workspace/.dependencies/checkouts/XCTestExtensions/Sources/XCTestExtensions/XCTestCase+Combine.swift (in target 'XCTestExtensions' from project 'XCTestExtensions')
SwiftCompile normal arm64_32 /Users/admin/builder/spi-builder-workspace/.dependencies/checkouts/XCTestExtensions/Sources/XCTestExtensions/XCTestCase+Combine.swift (in target 'XCTestExtensions' from project 'XCTestExtensions')
cd /Users/admin/builder/spi-builder-workspace/.swiftpm/xcode
builtin-SwiftPerFileCompile XCTestCase+Combine.swift
SwiftEmitModule normal arm64_32 Emitting\ module\ for\ XCTestExtensions (in target 'XCTestExtensions' from project 'XCTestExtensions')
SwiftCompile normal arm64_32 (in target 'XCTestExtensions' from project 'XCTestExtensions')
cd /Users/admin/builder/spi-builder-workspace/.swiftpm/xcode
SwiftCompile normal arm64_32 Compiling\ XCTestCase+Resources.swift /Users/admin/builder/spi-builder-workspace/.dependencies/checkouts/XCTestExtensions/Sources/XCTestExtensions/XCTestCase+Resources.swift (in target 'XCTestExtensions' from project 'XCTestExtensions')
SwiftCompile normal arm64_32 /Users/admin/builder/spi-builder-workspace/.dependencies/checkouts/XCTestExtensions/Sources/XCTestExtensions/XCTestCase+Resources.swift (in target 'XCTestExtensions' from project 'XCTestExtensions')
cd /Users/admin/builder/spi-builder-workspace/.swiftpm/xcode
builtin-SwiftPerFileCompile XCTestCase+Resources.swift
SwiftCompile normal arm64_32 Compiling\ XCTAssertEqual+Data.swift,\ XCTAssertEqual+Result.swift /Users/admin/builder/spi-builder-workspace/.dependencies/checkouts/XCTestExtensions/Sources/XCTestExtensions/XCTAssertEqual+Data.swift /Users/admin/builder/spi-builder-workspace/.dependencies/checkouts/XCTestExtensions/Sources/XCTestExtensions/XCTAssertEqual+Result.swift (in target 'XCTestExtensions' from project 'XCTestExtensions')
SwiftCompile normal arm64_32 /Users/admin/builder/spi-builder-workspace/.dependencies/checkouts/XCTestExtensions/Sources/XCTestExtensions/XCTAssertEqual+Data.swift (in target 'XCTestExtensions' from project 'XCTestExtensions')
cd /Users/admin/builder/spi-builder-workspace/.swiftpm/xcode
builtin-SwiftPerFileCompile XCTAssertEqual+Data.swift
SwiftCompile normal arm64_32 /Users/admin/builder/spi-builder-workspace/.dependencies/checkouts/XCTestExtensions/Sources/XCTestExtensions/XCTAssertEqual+Result.swift (in target 'XCTestExtensions' from project 'XCTestExtensions')
cd /Users/admin/builder/spi-builder-workspace/.swiftpm/xcode
builtin-SwiftPerFileCompile XCTAssertEqual+Result.swift
SwiftCompile normal arm64_32 Compiling\ XCUIApplication+UITesting.swift /Users/admin/builder/spi-builder-workspace/.dependencies/checkouts/XCTestExtensions/Sources/XCTestExtensions/XCUIApplication+UITesting.swift (in target 'XCTestExtensions' from project 'XCTestExtensions')
/Users/admin/builder/spi-builder-workspace/.dependencies/checkouts/XCTestExtensions/Sources/XCTestExtensions/XCUIApplication+UITesting.swift:66:26: error: cannot find 'Host' in scope
64 | deviceName = UIDevice.current.name
65 | #else
66 | deviceName = Host.current().name
| `- error: cannot find 'Host' in scope
67 | #endif
68 | if let deviceName {
Failed frontend command:
/Applications/Xcode-27.0.0-Release.Candidate.app/Contents/Developer/Toolchains/XcodeDefault.xctoolchain/usr/bin/swift-frontend -frontend -c /Users/admin/builder/spi-builder-workspace/.dependencies/checkouts/XCTestExtensions/Sources/XCTestExtensions/XCTAssert+Collections.swift /Users/admin/builder/spi-builder-workspace/.dependencies/checkouts/XCTestExtensions/Sources/XCTestExtensions/XCTAssert+Matching.swift /Users/admin/builder/spi-builder-workspace/.dependencies/checkouts/XCTestExtensions/Sources/XCTestExtensions/XCTAssert+Result.swift /Users/admin/builder/spi-builder-workspace/.dependencies/checkouts/XCTestExtensions/Sources/XCTestExtensions/XCTAssert+Types.swift /Users/admin/builder/spi-builder-workspace/.dependencies/checkouts/XCTestExtensions/Sources/XCTestExtensions/XCTAssertEqual+Data.swift /Users/admin/builder/spi-builder-workspace/.dependencies/checkouts/XCTestExtensions/Sources/XCTestExtensions/XCTAssertEqual+Result.swift /Users/admin/builder/spi-builder-workspace/.dependencies/checkouts/XCTestExtensions/Sources/XCTestExtensions/XCTAssertEqual+String.swift /Users/admin/builder/spi-builder-workspace/.dependencies/checkouts/XCTestExtensions/Sources/XCTestExtensions/XCTestCase+Combine.swift /Users/admin/builder/spi-builder-workspace/.dependencies/checkouts/XCTestExtensions/Sources/XCTestExtensions/XCTestCase+JSON.swift /Users/admin/builder/spi-builder-workspace/.dependencies/checkouts/XCTestExtensions/Sources/XCTestExtensions/XCTestCase+Resources.swift /Users/admin/builder/spi-builder-workspace/.dependencies/checkouts/XCTestExtensions/Sources/XCTestExtensions/XCTestCase+WaitForAsync.swift /Users/admin/builder/spi-builder-workspace/.dependencies/checkouts/XCTestExtensions/Sources/XCTestExtensions/XCTestMonitor.swift /Users/admin/builder/spi-builder-workspace/.dependencies/checkouts/XCTestExtensions/Sources/XCTestExtensions/XCTestRunner.swift -primary-file /Users/admin/builder/spi-builder-workspace/.dependencies/checkouts/XCTestExtensions/Sources/XCTestExtensions/XCUIApplication+UITesting.swift -emit-dependencies-path /Users/admin/builder/spi-builder-workspace/.derivedData/Build/Intermediates.noindex/XCTestExtensions.build/Debug-watchos/XCTestExtensions-t.build/Objects-normal/arm64_32/XCUIApplication+UITesting.d -emit-const-values-path /Users/admin/builder/spi-builder-workspace/.derivedData/Build/Intermediates.noindex/XCTestExtensions.build/Debug-watchos/XCTestExtensions-t.build/Objects-normal/arm64_32/XCUIApplication+UITesting.swiftconstvalues -emit-reference-dependencies-path /Users/admin/builder/spi-builder-workspace/.derivedData/Build/Intermediates.noindex/XCTestExtensions.build/Debug-watchos/XCTestExtensions-t.build/Objects-normal/arm64_32/XCUIApplication+UITesting.swiftdeps -serialize-diagnostics-path /Users/admin/builder/spi-builder-workspace/.derivedData/Build/Intermediates.noindex/XCTestExtensions.build/Debug-watchos/XCTestExtensions-t.build/Objects-normal/arm64_32/XCUIApplication+UITesting.dia -target arm64_32-apple-watchos9.0 -module-can-import-version Combine 3023 0 -disable-cross-import-overlay-search -load-resolved-plugin /Applications/Xcode-27.0.0-Release.Candidate.app/Contents/Developer/Platforms/WatchOS.platform/Developer/usr/lib/swift/host/plugins/libFoundationMacros.dylib\#/Applications/Xcode-27.0.0-Release.Candidate.app/Contents/Developer/Platforms/WatchOS.platform/Developer/usr/bin/swift-plugin-server\#FoundationMacros -load-resolved-plugin /Applications/Xcode-27.0.0-Release.Candidate.app/Contents/Developer/Platforms/WatchOS.platform/Developer/usr/lib/swift/host/plugins/libObservationMacros.dylib\#/Applications/Xcode-27.0.0-Release.Candidate.app/Contents/Developer/Platforms/WatchOS.platform/Developer/usr/bin/swift-plugin-server\#ObservationMacros -load-resolved-plugin /Applications/Xcode-27.0.0-Release.Candidate.app/Contents/Developer/Platforms/WatchOS.platform/Developer/usr/lib/swift/host/plugins/libSwiftMacros.dylib\#/Applications/Xcode-27.0.0-Release.Candidate.app/Contents/Developer/Platforms/WatchOS.platform/Developer/usr/bin/swift-plugin-server\#SwiftMacros -load-resolved-plugin /Applications/Xcode-27.0.0-Release.Candidate.app/Contents/Developer/Platforms/WatchOS.platform/Developer/usr/lib/swift/host/plugins/libSwiftUIMacros.dylib\#/Applications/Xcode-27.0.0-Release.Candidate.app/Contents/Developer/Platforms/WatchOS.platform/Developer/usr/bin/swift-plugin-server\#SwiftUIMacros -disable-implicit-swift-modules -Xcc -fno-implicit-modules -Xcc -fno-implicit-module-maps -explicit-swift-module-map-file /Users/admin/builder/spi-builder-workspace/.derivedData/Build/Intermediates.noindex/XCTestExtensions.build/Debug-watchos/XCTestExtensions-t.build/Objects-normal/arm64_32/XCTestExtensions-dependencies-1.json -enable-objc-interop -sdk /Applications/Xcode-27.0.0-Release.Candidate.app/Contents/Developer/Platforms/WatchOS.platform/Developer/SDKs/WatchOS27.0.sdk -I /Users/admin/builder/spi-builder-workspace/.derivedData/Build/Products/Debug-watchos -Isystem /Applications/Xcode-27.0.0-Release.Candidate.app/Contents/Developer/Platforms/WatchOS.platform/Developer/usr/lib -F /Users/admin/builder/spi-builder-workspace/.derivedData/Build/Products/Debug-watchos/PackageFrameworks -F /Users/admin/builder/spi-builder-workspace/.derivedData/Build/Products/Debug-watchos -F /Applications/Xcode-27.0.0-Release.Candidate.app/Contents/Developer/Platforms/WatchOS.platform/Developer/Library/Frameworks -F /Applications/Xcode-27.0.0-Release.Candidate.app/Contents/Developer/Platforms/WatchOS.platform/Developer/SDKs/WatchOS27.0.sdk/Developer/Library/Frameworks -module-cache-path /Users/admin/builder/spi-builder-workspace/.derivedData/Build/Intermediates.noindex/SwiftExplicitPrecompiledModules -no-color-diagnostics -Xcc -fno-color-diagnostics -enable-testing -g -debug-info-format\=dwarf -dwarf-version\=4 -suppress-warnings -swift-version 5 -Onone -D SWIFT_PACKAGE -D DEBUG -D SWIFT_MODULE_RESOURCE_BUNDLE_UNAVAILABLE -D Xcode -serialize-debugging-options -enable-experimental-feature DebugDescriptionMacro -empty-abi-descriptor -validate-clang-modules-once -clang-build-session-file /Users/admin/builder/spi-builder-workspace/.derivedData/ModuleCache.noindex/Session.modulevalidation -Xcc -working-directory -Xcc /Users/admin/builder/spi-builder-workspace/.swiftpm/xcode -enable-anonymous-context-mangled-names -file-compilation-dir /Users/admin/builder/spi-builder-workspace/.swiftpm/xcode -Xcc -D_LIBCPP_HARDENING_MODE\=_LIBCPP_HARDENING_MODE_DEBUG -Xcc -ivfsstatcache -Xcc /Users/admin/builder/spi-builder-workspace/.derivedData/SDKStatCaches.noindex/watchos27.0-24R360-e829b21a6f8c9b70876ba0858053c04477534ef55a1706bf4c1112bbb242f0a2.sdkstatcache -Xcc -fmodules-prune-interval\=86400 -Xcc -fmodules-prune-after\=345600 -Xcc -I/Users/admin/builder/spi-builder-workspace/.derivedData/Build/Products/Debug-watchos/include -Xcc -I/Users/admin/builder/spi-builder-workspace/.derivedData/Build/Intermediates.noindex/XCTestExtensions.build/Debug-watchos/XCTestExtensions-t.build/DerivedSources-normal/arm64_32 -Xcc -I/Users/admin/builder/spi-builder-workspace/.derivedData/Build/Intermediates.noindex/XCTestExtensions.build/Debug-watchos/XCTestExtensions-t.build/DerivedSources/arm64_32 -Xcc -I/Users/admin/builder/spi-builder-workspace/.derivedData/Build/Intermediates.noindex/XCTestExtensions.build/Debug-watchos/XCTestExtensions-t.build/DerivedSources -Xcc -DSWIFT_PACKAGE -Xcc -DDEBUG\=1 -no-auto-bridging-header-chaining -module-name XCTestExtensions -const-gather-protocols-file /Users/admin/builder/spi-builder-workspace/.derivedData/Build/Intermediates.noindex/XCTestExtensions.build/Debug-watchos/XCTestExtensions-t.build/Objects-normal/arm64_32/XCTestExtensions_const_extract_protocols.json -disable-clang-spi -clang-target arm64_32-apple-watchos27.0 -target-sdk-version 27.0 -target-sdk-name watchos27.0 -in-process-plugin-server-path /Applications/Xcode-27.0.0-Release.Candidate.app/Contents/Developer/Toolchains/XcodeDefault.xctoolchain/usr/lib/swift/host/libSwiftInProcPluginServer.dylib -parse-as-library -o /Users/admin/builder/spi-builder-workspace/.derivedData/Build/Intermediates.noindex/XCTestExtensions.build/Debug-watchos/XCTestExtensions-t.build/Objects-normal/arm64_32/XCUIApplication+UITesting.o -debug-module-path /Users/admin/builder/spi-builder-workspace/.derivedData/Build/Intermediates.noindex/XCTestExtensions.build/Debug-watchos/XCTestExtensions-t.build/Objects-normal/arm64_32/XCTestExtensions.swiftmodule -index-unit-output-path /XCTestExtensions.build/Debug-watchos/XCTestExtensions-t.build/Objects-normal/arm64_32/XCUIApplication+UITesting.o -index-store-path /Users/admin/builder/spi-builder-workspace/.derivedData/Index.noindex/DataStore -index-system-modules
SwiftCompile normal arm64_32 /Users/admin/builder/spi-builder-workspace/.dependencies/checkouts/XCTestExtensions/Sources/XCTestExtensions/XCUIApplication+UITesting.swift (in target 'XCTestExtensions' from project 'XCTestExtensions')
cd /Users/admin/builder/spi-builder-workspace/.swiftpm/xcode
builtin-SwiftPerFileCompile XCUIApplication+UITesting.swift
SwiftCompile normal arm64_32 Compiling\ XCTestRunner.swift /Users/admin/builder/spi-builder-workspace/.dependencies/checkouts/XCTestExtensions/Sources/XCTestExtensions/XCTestRunner.swift (in target 'XCTestExtensions' from project 'XCTestExtensions')
SwiftCompile normal arm64_32 /Users/admin/builder/spi-builder-workspace/.dependencies/checkouts/XCTestExtensions/Sources/XCTestExtensions/XCTestRunner.swift (in target 'XCTestExtensions' from project 'XCTestExtensions')
cd /Users/admin/builder/spi-builder-workspace/.swiftpm/xcode
builtin-SwiftPerFileCompile XCTestRunner.swift
SwiftCompile normal arm64_32 Compiling\ XCTestCase+WaitForAsync.swift /Users/admin/builder/spi-builder-workspace/.dependencies/checkouts/XCTestExtensions/Sources/XCTestExtensions/XCTestCase+WaitForAsync.swift (in target 'XCTestExtensions' from project 'XCTestExtensions')
SwiftCompile normal arm64_32 /Users/admin/builder/spi-builder-workspace/.dependencies/checkouts/XCTestExtensions/Sources/XCTestExtensions/XCTestCase+WaitForAsync.swift (in target 'XCTestExtensions' from project 'XCTestExtensions')
cd /Users/admin/builder/spi-builder-workspace/.swiftpm/xcode
builtin-SwiftPerFileCompile XCTestCase+WaitForAsync.swift
SwiftEmitModule normal arm64 Emitting\ module\ for\ XCTestExtensions (in target 'XCTestExtensions' from project 'XCTestExtensions')
SwiftCompile normal arm64 (in target 'XCTestExtensions' from project 'XCTestExtensions')
cd /Users/admin/builder/spi-builder-workspace/.swiftpm/xcode
SwiftDriverJobDiscovery normal arm64_32 Compiling XCTestRunner.swift (in target 'XCTestExtensions' from project 'XCTestExtensions')
SwiftCompile normal arm64 Compiling\ XCTestCase+JSON.swift /Users/admin/builder/spi-builder-workspace/.dependencies/checkouts/XCTestExtensions/Sources/XCTestExtensions/XCTestCase+JSON.swift (in target 'XCTestExtensions' from project 'XCTestExtensions')
SwiftCompile normal arm64 /Users/admin/builder/spi-builder-workspace/.dependencies/checkouts/XCTestExtensions/Sources/XCTestExtensions/XCTestCase+JSON.swift (in target 'XCTestExtensions' from project 'XCTestExtensions')
cd /Users/admin/builder/spi-builder-workspace/.swiftpm/xcode
builtin-SwiftPerFileCompile XCTestCase+JSON.swift
SwiftDriverJobDiscovery normal arm64_32 Compiling XCTestCase+WaitForAsync.swift (in target 'XCTestExtensions' from project 'XCTestExtensions')
SwiftCompile normal arm64 Compiling\ XCTAssert+Result.swift /Users/admin/builder/spi-builder-workspace/.dependencies/checkouts/XCTestExtensions/Sources/XCTestExtensions/XCTAssert+Result.swift (in target 'XCTestExtensions' from project 'XCTestExtensions')
SwiftCompile normal arm64 /Users/admin/builder/spi-builder-workspace/.dependencies/checkouts/XCTestExtensions/Sources/XCTestExtensions/XCTAssert+Result.swift (in target 'XCTestExtensions' from project 'XCTestExtensions')
cd /Users/admin/builder/spi-builder-workspace/.swiftpm/xcode
builtin-SwiftPerFileCompile XCTAssert+Result.swift
SwiftDriverJobDiscovery normal arm64_32 Compiling XCTAssertEqual+String.swift (in target 'XCTestExtensions' from project 'XCTestExtensions')
SwiftCompile normal arm64_32 Compiling\ XCTAssert+Collections.swift /Users/admin/builder/spi-builder-workspace/.dependencies/checkouts/XCTestExtensions/Sources/XCTestExtensions/XCTAssert+Collections.swift (in target 'XCTestExtensions' from project 'XCTestExtensions')
SwiftCompile normal arm64_32 /Users/admin/builder/spi-builder-workspace/.dependencies/checkouts/XCTestExtensions/Sources/XCTestExtensions/XCTAssert+Collections.swift (in target 'XCTestExtensions' from project 'XCTestExtensions')
cd /Users/admin/builder/spi-builder-workspace/.swiftpm/xcode
builtin-SwiftPerFileCompile XCTAssert+Collections.swift
SwiftDriverJobDiscovery normal arm64_32 Compiling XCTestCase+Combine.swift (in target 'XCTestExtensions' from project 'XCTestExtensions')
SwiftCompile normal arm64 Compiling\ XCUIApplication+UITesting.swift /Users/admin/builder/spi-builder-workspace/.dependencies/checkouts/XCTestExtensions/Sources/XCTestExtensions/XCUIApplication+UITesting.swift (in target 'XCTestExtensions' from project 'XCTestExtensions')
SwiftCompile normal arm64 /Users/admin/builder/spi-builder-workspace/.dependencies/checkouts/XCTestExtensions/Sources/XCTestExtensions/XCUIApplication+UITesting.swift (in target 'XCTestExtensions' from project 'XCTestExtensions')
cd /Users/admin/builder/spi-builder-workspace/.swiftpm/xcode
builtin-SwiftPerFileCompile XCUIApplication+UITesting.swift
SwiftCompile normal arm64 Compiling\ XCTAssert+Types.swift /Users/admin/builder/spi-builder-workspace/.dependencies/checkouts/XCTestExtensions/Sources/XCTestExtensions/XCTAssert+Types.swift (in target 'XCTestExtensions' from project 'XCTestExtensions')
SwiftCompile normal arm64 /Users/admin/builder/spi-builder-workspace/.dependencies/checkouts/XCTestExtensions/Sources/XCTestExtensions/XCTAssert+Types.swift (in target 'XCTestExtensions' from project 'XCTestExtensions')
cd /Users/admin/builder/spi-builder-workspace/.swiftpm/xcode
builtin-SwiftPerFileCompile XCTAssert+Types.swift
PruneExplicitPrecompiledModules /Users/admin/builder/spi-builder-workspace/.derivedData/Build/Intermediates.noindex/SwiftExplicitPrecompiledModules
PruneExplicitPrecompiledModules /Users/admin/builder/spi-builder-workspace/.derivedData/SDKExplicitPrecompiledModules
PruneExplicitPrecompiledModules /Users/admin/builder/spi-builder-workspace/.derivedData/Build/Intermediates.noindex/ExplicitPrecompiledModules
2026-09-18 08:28:45.796 xcodebuild[930:5541] [MT] IDERunDestination: Supported platforms for the buildables in the current scheme is empty.
2026-09-18 08:28:45.896 xcodebuild[930:5541] [MT] IDERunDestination: Supported platforms for the buildables in the current scheme is empty.
** BUILD FAILED **
The following build commands failed:
SwiftCompile normal arm64_32 Compiling\ XCUIApplication+UITesting.swift /Users/admin/builder/spi-builder-workspace/.dependencies/checkouts/XCTestExtensions/Sources/XCTestExtensions/XCUIApplication+UITesting.swift (in target 'XCTestExtensions' from project 'XCTestExtensions')
SwiftCompile normal arm64_32 /Users/admin/builder/spi-builder-workspace/.dependencies/checkouts/XCTestExtensions/Sources/XCTestExtensions/XCUIApplication+UITesting.swift (in target 'XCTestExtensions' from project 'XCTestExtensions')
Building workspace UserDefaultsExtensions with scheme UserDefaultsExtensions
(3 failures)
BUILD FAILURE 6.4 watchOS