The Swift Package Index logo.Swift Package Index

Build Information

Failed to build typed-notifications, reference main (c2c619), with Swift 6.4 for Linux on 22 Sep 2026 04:04:53 UTC.

Build Command

bash -c docker run --pull=always --rm -v "checkouts-54344843-0":/host -w "$PWD" -e JAVA_HOME="/root/.sdkman/candidates/java/current" -e SPI_BUILD="1" -e SPI_PROCESSING="1" registry.gitlab.com/saguaro1/spi-images:basic-6.4-latest swift build --triple x86_64-unknown-linux-gnu 2>&1

Build Log

========================================
RunAll
========================================
Builder version: 5.1.0
Interrupt handler set up.
========================================
Checkout
========================================
Clone URL: https://github.com/mtj0928/typed-notifications.git
Reference: main
Initialized empty Git repository in /host/spi-builder-workspace/.git/
hint: Using 'master' as the name for the initial branch. This default branch name
hint: is subject to change. To configure the initial branch name to use in all
hint: of your new repositories, which will suppress this warning, call:
hint:
hint: 	git config --global init.defaultBranch <name>
hint:
hint: Names commonly chosen instead of 'master' are 'main', 'trunk' and
hint: 'development'. The just-created branch can be renamed via this command:
hint:
hint: 	git branch -m <name>
From https://github.com/mtj0928/typed-notifications
 * branch            main       -> FETCH_HEAD
 * [new branch]      main       -> origin/main
HEAD is now at c2c619f Merge pull request #10 from mtj0928/refine-interface
Cloned https://github.com/mtj0928/typed-notifications.git
Revision (git rev-parse @):
c2c619fcc664786a2df15af02822cf4c68eef4dd
SUCCESS checkout https://github.com/mtj0928/typed-notifications.git at main
========================================
Build
========================================
Selected platform:         linux
Swift version:             6.4
Building package at path:  $PWD
https://github.com/mtj0928/typed-notifications.git
Running build ...
bash -c docker run --pull=always --rm -v "checkouts-54344843-0":/host -w "$PWD" -e JAVA_HOME="/root/.sdkman/candidates/java/current" -e SPI_BUILD="1" -e SPI_PROCESSING="1" registry.gitlab.com/saguaro1/spi-images:basic-6.4-latest swift build --triple x86_64-unknown-linux-gnu 2>&1
basic-6.4-latest: Pulling from saguaro1/spi-images
Digest: sha256:c77fcce225e223ac0fafed844619173fc6de8d62dd560eeb28db3182af6a282b
Status: Image is up to date for registry.gitlab.com/saguaro1/spi-images:basic-6.4-latest
Fetching https://github.com/apple/swift-docc-plugin
Fetching https://github.com/mtj0928/userinfo-representable
Fetching https://github.com/apple/swift-syntax
[1/75] Fetching userinfo-representable
Fetched https://github.com/mtj0928/userinfo-representable (0.43s)
[1/2345] Fetching swift-docc-plugin
Fetched https://github.com/apple/swift-docc-plugin (0.53s)
[1/79999] Fetching swift-syntax
Fetched https://github.com/apple/swift-syntax (3.49s)
Computing version for https://github.com/mtj0928/userinfo-representable
Computed https://github.com/mtj0928/userinfo-representable at 1.1.1 (3.65s)
Computing version for https://github.com/apple/swift-syntax
Computed https://github.com/apple/swift-syntax at 600.0.1 (1.16s)
Computing version for https://github.com/apple/swift-docc-plugin
Computed https://github.com/apple/swift-docc-plugin at 1.5.0 (0.20s)
Fetching https://github.com/swiftlang/swift-docc-symbolkit
[1/3828] Fetching swift-docc-symbolkit
Fetched https://github.com/swiftlang/swift-docc-symbolkit (0.51s)
Computing version for https://github.com/swiftlang/swift-docc-symbolkit
Computed https://github.com/swiftlang/swift-docc-symbolkit at 1.0.0 (0.74s)
Creating working copy for https://github.com/apple/swift-syntax
Working copy of https://github.com/apple/swift-syntax resolved at 600.0.1
Creating working copy for https://github.com/apple/swift-docc-plugin
Working copy of https://github.com/apple/swift-docc-plugin resolved at 1.5.0
Creating working copy for https://github.com/swiftlang/swift-docc-symbolkit
Working copy of https://github.com/swiftlang/swift-docc-symbolkit resolved at 1.0.0
Creating working copy for https://github.com/mtj0928/userinfo-representable
Working copy of https://github.com/mtj0928/userinfo-representable resolved at 1.1.1
Building for debugging...
[Computing dependencies]
[Pre-planning 1 / 592]
[Planning deferred tasks]
[25 / 241] SwiftSyntaxMacros
[136 / 250] SwiftSyntax509
[143 / 260] SwiftSyntax
[145 / 262] SwiftSyntax600
[150 / 263] SwiftSyntax509
[155 / 263]
[155 / 263] SwiftSyntax
[163 / 266] SwiftBasicFormat
[168 / 290] SwiftParser
[168 / 290] SwiftBasicFormat
[170 / 290] SwiftBasicFormat
[177 / 290] SwiftBasicFormat
[182 / 290] SwiftParser
[185 / 290] SwiftParser
[190 / 290] SwiftParser
[192 / 290] SwiftDiagnostics
[193 / 290] SwiftDiagnostics
[194 / 290] SwiftDiagnostics
[195 / 290] SwiftDiagnostics
[196 / 290] SwiftDiagnostics
[197 / 290] SwiftOperators
[199 / 290] SwiftDiagnostics
[199 / 290] SwiftBasicFormat
[200 / 290] SwiftParserDiagnostics
[202 / 290]
[206 / 310] SwiftOperators
[208 / 311] SwiftParserDiagnostics
[209 / 312] SwiftParserDiagnostics
[210 / 313] SwiftParserDiagnostics
[213 / 313] SwiftParserDiagnostics
[218 / 313] SwiftOperators
[223 / 313] SwiftParserDiagnostics
[224 / 313] SwiftSyntaxBuilder
[227 / 313] SwiftParser
[229 / 313] SwiftOperators
[230 / 313] SwiftOperators
[231 / 313] SwiftOperators
[232 / 313] SwiftOperators
[234 / 313] SwiftOperators
[239 / 314] SwiftSyntaxBuilder
[242 / 323] SwiftSyntaxBuilder
[243 / 323] SwiftSyntaxBuilder
[244 / 324] SwiftSyntaxBuilder
[245 / 324] SwiftSyntaxBuilder
[246 / 324] SwiftSyntaxBuilder
[249 / 324] SwiftSyntaxBuilder
[253 / 325] SwiftSyntaxBuilder
[255 / 325] SwiftSyntaxMacros
[261 / 335] SwiftSyntaxMacros
[263 / 335] SwiftSyntaxMacros
[264 / 335] SwiftSyntaxMacros
[272 / 335] SwiftSyntaxMacros
[276 / 345] SwiftSyntaxMacroExpansion
[277 / 345] SwiftSyntaxMacroExpansion
[279 / 347] SwiftSyntaxMacros
[280 / 347] SwiftSyntaxMacros
[281 / 347] SwiftSyntaxMacros
[286 / 347] SwiftSyntaxMacroExpansion
[294 / 357] SwiftCompilerPluginMessageHandling
[295 / 357] SwiftCompilerPluginMessageHandling
[296 / 357] SwiftCompilerPluginMessageHandling
[297 / 357] SwiftCompilerPluginMessageHandling
[298 / 357] SwiftCompilerPluginMessageHandling
[300 / 357] SwiftCompilerPluginMessageHandling
[306 / 358] SwiftCompilerPluginMessageHandling
[311 / 361] SwiftCompilerPlugin
[316 / 361] SwiftCompilerPlugin
[316 / 362] SwiftCompilerPlugin
[318 / 362] SwiftCompilerPluginMessageHandling
[318 / 362] SwiftSyntax
[318 / 362] SwiftCompilerPluginMessageHandling
[320 / 363] SwiftSyntax
[323 / 364] SwiftSyntax
[329 / 364] SwiftSyntaxBuilder
[343 / 366] TypedNotificationsMacro
[351 / 374] TypedNotificationsMacro
[356 / 375] TypedNotificationsMacro
[361 / 376] TypedNotificationsMacro
[367 / 382] UserInfoRepresentable
error: SwiftCompile normal x86_64 /host/spi-builder-workspace/Sources/TypedNotifications/TypedNotificationCenter+Combine.swift failed with a nonzero exit code. Command line:     cd /host
    builtin-SwiftPerFileCompile TypedNotificationCenter+Combine.swift
/host/spi-builder-workspace/Sources/TypedNotifications/CoreData/NSManagedObjectContext.swift:1:8: error: no such module 'CoreData'
 1 | import CoreData
   |        `- error: no such module 'CoreData'
 2 | import UserInfoRepresentable
 3 |
Failed frontend command:
/usr/bin/swift-frontend -frontend -c /host/spi-builder-workspace/Sources/TypedNotifications/CoreData/NSManagedObjectContext.swift /host/spi-builder-workspace/Sources/TypedNotifications/NotificagtionMacro.swift /host/spi-builder-workspace/Sources/TypedNotifications/NotificationCenter+Extensions.swift /host/spi-builder-workspace/Sources/TypedNotifications/TypedNotification.swift -primary-file /host/spi-builder-workspace/Sources/TypedNotifications/TypedNotificationCenter+Combine.swift /host/spi-builder-workspace/Sources/TypedNotifications/TypedNotificationCenter.swift /host/spi-builder-workspace/Sources/TypedNotifications/TypedNotificationDefinition.swift /host/spi-builder-workspace/Sources/TypedNotifications/UIKit/UIApplication.swift /host/spi-builder-workspace/Sources/TypedNotifications/UIKit/UIResponder.swift /host/spi-builder-workspace/Sources/TypedNotifications/UIKit/UIScene.swift -emit-dependencies-path /host/spi-builder-workspace/.build/out/Intermediates.noindex/typed-notifications.build/Debug-linux-x86_64/TypedNotifications-t.build/Objects-normal/x86_64/TypedNotificationCenter+Combine.d -emit-const-values-path /host/spi-builder-workspace/.build/out/Intermediates.noindex/typed-notifications.build/Debug-linux-x86_64/TypedNotifications-t.build/Objects-normal/x86_64/TypedNotificationCenter+Combine.swiftconstvalues -emit-reference-dependencies-path /host/spi-builder-workspace/.build/out/Intermediates.noindex/typed-notifications.build/Debug-linux-x86_64/TypedNotifications-t.build/Objects-normal/x86_64/TypedNotificationCenter+Combine.swiftdeps -serialize-diagnostics-path /host/spi-builder-workspace/.build/out/Intermediates.noindex/typed-notifications.build/Debug-linux-x86_64/TypedNotifications-t.build/Objects-normal/x86_64/TypedNotificationCenter+Combine.dia -target x86_64-unknown-linux-gnu -disable-objc-interop -I /host/spi-builder-workspace/.build/out/Products/Debug-linux-x86_64 -module-cache-path /host/spi-builder-workspace/.build/out/ModuleCache.noindex -color-diagnostics -Xcc -fcolor-diagnostics -enable-testing -g -debug-info-format\=dwarf -dwarf-version\=4 -swift-version 6 -Onone -D SWIFT_PACKAGE -D DEBUG -D SWIFT_MODULE_RESOURCE_BUNDLE_UNAVAILABLE -D Xcode -serialize-debugging-options -load-plugin-executable /host/spi-builder-workspace/.build/out/Products/Debug-linux-x86_64/TypedNotificationsMacro\#TypedNotificationsMacro -load-plugin-executable /host/spi-builder-workspace/.build/out/Products/Debug-linux-x86_64/UserInfoRepresentableMacro\#UserInfoRepresentableMacro -enable-experimental-feature DebugDescriptionMacro -empty-abi-descriptor -external-plugin-path /usr/lib/swift/host/plugins/testing\#/usr/bin/swift-plugin-server -validate-clang-modules-once -clang-build-session-file /host/spi-builder-workspace/.build/out/ModuleCache.noindex/Session.modulevalidation -Xcc -working-directory -Xcc /host -enable-anonymous-context-mangled-names -file-compilation-dir /host -Xcc -fno-omit-frame-pointer -Xcc -D_LIBCPP_HARDENING_MODE\=_LIBCPP_HARDENING_MODE_DEBUG -Xcc -fmodules-prune-interval\=86400 -Xcc -fmodules-prune-after\=345600 -Xcc -I/host/spi-builder-workspace/.build/out/Products/Debug-linux-x86_64/include -Xcc -I/host/spi-builder-workspace/.build/out/Intermediates.noindex/typed-notifications.build/Debug-linux-x86_64/TypedNotifications-t.build/DerivedSources-normal/x86_64 -Xcc -I/host/spi-builder-workspace/.build/out/Intermediates.noindex/typed-notifications.build/Debug-linux-x86_64/TypedNotifications-t.build/DerivedSources/x86_64 -Xcc -I/host/spi-builder-workspace/.build/out/Intermediates.noindex/typed-notifications.build/Debug-linux-x86_64/TypedNotifications-t.build/DerivedSources -Xcc -DSWIFT_PACKAGE -Xcc -DDEBUG\=1 -no-auto-bridging-header-chaining -module-name TypedNotifications -package-name spi_builder_workspace -const-gather-protocols-file /host/spi-builder-workspace/.build/out/Intermediates.noindex/typed-notifications.build/Debug-linux-x86_64/TypedNotifications-t.build/Objects-normal/x86_64/TypedNotifications_const_extract_protocols.json -in-process-plugin-server-path /usr/lib/swift/host/libSwiftInProcPluginServer.so -plugin-path /usr/lib/swift/host/plugins -plugin-path /usr/local/lib/swift/host/plugins -parse-as-library -o /host/spi-builder-workspace/.build/out/Intermediates.noindex/typed-notifications.build/Debug-linux-x86_64/TypedNotifications-t.build/Objects-normal/x86_64/TypedNotificationCenter+Combine.o -index-unit-output-path /typed-notifications.build/Debug-linux-x86_64/TypedNotifications-t.build/Objects-normal/x86_64/TypedNotificationCenter+Combine.o -index-store-path /host/spi-builder-workspace/.build/out -index-system-modules
error: SwiftCompile normal x86_64 /host/spi-builder-workspace/Sources/TypedNotifications/UIKit/UIResponder.swift failed with a nonzero exit code. Command line:     cd /host
    builtin-SwiftPerFileCompile UIResponder.swift
/host/spi-builder-workspace/Sources/TypedNotifications/CoreData/NSManagedObjectContext.swift:1:8: error: no such module 'CoreData'
 1 | import CoreData
   |        `- error: no such module 'CoreData'
 2 | import UserInfoRepresentable
 3 |
Failed frontend command:
/usr/bin/swift-frontend -frontend -c /host/spi-builder-workspace/Sources/TypedNotifications/CoreData/NSManagedObjectContext.swift /host/spi-builder-workspace/Sources/TypedNotifications/NotificagtionMacro.swift /host/spi-builder-workspace/Sources/TypedNotifications/NotificationCenter+Extensions.swift /host/spi-builder-workspace/Sources/TypedNotifications/TypedNotification.swift /host/spi-builder-workspace/Sources/TypedNotifications/TypedNotificationCenter+Combine.swift /host/spi-builder-workspace/Sources/TypedNotifications/TypedNotificationCenter.swift /host/spi-builder-workspace/Sources/TypedNotifications/TypedNotificationDefinition.swift /host/spi-builder-workspace/Sources/TypedNotifications/UIKit/UIApplication.swift -primary-file /host/spi-builder-workspace/Sources/TypedNotifications/UIKit/UIResponder.swift /host/spi-builder-workspace/Sources/TypedNotifications/UIKit/UIScene.swift -emit-dependencies-path /host/spi-builder-workspace/.build/out/Intermediates.noindex/typed-notifications.build/Debug-linux-x86_64/TypedNotifications-t.build/Objects-normal/x86_64/UIResponder.d -emit-const-values-path /host/spi-builder-workspace/.build/out/Intermediates.noindex/typed-notifications.build/Debug-linux-x86_64/TypedNotifications-t.build/Objects-normal/x86_64/UIResponder.swiftconstvalues -emit-reference-dependencies-path /host/spi-builder-workspace/.build/out/Intermediates.noindex/typed-notifications.build/Debug-linux-x86_64/TypedNotifications-t.build/Objects-normal/x86_64/UIResponder.swiftdeps -serialize-diagnostics-path /host/spi-builder-workspace/.build/out/Intermediates.noindex/typed-notifications.build/Debug-linux-x86_64/TypedNotifications-t.build/Objects-normal/x86_64/UIResponder.dia -target x86_64-unknown-linux-gnu -disable-objc-interop -I /host/spi-builder-workspace/.build/out/Products/Debug-linux-x86_64 -module-cache-path /host/spi-builder-workspace/.build/out/ModuleCache.noindex -color-diagnostics -Xcc -fcolor-diagnostics -enable-testing -g -debug-info-format\=dwarf -dwarf-version\=4 -swift-version 6 -Onone -D SWIFT_PACKAGE -D DEBUG -D SWIFT_MODULE_RESOURCE_BUNDLE_UNAVAILABLE -D Xcode -serialize-debugging-options -load-plugin-executable /host/spi-builder-workspace/.build/out/Products/Debug-linux-x86_64/TypedNotificationsMacro\#TypedNotificationsMacro -load-plugin-executable /host/spi-builder-workspace/.build/out/Products/Debug-linux-x86_64/UserInfoRepresentableMacro\#UserInfoRepresentableMacro -enable-experimental-feature DebugDescriptionMacro -empty-abi-descriptor -external-plugin-path /usr/lib/swift/host/plugins/testing\#/usr/bin/swift-plugin-server -validate-clang-modules-once -clang-build-session-file /host/spi-builder-workspace/.build/out/ModuleCache.noindex/Session.modulevalidation -Xcc -working-directory -Xcc /host -enable-anonymous-context-mangled-names -file-compilation-dir /host -Xcc -fno-omit-frame-pointer -Xcc -D_LIBCPP_HARDENING_MODE\=_LIBCPP_HARDENING_MODE_DEBUG -Xcc -fmodules-prune-interval\=86400 -Xcc -fmodules-prune-after\=345600 -Xcc -I/host/spi-builder-workspace/.build/out/Products/Debug-linux-x86_64/include -Xcc -I/host/spi-builder-workspace/.build/out/Intermediates.noindex/typed-notifications.build/Debug-linux-x86_64/TypedNotifications-t.build/DerivedSources-normal/x86_64 -Xcc -I/host/spi-builder-workspace/.build/out/Intermediates.noindex/typed-notifications.build/Debug-linux-x86_64/TypedNotifications-t.build/DerivedSources/x86_64 -Xcc -I/host/spi-builder-workspace/.build/out/Intermediates.noindex/typed-notifications.build/Debug-linux-x86_64/TypedNotifications-t.build/DerivedSources -Xcc -DSWIFT_PACKAGE -Xcc -DDEBUG\=1 -no-auto-bridging-header-chaining -module-name TypedNotifications -package-name spi_builder_workspace -const-gather-protocols-file /host/spi-builder-workspace/.build/out/Intermediates.noindex/typed-notifications.build/Debug-linux-x86_64/TypedNotifications-t.build/Objects-normal/x86_64/TypedNotifications_const_extract_protocols.json -in-process-plugin-server-path /usr/lib/swift/host/libSwiftInProcPluginServer.so -plugin-path /usr/lib/swift/host/plugins -plugin-path /usr/local/lib/swift/host/plugins -parse-as-library -o /host/spi-builder-workspace/.build/out/Intermediates.noindex/typed-notifications.build/Debug-linux-x86_64/TypedNotifications-t.build/Objects-normal/x86_64/UIResponder.o -index-unit-output-path /typed-notifications.build/Debug-linux-x86_64/TypedNotifications-t.build/Objects-normal/x86_64/UIResponder.o -index-store-path /host/spi-builder-workspace/.build/out -index-system-modules
error: Build failed
BUILD FAILURE 6.4 linux