The Swift Package Index logo.Swift Package Index

Build Information

Failed to build CoffeeCraft, reference 0.2.2 (5b6d2b), with Swift 6.4 for watchOS using Xcode 27.0 on 18 Sep 2026 23:33:18 UTC.

Build Command

env DEVELOPER_DIR=/Applications/Xcode-27.0.0-Release.Candidate.app xcrun xcodebuild -IDEClonedSourcePackagesDirPathOverride=$PWD/.dependencies -skipMacroValidation -skipPackagePluginValidation -derivedDataPath $PWD/.derivedData build -scheme CoffeeCraft-Package -destination generic/platform=watchOS

Build Log

WriteAuxiliaryFile /Users/admin/builder/spi-builder-workspace/.derivedData/Build/Intermediates.noindex/CoffeeCraft.build/Debug-watchos/CoffeeBeans-t.build/Objects-normal/arm64_32/CoffeeBeans.SwiftFileList (in target 'CoffeeBeans' from project 'CoffeeCraft')
    cd /Users/admin/builder/spi-builder-workspace
    write-file /Users/admin/builder/spi-builder-workspace/.derivedData/Build/Intermediates.noindex/CoffeeCraft.build/Debug-watchos/CoffeeBeans-t.build/Objects-normal/arm64_32/CoffeeBeans.SwiftFileList
WriteAuxiliaryFile /Users/admin/builder/spi-builder-workspace/.derivedData/Build/Intermediates.noindex/CoffeeCraft.build/Debug-watchos/CoffeeBeans-t.build/Objects-normal/arm64_32/CoffeeBeans_const_extract_protocols.json (in target 'CoffeeBeans' from project 'CoffeeCraft')
    cd /Users/admin/builder/spi-builder-workspace
    write-file /Users/admin/builder/spi-builder-workspace/.derivedData/Build/Intermediates.noindex/CoffeeCraft.build/Debug-watchos/CoffeeBeans-t.build/Objects-normal/arm64_32/CoffeeBeans_const_extract_protocols.json
WriteAuxiliaryFile /Users/admin/builder/spi-builder-workspace/.derivedData/Build/Intermediates.noindex/CoffeeCraft.build/Debug-watchos/CoffeeBeans-t.build/Objects-normal/arm64_32/CoffeeBeans.SwiftConstValuesFileList (in target 'CoffeeBeans' from project 'CoffeeCraft')
    cd /Users/admin/builder/spi-builder-workspace
    write-file /Users/admin/builder/spi-builder-workspace/.derivedData/Build/Intermediates.noindex/CoffeeCraft.build/Debug-watchos/CoffeeBeans-t.build/Objects-normal/arm64_32/CoffeeBeans.SwiftConstValuesFileList
WriteAuxiliaryFile /Users/admin/builder/spi-builder-workspace/.derivedData/Build/Intermediates.noindex/CoffeeCraft.build/Debug-watchos/CoffeeBeans-t.build/Objects-normal/arm64_32/CoffeeBeans.LinkFileList (in target 'CoffeeBeans' from project 'CoffeeCraft')
    cd /Users/admin/builder/spi-builder-workspace
    write-file /Users/admin/builder/spi-builder-workspace/.derivedData/Build/Intermediates.noindex/CoffeeCraft.build/Debug-watchos/CoffeeBeans-t.build/Objects-normal/arm64_32/CoffeeBeans.LinkFileList
WriteAuxiliaryFile /Users/admin/builder/spi-builder-workspace/.derivedData/Build/Intermediates.noindex/CoffeeCraft.build/Debug-watchos/CoffeeBeans-t.build/Objects-normal/arm64_32/CoffeeBeans-OutputFileMap.json (in target 'CoffeeBeans' from project 'CoffeeCraft')
    cd /Users/admin/builder/spi-builder-workspace
    write-file /Users/admin/builder/spi-builder-workspace/.derivedData/Build/Intermediates.noindex/CoffeeCraft.build/Debug-watchos/CoffeeBeans-t.build/Objects-normal/arm64_32/CoffeeBeans-OutputFileMap.json
WriteAuxiliaryFile /Users/admin/builder/spi-builder-workspace/.derivedData/Build/Intermediates.noindex/CoffeeCraft.build/Debug-watchos/CoffeeBeans-t.build/Objects-normal/arm64/CoffeeBeans.SwiftFileList (in target 'CoffeeBeans' from project 'CoffeeCraft')
    cd /Users/admin/builder/spi-builder-workspace
    write-file /Users/admin/builder/spi-builder-workspace/.derivedData/Build/Intermediates.noindex/CoffeeCraft.build/Debug-watchos/CoffeeBeans-t.build/Objects-normal/arm64/CoffeeBeans.SwiftFileList
WriteAuxiliaryFile /Users/admin/builder/spi-builder-workspace/.derivedData/Build/Intermediates.noindex/CoffeeCraft.build/Debug-watchos/CoffeeBeans-t.build/Objects-normal/arm64/CoffeeBeans.SwiftConstValuesFileList (in target 'CoffeeBeans' from project 'CoffeeCraft')
    cd /Users/admin/builder/spi-builder-workspace
    write-file /Users/admin/builder/spi-builder-workspace/.derivedData/Build/Intermediates.noindex/CoffeeCraft.build/Debug-watchos/CoffeeBeans-t.build/Objects-normal/arm64/CoffeeBeans.SwiftConstValuesFileList
WriteAuxiliaryFile /Users/admin/builder/spi-builder-workspace/.derivedData/Build/Intermediates.noindex/CoffeeCraft.build/Debug-watchos/CoffeeBeans-t.build/Objects-normal/arm64/CoffeeBeans_const_extract_protocols.json (in target 'CoffeeBeans' from project 'CoffeeCraft')
    cd /Users/admin/builder/spi-builder-workspace
    write-file /Users/admin/builder/spi-builder-workspace/.derivedData/Build/Intermediates.noindex/CoffeeCraft.build/Debug-watchos/CoffeeBeans-t.build/Objects-normal/arm64/CoffeeBeans_const_extract_protocols.json
WriteAuxiliaryFile /Users/admin/builder/spi-builder-workspace/.derivedData/Build/Intermediates.noindex/CoffeeCraft.build/Debug-watchos/CoffeeBeans-t.build/Objects-normal/arm64/CoffeeBeans.LinkFileList (in target 'CoffeeBeans' from project 'CoffeeCraft')
    cd /Users/admin/builder/spi-builder-workspace
    write-file /Users/admin/builder/spi-builder-workspace/.derivedData/Build/Intermediates.noindex/CoffeeCraft.build/Debug-watchos/CoffeeBeans-t.build/Objects-normal/arm64/CoffeeBeans.LinkFileList
WriteAuxiliaryFile /Users/admin/builder/spi-builder-workspace/.derivedData/Build/Intermediates.noindex/CoffeeCraft.build/Debug-watchos/CoffeeBeans-t.build/Objects-normal/arm64/CoffeeBeans-OutputFileMap.json (in target 'CoffeeBeans' from project 'CoffeeCraft')
    cd /Users/admin/builder/spi-builder-workspace
    write-file /Users/admin/builder/spi-builder-workspace/.derivedData/Build/Intermediates.noindex/CoffeeCraft.build/Debug-watchos/CoffeeBeans-t.build/Objects-normal/arm64/CoffeeBeans-OutputFileMap.json
WriteAuxiliaryFile /Users/admin/builder/spi-builder-workspace/.derivedData/Build/Intermediates.noindex/CoffeeCraft.build/Debug-watchos/CoffeeBeans-t.build/CoffeeBeans.modulemap (in target 'CoffeeBeans' from project 'CoffeeCraft')
    cd /Users/admin/builder/spi-builder-workspace
    write-file /Users/admin/builder/spi-builder-workspace/.derivedData/Build/Intermediates.noindex/CoffeeCraft.build/Debug-watchos/CoffeeBeans-t.build/CoffeeBeans.modulemap
WriteAuxiliaryFile /Users/admin/builder/spi-builder-workspace/.derivedData/Build/Intermediates.noindex/CoffeeCraft.build/Debug-watchos/CoffeeBeans-t.build/CoffeeBeans.DependencyStaticMetadataFileList (in target 'CoffeeBeans' from project 'CoffeeCraft')
    cd /Users/admin/builder/spi-builder-workspace
    write-file /Users/admin/builder/spi-builder-workspace/.derivedData/Build/Intermediates.noindex/CoffeeCraft.build/Debug-watchos/CoffeeBeans-t.build/CoffeeBeans.DependencyStaticMetadataFileList
WriteAuxiliaryFile /Users/admin/builder/spi-builder-workspace/.derivedData/Build/Intermediates.noindex/CoffeeCraft.build/Debug-watchos/CoffeeBeans-t.build/CoffeeBeans.DependencyMetadataFileList (in target 'CoffeeBeans' from project 'CoffeeCraft')
    cd /Users/admin/builder/spi-builder-workspace
    write-file /Users/admin/builder/spi-builder-workspace/.derivedData/Build/Intermediates.noindex/CoffeeCraft.build/Debug-watchos/CoffeeBeans-t.build/CoffeeBeans.DependencyMetadataFileList
MkDir /Users/admin/builder/spi-builder-workspace/.derivedData/Build/Products/Debug-watchos/CoffeeCraft_CoffeeUI.bundle (in target 'CoffeeCraft_CoffeeUI' from project 'CoffeeCraft')
    cd /Users/admin/builder/spi-builder-workspace
    /bin/mkdir -p /Users/admin/builder/spi-builder-workspace/.derivedData/Build/Products/Debug-watchos/CoffeeCraft_CoffeeUI.bundle
Copy /Users/admin/builder/spi-builder-workspace/.derivedData/Build/Intermediates.noindex/GeneratedModuleMaps-watchos/CoffeeBeans.modulemap /Users/admin/builder/spi-builder-workspace/.derivedData/Build/Intermediates.noindex/CoffeeCraft.build/Debug-watchos/CoffeeBeans-t.build/CoffeeBeans.modulemap (in target 'CoffeeBeans' from project 'CoffeeCraft')
    cd /Users/admin/builder/spi-builder-workspace
    builtin-copy -exclude .DS_Store -exclude CVS -exclude .svn -exclude .git -exclude .hg -resolve-src-symlinks /Users/admin/builder/spi-builder-workspace/.derivedData/Build/Intermediates.noindex/CoffeeCraft.build/Debug-watchos/CoffeeBeans-t.build/CoffeeBeans.modulemap /Users/admin/builder/spi-builder-workspace/.derivedData/Build/Intermediates.noindex/GeneratedModuleMaps-watchos
MkDir /Users/admin/builder/spi-builder-workspace/.derivedData/Build/Intermediates.noindex/CoffeeCraft.build/Debug-watchos/CoffeeCraft_CoffeeUI-b.build/assetcatalog_output/thinned (in target 'CoffeeCraft_CoffeeUI' from project 'CoffeeCraft')
    cd /Users/admin/builder/spi-builder-workspace
    /bin/mkdir -p /Users/admin/builder/spi-builder-workspace/.derivedData/Build/Intermediates.noindex/CoffeeCraft.build/Debug-watchos/CoffeeCraft_CoffeeUI-b.build/assetcatalog_output/thinned
MkDir /Users/admin/builder/spi-builder-workspace/.derivedData/Build/Intermediates.noindex/CoffeeCraft.build/Debug-watchos/CoffeeCraft_CoffeeUI-b.build/assetcatalog_output/unthinned (in target 'CoffeeCraft_CoffeeUI' from project 'CoffeeCraft')
    cd /Users/admin/builder/spi-builder-workspace
    /bin/mkdir -p /Users/admin/builder/spi-builder-workspace/.derivedData/Build/Intermediates.noindex/CoffeeCraft.build/Debug-watchos/CoffeeCraft_CoffeeUI-b.build/assetcatalog_output/unthinned
GenerateAssetSymbols /Users/admin/builder/spi-builder-workspace/Sources/CoffeeUI/Assets.xcassets (in target 'CoffeeUI' from project 'CoffeeCraft')
    cd /Users/admin/builder/spi-builder-workspace
    /Applications/Xcode-27.0.0-Release.Candidate.app/Contents/Developer/usr/bin/actool /Users/admin/builder/spi-builder-workspace/Sources/CoffeeUI/Assets.xcassets --compile /Users/admin/builder/spi-builder-workspace/.derivedData/Build/Products/Debug-watchos --output-format human-readable-text --notices --warnings --export-dependency-info /Users/admin/builder/spi-builder-workspace/.derivedData/Build/Intermediates.noindex/CoffeeCraft.build/Debug-watchos/CoffeeUI-t.build/assetcatalog_dependencies --output-partial-info-plist /Users/admin/builder/spi-builder-workspace/.derivedData/Build/Intermediates.noindex/CoffeeCraft.build/Debug-watchos/CoffeeUI-t.build/assetcatalog_generated_info.plist --compress-pngs --enable-on-demand-resources NO --development-region en --target-device watch --minimum-deployment-target 9.0 --platform watchos --bundle-identifier spi-builder-workspace.CoffeeUI --generate-swift-asset-symbol-extensions NO --generate-swift-asset-symbols /Users/admin/builder/spi-builder-workspace/.derivedData/Build/Intermediates.noindex/CoffeeCraft.build/Debug-watchos/CoffeeUI-t.build/DerivedSources/GeneratedAssetSymbols.swift --generate-objc-asset-symbols /Users/admin/builder/spi-builder-workspace/.derivedData/Build/Intermediates.noindex/CoffeeCraft.build/Debug-watchos/CoffeeUI-t.build/DerivedSources/GeneratedAssetSymbols.h --generate-asset-symbol-index /Users/admin/builder/spi-builder-workspace/.derivedData/Build/Intermediates.noindex/CoffeeCraft.build/Debug-watchos/CoffeeUI-t.build/DerivedSources/GeneratedAssetSymbols-Index.plist
/* com.apple.actool.compilation-results */
/Users/admin/builder/spi-builder-workspace/.derivedData/Build/Intermediates.noindex/CoffeeCraft.build/Debug-watchos/CoffeeUI-t.build/DerivedSources/GeneratedAssetSymbols-Index.plist
/Users/admin/builder/spi-builder-workspace/.derivedData/Build/Intermediates.noindex/CoffeeCraft.build/Debug-watchos/CoffeeUI-t.build/DerivedSources/GeneratedAssetSymbols.h
/Users/admin/builder/spi-builder-workspace/.derivedData/Build/Intermediates.noindex/CoffeeCraft.build/Debug-watchos/CoffeeUI-t.build/DerivedSources/GeneratedAssetSymbols.swift
CompileAssetCatalogVariant thinned /Users/admin/builder/spi-builder-workspace/.derivedData/Build/Products/Debug-watchos/CoffeeCraft_CoffeeUI.bundle /Users/admin/builder/spi-builder-workspace/Sources/CoffeeUI/Assets.xcassets (in target 'CoffeeCraft_CoffeeUI' from project 'CoffeeCraft')
    cd /Users/admin/builder/spi-builder-workspace
    /Applications/Xcode-27.0.0-Release.Candidate.app/Contents/Developer/usr/bin/actool /Users/admin/builder/spi-builder-workspace/Sources/CoffeeUI/Assets.xcassets --compile /Users/admin/builder/spi-builder-workspace/.derivedData/Build/Intermediates.noindex/CoffeeCraft.build/Debug-watchos/CoffeeCraft_CoffeeUI-b.build/assetcatalog_output/thinned --output-format human-readable-text --notices --warnings --export-dependency-info /Users/admin/builder/spi-builder-workspace/.derivedData/Build/Intermediates.noindex/CoffeeCraft.build/Debug-watchos/CoffeeCraft_CoffeeUI-b.build/assetcatalog_dependencies_thinned --output-partial-info-plist /Users/admin/builder/spi-builder-workspace/.derivedData/Build/Intermediates.noindex/CoffeeCraft.build/Debug-watchos/CoffeeCraft_CoffeeUI-b.build/assetcatalog_generated_info.plist_thinned --compress-pngs --enable-on-demand-resources NO --development-region en --target-device watch --minimum-deployment-target 9.0 --platform watchos
/* com.apple.actool.compilation-results */
/Users/admin/builder/spi-builder-workspace/.derivedData/Build/Intermediates.noindex/CoffeeCraft.build/Debug-watchos/CoffeeCraft_CoffeeUI-b.build/assetcatalog_generated_info.plist_thinned
/Users/admin/builder/spi-builder-workspace/.derivedData/Build/Intermediates.noindex/CoffeeCraft.build/Debug-watchos/CoffeeCraft_CoffeeUI-b.build/assetcatalog_output/thinned/Assets.car
SwiftDriver CoffeeBeans normal arm64_32 com.apple.xcode.tools.swift.compiler (in target 'CoffeeBeans' from project 'CoffeeCraft')
    cd /Users/admin/builder/spi-builder-workspace/.swiftpm/xcode
    builtin-SwiftDriver -- /Applications/Xcode-27.0.0-Release.Candidate.app/Contents/Developer/Toolchains/XcodeDefault.xctoolchain/usr/bin/swiftc -parse-as-library -module-name CoffeeBeans -Onone @/Users/admin/builder/spi-builder-workspace/.derivedData/Build/Intermediates.noindex/CoffeeCraft.build/Debug-watchos/CoffeeBeans-t.build/Objects-normal/arm64_32/CoffeeBeans.SwiftFileList -DSWIFT_PACKAGE -DDEBUG -DSWIFT_MODULE_RESOURCE_BUNDLE_UNAVAILABLE -DXcode -plugin-path /Applications/Xcode-27.0.0-Release.Candidate.app/Contents/Developer/Toolchains/XcodeDefault.xctoolchain/usr/lib/swift/host/plugins/testing -enable-experimental-feature DebugDescriptionMacro -sdk /Applications/Xcode-27.0.0-Release.Candidate.app/Contents/Developer/Platforms/WatchOS.platform/Developer/SDKs/WatchOS27.0.sdk -target arm64_32-apple-watchos9.0 -g -module-cache-path /Users/admin/builder/spi-builder-workspace/.derivedData/ModuleCache.noindex -Xfrontend -serialize-debugging-options -profile-coverage-mapping -profile-generate -enable-testing -index-store-path /Users/admin/builder/spi-builder-workspace/.derivedData/Index.noindex/DataStore -Xcc -D_LIBCPP_HARDENING_MODE\=_LIBCPP_HARDENING_MODE_DEBUG -swift-version 5 -I /Users/admin/builder/spi-builder-workspace/.derivedData/Build/Products/Debug-watchos -Isystem /Applications/Xcode-27.0.0-Release.Candidate.app/Contents/Developer/Platforms/WatchOS.platform/Developer/usr/lib -F /Users/admin/builder/spi-builder-workspace/.derivedData/Build/Products/Debug-watchos -F /Applications/Xcode-27.0.0-Release.Candidate.app/Contents/Developer/Platforms/WatchOS.platform/Developer/Library/Frameworks -F /Applications/Xcode-27.0.0-Release.Candidate.app/Contents/Developer/Platforms/WatchOS.platform/Developer/SDKs/WatchOS27.0.sdk/Developer/Library/Frameworks -c -j10 -enable-batch-mode -incremental -Xcc -ivfsstatcache -Xcc /Users/admin/builder/spi-builder-workspace/.derivedData/SDKStatCaches.noindex/watchos27.0-24R360-e829b21a6f8c9b70876ba0858053c04477534ef55a1706bf4c1112bbb242f0a2.sdkstatcache -output-file-map /Users/admin/builder/spi-builder-workspace/.derivedData/Build/Intermediates.noindex/CoffeeCraft.build/Debug-watchos/CoffeeBeans-t.build/Objects-normal/arm64_32/CoffeeBeans-OutputFileMap.json -save-temps -no-color-diagnostics -explicit-module-build -module-cache-path /Users/admin/builder/spi-builder-workspace/.derivedData/Build/Intermediates.noindex/SwiftExplicitPrecompiledModules -clang-scanner-module-cache-path /Users/admin/builder/spi-builder-workspace/.derivedData/ModuleCache.noindex -sdk-module-cache-path /Users/admin/builder/spi-builder-workspace/.derivedData/SDKExplicitPrecompiledModules -emit-dependencies -emit-module -emit-module-path /Users/admin/builder/spi-builder-workspace/.derivedData/Build/Intermediates.noindex/CoffeeCraft.build/Debug-watchos/CoffeeBeans-t.build/Objects-normal/arm64_32/CoffeeBeans.swiftmodule -serialize-diagnostics -dependency-scan-serialize-diagnostics-path /Users/admin/builder/spi-builder-workspace/.derivedData/Build/Intermediates.noindex/CoffeeCraft.build/Debug-watchos/CoffeeBeans-t.build/Objects-normal/arm64_32/CoffeeBeans-dependency-scan.dia -validate-clang-modules-once -clang-build-session-file /Users/admin/builder/spi-builder-workspace/.derivedData/ModuleCache.noindex/Session.modulevalidation -Xcc -fmodules-prune-interval\=86400 -Xcc -fmodules-prune-after\=345600 -emit-const-values -const-gather-protocols-list /Users/admin/builder/spi-builder-workspace/.derivedData/Build/Intermediates.noindex/CoffeeCraft.build/Debug-watchos/CoffeeBeans-t.build/Objects-normal/arm64_32/CoffeeBeans_const_extract_protocols.json -Xcc -I/Users/admin/builder/spi-builder-workspace/.derivedData/Build/Products/Debug-watchos/include -Xcc -I/Users/admin/builder/spi-builder-workspace/.derivedData/Build/Intermediates.noindex/CoffeeCraft.build/Debug-watchos/CoffeeBeans-t.build/DerivedSources-normal/arm64_32 -Xcc -I/Users/admin/builder/spi-builder-workspace/.derivedData/Build/Intermediates.noindex/CoffeeCraft.build/Debug-watchos/CoffeeBeans-t.build/DerivedSources/arm64_32 -Xcc -I/Users/admin/builder/spi-builder-workspace/.derivedData/Build/Intermediates.noindex/CoffeeCraft.build/Debug-watchos/CoffeeBeans-t.build/DerivedSources -Xcc -DSWIFT_PACKAGE -Xcc -DDEBUG\=1 -emit-objc-header -emit-objc-header-path /Users/admin/builder/spi-builder-workspace/.derivedData/Build/Intermediates.noindex/CoffeeCraft.build/Debug-watchos/CoffeeBeans-t.build/Objects-normal/arm64_32/CoffeeBeans-Swift.h -working-directory /Users/admin/builder/spi-builder-workspace/.swiftpm/xcode -experimental-emit-module-separately -disable-cmo
SwiftDriver CoffeeUI normal arm64_32 com.apple.xcode.tools.swift.compiler (in target 'CoffeeUI' from project 'CoffeeCraft')
    cd /Users/admin/builder/spi-builder-workspace/.swiftpm/xcode
    builtin-SwiftDriver -- /Applications/Xcode-27.0.0-Release.Candidate.app/Contents/Developer/Toolchains/XcodeDefault.xctoolchain/usr/bin/swiftc -parse-as-library -module-name CoffeeUI -Onone @/Users/admin/builder/spi-builder-workspace/.derivedData/Build/Intermediates.noindex/CoffeeCraft.build/Debug-watchos/CoffeeUI-t.build/Objects-normal/arm64_32/CoffeeUI.SwiftFileList -DSWIFT_PACKAGE -DDEBUG -DSWIFT_MODULE_RESOURCE_BUNDLE_AVAILABLE -DXcode -plugin-path /Applications/Xcode-27.0.0-Release.Candidate.app/Contents/Developer/Toolchains/XcodeDefault.xctoolchain/usr/lib/swift/host/plugins/testing -enable-experimental-feature DebugDescriptionMacro -sdk /Applications/Xcode-27.0.0-Release.Candidate.app/Contents/Developer/Platforms/WatchOS.platform/Developer/SDKs/WatchOS27.0.sdk -target arm64_32-apple-watchos9.0 -g -module-cache-path /Users/admin/builder/spi-builder-workspace/.derivedData/ModuleCache.noindex -Xfrontend -serialize-debugging-options -profile-coverage-mapping -profile-generate -enable-testing -index-store-path /Users/admin/builder/spi-builder-workspace/.derivedData/Index.noindex/DataStore -Xcc -D_LIBCPP_HARDENING_MODE\=_LIBCPP_HARDENING_MODE_DEBUG -swift-version 5 -I /Users/admin/builder/spi-builder-workspace/.derivedData/Build/Products/Debug-watchos -Isystem /Applications/Xcode-27.0.0-Release.Candidate.app/Contents/Developer/Platforms/WatchOS.platform/Developer/usr/lib -F /Users/admin/builder/spi-builder-workspace/.derivedData/Build/Products/Debug-watchos -F /Applications/Xcode-27.0.0-Release.Candidate.app/Contents/Developer/Platforms/WatchOS.platform/Developer/Library/Frameworks -F /Applications/Xcode-27.0.0-Release.Candidate.app/Contents/Developer/Platforms/WatchOS.platform/Developer/SDKs/WatchOS27.0.sdk/Developer/Library/Frameworks -c -j10 -enable-batch-mode -incremental -Xcc -ivfsstatcache -Xcc /Users/admin/builder/spi-builder-workspace/.derivedData/SDKStatCaches.noindex/watchos27.0-24R360-e829b21a6f8c9b70876ba0858053c04477534ef55a1706bf4c1112bbb242f0a2.sdkstatcache -output-file-map /Users/admin/builder/spi-builder-workspace/.derivedData/Build/Intermediates.noindex/CoffeeCraft.build/Debug-watchos/CoffeeUI-t.build/Objects-normal/arm64_32/CoffeeUI-OutputFileMap.json -save-temps -no-color-diagnostics -explicit-module-build -module-cache-path /Users/admin/builder/spi-builder-workspace/.derivedData/Build/Intermediates.noindex/SwiftExplicitPrecompiledModules -clang-scanner-module-cache-path /Users/admin/builder/spi-builder-workspace/.derivedData/ModuleCache.noindex -sdk-module-cache-path /Users/admin/builder/spi-builder-workspace/.derivedData/SDKExplicitPrecompiledModules -emit-dependencies -emit-module -emit-module-path /Users/admin/builder/spi-builder-workspace/.derivedData/Build/Intermediates.noindex/CoffeeCraft.build/Debug-watchos/CoffeeUI-t.build/Objects-normal/arm64_32/CoffeeUI.swiftmodule -serialize-diagnostics -dependency-scan-serialize-diagnostics-path /Users/admin/builder/spi-builder-workspace/.derivedData/Build/Intermediates.noindex/CoffeeCraft.build/Debug-watchos/CoffeeUI-t.build/Objects-normal/arm64_32/CoffeeUI-dependency-scan.dia -validate-clang-modules-once -clang-build-session-file /Users/admin/builder/spi-builder-workspace/.derivedData/ModuleCache.noindex/Session.modulevalidation -Xcc -fmodules-prune-interval\=86400 -Xcc -fmodules-prune-after\=345600 -emit-const-values -const-gather-protocols-list /Users/admin/builder/spi-builder-workspace/.derivedData/Build/Intermediates.noindex/CoffeeCraft.build/Debug-watchos/CoffeeUI-t.build/Objects-normal/arm64_32/CoffeeUI_const_extract_protocols.json -Xcc -I/Users/admin/builder/spi-builder-workspace/.derivedData/Build/Products/Debug-watchos/include -Xcc -I/Users/admin/builder/spi-builder-workspace/.derivedData/Build/Intermediates.noindex/CoffeeCraft.build/Debug-watchos/CoffeeUI-t.build/DerivedSources-normal/arm64_32 -Xcc -I/Users/admin/builder/spi-builder-workspace/.derivedData/Build/Intermediates.noindex/CoffeeCraft.build/Debug-watchos/CoffeeUI-t.build/DerivedSources/arm64_32 -Xcc -I/Users/admin/builder/spi-builder-workspace/.derivedData/Build/Intermediates.noindex/CoffeeCraft.build/Debug-watchos/CoffeeUI-t.build/DerivedSources -Xcc -DSWIFT_PACKAGE -Xcc -DDEBUG\=1 -emit-objc-header -emit-objc-header-path /Users/admin/builder/spi-builder-workspace/.derivedData/Build/Intermediates.noindex/CoffeeCraft.build/Debug-watchos/CoffeeUI-t.build/Objects-normal/arm64_32/CoffeeUI-Swift.h -working-directory /Users/admin/builder/spi-builder-workspace/.swiftpm/xcode -experimental-emit-module-separately -disable-cmo
SwiftDriver CoffeeUI normal arm64 com.apple.xcode.tools.swift.compiler (in target 'CoffeeUI' from project 'CoffeeCraft')
    cd /Users/admin/builder/spi-builder-workspace/.swiftpm/xcode
    builtin-SwiftDriver -- /Applications/Xcode-27.0.0-Release.Candidate.app/Contents/Developer/Toolchains/XcodeDefault.xctoolchain/usr/bin/swiftc -parse-as-library -module-name CoffeeUI -Onone @/Users/admin/builder/spi-builder-workspace/.derivedData/Build/Intermediates.noindex/CoffeeCraft.build/Debug-watchos/CoffeeUI-t.build/Objects-normal/arm64/CoffeeUI.SwiftFileList -DSWIFT_PACKAGE -DDEBUG -DSWIFT_MODULE_RESOURCE_BUNDLE_AVAILABLE -DXcode -plugin-path /Applications/Xcode-27.0.0-Release.Candidate.app/Contents/Developer/Toolchains/XcodeDefault.xctoolchain/usr/lib/swift/host/plugins/testing -enable-experimental-feature DebugDescriptionMacro -sdk /Applications/Xcode-27.0.0-Release.Candidate.app/Contents/Developer/Platforms/WatchOS.platform/Developer/SDKs/WatchOS27.0.sdk -target arm64-apple-watchos9.0 -g -module-cache-path /Users/admin/builder/spi-builder-workspace/.derivedData/ModuleCache.noindex -Xfrontend -serialize-debugging-options -profile-coverage-mapping -profile-generate -enable-testing -index-store-path /Users/admin/builder/spi-builder-workspace/.derivedData/Index.noindex/DataStore -Xcc -D_LIBCPP_HARDENING_MODE\=_LIBCPP_HARDENING_MODE_DEBUG -swift-version 5 -I /Users/admin/builder/spi-builder-workspace/.derivedData/Build/Products/Debug-watchos -Isystem /Applications/Xcode-27.0.0-Release.Candidate.app/Contents/Developer/Platforms/WatchOS.platform/Developer/usr/lib -F /Users/admin/builder/spi-builder-workspace/.derivedData/Build/Products/Debug-watchos -F /Applications/Xcode-27.0.0-Release.Candidate.app/Contents/Developer/Platforms/WatchOS.platform/Developer/Library/Frameworks -F /Applications/Xcode-27.0.0-Release.Candidate.app/Contents/Developer/Platforms/WatchOS.platform/Developer/SDKs/WatchOS27.0.sdk/Developer/Library/Frameworks -c -j10 -enable-batch-mode -incremental -Xcc -ivfsstatcache -Xcc /Users/admin/builder/spi-builder-workspace/.derivedData/SDKStatCaches.noindex/watchos27.0-24R360-e829b21a6f8c9b70876ba0858053c04477534ef55a1706bf4c1112bbb242f0a2.sdkstatcache -output-file-map /Users/admin/builder/spi-builder-workspace/.derivedData/Build/Intermediates.noindex/CoffeeCraft.build/Debug-watchos/CoffeeUI-t.build/Objects-normal/arm64/CoffeeUI-OutputFileMap.json -save-temps -no-color-diagnostics -explicit-module-build -module-cache-path /Users/admin/builder/spi-builder-workspace/.derivedData/Build/Intermediates.noindex/SwiftExplicitPrecompiledModules -clang-scanner-module-cache-path /Users/admin/builder/spi-builder-workspace/.derivedData/ModuleCache.noindex -sdk-module-cache-path /Users/admin/builder/spi-builder-workspace/.derivedData/SDKExplicitPrecompiledModules -emit-dependencies -emit-module -emit-module-path /Users/admin/builder/spi-builder-workspace/.derivedData/Build/Intermediates.noindex/CoffeeCraft.build/Debug-watchos/CoffeeUI-t.build/Objects-normal/arm64/CoffeeUI.swiftmodule -serialize-diagnostics -dependency-scan-serialize-diagnostics-path /Users/admin/builder/spi-builder-workspace/.derivedData/Build/Intermediates.noindex/CoffeeCraft.build/Debug-watchos/CoffeeUI-t.build/Objects-normal/arm64/CoffeeUI-dependency-scan.dia -validate-clang-modules-once -clang-build-session-file /Users/admin/builder/spi-builder-workspace/.derivedData/ModuleCache.noindex/Session.modulevalidation -Xcc -fmodules-prune-interval\=86400 -Xcc -fmodules-prune-after\=345600 -emit-const-values -const-gather-protocols-list /Users/admin/builder/spi-builder-workspace/.derivedData/Build/Intermediates.noindex/CoffeeCraft.build/Debug-watchos/CoffeeUI-t.build/Objects-normal/arm64/CoffeeUI_const_extract_protocols.json -Xcc -I/Users/admin/builder/spi-builder-workspace/.derivedData/Build/Products/Debug-watchos/include -Xcc -I/Users/admin/builder/spi-builder-workspace/.derivedData/Build/Intermediates.noindex/CoffeeCraft.build/Debug-watchos/CoffeeUI-t.build/DerivedSources-normal/arm64 -Xcc -I/Users/admin/builder/spi-builder-workspace/.derivedData/Build/Intermediates.noindex/CoffeeCraft.build/Debug-watchos/CoffeeUI-t.build/DerivedSources/arm64 -Xcc -I/Users/admin/builder/spi-builder-workspace/.derivedData/Build/Intermediates.noindex/CoffeeCraft.build/Debug-watchos/CoffeeUI-t.build/DerivedSources -Xcc -DSWIFT_PACKAGE -Xcc -DDEBUG\=1 -emit-objc-header -emit-objc-header-path /Users/admin/builder/spi-builder-workspace/.derivedData/Build/Intermediates.noindex/CoffeeCraft.build/Debug-watchos/CoffeeUI-t.build/Objects-normal/arm64/CoffeeUI-Swift.h -working-directory /Users/admin/builder/spi-builder-workspace/.swiftpm/xcode -experimental-emit-module-separately -disable-cmo
SwiftDriver CoffeeBeans normal arm64 com.apple.xcode.tools.swift.compiler (in target 'CoffeeBeans' from project 'CoffeeCraft')
    cd /Users/admin/builder/spi-builder-workspace/.swiftpm/xcode
    builtin-SwiftDriver -- /Applications/Xcode-27.0.0-Release.Candidate.app/Contents/Developer/Toolchains/XcodeDefault.xctoolchain/usr/bin/swiftc -parse-as-library -module-name CoffeeBeans -Onone @/Users/admin/builder/spi-builder-workspace/.derivedData/Build/Intermediates.noindex/CoffeeCraft.build/Debug-watchos/CoffeeBeans-t.build/Objects-normal/arm64/CoffeeBeans.SwiftFileList -DSWIFT_PACKAGE -DDEBUG -DSWIFT_MODULE_RESOURCE_BUNDLE_UNAVAILABLE -DXcode -plugin-path /Applications/Xcode-27.0.0-Release.Candidate.app/Contents/Developer/Toolchains/XcodeDefault.xctoolchain/usr/lib/swift/host/plugins/testing -enable-experimental-feature DebugDescriptionMacro -sdk /Applications/Xcode-27.0.0-Release.Candidate.app/Contents/Developer/Platforms/WatchOS.platform/Developer/SDKs/WatchOS27.0.sdk -target arm64-apple-watchos9.0 -g -module-cache-path /Users/admin/builder/spi-builder-workspace/.derivedData/ModuleCache.noindex -Xfrontend -serialize-debugging-options -profile-coverage-mapping -profile-generate -enable-testing -index-store-path /Users/admin/builder/spi-builder-workspace/.derivedData/Index.noindex/DataStore -Xcc -D_LIBCPP_HARDENING_MODE\=_LIBCPP_HARDENING_MODE_DEBUG -swift-version 5 -I /Users/admin/builder/spi-builder-workspace/.derivedData/Build/Products/Debug-watchos -Isystem /Applications/Xcode-27.0.0-Release.Candidate.app/Contents/Developer/Platforms/WatchOS.platform/Developer/usr/lib -F /Users/admin/builder/spi-builder-workspace/.derivedData/Build/Products/Debug-watchos -F /Applications/Xcode-27.0.0-Release.Candidate.app/Contents/Developer/Platforms/WatchOS.platform/Developer/Library/Frameworks -F /Applications/Xcode-27.0.0-Release.Candidate.app/Contents/Developer/Platforms/WatchOS.platform/Developer/SDKs/WatchOS27.0.sdk/Developer/Library/Frameworks -c -j10 -enable-batch-mode -incremental -Xcc -ivfsstatcache -Xcc /Users/admin/builder/spi-builder-workspace/.derivedData/SDKStatCaches.noindex/watchos27.0-24R360-e829b21a6f8c9b70876ba0858053c04477534ef55a1706bf4c1112bbb242f0a2.sdkstatcache -output-file-map /Users/admin/builder/spi-builder-workspace/.derivedData/Build/Intermediates.noindex/CoffeeCraft.build/Debug-watchos/CoffeeBeans-t.build/Objects-normal/arm64/CoffeeBeans-OutputFileMap.json -save-temps -no-color-diagnostics -explicit-module-build -module-cache-path /Users/admin/builder/spi-builder-workspace/.derivedData/Build/Intermediates.noindex/SwiftExplicitPrecompiledModules -clang-scanner-module-cache-path /Users/admin/builder/spi-builder-workspace/.derivedData/ModuleCache.noindex -sdk-module-cache-path /Users/admin/builder/spi-builder-workspace/.derivedData/SDKExplicitPrecompiledModules -emit-dependencies -emit-module -emit-module-path /Users/admin/builder/spi-builder-workspace/.derivedData/Build/Intermediates.noindex/CoffeeCraft.build/Debug-watchos/CoffeeBeans-t.build/Objects-normal/arm64/CoffeeBeans.swiftmodule -serialize-diagnostics -dependency-scan-serialize-diagnostics-path /Users/admin/builder/spi-builder-workspace/.derivedData/Build/Intermediates.noindex/CoffeeCraft.build/Debug-watchos/CoffeeBeans-t.build/Objects-normal/arm64/CoffeeBeans-dependency-scan.dia -validate-clang-modules-once -clang-build-session-file /Users/admin/builder/spi-builder-workspace/.derivedData/ModuleCache.noindex/Session.modulevalidation -Xcc -fmodules-prune-interval\=86400 -Xcc -fmodules-prune-after\=345600 -emit-const-values -const-gather-protocols-list /Users/admin/builder/spi-builder-workspace/.derivedData/Build/Intermediates.noindex/CoffeeCraft.build/Debug-watchos/CoffeeBeans-t.build/Objects-normal/arm64/CoffeeBeans_const_extract_protocols.json -Xcc -I/Users/admin/builder/spi-builder-workspace/.derivedData/Build/Products/Debug-watchos/include -Xcc -I/Users/admin/builder/spi-builder-workspace/.derivedData/Build/Intermediates.noindex/CoffeeCraft.build/Debug-watchos/CoffeeBeans-t.build/DerivedSources-normal/arm64 -Xcc -I/Users/admin/builder/spi-builder-workspace/.derivedData/Build/Intermediates.noindex/CoffeeCraft.build/Debug-watchos/CoffeeBeans-t.build/DerivedSources/arm64 -Xcc -I/Users/admin/builder/spi-builder-workspace/.derivedData/Build/Intermediates.noindex/CoffeeCraft.build/Debug-watchos/CoffeeBeans-t.build/DerivedSources -Xcc -DSWIFT_PACKAGE -Xcc -DDEBUG\=1 -emit-objc-header -emit-objc-header-path /Users/admin/builder/spi-builder-workspace/.derivedData/Build/Intermediates.noindex/CoffeeCraft.build/Debug-watchos/CoffeeBeans-t.build/Objects-normal/arm64/CoffeeBeans-Swift.h -working-directory /Users/admin/builder/spi-builder-workspace/.swiftpm/xcode -experimental-emit-module-separately -disable-cmo
SwiftExplicitDependencyGeneratePcm arm64 /Users/admin/builder/spi-builder-workspace/.derivedData/SDKExplicitPrecompiledModules/ptrauth-3TZ9WJCGLYD25HQPWH4968ONX.pcm
SwiftExplicitDependencyGeneratePcm arm64 /Users/admin/builder/spi-builder-workspace/.derivedData/SDKExplicitPrecompiledModules/_Builtin_stdbool-83J96QSOFE9VX04AAS6310UAE.pcm
SwiftExplicitDependencyGeneratePcm arm64 /Users/admin/builder/spi-builder-workspace/.derivedData/SDKExplicitPrecompiledModules/_AvailabilityInternal-BUNV3UXM65NT37THI4W1AM0SF.pcm
SwiftExplicitDependencyGeneratePcm arm64 /Users/admin/builder/spi-builder-workspace/.derivedData/SDKExplicitPrecompiledModules/_Builtin_float-C0CW5Q4HGBQYKE77TC42IAFB5.pcm
SwiftExplicitDependencyGeneratePcm arm64 /Users/admin/builder/spi-builder-workspace/.derivedData/SDKExplicitPrecompiledModules/ptrcheck-AIF0NDOYZ8ORBNHQAQR5NNB8M.pcm
SwiftExplicitDependencyGeneratePcm arm64 /Users/admin/builder/spi-builder-workspace/.derivedData/SDKExplicitPrecompiledModules/SwiftShims-4MXFZPV6FEB0XBYXCGPWAMQGL.pcm
SwiftExplicitDependencyGeneratePcm arm64_32 /Users/admin/builder/spi-builder-workspace/.derivedData/SDKExplicitPrecompiledModules/_Builtin_stddef-H44EFHQX6XSS5MZ7QP6YJZ76.pcm
SwiftExplicitDependencyGeneratePcm arm64_32 /Users/admin/builder/spi-builder-workspace/.derivedData/SDKExplicitPrecompiledModules/_SwiftConcurrencyShims-6RTBPQ03V7BM9SPRK8SUE055H.pcm
SwiftExplicitDependencyGeneratePcm arm64_32 /Users/admin/builder/spi-builder-workspace/.derivedData/SDKExplicitPrecompiledModules/_Builtin_float-6KO8O3PEWRCA4WC6PPLOYO6WJ.pcm
SwiftExplicitDependencyGeneratePcm arm64_32 /Users/admin/builder/spi-builder-workspace/.derivedData/SDKExplicitPrecompiledModules/ptrcheck-7ELIH9BTIGVKX3UBITM9N72WD.pcm
SwiftExplicitDependencyGeneratePcm arm64_32 /Users/admin/builder/spi-builder-workspace/.derivedData/SDKExplicitPrecompiledModules/SwiftShims-9CQQGWTSNTN9EB5NSHDWUJICH.pcm
SwiftExplicitDependencyGeneratePcm arm64_32 /Users/admin/builder/spi-builder-workspace/.derivedData/SDKExplicitPrecompiledModules/_Builtin_stdarg-D305JG44A2WPI6CJY37X3QJE8.pcm
SwiftExplicitDependencyGeneratePcm arm64_32 /Users/admin/builder/spi-builder-workspace/.derivedData/SDKExplicitPrecompiledModules/_AvailabilityInternal-244WAN3Z1QBT7PIA64EZEFY1R.pcm
SwiftExplicitDependencyGeneratePcm arm64 /Users/admin/builder/spi-builder-workspace/.derivedData/SDKExplicitPrecompiledModules/_Builtin_stdarg-A7UU8LE6MP85SM26YO7PBZNUQ.pcm
SwiftExplicitDependencyGeneratePcm arm64 /Users/admin/builder/spi-builder-workspace/.derivedData/SDKExplicitPrecompiledModules/_DarwinFoundation1-7SPX3MD0HMP55E4OLNCPNDQ53.pcm
SwiftExplicitDependencyGeneratePcm arm64 /Users/admin/builder/spi-builder-workspace/.derivedData/SDKExplicitPrecompiledModules/_SwiftConcurrencyShims-659N52XSKR5F0QSB880BH2FJR.pcm
SwiftExplicitDependencyGeneratePcm arm64 /Users/admin/builder/spi-builder-workspace/.derivedData/SDKExplicitPrecompiledModules/_Builtin_stddef-1FU30Y8SWFB7OUUHMJQH5J6FM.pcm
SwiftExplicitDependencyGeneratePcm arm64_32 /Users/admin/builder/spi-builder-workspace/.derivedData/SDKExplicitPrecompiledModules/ptrauth-BFXF358ME5AK535N5A9Z766WU.pcm
SwiftExplicitDependencyGeneratePcm arm64_32 /Users/admin/builder/spi-builder-workspace/.derivedData/SDKExplicitPrecompiledModules/_Builtin_stdbool-A967K8W8YUYEC9SN52KJ7OO88.pcm
SwiftExplicitDependencyGeneratePcm arm64_32 /Users/admin/builder/spi-builder-workspace/.derivedData/SDKExplicitPrecompiledModules/_DarwinFoundation1-2GWF9RFMPLQW4PDHS3NARVI3G.pcm
SwiftExplicitDependencyGeneratePcm arm64 /Users/admin/builder/spi-builder-workspace/.derivedData/SDKExplicitPrecompiledModules/_DarwinFoundation2-D0XAPJU49S5E9XMKYOFGSTB1Q.pcm
SwiftExplicitDependencyGeneratePcm arm64 /Users/admin/builder/spi-builder-workspace/.derivedData/SDKExplicitPrecompiledModules/_Builtin_limits-9GWPA2B0H20DYUNYHYCWKABJG.pcm
SwiftExplicitDependencyGeneratePcm arm64_32 /Users/admin/builder/spi-builder-workspace/.derivedData/SDKExplicitPrecompiledModules/_Builtin_limits-3VKBU2AFTD65PAJZ5CJ3LHFM2.pcm
SwiftExplicitDependencyGeneratePcm arm64_32 /Users/admin/builder/spi-builder-workspace/.derivedData/SDKExplicitPrecompiledModules/_DarwinFoundation2-9MY8GOSYRO0M9MKNXF6D3MBNK.pcm
LinkAssetCatalog /Users/admin/builder/spi-builder-workspace/Sources/CoffeeUI/Assets.xcassets (in target 'CoffeeCraft_CoffeeUI' from project 'CoffeeCraft')
    cd /Users/admin/builder/spi-builder-workspace
    builtin-linkAssetCatalog --thinned /Users/admin/builder/spi-builder-workspace/.derivedData/Build/Intermediates.noindex/CoffeeCraft.build/Debug-watchos/CoffeeCraft_CoffeeUI-b.build/assetcatalog_output/thinned --thinned-dependencies /Users/admin/builder/spi-builder-workspace/.derivedData/Build/Intermediates.noindex/CoffeeCraft.build/Debug-watchos/CoffeeCraft_CoffeeUI-b.build/assetcatalog_dependencies_thinned --thinned-info-plist-content /Users/admin/builder/spi-builder-workspace/.derivedData/Build/Intermediates.noindex/CoffeeCraft.build/Debug-watchos/CoffeeCraft_CoffeeUI-b.build/assetcatalog_generated_info.plist_thinned --unthinned /Users/admin/builder/spi-builder-workspace/.derivedData/Build/Intermediates.noindex/CoffeeCraft.build/Debug-watchos/CoffeeCraft_CoffeeUI-b.build/assetcatalog_output/unthinned --unthinned-dependencies /Users/admin/builder/spi-builder-workspace/.derivedData/Build/Intermediates.noindex/CoffeeCraft.build/Debug-watchos/CoffeeCraft_CoffeeUI-b.build/assetcatalog_dependencies_unthinned --unthinned-info-plist-content /Users/admin/builder/spi-builder-workspace/.derivedData/Build/Intermediates.noindex/CoffeeCraft.build/Debug-watchos/CoffeeCraft_CoffeeUI-b.build/assetcatalog_generated_info.plist_unthinned --output /Users/admin/builder/spi-builder-workspace/.derivedData/Build/Products/Debug-watchos/CoffeeCraft_CoffeeUI.bundle --plist-output /Users/admin/builder/spi-builder-workspace/.derivedData/Build/Intermediates.noindex/CoffeeCraft.build/Debug-watchos/CoffeeCraft_CoffeeUI-b.build/assetcatalog_generated_info.plist
note: Emplaced /Users/admin/builder/spi-builder-workspace/.derivedData/Build/Products/Debug-watchos/CoffeeCraft_CoffeeUI.bundle/Assets.car (in target 'CoffeeCraft_CoffeeUI' from project 'CoffeeCraft')
ProcessInfoPlistFile /Users/admin/builder/spi-builder-workspace/.derivedData/Build/Products/Debug-watchos/CoffeeCraft_CoffeeUI.bundle/Info.plist /Users/admin/builder/spi-builder-workspace/.derivedData/Build/Intermediates.noindex/CoffeeCraft.build/Debug-watchos/CoffeeCraft_CoffeeUI-b.build/empty-CoffeeCraft_CoffeeUI.plist (in target 'CoffeeCraft_CoffeeUI' from project 'CoffeeCraft')
    cd /Users/admin/builder/spi-builder-workspace
    builtin-infoPlistUtility /Users/admin/builder/spi-builder-workspace/.derivedData/Build/Intermediates.noindex/CoffeeCraft.build/Debug-watchos/CoffeeCraft_CoffeeUI-b.build/empty-CoffeeCraft_CoffeeUI.plist -producttype com.apple.product-type.bundle -expandbuildsettings -format binary -platform watchos -additionalcontentfile /Users/admin/builder/spi-builder-workspace/.derivedData/Build/Intermediates.noindex/CoffeeCraft.build/Debug-watchos/CoffeeCraft_CoffeeUI-b.build/assetcatalog_generated_info.plist -o /Users/admin/builder/spi-builder-workspace/.derivedData/Build/Products/Debug-watchos/CoffeeCraft_CoffeeUI.bundle/Info.plist
RegisterExecutionPolicyException /Users/admin/builder/spi-builder-workspace/.derivedData/Build/Products/Debug-watchos/CoffeeCraft_CoffeeUI.bundle (in target 'CoffeeCraft_CoffeeUI' from project 'CoffeeCraft')
    cd /Users/admin/builder/spi-builder-workspace
    builtin-RegisterExecutionPolicyException /Users/admin/builder/spi-builder-workspace/.derivedData/Build/Products/Debug-watchos/CoffeeCraft_CoffeeUI.bundle
SwiftExplicitDependencyGeneratePcm arm64 /Users/admin/builder/spi-builder-workspace/.derivedData/SDKExplicitPrecompiledModules/sys_types-2KXQLI78OUCDP779AE68GZJ2.pcm
SwiftExplicitDependencyGeneratePcm arm64 /Users/admin/builder/spi-builder-workspace/.derivedData/SDKExplicitPrecompiledModules/_Builtin_stdint-8XMILLJZEGRN2XG7XZUXZ5RLX.pcm
SwiftExplicitDependencyGeneratePcm arm64 /Users/admin/builder/spi-builder-workspace/.derivedData/SDKExplicitPrecompiledModules/string_h-E6PRXK75PHIPCZFWOFCQ3QBMK.pcm
Touch /Users/admin/builder/spi-builder-workspace/.derivedData/Build/Products/Debug-watchos/CoffeeCraft_CoffeeUI.bundle (in target 'CoffeeCraft_CoffeeUI' from project 'CoffeeCraft')
    cd /Users/admin/builder/spi-builder-workspace
    /usr/bin/touch -c /Users/admin/builder/spi-builder-workspace/.derivedData/Build/Products/Debug-watchos/CoffeeCraft_CoffeeUI.bundle
SwiftExplicitDependencyGeneratePcm arm64_32 /Users/admin/builder/spi-builder-workspace/.derivedData/SDKExplicitPrecompiledModules/sys_types-8TLLMW08ZJWDGIIPKOYFGHHZW.pcm
SwiftExplicitDependencyGeneratePcm arm64_32 /Users/admin/builder/spi-builder-workspace/.derivedData/SDKExplicitPrecompiledModules/string_h-BFVLUQUSBZWYMLCU9QI7VZALW.pcm
SwiftExplicitDependencyGeneratePcm arm64_32 /Users/admin/builder/spi-builder-workspace/.derivedData/SDKExplicitPrecompiledModules/_Builtin_stdint-1HMXWI3V0V4TXHRWZOMZGZ80Y.pcm
SwiftExplicitDependencyGeneratePcm arm64 /Users/admin/builder/spi-builder-workspace/.derivedData/SDKExplicitPrecompiledModules/_DarwinFoundation3-B97LRG0E9GON2NUE65TVG81HU.pcm
SwiftExplicitDependencyGeneratePcm arm64_32 /Users/admin/builder/spi-builder-workspace/.derivedData/SDKExplicitPrecompiledModules/_DarwinFoundation3-3DUTYQDQSD9HUAAVY947NMWOI.pcm
SwiftExplicitDependencyGeneratePcm arm64 /Users/admin/builder/spi-builder-workspace/.derivedData/SDKExplicitPrecompiledModules/_Builtin_stdatomic-7JEFA3KBJJJN6TKJWY3OG1VG5.pcm
SwiftExplicitDependencyGeneratePcm arm64 /Users/admin/builder/spi-builder-workspace/.derivedData/SDKExplicitPrecompiledModules/_Builtin_intrinsics-75960HIPCIYA06IUW8FIIPQT.pcm
SwiftExplicitDependencyGeneratePcm arm64 /Users/admin/builder/spi-builder-workspace/.derivedData/SDKExplicitPrecompiledModules/_Builtin_tgmath-8NQ96OZ0YHXEC24JI95P01UF8.pcm
SwiftExplicitDependencyGeneratePcm arm64 /Users/admin/builder/spi-builder-workspace/.derivedData/SDKExplicitPrecompiledModules/DeveloperToolsSupport-E7CNISCB36UE8XQ9IOHK9XDX1.pcm
SwiftExplicitDependencyGeneratePcm arm64_32 /Users/admin/builder/spi-builder-workspace/.derivedData/SDKExplicitPrecompiledModules/_Builtin_intrinsics-196IIAKDQVU42DLOZP9OQCV76.pcm
SwiftExplicitDependencyGeneratePcm arm64_32 /Users/admin/builder/spi-builder-workspace/.derivedData/SDKExplicitPrecompiledModules/DeveloperToolsSupport-DZU5G1OCMNWU0AQRULIFHUJ1Z.pcm
SwiftExplicitDependencyGeneratePcm arm64_32 /Users/admin/builder/spi-builder-workspace/.derivedData/SDKExplicitPrecompiledModules/_Builtin_tgmath-23PGCKURCQILXMK0MYZRYDCOU.pcm
SwiftExplicitDependencyGeneratePcm arm64_32 /Users/admin/builder/spi-builder-workspace/.derivedData/SDKExplicitPrecompiledModules/_Builtin_stdatomic-1TY035TURL76BF2U98PZPPZRX.pcm
SwiftExplicitDependencyGeneratePcm arm64 /Users/admin/builder/spi-builder-workspace/.derivedData/SDKExplicitPrecompiledModules/_Builtin_inttypes-3UQSCM7WNM9EK4HZML8TY5J3D.pcm
SwiftExplicitDependencyGeneratePcm arm64_32 /Users/admin/builder/spi-builder-workspace/.derivedData/SDKExplicitPrecompiledModules/_Builtin_inttypes-D2KPCR4PEX9AQA33NGLUT5SBR.pcm
SwiftExplicitDependencyGeneratePcm arm64_32 /Users/admin/builder/spi-builder-workspace/.derivedData/SDKExplicitPrecompiledModules/Darwin-3FVT1SKLN2ZQ5RVOABMTQBB34.pcm
SwiftExplicitDependencyGeneratePcm arm64 /Users/admin/builder/spi-builder-workspace/.derivedData/SDKExplicitPrecompiledModules/Darwin-3984OXKFNSPE77NT743WK8SEX.pcm
SwiftExplicitDependencyGeneratePcm arm64 /Users/admin/builder/spi-builder-workspace/.derivedData/SDKExplicitPrecompiledModules/simd-EH08NODU6574T74ZKU61VP9BW.pcm
SwiftExplicitDependencyGeneratePcm arm64_32 /Users/admin/builder/spi-builder-workspace/.derivedData/SDKExplicitPrecompiledModules/simd-21UNWYOBUZI1LVSQ99S1XBLMO.pcm
SwiftExplicitDependencyGeneratePcm arm64_32 /Users/admin/builder/spi-builder-workspace/.derivedData/SDKExplicitPrecompiledModules/ObjectiveC-6IJNELR2E80E7LUKESVCP2KET.pcm
SwiftExplicitDependencyGeneratePcm arm64_32 /Users/admin/builder/spi-builder-workspace/.derivedData/SDKExplicitPrecompiledModules/MachO-56838ZJ0NC1EBAJ0O6O8QMPDX.pcm
SwiftExplicitDependencyGeneratePcm arm64 /Users/admin/builder/spi-builder-workspace/.derivedData/SDKExplicitPrecompiledModules/ObjectiveC-72IVD3VS2RS8Q28D9PIMY0KQP.pcm
SwiftExplicitDependencyGeneratePcm arm64 /Users/admin/builder/spi-builder-workspace/.derivedData/SDKExplicitPrecompiledModules/MachO-2U90NNSAQILBNBPS1SA4F8TYP.pcm
SwiftExplicitDependencyGeneratePcm arm64_32 /Users/admin/builder/spi-builder-workspace/.derivedData/SDKExplicitPrecompiledModules/os_object-5YWTC6L4756IWSTPGXS5NM0D0.pcm
SwiftExplicitDependencyGeneratePcm arm64 /Users/admin/builder/spi-builder-workspace/.derivedData/SDKExplicitPrecompiledModules/os_object-3SDKD7F87FTZ26OON37DRYT6O.pcm
SwiftExplicitDependencyGeneratePcm arm64_32 /Users/admin/builder/spi-builder-workspace/.derivedData/SDKExplicitPrecompiledModules/os_workgroup-5JHTPDMNBUNHLJI8LPHKQK1JK.pcm
SwiftExplicitDependencyGeneratePcm arm64 /Users/admin/builder/spi-builder-workspace/.derivedData/SDKExplicitPrecompiledModules/os_workgroup-89GG5G7YC2D0ZTK6AZXXQ20DH.pcm
SwiftExplicitDependencyGeneratePcm arm64 /Users/admin/builder/spi-builder-workspace/.derivedData/SDKExplicitPrecompiledModules/Dispatch-1NLJOVAK60XP0DUB05XA59EIM.pcm
SwiftExplicitDependencyGeneratePcm arm64_32 /Users/admin/builder/spi-builder-workspace/.derivedData/SDKExplicitPrecompiledModules/Dispatch-2P62F1T4XV63S4P99TUDTOK2Q.pcm
SwiftExplicitDependencyGeneratePcm arm64 /Users/admin/builder/spi-builder-workspace/.derivedData/SDKExplicitPrecompiledModules/Spatial-44FJGYXFAT2AQAW9Z6T7YS02U.pcm
SwiftExplicitDependencyGeneratePcm arm64_32 /Users/admin/builder/spi-builder-workspace/.derivedData/SDKExplicitPrecompiledModules/Spatial-CWVWNML3T0NXVHZDKVLD3X1YZ.pcm
SwiftExplicitDependencyGeneratePcm arm64 /Users/admin/builder/spi-builder-workspace/.derivedData/SDKExplicitPrecompiledModules/XPC-40DR0X1DHKGCV4J1IOLFS8MOU.pcm
SwiftExplicitDependencyGeneratePcm arm64 /Users/admin/builder/spi-builder-workspace/.derivedData/SDKExplicitPrecompiledModules/CoreFoundation-8T2L24YC5NU7WO6WQJWRY7W08.pcm
SwiftExplicitDependencyGeneratePcm arm64_32 /Users/admin/builder/spi-builder-workspace/.derivedData/SDKExplicitPrecompiledModules/XPC-81Y45QFY96XYYFCW2GT6FY8S4.pcm
SwiftExplicitDependencyGeneratePcm arm64_32 /Users/admin/builder/spi-builder-workspace/.derivedData/SDKExplicitPrecompiledModules/CoreFoundation-8E6Y4BA3EXYKUGJ24GT9LGV3N.pcm
SwiftExplicitDependencyGeneratePcm arm64_32 /Users/admin/builder/spi-builder-workspace/.derivedData/SDKExplicitPrecompiledModules/os-E5IGB442IA6SBB25TTCOLK2OC.pcm
SwiftExplicitDependencyGeneratePcm arm64 /Users/admin/builder/spi-builder-workspace/.derivedData/SDKExplicitPrecompiledModules/os-5DIL6Z9LFIGLMZAHM7X2T5435.pcm
SwiftExplicitDependencyGeneratePcm arm64 /Users/admin/builder/spi-builder-workspace/.derivedData/SDKExplicitPrecompiledModules/CoreGraphics-DWNZ73GEH98SBJXZ7DEXB420K.pcm
SwiftExplicitDependencyGeneratePcm arm64 /Users/admin/builder/spi-builder-workspace/.derivedData/SDKExplicitPrecompiledModules/CoreAudioTypes-A9MF7N5LT63G21HNFVM6BT14B.pcm
SwiftExplicitDependencyGeneratePcm arm64 /Users/admin/builder/spi-builder-workspace/.derivedData/SDKExplicitPrecompiledModules/Security-6RZ6YBRU8WCUHRFFRVUK5WKMM.pcm
SwiftExplicitDependencyGeneratePcm arm64_32 /Users/admin/builder/spi-builder-workspace/.derivedData/SDKExplicitPrecompiledModules/CoreGraphics-9FDXYX6BKBUT6TJ2VF819E7T5.pcm
SwiftExplicitDependencyGeneratePcm arm64_32 /Users/admin/builder/spi-builder-workspace/.derivedData/SDKExplicitPrecompiledModules/CoreAudioTypes-9GVB1DHA32M46R4A9NWSI3I2K.pcm
SwiftExplicitDependencyGeneratePcm arm64_32 /Users/admin/builder/spi-builder-workspace/.derivedData/SDKExplicitPrecompiledModules/Security-D7TOWF88VWF67TB9HAFP5UWB1.pcm
SwiftExplicitDependencyGeneratePcm arm64 /Users/admin/builder/spi-builder-workspace/.derivedData/SDKExplicitPrecompiledModules/CoreAudio-1B79RJJTP71GE6UY9WLESAN3C.pcm
SwiftExplicitDependencyGeneratePcm arm64_32 /Users/admin/builder/spi-builder-workspace/.derivedData/SDKExplicitPrecompiledModules/CoreAudio-5W6MX6OUPWBMUR8VD5LHT1PZF.pcm
SwiftExplicitDependencyGeneratePcm arm64 /Users/admin/builder/spi-builder-workspace/.derivedData/SDKExplicitPrecompiledModules/Foundation-DLBKUSGXN8QHAT8W0OARR9S8A.pcm
SwiftExplicitDependencyGeneratePcm arm64_32 /Users/admin/builder/spi-builder-workspace/.derivedData/SDKExplicitPrecompiledModules/Foundation-BJ2VQGI3OGR34500MEQ1VKHPH.pcm
SwiftExplicitDependencyGeneratePcm arm64 /Users/admin/builder/spi-builder-workspace/.derivedData/SDKExplicitPrecompiledModules/CoreVideo-8MRR5MNWUOAW2DBPGUQ8FKK4.pcm
SwiftExplicitDependencyGeneratePcm arm64_32 /Users/admin/builder/spi-builder-workspace/.derivedData/SDKExplicitPrecompiledModules/CoreVideo-2P8HI0403J99LBDPKNFJ5D4DL.pcm
SwiftExplicitDependencyGeneratePcm arm64 /Users/admin/builder/spi-builder-workspace/.derivedData/SDKExplicitPrecompiledModules/CoreText-970YJN6NIYGK1316L35Z0O8QT.pcm
SwiftExplicitDependencyGeneratePcm arm64_32 /Users/admin/builder/spi-builder-workspace/.derivedData/SDKExplicitPrecompiledModules/CoreText-C9X2REPZN2V5BSU4G80FCETDR.pcm
SwiftExplicitDependencyGeneratePcm arm64 /Users/admin/builder/spi-builder-workspace/.derivedData/SDKExplicitPrecompiledModules/CoreMedia-1AJVCUZNAO74KIKMFVFUUHWDI.pcm
SwiftExplicitDependencyGeneratePcm arm64_32 /Users/admin/builder/spi-builder-workspace/.derivedData/SDKExplicitPrecompiledModules/CoreMedia-AO387T8CHWTTZODD1DGT0UAFA.pcm
SwiftExplicitDependencyGeneratePcm arm64 /Users/admin/builder/spi-builder-workspace/.derivedData/SDKExplicitPrecompiledModules/DataDetection-7BNVI1SZW5ISQL5SX4WL2X7I5.pcm
SwiftExplicitDependencyGeneratePcm arm64 /Users/admin/builder/spi-builder-workspace/.derivedData/SDKExplicitPrecompiledModules/_LocationEssentials-5ZZDGDXB6HLQUC72SJW7YJ7MK.pcm
SwiftExplicitDependencyGeneratePcm arm64 /Users/admin/builder/spi-builder-workspace/.derivedData/SDKExplicitPrecompiledModules/SceneKit-5HZKIL7XETTTD8TOHYPN8JKRJ.pcm
SwiftExplicitDependencyGeneratePcm arm64 /Users/admin/builder/spi-builder-workspace/.derivedData/SDKExplicitPrecompiledModules/UIUtilities-IR7RNW23VAUKYI9MLCS9NL9A.pcm
SwiftExplicitDependencyGeneratePcm arm64 /Users/admin/builder/spi-builder-workspace/.derivedData/SDKExplicitPrecompiledModules/CoreData-9JFJC4UET8BAO5IPV2JU6W9V8.pcm
SwiftEmitModule normal arm64 Emitting\ module\ for\ CoffeeBeans (in target 'CoffeeBeans' from project 'CoffeeCraft')
/Users/admin/builder/spi-builder-workspace/Sources/CoffeeBeans/Date+Helpers.swift:10:1: warning: extension declares a conformance of imported type 'Date' to imported protocol 'ExpressibleByIntegerLiteral'; this will not behave correctly if the owners of 'Foundation' introduce this conformance in the future
 8 | import Foundation
 9 |
10 | extension Date: ExpressibleByIntegerLiteral {
   | |- warning: extension declares a conformance of imported type 'Date' to imported protocol 'ExpressibleByIntegerLiteral'; this will not behave correctly if the owners of 'Foundation' introduce this conformance in the future
   | `- note: add '@retroactive' to silence this warning
11 |
12 |     public init(integerLiteral value: Int) {
SwiftCompile normal arm64 (in target 'CoffeeBeans' from project 'CoffeeCraft')
    cd /Users/admin/builder/spi-builder-workspace/.swiftpm/xcode

SwiftExplicitDependencyGeneratePcm arm64 /Users/admin/builder/spi-builder-workspace/.derivedData/SDKExplicitPrecompiledModules/Symbols-3EFABTJ9L5PQDJ7RQCYQWEJMM.pcm
SwiftExplicitDependencyGeneratePcm arm64 /Users/admin/builder/spi-builder-workspace/.derivedData/SDKExplicitPrecompiledModules/UserNotifications-ARAH8MEQ0C2L0FBO39HITJMAO.pcm
SwiftExplicitDependencyGeneratePcm arm64 /Users/admin/builder/spi-builder-workspace/.derivedData/SDKExplicitPrecompiledModules/OSLog-B7VGO357Y3GJG35TST7DKDSI3.pcm
SwiftExplicitDependencyGeneratePcm arm64 /Users/admin/builder/spi-builder-workspace/.derivedData/SDKExplicitPrecompiledModules/Accessibility-27QMG6ZQ1NKYTNBYFPM1XKNFC.pcm
SwiftEmitModule normal arm64_32 Emitting\ module\ for\ CoffeeBeans (in target 'CoffeeBeans' from project 'CoffeeCraft')
SwiftCompile normal arm64_32 (in target 'CoffeeBeans' from project 'CoffeeCraft')
    cd /Users/admin/builder/spi-builder-workspace/.swiftpm/xcode

/Users/admin/builder/spi-builder-workspace/Sources/CoffeeBeans/Date+Helpers.swift:10:1: warning: extension declares a conformance of imported type 'Date' to imported protocol 'ExpressibleByIntegerLiteral'; this will not behave correctly if the owners of 'Foundation' introduce this conformance in the future
 8 | import Foundation
 9 |
10 | extension Date: ExpressibleByIntegerLiteral {
   | |- warning: extension declares a conformance of imported type 'Date' to imported protocol 'ExpressibleByIntegerLiteral'; this will not behave correctly if the owners of 'Foundation' introduce this conformance in the future
   | `- note: add '@retroactive' to silence this warning
11 |
12 |     public init(integerLiteral value: Int) {
SwiftExplicitDependencyGeneratePcm arm64_32 /Users/admin/builder/spi-builder-workspace/.derivedData/SDKExplicitPrecompiledModules/OSLog-D9AVFY0KWO7RVBIQ73CBIJVCN.pcm
SwiftExplicitDependencyGeneratePcm arm64 /Users/admin/builder/spi-builder-workspace/.derivedData/SDKExplicitPrecompiledModules/CoreLocation-ACKJ9K7ABI14F97Y46Y6SRR17.pcm
SwiftExplicitDependencyGeneratePcm arm64_32 /Users/admin/builder/spi-builder-workspace/.derivedData/SDKExplicitPrecompiledModules/UIUtilities-9YFVNIMRC5HRVOIARNWHP1E3H.pcm
SwiftExplicitDependencyGeneratePcm arm64_32 /Users/admin/builder/spi-builder-workspace/.derivedData/SDKExplicitPrecompiledModules/QuartzCore-6375NPYACK5NYVHPMC1QQ8MC2.pcm
SwiftExplicitDependencyGeneratePcm arm64_32 /Users/admin/builder/spi-builder-workspace/.derivedData/SDKExplicitPrecompiledModules/DataDetection-U9BF7WHFVA6BZGFXXXP272PS.pcm
SwiftExplicitDependencyGeneratePcm arm64_32 /Users/admin/builder/spi-builder-workspace/.derivedData/SDKExplicitPrecompiledModules/SceneKit-DKNLHKM5FJBQ79LSNMSSMBUBR.pcm
SwiftExplicitDependencyGeneratePcm arm64_32 /Users/admin/builder/spi-builder-workspace/.derivedData/SDKExplicitPrecompiledModules/_LocationEssentials-AQ1OL9QKC3LQLY5CNSRM1HB53.pcm
SwiftDriverJobDiscovery normal arm64 Emitting module for CoffeeBeans (in target 'CoffeeBeans' from project 'CoffeeCraft')
SwiftDriver\ Compilation\ Requirements CoffeeBeans normal arm64 com.apple.xcode.tools.swift.compiler (in target 'CoffeeBeans' from project 'CoffeeCraft')
    cd /Users/admin/builder/spi-builder-workspace/.swiftpm/xcode
    builtin-Swift-Compilation-Requirements -- /Applications/Xcode-27.0.0-Release.Candidate.app/Contents/Developer/Toolchains/XcodeDefault.xctoolchain/usr/bin/swiftc -parse-as-library -module-name CoffeeBeans -Onone @/Users/admin/builder/spi-builder-workspace/.derivedData/Build/Intermediates.noindex/CoffeeCraft.build/Debug-watchos/CoffeeBeans-t.build/Objects-normal/arm64/CoffeeBeans.SwiftFileList -DSWIFT_PACKAGE -DDEBUG -DSWIFT_MODULE_RESOURCE_BUNDLE_UNAVAILABLE -DXcode -plugin-path /Applications/Xcode-27.0.0-Release.Candidate.app/Contents/Developer/Toolchains/XcodeDefault.xctoolchain/usr/lib/swift/host/plugins/testing -enable-experimental-feature DebugDescriptionMacro -sdk /Applications/Xcode-27.0.0-Release.Candidate.app/Contents/Developer/Platforms/WatchOS.platform/Developer/SDKs/WatchOS27.0.sdk -target arm64-apple-watchos9.0 -g -module-cache-path /Users/admin/builder/spi-builder-workspace/.derivedData/ModuleCache.noindex -Xfrontend -serialize-debugging-options -profile-coverage-mapping -profile-generate -enable-testing -index-store-path /Users/admin/builder/spi-builder-workspace/.derivedData/Index.noindex/DataStore -Xcc -D_LIBCPP_HARDENING_MODE\=_LIBCPP_HARDENING_MODE_DEBUG -swift-version 5 -I /Users/admin/builder/spi-builder-workspace/.derivedData/Build/Products/Debug-watchos -Isystem /Applications/Xcode-27.0.0-Release.Candidate.app/Contents/Developer/Platforms/WatchOS.platform/Developer/usr/lib -F /Users/admin/builder/spi-builder-workspace/.derivedData/Build/Products/Debug-watchos -F /Applications/Xcode-27.0.0-Release.Candidate.app/Contents/Developer/Platforms/WatchOS.platform/Developer/Library/Frameworks -F /Applications/Xcode-27.0.0-Release.Candidate.app/Contents/Developer/Platforms/WatchOS.platform/Developer/SDKs/WatchOS27.0.sdk/Developer/Library/Frameworks -c -j10 -enable-batch-mode -incremental -Xcc -ivfsstatcache -Xcc /Users/admin/builder/spi-builder-workspace/.derivedData/SDKStatCaches.noindex/watchos27.0-24R360-e829b21a6f8c9b70876ba0858053c04477534ef55a1706bf4c1112bbb242f0a2.sdkstatcache -output-file-map /Users/admin/builder/spi-builder-workspace/.derivedData/Build/Intermediates.noindex/CoffeeCraft.build/Debug-watchos/CoffeeBeans-t.build/Objects-normal/arm64/CoffeeBeans-OutputFileMap.json -save-temps -no-color-diagnostics -explicit-module-build -module-cache-path /Users/admin/builder/spi-builder-workspace/.derivedData/Build/Intermediates.noindex/SwiftExplicitPrecompiledModules -clang-scanner-module-cache-path /Users/admin/builder/spi-builder-workspace/.derivedData/ModuleCache.noindex -sdk-module-cache-path /Users/admin/builder/spi-builder-workspace/.derivedData/SDKExplicitPrecompiledModules -emit-dependencies -emit-module -emit-module-path /Users/admin/builder/spi-builder-workspace/.derivedData/Build/Intermediates.noindex/CoffeeCraft.build/Debug-watchos/CoffeeBeans-t.build/Objects-normal/arm64/CoffeeBeans.swiftmodule -serialize-diagnostics -dependency-scan-serialize-diagnostics-path /Users/admin/builder/spi-builder-workspace/.derivedData/Build/Intermediates.noindex/CoffeeCraft.build/Debug-watchos/CoffeeBeans-t.build/Objects-normal/arm64/CoffeeBeans-dependency-scan.dia -validate-clang-modules-once -clang-build-session-file /Users/admin/builder/spi-builder-workspace/.derivedData/ModuleCache.noindex/Session.modulevalidation -Xcc -fmodules-prune-interval\=86400 -Xcc -fmodules-prune-after\=345600 -emit-const-values -const-gather-protocols-list /Users/admin/builder/spi-builder-workspace/.derivedData/Build/Intermediates.noindex/CoffeeCraft.build/Debug-watchos/CoffeeBeans-t.build/Objects-normal/arm64/CoffeeBeans_const_extract_protocols.json -Xcc -I/Users/admin/builder/spi-builder-workspace/.derivedData/Build/Products/Debug-watchos/include -Xcc -I/Users/admin/builder/spi-builder-workspace/.derivedData/Build/Intermediates.noindex/CoffeeCraft.build/Debug-watchos/CoffeeBeans-t.build/DerivedSources-normal/arm64 -Xcc -I/Users/admin/builder/spi-builder-workspace/.derivedData/Build/Intermediates.noindex/CoffeeCraft.build/Debug-watchos/CoffeeBeans-t.build/DerivedSources/arm64 -Xcc -I/Users/admin/builder/spi-builder-workspace/.derivedData/Build/Intermediates.noindex/CoffeeCraft.build/Debug-watchos/CoffeeBeans-t.build/DerivedSources -Xcc -DSWIFT_PACKAGE -Xcc -DDEBUG\=1 -emit-objc-header -emit-objc-header-path /Users/admin/builder/spi-builder-workspace/.derivedData/Build/Intermediates.noindex/CoffeeCraft.build/Debug-watchos/CoffeeBeans-t.build/Objects-normal/arm64/CoffeeBeans-Swift.h -working-directory /Users/admin/builder/spi-builder-workspace/.swiftpm/xcode -experimental-emit-module-separately -disable-cmo
SwiftExplicitDependencyGeneratePcm arm64_32 /Users/admin/builder/spi-builder-workspace/.derivedData/SDKExplicitPrecompiledModules/Symbols-1H97WMG76HU94F5VGJR19PXFY.pcm
Copy /Users/admin/builder/spi-builder-workspace/.derivedData/Build/Products/Debug-watchos/CoffeeBeans.swiftmodule/arm64-apple-watchos.swiftmodule /Users/admin/builder/spi-builder-workspace/.derivedData/Build/Intermediates.noindex/CoffeeCraft.build/Debug-watchos/CoffeeBeans-t.build/Objects-normal/arm64/CoffeeBeans.swiftmodule (in target 'CoffeeBeans' from project 'CoffeeCraft')
    cd /Users/admin/builder/spi-builder-workspace
    builtin-copy -exclude .DS_Store -exclude CVS -exclude .svn -exclude .git -exclude .hg -resolve-src-symlinks -rename /Users/admin/builder/spi-builder-workspace/.derivedData/Build/Intermediates.noindex/CoffeeCraft.build/Debug-watchos/CoffeeBeans-t.build/Objects-normal/arm64/CoffeeBeans.swiftmodule /Users/admin/builder/spi-builder-workspace/.derivedData/Build/Products/Debug-watchos/CoffeeBeans.swiftmodule/arm64-apple-watchos.swiftmodule
Copy /Users/admin/builder/spi-builder-workspace/.derivedData/Build/Products/Debug-watchos/CoffeeBeans.swiftmodule/arm64-apple-watchos.swiftdoc /Users/admin/builder/spi-builder-workspace/.derivedData/Build/Intermediates.noindex/CoffeeCraft.build/Debug-watchos/CoffeeBeans-t.build/Objects-normal/arm64/CoffeeBeans.swiftdoc (in target 'CoffeeBeans' from project 'CoffeeCraft')
    cd /Users/admin/builder/spi-builder-workspace
    builtin-copy -exclude .DS_Store -exclude CVS -exclude .svn -exclude .git -exclude .hg -resolve-src-symlinks -rename /Users/admin/builder/spi-builder-workspace/.derivedData/Build/Intermediates.noindex/CoffeeCraft.build/Debug-watchos/CoffeeBeans-t.build/Objects-normal/arm64/CoffeeBeans.swiftdoc /Users/admin/builder/spi-builder-workspace/.derivedData/Build/Products/Debug-watchos/CoffeeBeans.swiftmodule/arm64-apple-watchos.swiftdoc
Copy /Users/admin/builder/spi-builder-workspace/.derivedData/Build/Products/Debug-watchos/CoffeeBeans.swiftmodule/arm64-apple-watchos.abi.json /Users/admin/builder/spi-builder-workspace/.derivedData/Build/Intermediates.noindex/CoffeeCraft.build/Debug-watchos/CoffeeBeans-t.build/Objects-normal/arm64/CoffeeBeans.abi.json (in target 'CoffeeBeans' from project 'CoffeeCraft')
    cd /Users/admin/builder/spi-builder-workspace
    builtin-copy -exclude .DS_Store -exclude CVS -exclude .svn -exclude .git -exclude .hg -resolve-src-symlinks -rename /Users/admin/builder/spi-builder-workspace/.derivedData/Build/Intermediates.noindex/CoffeeCraft.build/Debug-watchos/CoffeeBeans-t.build/Objects-normal/arm64/CoffeeBeans.abi.json /Users/admin/builder/spi-builder-workspace/.derivedData/Build/Products/Debug-watchos/CoffeeBeans.swiftmodule/arm64-apple-watchos.abi.json
Copy /Users/admin/builder/spi-builder-workspace/.derivedData/Build/Products/Debug-watchos/CoffeeBeans.swiftmodule/Project/arm64-apple-watchos.swiftsourceinfo /Users/admin/builder/spi-builder-workspace/.derivedData/Build/Intermediates.noindex/CoffeeCraft.build/Debug-watchos/CoffeeBeans-t.build/Objects-normal/arm64/CoffeeBeans.swiftsourceinfo (in target 'CoffeeBeans' from project 'CoffeeCraft')
    cd /Users/admin/builder/spi-builder-workspace
    builtin-copy -exclude .DS_Store -exclude CVS -exclude .svn -exclude .git -exclude .hg -resolve-src-symlinks -rename /Users/admin/builder/spi-builder-workspace/.derivedData/Build/Intermediates.noindex/CoffeeCraft.build/Debug-watchos/CoffeeBeans-t.build/Objects-normal/arm64/CoffeeBeans.swiftsourceinfo /Users/admin/builder/spi-builder-workspace/.derivedData/Build/Products/Debug-watchos/CoffeeBeans.swiftmodule/Project/arm64-apple-watchos.swiftsourceinfo
SwiftExplicitDependencyGeneratePcm arm64_32 /Users/admin/builder/spi-builder-workspace/.derivedData/SDKExplicitPrecompiledModules/Accessibility-F385OMZ5GYBUY5O4QAJB4NRII.pcm
SwiftExplicitDependencyGeneratePcm arm64_32 /Users/admin/builder/spi-builder-workspace/.derivedData/SDKExplicitPrecompiledModules/UserNotifications-6TBN8TEAKO014N1T2QD926XED.pcm
SwiftExplicitDependencyGeneratePcm arm64_32 /Users/admin/builder/spi-builder-workspace/.derivedData/SDKExplicitPrecompiledModules/CoreData-7AU1AFQWUH88EAPDKVMLJPKVD.pcm
SwiftExplicitDependencyGeneratePcm arm64 /Users/admin/builder/spi-builder-workspace/.derivedData/SDKExplicitPrecompiledModules/QuartzCore-94KFMWNOU7ZLUZNB4T5DLZC9D.pcm
SwiftExplicitDependencyGeneratePcm arm64 /Users/admin/builder/spi-builder-workspace/.derivedData/SDKExplicitPrecompiledModules/UniformTypeIdentifiers-8L08Q8DQJV8C4AW84YVGFGTRN.pcm
SwiftExplicitDependencyGeneratePcm arm64 /Users/admin/builder/spi-builder-workspace/.derivedData/SDKExplicitPrecompiledModules/CoreMotion-6RD5K48QT1F4L9CATNFD2O7YB.pcm
SwiftExplicitDependencyGeneratePcm arm64_32 /Users/admin/builder/spi-builder-workspace/.derivedData/SDKExplicitPrecompiledModules/CoreLocation-8XU5YMYM4P11RQMYCQAG65ITK.pcm
SwiftDriverJobDiscovery normal arm64_32 Emitting module for CoffeeBeans (in target 'CoffeeBeans' from project 'CoffeeCraft')
SwiftDriver\ Compilation\ Requirements CoffeeBeans normal arm64_32 com.apple.xcode.tools.swift.compiler (in target 'CoffeeBeans' from project 'CoffeeCraft')
    cd /Users/admin/builder/spi-builder-workspace/.swiftpm/xcode
    builtin-Swift-Compilation-Requirements -- /Applications/Xcode-27.0.0-Release.Candidate.app/Contents/Developer/Toolchains/XcodeDefault.xctoolchain/usr/bin/swiftc -parse-as-library -module-name CoffeeBeans -Onone @/Users/admin/builder/spi-builder-workspace/.derivedData/Build/Intermediates.noindex/CoffeeCraft.build/Debug-watchos/CoffeeBeans-t.build/Objects-normal/arm64_32/CoffeeBeans.SwiftFileList -DSWIFT_PACKAGE -DDEBUG -DSWIFT_MODULE_RESOURCE_BUNDLE_UNAVAILABLE -DXcode -plugin-path /Applications/Xcode-27.0.0-Release.Candidate.app/Contents/Developer/Toolchains/XcodeDefault.xctoolchain/usr/lib/swift/host/plugins/testing -enable-experimental-feature DebugDescriptionMacro -sdk /Applications/Xcode-27.0.0-Release.Candidate.app/Contents/Developer/Platforms/WatchOS.platform/Developer/SDKs/WatchOS27.0.sdk -target arm64_32-apple-watchos9.0 -g -module-cache-path /Users/admin/builder/spi-builder-workspace/.derivedData/ModuleCache.noindex -Xfrontend -serialize-debugging-options -profile-coverage-mapping -profile-generate -enable-testing -index-store-path /Users/admin/builder/spi-builder-workspace/.derivedData/Index.noindex/DataStore -Xcc -D_LIBCPP_HARDENING_MODE\=_LIBCPP_HARDENING_MODE_DEBUG -swift-version 5 -I /Users/admin/builder/spi-builder-workspace/.derivedData/Build/Products/Debug-watchos -Isystem /Applications/Xcode-27.0.0-Release.Candidate.app/Contents/Developer/Platforms/WatchOS.platform/Developer/usr/lib -F /Users/admin/builder/spi-builder-workspace/.derivedData/Build/Products/Debug-watchos -F /Applications/Xcode-27.0.0-Release.Candidate.app/Contents/Developer/Platforms/WatchOS.platform/Developer/Library/Frameworks -F /Applications/Xcode-27.0.0-Release.Candidate.app/Contents/Developer/Platforms/WatchOS.platform/Developer/SDKs/WatchOS27.0.sdk/Developer/Library/Frameworks -c -j10 -enable-batch-mode -incremental -Xcc -ivfsstatcache -Xcc /Users/admin/builder/spi-builder-workspace/.derivedData/SDKStatCaches.noindex/watchos27.0-24R360-e829b21a6f8c9b70876ba0858053c04477534ef55a1706bf4c1112bbb242f0a2.sdkstatcache -output-file-map /Users/admin/builder/spi-builder-workspace/.derivedData/Build/Intermediates.noindex/CoffeeCraft.build/Debug-watchos/CoffeeBeans-t.build/Objects-normal/arm64_32/CoffeeBeans-OutputFileMap.json -save-temps -no-color-diagnostics -explicit-module-build -module-cache-path /Users/admin/builder/spi-builder-workspace/.derivedData/Build/Intermediates.noindex/SwiftExplicitPrecompiledModules -clang-scanner-module-cache-path /Users/admin/builder/spi-builder-workspace/.derivedData/ModuleCache.noindex -sdk-module-cache-path /Users/admin/builder/spi-builder-workspace/.derivedData/SDKExplicitPrecompiledModules -emit-dependencies -emit-module -emit-module-path /Users/admin/builder/spi-builder-workspace/.derivedData/Build/Intermediates.noindex/CoffeeCraft.build/Debug-watchos/CoffeeBeans-t.build/Objects-normal/arm64_32/CoffeeBeans.swiftmodule -serialize-diagnostics -dependency-scan-serialize-diagnostics-path /Users/admin/builder/spi-builder-workspace/.derivedData/Build/Intermediates.noindex/CoffeeCraft.build/Debug-watchos/CoffeeBeans-t.build/Objects-normal/arm64_32/CoffeeBeans-dependency-scan.dia -validate-clang-modules-once -clang-build-session-file /Users/admin/builder/spi-builder-workspace/.derivedData/ModuleCache.noindex/Session.modulevalidation -Xcc -fmodules-prune-interval\=86400 -Xcc -fmodules-prune-after\=345600 -emit-const-values -const-gather-protocols-list /Users/admin/builder/spi-builder-workspace/.derivedData/Build/Intermediates.noindex/CoffeeCraft.build/Debug-watchos/CoffeeBeans-t.build/Objects-normal/arm64_32/CoffeeBeans_const_extract_protocols.json -Xcc -I/Users/admin/builder/spi-builder-workspace/.derivedData/Build/Products/Debug-watchos/include -Xcc -I/Users/admin/builder/spi-builder-workspace/.derivedData/Build/Intermediates.noindex/CoffeeCraft.build/Debug-watchos/CoffeeBeans-t.build/DerivedSources-normal/arm64_32 -Xcc -I/Users/admin/builder/spi-builder-workspace/.derivedData/Build/Intermediates.noindex/CoffeeCraft.build/Debug-watchos/CoffeeBeans-t.build/DerivedSources/arm64_32 -Xcc -I/Users/admin/builder/spi-builder-workspace/.derivedData/Build/Intermediates.noindex/CoffeeCraft.build/Debug-watchos/CoffeeBeans-t.build/DerivedSources -Xcc -DSWIFT_PACKAGE -Xcc -DDEBUG\=1 -emit-objc-header -emit-objc-header-path /Users/admin/builder/spi-builder-workspace/.derivedData/Build/Intermediates.noindex/CoffeeCraft.build/Debug-watchos/CoffeeBeans-t.build/Objects-normal/arm64_32/CoffeeBeans-Swift.h -working-directory /Users/admin/builder/spi-builder-workspace/.swiftpm/xcode -experimental-emit-module-separately -disable-cmo
SwiftExplicitDependencyGeneratePcm arm64_32 /Users/admin/builder/spi-builder-workspace/.derivedData/SDKExplicitPrecompiledModules/SwiftUICore-3Q7WLRD8MR9R3NGIPUBQCP6F6.pcm
SwiftMergeGeneratedHeaders /Users/admin/builder/spi-builder-workspace/.derivedData/Build/Intermediates.noindex/GeneratedModuleMaps-watchos/CoffeeBeans-Swift.h /Users/admin/builder/spi-builder-workspace/.derivedData/Build/Intermediates.noindex/CoffeeCraft.build/Debug-watchos/CoffeeBeans-t.build/Objects-normal/arm64/CoffeeBeans-Swift.h /Users/admin/builder/spi-builder-workspace/.derivedData/Build/Intermediates.noindex/CoffeeCraft.build/Debug-watchos/CoffeeBeans-t.build/Objects-normal/arm64_32/CoffeeBeans-Swift.h (in target 'CoffeeBeans' from project 'CoffeeCraft')
    cd /Users/admin/builder/spi-builder-workspace
    builtin-swiftHeaderTool -arch arm64 /Users/admin/builder/spi-builder-workspace/.derivedData/Build/Intermediates.noindex/CoffeeCraft.build/Debug-watchos/CoffeeBeans-t.build/Objects-normal/arm64/CoffeeBeans-Swift.h -arch arm64_32 /Users/admin/builder/spi-builder-workspace/.derivedData/Build/Intermediates.noindex/CoffeeCraft.build/Debug-watchos/CoffeeBeans-t.build/Objects-normal/arm64_32/CoffeeBeans-Swift.h -o /Users/admin/builder/spi-builder-workspace/.derivedData/Build/Intermediates.noindex/GeneratedModuleMaps-watchos/CoffeeBeans-Swift.h
Copy /Users/admin/builder/spi-builder-workspace/.derivedData/Build/Products/Debug-watchos/CoffeeBeans.swiftmodule/arm64_32-apple-watchos.swiftmodule /Users/admin/builder/spi-builder-workspace/.derivedData/Build/Intermediates.noindex/CoffeeCraft.build/Debug-watchos/CoffeeBeans-t.build/Objects-normal/arm64_32/CoffeeBeans.swiftmodule (in target 'CoffeeBeans' from project 'CoffeeCraft')
    cd /Users/admin/builder/spi-builder-workspace
    builtin-copy -exclude .DS_Store -exclude CVS -exclude .svn -exclude .git -exclude .hg -resolve-src-symlinks -rename /Users/admin/builder/spi-builder-workspace/.derivedData/Build/Intermediates.noindex/CoffeeCraft.build/Debug-watchos/CoffeeBeans-t.build/Objects-normal/arm64_32/CoffeeBeans.swiftmodule /Users/admin/builder/spi-builder-workspace/.derivedData/Build/Products/Debug-watchos/CoffeeBeans.swiftmodule/arm64_32-apple-watchos.swiftmodule
Copy /Users/admin/builder/spi-builder-workspace/.derivedData/Build/Products/Debug-watchos/CoffeeBeans.swiftmodule/arm64_32-apple-watchos.swiftdoc /Users/admin/builder/spi-builder-workspace/.derivedData/Build/Intermediates.noindex/CoffeeCraft.build/Debug-watchos/CoffeeBeans-t.build/Objects-normal/arm64_32/CoffeeBeans.swiftdoc (in target 'CoffeeBeans' from project 'CoffeeCraft')
    cd /Users/admin/builder/spi-builder-workspace
    builtin-copy -exclude .DS_Store -exclude CVS -exclude .svn -exclude .git -exclude .hg -resolve-src-symlinks -rename /Users/admin/builder/spi-builder-workspace/.derivedData/Build/Intermediates.noindex/CoffeeCraft.build/Debug-watchos/CoffeeBeans-t.build/Objects-normal/arm64_32/CoffeeBeans.swiftdoc /Users/admin/builder/spi-builder-workspace/.derivedData/Build/Products/Debug-watchos/CoffeeBeans.swiftmodule/arm64_32-apple-watchos.swiftdoc
Copy /Users/admin/builder/spi-builder-workspace/.derivedData/Build/Products/Debug-watchos/CoffeeBeans.swiftmodule/arm64_32-apple-watchos.abi.json /Users/admin/builder/spi-builder-workspace/.derivedData/Build/Intermediates.noindex/CoffeeCraft.build/Debug-watchos/CoffeeBeans-t.build/Objects-normal/arm64_32/CoffeeBeans.abi.json (in target 'CoffeeBeans' from project 'CoffeeCraft')
    cd /Users/admin/builder/spi-builder-workspace
    builtin-copy -exclude .DS_Store -exclude CVS -exclude .svn -exclude .git -exclude .hg -resolve-src-symlinks -rename /Users/admin/builder/spi-builder-workspace/.derivedData/Build/Intermediates.noindex/CoffeeCraft.build/Debug-watchos/CoffeeBeans-t.build/Objects-normal/arm64_32/CoffeeBeans.abi.json /Users/admin/builder/spi-builder-workspace/.derivedData/Build/Products/Debug-watchos/CoffeeBeans.swiftmodule/arm64_32-apple-watchos.abi.json
Copy /Users/admin/builder/spi-builder-workspace/.derivedData/Build/Products/Debug-watchos/CoffeeBeans.swiftmodule/Project/arm64_32-apple-watchos.swiftsourceinfo /Users/admin/builder/spi-builder-workspace/.derivedData/Build/Intermediates.noindex/CoffeeCraft.build/Debug-watchos/CoffeeBeans-t.build/Objects-normal/arm64_32/CoffeeBeans.swiftsourceinfo (in target 'CoffeeBeans' from project 'CoffeeCraft')
    cd /Users/admin/builder/spi-builder-workspace
    builtin-copy -exclude .DS_Store -exclude CVS -exclude .svn -exclude .git -exclude .hg -resolve-src-symlinks -rename /Users/admin/builder/spi-builder-workspace/.derivedData/Build/Intermediates.noindex/CoffeeCraft.build/Debug-watchos/CoffeeBeans-t.build/Objects-normal/arm64_32/CoffeeBeans.swiftsourceinfo /Users/admin/builder/spi-builder-workspace/.derivedData/Build/Products/Debug-watchos/CoffeeBeans.swiftmodule/Project/arm64_32-apple-watchos.swiftsourceinfo
SwiftExplicitDependencyGeneratePcm arm64_32 /Users/admin/builder/spi-builder-workspace/.derivedData/SDKExplicitPrecompiledModules/CoreTransferable-5D4IR6X37682FPHJ5CBPTKQV6.pcm
SwiftExplicitDependencyGeneratePcm arm64 /Users/admin/builder/spi-builder-workspace/.derivedData/SDKExplicitPrecompiledModules/CoreTransferable-9PPG3SLJ55T4LITIFYX2M0NOZ.pcm
SwiftExplicitDependencyGeneratePcm arm64_32 /Users/admin/builder/spi-builder-workspace/.derivedData/SDKExplicitPrecompiledModules/UniformTypeIdentifiers-CJZ3NTHPSBH4XWX5EVOG56UZS.pcm
SwiftCompile normal arm64 Compiling\ String+Converters.swift /Users/admin/builder/spi-builder-workspace/Sources/CoffeeBeans/String+Converters.swift (in target 'CoffeeBeans' from project 'CoffeeCraft')
SwiftCompile normal arm64 /Users/admin/builder/spi-builder-workspace/Sources/CoffeeBeans/String+Converters.swift (in target 'CoffeeBeans' from project 'CoffeeCraft')
    cd /Users/admin/builder/spi-builder-workspace/.swiftpm/xcode
    builtin-SwiftPerFileCompile String+Converters.swift
SwiftCompile normal arm64 Compiling\ Date+Helpers.swift /Users/admin/builder/spi-builder-workspace/Sources/CoffeeBeans/Date+Helpers.swift (in target 'CoffeeBeans' from project 'CoffeeCraft')
/Users/admin/builder/spi-builder-workspace/Sources/CoffeeBeans/Date+Helpers.swift:10:1: warning: extension declares a conformance of imported type 'Date' to imported protocol 'ExpressibleByIntegerLiteral'; this will not behave correctly if the owners of 'Foundation' introduce this conformance in the future
 8 | import Foundation
 9 |
10 | extension Date: ExpressibleByIntegerLiteral {
   | |- warning: extension declares a conformance of imported type 'Date' to imported protocol 'ExpressibleByIntegerLiteral'; this will not behave correctly if the owners of 'Foundation' introduce this conformance in the future
   | `- note: add '@retroactive' to silence this warning
11 |
12 |     public init(integerLiteral value: Int) {
SwiftCompile normal arm64 /Users/admin/builder/spi-builder-workspace/Sources/CoffeeBeans/Date+Helpers.swift (in target 'CoffeeBeans' from project 'CoffeeCraft')
    cd /Users/admin/builder/spi-builder-workspace/.swiftpm/xcode
    builtin-SwiftPerFileCompile Date+Helpers.swift
SwiftCompile normal arm64 Compiling\ String+Validators.swift /Users/admin/builder/spi-builder-workspace/Sources/CoffeeBeans/String+Validators.swift (in target 'CoffeeBeans' from project 'CoffeeCraft')
SwiftCompile normal arm64 /Users/admin/builder/spi-builder-workspace/Sources/CoffeeBeans/String+Validators.swift (in target 'CoffeeBeans' from project 'CoffeeCraft')
    cd /Users/admin/builder/spi-builder-workspace/.swiftpm/xcode
    builtin-SwiftPerFileCompile String+Validators.swift
SwiftCompile normal arm64_32 Compiling\ String+Converters.swift /Users/admin/builder/spi-builder-workspace/Sources/CoffeeBeans/String+Converters.swift (in target 'CoffeeBeans' from project 'CoffeeCraft')
SwiftCompile normal arm64_32 /Users/admin/builder/spi-builder-workspace/Sources/CoffeeBeans/String+Converters.swift (in target 'CoffeeBeans' from project 'CoffeeCraft')
    cd /Users/admin/builder/spi-builder-workspace/.swiftpm/xcode
    builtin-SwiftPerFileCompile String+Converters.swift
SwiftCompile normal arm64_32 Compiling\ Date+Helpers.swift /Users/admin/builder/spi-builder-workspace/Sources/CoffeeBeans/Date+Helpers.swift (in target 'CoffeeBeans' from project 'CoffeeCraft')
/Users/admin/builder/spi-builder-workspace/Sources/CoffeeBeans/Date+Helpers.swift:10:1: warning: extension declares a conformance of imported type 'Date' to imported protocol 'ExpressibleByIntegerLiteral'; this will not behave correctly if the owners of 'Foundation' introduce this conformance in the future
 8 | import Foundation
 9 |
10 | extension Date: ExpressibleByIntegerLiteral {
   | |- warning: extension declares a conformance of imported type 'Date' to imported protocol 'ExpressibleByIntegerLiteral'; this will not behave correctly if the owners of 'Foundation' introduce this conformance in the future
   | `- note: add '@retroactive' to silence this warning
11 |
12 |     public init(integerLiteral value: Int) {
SwiftCompile normal arm64_32 /Users/admin/builder/spi-builder-workspace/Sources/CoffeeBeans/Date+Helpers.swift (in target 'CoffeeBeans' from project 'CoffeeCraft')
    cd /Users/admin/builder/spi-builder-workspace/.swiftpm/xcode
    builtin-SwiftPerFileCompile Date+Helpers.swift
SwiftExplicitDependencyGeneratePcm arm64 /Users/admin/builder/spi-builder-workspace/.derivedData/SDKExplicitPrecompiledModules/SwiftUICore-C1DST1IX2Z0PTH5SJJZ1IULRB.pcm
SwiftCompile normal arm64_32 Compiling\ String+Validators.swift /Users/admin/builder/spi-builder-workspace/Sources/CoffeeBeans/String+Validators.swift (in target 'CoffeeBeans' from project 'CoffeeCraft')
SwiftCompile normal arm64_32 /Users/admin/builder/spi-builder-workspace/Sources/CoffeeBeans/String+Validators.swift (in target 'CoffeeBeans' from project 'CoffeeCraft')
    cd /Users/admin/builder/spi-builder-workspace/.swiftpm/xcode
    builtin-SwiftPerFileCompile String+Validators.swift
SwiftExplicitDependencyGeneratePcm arm64 /Users/admin/builder/spi-builder-workspace/.derivedData/SDKExplicitPrecompiledModules/UIKit-27R3P1YMV4C6JLDT661G3MRIA.pcm
SwiftExplicitDependencyGeneratePcm arm64_32 /Users/admin/builder/spi-builder-workspace/.derivedData/SDKExplicitPrecompiledModules/CoreMotion-1XGTVTE5PP32UHME8AC63TL6.pcm
SwiftExplicitDependencyGeneratePcm arm64_32 /Users/admin/builder/spi-builder-workspace/.derivedData/SDKExplicitPrecompiledModules/UIKit-6PPV7YPZ89CZPHYAP072QH8B6.pcm
SwiftExplicitDependencyGeneratePcm arm64 /Users/admin/builder/spi-builder-workspace/.derivedData/SDKExplicitPrecompiledModules/MapKit-EJJWC7IL56MPLQMI93GJRE5OG.pcm
SwiftExplicitDependencyGeneratePcm arm64 /Users/admin/builder/spi-builder-workspace/.derivedData/SDKExplicitPrecompiledModules/HomeKit-DTS1N4AWILAL1URZ5IOXV5221.pcm
SwiftExplicitDependencyGeneratePcm arm64_32 /Users/admin/builder/spi-builder-workspace/.derivedData/SDKExplicitPrecompiledModules/MapKit-CWGB4YMP1VX1NYQN5FULFD5DR.pcm
SwiftExplicitDependencyGeneratePcm arm64_32 /Users/admin/builder/spi-builder-workspace/.derivedData/SDKExplicitPrecompiledModules/HomeKit-DUDZOMSN3UK8GNTNBNMPIWJRN.pcm
SwiftExplicitDependencyGeneratePcm arm64 /Users/admin/builder/spi-builder-workspace/.derivedData/SDKExplicitPrecompiledModules/WatchKit-3VT3K8YON6FJ6OWSUFJMFMP8J.pcm
SwiftExplicitDependencyGeneratePcm arm64_32 /Users/admin/builder/spi-builder-workspace/.derivedData/SDKExplicitPrecompiledModules/WatchKit-FHF6WTKLC2APGK3LA2XJ6516.pcm
SwiftExplicitDependencyGeneratePcm arm64 /Users/admin/builder/spi-builder-workspace/.derivedData/SDKExplicitPrecompiledModules/SwiftUI-APXDH8ULYLM6FD17YRA73TULO.pcm
SwiftEmitModule normal arm64 Emitting\ module\ for\ CoffeeUI (in target 'CoffeeUI' from project 'CoffeeCraft')
SwiftCompile normal arm64 (in target 'CoffeeUI' from project 'CoffeeCraft')
    cd /Users/admin/builder/spi-builder-workspace/.swiftpm/xcode

SwiftCompile normal arm64 Compiling\ GeneratedAssetSymbols.swift /Users/admin/builder/spi-builder-workspace/.derivedData/Build/Intermediates.noindex/CoffeeCraft.build/Debug-watchos/CoffeeUI-t.build/DerivedSources/GeneratedAssetSymbols.swift (in target 'CoffeeUI' from project 'CoffeeCraft')
SwiftCompile normal arm64 /Users/admin/builder/spi-builder-workspace/.derivedData/Build/Intermediates.noindex/CoffeeCraft.build/Debug-watchos/CoffeeUI-t.build/DerivedSources/GeneratedAssetSymbols.swift (in target 'CoffeeUI' from project 'CoffeeCraft')
    cd /Users/admin/builder/spi-builder-workspace/.swiftpm/xcode
    builtin-SwiftPerFileCompile GeneratedAssetSymbols.swift
SwiftCompile normal arm64 Compiling\ resource_bundle_accessor.swift /Users/admin/builder/spi-builder-workspace/.derivedData/Build/Intermediates.noindex/CoffeeCraft.build/Debug-watchos/CoffeeUI-t.build/DerivedSources/resource_bundle_accessor.swift (in target 'CoffeeUI' from project 'CoffeeCraft')
SwiftCompile normal arm64 /Users/admin/builder/spi-builder-workspace/.derivedData/Build/Intermediates.noindex/CoffeeCraft.build/Debug-watchos/CoffeeUI-t.build/DerivedSources/resource_bundle_accessor.swift (in target 'CoffeeUI' from project 'CoffeeCraft')
    cd /Users/admin/builder/spi-builder-workspace/.swiftpm/xcode
    builtin-SwiftPerFileCompile resource_bundle_accessor.swift
SwiftCompile normal arm64 Compiling\ BackgroundView.swift /Users/admin/builder/spi-builder-workspace/Sources/CoffeeUI/BackgroundView.swift (in target 'CoffeeUI' from project 'CoffeeCraft')
SwiftCompile normal arm64 /Users/admin/builder/spi-builder-workspace/Sources/CoffeeUI/BackgroundView.swift (in target 'CoffeeUI' from project 'CoffeeCraft')
    cd /Users/admin/builder/spi-builder-workspace/.swiftpm/xcode
    builtin-SwiftPerFileCompile BackgroundView.swift
SwiftExplicitDependencyGeneratePcm arm64_32 /Users/admin/builder/spi-builder-workspace/.derivedData/SDKExplicitPrecompiledModules/SwiftUI-9AYG9OCT5VOJK7V4MX1WYR86T.pcm
SwiftDriverJobDiscovery normal arm64 Emitting module for CoffeeUI (in target 'CoffeeUI' from project 'CoffeeCraft')
SwiftDriver\ Compilation\ Requirements CoffeeUI normal arm64 com.apple.xcode.tools.swift.compiler (in target 'CoffeeUI' from project 'CoffeeCraft')
    cd /Users/admin/builder/spi-builder-workspace/.swiftpm/xcode
    builtin-Swift-Compilation-Requirements -- /Applications/Xcode-27.0.0-Release.Candidate.app/Contents/Developer/Toolchains/XcodeDefault.xctoolchain/usr/bin/swiftc -parse-as-library -module-name CoffeeUI -Onone @/Users/admin/builder/spi-builder-workspace/.derivedData/Build/Intermediates.noindex/CoffeeCraft.build/Debug-watchos/CoffeeUI-t.build/Objects-normal/arm64/CoffeeUI.SwiftFileList -DSWIFT_PACKAGE -DDEBUG -DSWIFT_MODULE_RESOURCE_BUNDLE_AVAILABLE -DXcode -plugin-path /Applications/Xcode-27.0.0-Release.Candidate.app/Contents/Developer/Toolchains/XcodeDefault.xctoolchain/usr/lib/swift/host/plugins/testing -enable-experimental-feature DebugDescriptionMacro -sdk /Applications/Xcode-27.0.0-Release.Candidate.app/Contents/Developer/Platforms/WatchOS.platform/Developer/SDKs/WatchOS27.0.sdk -target arm64-apple-watchos9.0 -g -module-cache-path /Users/admin/builder/spi-builder-workspace/.derivedData/ModuleCache.noindex -Xfrontend -serialize-debugging-options -profile-coverage-mapping -profile-generate -enable-testing -index-store-path /Users/admin/builder/spi-builder-workspace/.derivedData/Index.noindex/DataStore -Xcc -D_LIBCPP_HARDENING_MODE\=_LIBCPP_HARDENING_MODE_DEBUG -swift-version 5 -I /Users/admin/builder/spi-builder-workspace/.derivedData/Build/Products/Debug-watchos -Isystem /Applications/Xcode-27.0.0-Release.Candidate.app/Contents/Developer/Platforms/WatchOS.platform/Developer/usr/lib -F /Users/admin/builder/spi-builder-workspace/.derivedData/Build/Products/Debug-watchos -F /Applications/Xcode-27.0.0-Release.Candidate.app/Contents/Developer/Platforms/WatchOS.platform/Developer/Library/Frameworks -F /Applications/Xcode-27.0.0-Release.Candidate.app/Contents/Developer/Platforms/WatchOS.platform/Developer/SDKs/WatchOS27.0.sdk/Developer/Library/Frameworks -c -j10 -enable-batch-mode -incremental -Xcc -ivfsstatcache -Xcc /Users/admin/builder/spi-builder-workspace/.derivedData/SDKStatCaches.noindex/watchos27.0-24R360-e829b21a6f8c9b70876ba0858053c04477534ef55a1706bf4c1112bbb242f0a2.sdkstatcache -output-file-map /Users/admin/builder/spi-builder-workspace/.derivedData/Build/Intermediates.noindex/CoffeeCraft.build/Debug-watchos/CoffeeUI-t.build/Objects-normal/arm64/CoffeeUI-OutputFileMap.json -save-temps -no-color-diagnostics -explicit-module-build -module-cache-path /Users/admin/builder/spi-builder-workspace/.derivedData/Build/Intermediates.noindex/SwiftExplicitPrecompiledModules -clang-scanner-module-cache-path /Users/admin/builder/spi-builder-workspace/.derivedData/ModuleCache.noindex -sdk-module-cache-path /Users/admin/builder/spi-builder-workspace/.derivedData/SDKExplicitPrecompiledModules -emit-dependencies -emit-module -emit-module-path /Users/admin/builder/spi-builder-workspace/.derivedData/Build/Intermediates.noindex/CoffeeCraft.build/Debug-watchos/CoffeeUI-t.build/Objects-normal/arm64/CoffeeUI.swiftmodule -serialize-diagnostics -dependency-scan-serialize-diagnostics-path /Users/admin/builder/spi-builder-workspace/.derivedData/Build/Intermediates.noindex/CoffeeCraft.build/Debug-watchos/CoffeeUI-t.build/Objects-normal/arm64/CoffeeUI-dependency-scan.dia -validate-clang-modules-once -clang-build-session-file /Users/admin/builder/spi-builder-workspace/.derivedData/ModuleCache.noindex/Session.modulevalidation -Xcc -fmodules-prune-interval\=86400 -Xcc -fmodules-prune-after\=345600 -emit-const-values -const-gather-protocols-list /Users/admin/builder/spi-builder-workspace/.derivedData/Build/Intermediates.noindex/CoffeeCraft.build/Debug-watchos/CoffeeUI-t.build/Objects-normal/arm64/CoffeeUI_const_extract_protocols.json -Xcc -I/Users/admin/builder/spi-builder-workspace/.derivedData/Build/Products/Debug-watchos/include -Xcc -I/Users/admin/builder/spi-builder-workspace/.derivedData/Build/Intermediates.noindex/CoffeeCraft.build/Debug-watchos/CoffeeUI-t.build/DerivedSources-normal/arm64 -Xcc -I/Users/admin/builder/spi-builder-workspace/.derivedData/Build/Intermediates.noindex/CoffeeCraft.build/Debug-watchos/CoffeeUI-t.build/DerivedSources/arm64 -Xcc -I/Users/admin/builder/spi-builder-workspace/.derivedData/Build/Intermediates.noindex/CoffeeCraft.build/Debug-watchos/CoffeeUI-t.build/DerivedSources -Xcc -DSWIFT_PACKAGE -Xcc -DDEBUG\=1 -emit-objc-header -emit-objc-header-path /Users/admin/builder/spi-builder-workspace/.derivedData/Build/Intermediates.noindex/CoffeeCraft.build/Debug-watchos/CoffeeUI-t.build/Objects-normal/arm64/CoffeeUI-Swift.h -working-directory /Users/admin/builder/spi-builder-workspace/.swiftpm/xcode -experimental-emit-module-separately -disable-cmo
SwiftEmitModule normal arm64_32 Emitting\ module\ for\ CoffeeUI (in target 'CoffeeUI' from project 'CoffeeCraft')
SwiftCompile normal arm64_32 (in target 'CoffeeUI' from project 'CoffeeCraft')
    cd /Users/admin/builder/spi-builder-workspace/.swiftpm/xcode

Copy /Users/admin/builder/spi-builder-workspace/.derivedData/Build/Products/Debug-watchos/CoffeeUI.swiftmodule/arm64-apple-watchos.swiftmodule /Users/admin/builder/spi-builder-workspace/.derivedData/Build/Intermediates.noindex/CoffeeCraft.build/Debug-watchos/CoffeeUI-t.build/Objects-normal/arm64/CoffeeUI.swiftmodule (in target 'CoffeeUI' from project 'CoffeeCraft')
    cd /Users/admin/builder/spi-builder-workspace
    builtin-copy -exclude .DS_Store -exclude CVS -exclude .svn -exclude .git -exclude .hg -resolve-src-symlinks -rename /Users/admin/builder/spi-builder-workspace/.derivedData/Build/Intermediates.noindex/CoffeeCraft.build/Debug-watchos/CoffeeUI-t.build/Objects-normal/arm64/CoffeeUI.swiftmodule /Users/admin/builder/spi-builder-workspace/.derivedData/Build/Products/Debug-watchos/CoffeeUI.swiftmodule/arm64-apple-watchos.swiftmodule
SwiftDriverJobDiscovery normal arm64 Compiling String+Validators.swift (in target 'CoffeeBeans' from project 'CoffeeCraft')
Copy /Users/admin/builder/spi-builder-workspace/.derivedData/Build/Products/Debug-watchos/CoffeeUI.swiftmodule/arm64-apple-watchos.swiftdoc /Users/admin/builder/spi-builder-workspace/.derivedData/Build/Intermediates.noindex/CoffeeCraft.build/Debug-watchos/CoffeeUI-t.build/Objects-normal/arm64/CoffeeUI.swiftdoc (in target 'CoffeeUI' from project 'CoffeeCraft')
    cd /Users/admin/builder/spi-builder-workspace
    builtin-copy -exclude .DS_Store -exclude CVS -exclude .svn -exclude .git -exclude .hg -resolve-src-symlinks -rename /Users/admin/builder/spi-builder-workspace/.derivedData/Build/Intermediates.noindex/CoffeeCraft.build/Debug-watchos/CoffeeUI-t.build/Objects-normal/arm64/CoffeeUI.swiftdoc /Users/admin/builder/spi-builder-workspace/.derivedData/Build/Products/Debug-watchos/CoffeeUI.swiftmodule/arm64-apple-watchos.swiftdoc
Copy /Users/admin/builder/spi-builder-workspace/.derivedData/Build/Products/Debug-watchos/CoffeeUI.swiftmodule/arm64-apple-watchos.abi.json /Users/admin/builder/spi-builder-workspace/.derivedData/Build/Intermediates.noindex/CoffeeCraft.build/Debug-watchos/CoffeeUI-t.build/Objects-normal/arm64/CoffeeUI.abi.json (in target 'CoffeeUI' from project 'CoffeeCraft')
    cd /Users/admin/builder/spi-builder-workspace
    builtin-copy -exclude .DS_Store -exclude CVS -exclude .svn -exclude .git -exclude .hg -resolve-src-symlinks -rename /Users/admin/builder/spi-builder-workspace/.derivedData/Build/Intermediates.noindex/CoffeeCraft.build/Debug-watchos/CoffeeUI-t.build/Objects-normal/arm64/CoffeeUI.abi.json /Users/admin/builder/spi-builder-workspace/.derivedData/Build/Products/Debug-watchos/CoffeeUI.swiftmodule/arm64-apple-watchos.abi.json
SwiftDriverJobDiscovery normal arm64 Compiling Date+Helpers.swift (in target 'CoffeeBeans' from project 'CoffeeCraft')
Copy /Users/admin/builder/spi-builder-workspace/.derivedData/Build/Products/Debug-watchos/CoffeeUI.swiftmodule/Project/arm64-apple-watchos.swiftsourceinfo /Users/admin/builder/spi-builder-workspace/.derivedData/Build/Intermediates.noindex/CoffeeCraft.build/Debug-watchos/CoffeeUI-t.build/Objects-normal/arm64/CoffeeUI.swiftsourceinfo (in target 'CoffeeUI' from project 'CoffeeCraft')
    cd /Users/admin/builder/spi-builder-workspace
    builtin-copy -exclude .DS_Store -exclude CVS -exclude .svn -exclude .git -exclude .hg -resolve-src-symlinks -rename /Users/admin/builder/spi-builder-workspace/.derivedData/Build/Intermediates.noindex/CoffeeCraft.build/Debug-watchos/CoffeeUI-t.build/Objects-normal/arm64/CoffeeUI.swiftsourceinfo /Users/admin/builder/spi-builder-workspace/.derivedData/Build/Products/Debug-watchos/CoffeeUI.swiftmodule/Project/arm64-apple-watchos.swiftsourceinfo
SwiftCompile normal arm64_32 Compiling\ Color+Defaults.swift /Users/admin/builder/spi-builder-workspace/Sources/CoffeeUI/Color+Defaults.swift (in target 'CoffeeUI' from project 'CoffeeCraft')
/Users/admin/builder/spi-builder-workspace/Sources/CoffeeUI/Color+Defaults.swift:15:22: error: 'init(named:in:compatibleWith:)' is unavailable in watchOS
13 |
14 |     static var background: Color {
15 |         return Color(UIColor(named: "Background", in: .module, compatibleWith: .current)!)
   |                      `- error: 'init(named:in:compatibleWith:)' is unavailable in watchOS
16 |     }
17 |
/Applications/Xcode-27.0.0-Release.Candidate.app/Contents/Developer/Platforms/WatchOS.platform/Developer/SDKs/WatchOS27.0.sdk/System/Library/Frameworks/UIKit.framework/Headers/UIColor.h:131:1: note: 'init(named:in:compatibleWith:)' has been explicitly marked unavailable here
129 | @interface UIColor (UIColorNamedColors)
130 | + (nullable UIColor *)colorNamed:(NSString *)name API_AVAILABLE(ios(11.0), watchos(4.0));      // load from main bundle
131 | + (nullable UIColor *)colorNamed:(NSString *)name inBundle:(nullable NSBundle *)bundle compatibleWithTraitCollection:(nullable UITraitCollection *)traitCollection API_AVAILABLE(ios(11.0)) API_UNAVAILABLE(watchos);
    | `- note: 'init(named:in:compatibleWith:)' has been explicitly marked unavailable here
132 | @end
133 |
/Users/admin/builder/spi-builder-workspace/Sources/CoffeeUI/Color+Defaults.swift:15:81: error: 'current' is unavailable in watchOS
13 |
14 |     static var background: Color {
15 |         return Color(UIColor(named: "Background", in: .module, compatibleWith: .current)!)
   |                                                                                 `- error: 'current' is unavailable in watchOS
16 |     }
17 |
/Applications/Xcode-27.0.0-Release.Candidate.app/Contents/Developer/Platforms/WatchOS.platform/Developer/SDKs/WatchOS27.0.sdk/System/Library/Frameworks/UIKit.framework/Headers/UITraitCollection.h:263:57: note: 'current' has been explicitly marked unavailable here
261 |  * This is a thread-local property, so it may be changed on non-main threads without affecting the main thread.
262 |  */
263 | @property (class, nonatomic, strong) UITraitCollection *currentTraitCollection API_AVAILABLE(ios(13.0), tvos(13.0)) API_UNAVAILABLE(watchos);
    |                                                         `- note: 'current' has been explicitly marked unavailable here
264 |
265 | /* Sets `UITraitCollection.currentTraitCollection` to this trait collection, performs the given actions,
/Users/admin/builder/spi-builder-workspace/Sources/CoffeeUI/Color+Defaults.swift:19:22: error: 'init(named:in:compatibleWith:)' is unavailable in watchOS
17 |
18 |     static var foreground: Color {
19 |         return Color(UIColor(named: "Foreground", in: .module, compatibleWith: .current)!)
   |                      `- error: 'init(named:in:compatibleWith:)' is unavailable in watchOS
20 |     }
21 | }
/Applications/Xcode-27.0.0-Release.Candidate.app/Contents/Developer/Platforms/WatchOS.platform/Developer/SDKs/WatchOS27.0.sdk/System/Library/Frameworks/UIKit.framework/Headers/UIColor.h:131:1: note: 'init(named:in:compatibleWith:)' has been explicitly marked unavailable here
129 | @interface UIColor (UIColorNamedColors)
130 | + (nullable UIColor *)colorNamed:(NSString *)name API_AVAILABLE(ios(11.0), watchos(4.0));      // load from main bundle
131 | + (nullable UIColor *)colorNamed:(NSString *)name inBundle:(nullable NSBundle *)bundle compatibleWithTraitCollection:(nullable UITraitCollection *)traitCollection API_AVAILABLE(ios(11.0)) API_UNAVAILABLE(watchos);
    | `- note: 'init(named:in:compatibleWith:)' has been explicitly marked unavailable here
132 | @end
133 |
/Users/admin/builder/spi-builder-workspace/Sources/CoffeeUI/Color+Defaults.swift:19:81: error: 'current' is unavailable in watchOS
17 |
18 |     static var foreground: Color {
19 |         return Color(UIColor(named: "Foreground", in: .module, compatibleWith: .current)!)
   |                                                                                 `- error: 'current' is unavailable in watchOS
20 |     }
21 | }
/Applications/Xcode-27.0.0-Release.Candidate.app/Contents/Developer/Platforms/WatchOS.platform/Developer/SDKs/WatchOS27.0.sdk/System/Library/Frameworks/UIKit.framework/Headers/UITraitCollection.h:263:57: note: 'current' has been explicitly marked unavailable here
261 |  * This is a thread-local property, so it may be changed on non-main threads without affecting the main thread.
262 |  */
263 | @property (class, nonatomic, strong) UITraitCollection *currentTraitCollection API_AVAILABLE(ios(13.0), tvos(13.0)) API_UNAVAILABLE(watchos);
    |                                                         `- note: 'current' has been explicitly marked unavailable here
264 |
265 | /* Sets `UITraitCollection.currentTraitCollection` to this trait collection, performs the given actions,
Failed frontend command:
/Applications/Xcode-27.0.0-Release.Candidate.app/Contents/Developer/Toolchains/XcodeDefault.xctoolchain/usr/bin/swift-frontend -frontend -c /Users/admin/builder/spi-builder-workspace/.derivedData/Build/Intermediates.noindex/CoffeeCraft.build/Debug-watchos/CoffeeUI-t.build/DerivedSources/resource_bundle_accessor.swift /Users/admin/builder/spi-builder-workspace/Sources/CoffeeUI/BackgroundView.swift /Users/admin/builder/spi-builder-workspace/Sources/CoffeeUI/BoxIconItem.swift /Users/admin/builder/spi-builder-workspace/Sources/CoffeeUI/BoxItem.swift /Users/admin/builder/spi-builder-workspace/Sources/CoffeeUI/CircularProgressBar.swift -primary-file /Users/admin/builder/spi-builder-workspace/Sources/CoffeeUI/Color+Defaults.swift /Users/admin/builder/spi-builder-workspace/Sources/CoffeeUI/Icon.swift /Users/admin/builder/spi-builder-workspace/Sources/CoffeeUI/IconButton.swift /Users/admin/builder/spi-builder-workspace/Sources/CoffeeUI/LinearProgressBar.swift /Users/admin/builder/spi-builder-workspace/.derivedData/Build/Intermediates.noindex/CoffeeCraft.build/Debug-watchos/CoffeeUI-t.build/DerivedSources/GeneratedAssetSymbols.swift -emit-dependencies-path /Users/admin/builder/spi-builder-workspace/.derivedData/Build/Intermediates.noindex/CoffeeCraft.build/Debug-watchos/CoffeeUI-t.build/Objects-normal/arm64_32/Color+Defaults.d -emit-const-values-path /Users/admin/builder/spi-builder-workspace/.derivedData/Build/Intermediates.noindex/CoffeeCraft.build/Debug-watchos/CoffeeUI-t.build/Objects-normal/arm64_32/Color+Defaults.swiftconstvalues -emit-reference-dependencies-path /Users/admin/builder/spi-builder-workspace/.derivedData/Build/Intermediates.noindex/CoffeeCraft.build/Debug-watchos/CoffeeUI-t.build/Objects-normal/arm64_32/Color+Defaults.swiftdeps -serialize-diagnostics-path /Users/admin/builder/spi-builder-workspace/.derivedData/Build/Intermediates.noindex/CoffeeCraft.build/Debug-watchos/CoffeeUI-t.build/Objects-normal/arm64_32/Color+Defaults.dia -target arm64_32-apple-watchos9.0 -module-can-import-version DeveloperToolsSupport 24.0.24 24.0.24 -module-can-import-version SwiftUI 8.0.84.1 8.0.84 -module-can-import-version UIKit 9127.0.84.1 9127.0.84 -disable-cross-import-overlay-search -load-resolved-plugin /Applications/Xcode-27.0.0-Release.Candidate.app/Contents/Developer/Platforms/WatchOS.platform/Developer/usr/lib/swift/host/plugins/libFoundationMacros.dylib\#/Applications/Xcode-27.0.0-Release.Candidate.app/Contents/Developer/Platforms/WatchOS.platform/Developer/usr/bin/swift-plugin-server\#FoundationMacros -load-resolved-plugin /Applications/Xcode-27.0.0-Release.Candidate.app/Contents/Developer/Platforms/WatchOS.platform/Developer/usr/lib/swift/host/plugins/libObservationMacros.dylib\#/Applications/Xcode-27.0.0-Release.Candidate.app/Contents/Developer/Platforms/WatchOS.platform/Developer/usr/bin/swift-plugin-server\#ObservationMacros -load-resolved-plugin /Applications/Xcode-27.0.0-Release.Candidate.app/Contents/Developer/Platforms/WatchOS.platform/Developer/usr/lib/swift/host/plugins/libPreviewsMacros.dylib\#/Applications/Xcode-27.0.0-Release.Candidate.app/Contents/Developer/Platforms/WatchOS.platform/Developer/usr/bin/swift-plugin-server\#PreviewsMacros -load-resolved-plugin /Applications/Xcode-27.0.0-Release.Candidate.app/Contents/Developer/Platforms/WatchOS.platform/Developer/usr/lib/swift/host/plugins/libSwiftMacros.dylib\#/Applications/Xcode-27.0.0-Release.Candidate.app/Contents/Developer/Platforms/WatchOS.platform/Developer/usr/bin/swift-plugin-server\#SwiftMacros -load-resolved-plugin /Applications/Xcode-27.0.0-Release.Candidate.app/Contents/Developer/Platforms/WatchOS.platform/Developer/usr/lib/swift/host/plugins/libSwiftUIMacros.dylib\#/Applications/Xcode-27.0.0-Release.Candidate.app/Contents/Developer/Platforms/WatchOS.platform/Developer/usr/bin/swift-plugin-server\#SwiftUIMacros -disable-implicit-swift-modules -Xcc -fno-implicit-modules -Xcc -fno-implicit-module-maps -explicit-swift-module-map-file /Users/admin/builder/spi-builder-workspace/.derivedData/Build/Intermediates.noindex/CoffeeCraft.build/Debug-watchos/CoffeeUI-t.build/Objects-normal/arm64_32/CoffeeUI-dependencies-2.json -enable-objc-interop -sdk /Applications/Xcode-27.0.0-Release.Candidate.app/Contents/Developer/Platforms/WatchOS.platform/Developer/SDKs/WatchOS27.0.sdk -I /Users/admin/builder/spi-builder-workspace/.derivedData/Build/Products/Debug-watchos -Isystem /Applications/Xcode-27.0.0-Release.Candidate.app/Contents/Developer/Platforms/WatchOS.platform/Developer/usr/lib -F /Users/admin/builder/spi-builder-workspace/.derivedData/Build/Products/Debug-watchos -F /Applications/Xcode-27.0.0-Release.Candidate.app/Contents/Developer/Platforms/WatchOS.platform/Developer/Library/Frameworks -F /Applications/Xcode-27.0.0-Release.Candidate.app/Contents/Developer/Platforms/WatchOS.platform/Developer/SDKs/WatchOS27.0.sdk/Developer/Library/Frameworks -module-cache-path /Users/admin/builder/spi-builder-workspace/.derivedData/Build/Intermediates.noindex/SwiftExplicitPrecompiledModules -no-color-diagnostics -Xcc -fno-color-diagnostics -enable-testing -g -debug-info-format\=dwarf -dwarf-version\=4 -profile-generate -profile-coverage-mapping -swift-version 5 -Onone -D SWIFT_PACKAGE -D DEBUG -D SWIFT_MODULE_RESOURCE_BUNDLE_AVAILABLE -D Xcode -serialize-debugging-options -enable-experimental-feature DebugDescriptionMacro -empty-abi-descriptor -validate-clang-modules-once -clang-build-session-file /Users/admin/builder/spi-builder-workspace/.derivedData/ModuleCache.noindex/Session.modulevalidation -Xcc -working-directory -Xcc /Users/admin/builder/spi-builder-workspace/.swiftpm/xcode -enable-anonymous-context-mangled-names -file-compilation-dir /Users/admin/builder/spi-builder-workspace/.swiftpm/xcode -Xcc -D_LIBCPP_HARDENING_MODE\=_LIBCPP_HARDENING_MODE_DEBUG -Xcc -ivfsstatcache -Xcc /Users/admin/builder/spi-builder-workspace/.derivedData/SDKStatCaches.noindex/watchos27.0-24R360-e829b21a6f8c9b70876ba0858053c04477534ef55a1706bf4c1112bbb242f0a2.sdkstatcache -Xcc -fmodules-prune-interval\=86400 -Xcc -fmodules-prune-after\=345600 -Xcc -I/Users/admin/builder/spi-builder-workspace/.derivedData/Build/Products/Debug-watchos/include -Xcc -I/Users/admin/builder/spi-builder-workspace/.derivedData/Build/Intermediates.noindex/CoffeeCraft.build/Debug-watchos/CoffeeUI-t.build/DerivedSources-normal/arm64_32 -Xcc -I/Users/admin/builder/spi-builder-workspace/.derivedData/Build/Intermediates.noindex/CoffeeCraft.build/Debug-watchos/CoffeeUI-t.build/DerivedSources/arm64_32 -Xcc -I/Users/admin/builder/spi-builder-workspace/.derivedData/Build/Intermediates.noindex/CoffeeCraft.build/Debug-watchos/CoffeeUI-t.build/DerivedSources -Xcc -DSWIFT_PACKAGE -Xcc -DDEBUG\=1 -no-auto-bridging-header-chaining -module-name CoffeeUI -const-gather-protocols-file /Users/admin/builder/spi-builder-workspace/.derivedData/Build/Intermediates.noindex/CoffeeCraft.build/Debug-watchos/CoffeeUI-t.build/Objects-normal/arm64_32/CoffeeUI_const_extract_protocols.json -disable-clang-spi -clang-target arm64_32-apple-watchos27.0 -target-sdk-version 27.0 -target-sdk-name watchos27.0 -in-process-plugin-server-path /Applications/Xcode-27.0.0-Release.Candidate.app/Contents/Developer/Toolchains/XcodeDefault.xctoolchain/usr/lib/swift/host/libSwiftInProcPluginServer.dylib -parse-as-library -o /Users/admin/builder/spi-builder-workspace/.derivedData/Build/Intermediates.noindex/CoffeeCraft.build/Debug-watchos/CoffeeUI-t.build/Objects-normal/arm64_32/Color+Defaults.o -debug-module-path /Users/admin/builder/spi-builder-workspace/.derivedData/Build/Intermediates.noindex/CoffeeCraft.build/Debug-watchos/CoffeeUI-t.build/Objects-normal/arm64_32/CoffeeUI.swiftmodule -index-unit-output-path /CoffeeCraft.build/Debug-watchos/CoffeeUI-t.build/Objects-normal/arm64_32/Color+Defaults.o -index-store-path /Users/admin/builder/spi-builder-workspace/.derivedData/Index.noindex/DataStore -index-system-modules
SwiftCompile normal arm64_32 /Users/admin/builder/spi-builder-workspace/Sources/CoffeeUI/Color+Defaults.swift (in target 'CoffeeUI' from project 'CoffeeCraft')
    cd /Users/admin/builder/spi-builder-workspace/.swiftpm/xcode
    builtin-SwiftPerFileCompile Color+Defaults.swift
SwiftCompile normal arm64_32 Compiling\ IconButton.swift /Users/admin/builder/spi-builder-workspace/Sources/CoffeeUI/IconButton.swift (in target 'CoffeeUI' from project 'CoffeeCraft')
SwiftCompile normal arm64_32 /Users/admin/builder/spi-builder-workspace/Sources/CoffeeUI/IconButton.swift (in target 'CoffeeUI' from project 'CoffeeCraft')
    cd /Users/admin/builder/spi-builder-workspace/.swiftpm/xcode
    builtin-SwiftPerFileCompile IconButton.swift
SwiftCompile normal arm64_32 Compiling\ resource_bundle_accessor.swift /Users/admin/builder/spi-builder-workspace/.derivedData/Build/Intermediates.noindex/CoffeeCraft.build/Debug-watchos/CoffeeUI-t.build/DerivedSources/resource_bundle_accessor.swift (in target 'CoffeeUI' from project 'CoffeeCraft')
SwiftCompile normal arm64_32 /Users/admin/builder/spi-builder-workspace/.derivedData/Build/Intermediates.noindex/CoffeeCraft.build/Debug-watchos/CoffeeUI-t.build/DerivedSources/resource_bundle_accessor.swift (in target 'CoffeeUI' from project 'CoffeeCraft')
    cd /Users/admin/builder/spi-builder-workspace/.swiftpm/xcode
    builtin-SwiftPerFileCompile resource_bundle_accessor.swift
SwiftDriverJobDiscovery normal arm64 Compiling String+Converters.swift (in target 'CoffeeBeans' from project 'CoffeeCraft')
SwiftCompile normal arm64_32 Compiling\ BoxIconItem.swift /Users/admin/builder/spi-builder-workspace/Sources/CoffeeUI/BoxIconItem.swift (in target 'CoffeeUI' from project 'CoffeeCraft')
SwiftCompile normal arm64_32 /Users/admin/builder/spi-builder-workspace/Sources/CoffeeUI/BoxIconItem.swift (in target 'CoffeeUI' from project 'CoffeeCraft')
    cd /Users/admin/builder/spi-builder-workspace/.swiftpm/xcode
    builtin-SwiftPerFileCompile BoxIconItem.swift
SwiftDriverJobDiscovery normal arm64_32 Compiling Date+Helpers.swift (in target 'CoffeeBeans' from project 'CoffeeCraft')
SwiftCompile normal arm64_32 Compiling\ Icon.swift /Users/admin/builder/spi-builder-workspace/Sources/CoffeeUI/Icon.swift (in target 'CoffeeUI' from project 'CoffeeCraft')
SwiftCompile normal arm64_32 /Users/admin/builder/spi-builder-workspace/Sources/CoffeeUI/Icon.swift (in target 'CoffeeUI' from project 'CoffeeCraft')
    cd /Users/admin/builder/spi-builder-workspace/.swiftpm/xcode
    builtin-SwiftPerFileCompile Icon.swift
SwiftCompile normal arm64 Compiling\ Color+Defaults.swift /Users/admin/builder/spi-builder-workspace/Sources/CoffeeUI/Color+Defaults.swift (in target 'CoffeeUI' from project 'CoffeeCraft')
/Users/admin/builder/spi-builder-workspace/Sources/CoffeeUI/Color+Defaults.swift:15:22: error: 'init(named:in:compatibleWith:)' is unavailable in watchOS
13 |
14 |     static var background: Color {
15 |         return Color(UIColor(named: "Background", in: .module, compatibleWith: .current)!)
   |                      `- error: 'init(named:in:compatibleWith:)' is unavailable in watchOS
16 |     }
17 |
/Applications/Xcode-27.0.0-Release.Candidate.app/Contents/Developer/Platforms/WatchOS.platform/Developer/SDKs/WatchOS27.0.sdk/System/Library/Frameworks/UIKit.framework/Headers/UIColor.h:131:1: note: 'init(named:in:compatibleWith:)' has been explicitly marked unavailable here
129 | @interface UIColor (UIColorNamedColors)
130 | + (nullable UIColor *)colorNamed:(NSString *)name API_AVAILABLE(ios(11.0), watchos(4.0));      // load from main bundle
131 | + (nullable UIColor *)colorNamed:(NSString *)name inBundle:(nullable NSBundle *)bundle compatibleWithTraitCollection:(nullable UITraitCollection *)traitCollection API_AVAILABLE(ios(11.0)) API_UNAVAILABLE(watchos);
    | `- note: 'init(named:in:compatibleWith:)' has been explicitly marked unavailable here
132 | @end
133 |
/Users/admin/builder/spi-builder-workspace/Sources/CoffeeUI/Color+Defaults.swift:15:81: error: 'current' is unavailable in watchOS
13 |
14 |     static var background: Color {
15 |         return Color(UIColor(named: "Background", in: .module, compatibleWith: .current)!)
   |                                                                                 `- error: 'current' is unavailable in watchOS
16 |     }
17 |
/Applications/Xcode-27.0.0-Release.Candidate.app/Contents/Developer/Platforms/WatchOS.platform/Developer/SDKs/WatchOS27.0.sdk/System/Library/Frameworks/UIKit.framework/Headers/UITraitCollection.h:263:57: note: 'current' has been explicitly marked unavailable here
261 |  * This is a thread-local property, so it may be changed on non-main threads without affecting the main thread.
262 |  */
263 | @property (class, nonatomic, strong) UITraitCollection *currentTraitCollection API_AVAILABLE(ios(13.0), tvos(13.0)) API_UNAVAILABLE(watchos);
    |                                                         `- note: 'current' has been explicitly marked unavailable here
264 |
265 | /* Sets `UITraitCollection.currentTraitCollection` to this trait collection, performs the given actions,
/Users/admin/builder/spi-builder-workspace/Sources/CoffeeUI/Color+Defaults.swift:19:22: error: 'init(named:in:compatibleWith:)' is unavailable in watchOS
17 |
18 |     static var foreground: Color {
19 |         return Color(UIColor(named: "Foreground", in: .module, compatibleWith: .current)!)
   |                      `- error: 'init(named:in:compatibleWith:)' is unavailable in watchOS
20 |     }
21 | }
/Applications/Xcode-27.0.0-Release.Candidate.app/Contents/Developer/Platforms/WatchOS.platform/Developer/SDKs/WatchOS27.0.sdk/System/Library/Frameworks/UIKit.framework/Headers/UIColor.h:131:1: note: 'init(named:in:compatibleWith:)' has been explicitly marked unavailable here
129 | @interface UIColor (UIColorNamedColors)
130 | + (nullable UIColor *)colorNamed:(NSString *)name API_AVAILABLE(ios(11.0), watchos(4.0));      // load from main bundle
131 | + (nullable UIColor *)colorNamed:(NSString *)name inBundle:(nullable NSBundle *)bundle compatibleWithTraitCollection:(nullable UITraitCollection *)traitCollection API_AVAILABLE(ios(11.0)) API_UNAVAILABLE(watchos);
    | `- note: 'init(named:in:compatibleWith:)' has been explicitly marked unavailable here
132 | @end
133 |
/Users/admin/builder/spi-builder-workspace/Sources/CoffeeUI/Color+Defaults.swift:19:81: error: 'current' is unavailable in watchOS
17 |
18 |     static var foreground: Color {
19 |         return Color(UIColor(named: "Foreground", in: .module, compatibleWith: .current)!)
   |                                                                                 `- error: 'current' is unavailable in watchOS
20 |     }
21 | }
/Applications/Xcode-27.0.0-Release.Candidate.app/Contents/Developer/Platforms/WatchOS.platform/Developer/SDKs/WatchOS27.0.sdk/System/Library/Frameworks/UIKit.framework/Headers/UITraitCollection.h:263:57: note: 'current' has been explicitly marked unavailable here
261 |  * This is a thread-local property, so it may be changed on non-main threads without affecting the main thread.
262 |  */
263 | @property (class, nonatomic, strong) UITraitCollection *currentTraitCollection API_AVAILABLE(ios(13.0), tvos(13.0)) API_UNAVAILABLE(watchos);
    |                                                         `- note: 'current' has been explicitly marked unavailable here
264 |
265 | /* Sets `UITraitCollection.currentTraitCollection` to this trait collection, performs the given actions,
Failed frontend command:
/Applications/Xcode-27.0.0-Release.Candidate.app/Contents/Developer/Toolchains/XcodeDefault.xctoolchain/usr/bin/swift-frontend -frontend -c /Users/admin/builder/spi-builder-workspace/.derivedData/Build/Intermediates.noindex/CoffeeCraft.build/Debug-watchos/CoffeeUI-t.build/DerivedSources/resource_bundle_accessor.swift /Users/admin/builder/spi-builder-workspace/Sources/CoffeeUI/BackgroundView.swift /Users/admin/builder/spi-builder-workspace/Sources/CoffeeUI/BoxIconItem.swift /Users/admin/builder/spi-builder-workspace/Sources/CoffeeUI/BoxItem.swift /Users/admin/builder/spi-builder-workspace/Sources/CoffeeUI/CircularProgressBar.swift -primary-file /Users/admin/builder/spi-builder-workspace/Sources/CoffeeUI/Color+Defaults.swift /Users/admin/builder/spi-builder-workspace/Sources/CoffeeUI/Icon.swift /Users/admin/builder/spi-builder-workspace/Sources/CoffeeUI/IconButton.swift /Users/admin/builder/spi-builder-workspace/Sources/CoffeeUI/LinearProgressBar.swift /Users/admin/builder/spi-builder-workspace/.derivedData/Build/Intermediates.noindex/CoffeeCraft.build/Debug-watchos/CoffeeUI-t.build/DerivedSources/GeneratedAssetSymbols.swift -emit-dependencies-path /Users/admin/builder/spi-builder-workspace/.derivedData/Build/Intermediates.noindex/CoffeeCraft.build/Debug-watchos/CoffeeUI-t.build/Objects-normal/arm64/Color+Defaults.d -emit-const-values-path /Users/admin/builder/spi-builder-workspace/.derivedData/Build/Intermediates.noindex/CoffeeCraft.build/Debug-watchos/CoffeeUI-t.build/Objects-normal/arm64/Color+Defaults.swiftconstvalues -emit-reference-dependencies-path /Users/admin/builder/spi-builder-workspace/.derivedData/Build/Intermediates.noindex/CoffeeCraft.build/Debug-watchos/CoffeeUI-t.build/Objects-normal/arm64/Color+Defaults.swiftdeps -serialize-diagnostics-path /Users/admin/builder/spi-builder-workspace/.derivedData/Build/Intermediates.noindex/CoffeeCraft.build/Debug-watchos/CoffeeUI-t.build/Objects-normal/arm64/Color+Defaults.dia -target arm64-apple-watchos9.0 -module-can-import-version DeveloperToolsSupport 24.0.24 24.0.24 -module-can-import-version SwiftUI 8.0.84.1 8.0.84 -module-can-import-version UIKit 9127.0.84.1 9127.0.84 -disable-cross-import-overlay-search -load-resolved-plugin /Applications/Xcode-27.0.0-Release.Candidate.app/Contents/Developer/Platforms/WatchOS.platform/Developer/usr/lib/swift/host/plugins/libFoundationMacros.dylib\#/Applications/Xcode-27.0.0-Release.Candidate.app/Contents/Developer/Platforms/WatchOS.platform/Developer/usr/bin/swift-plugin-server\#FoundationMacros -load-resolved-plugin /Applications/Xcode-27.0.0-Release.Candidate.app/Contents/Developer/Platforms/WatchOS.platform/Developer/usr/lib/swift/host/plugins/libObservationMacros.dylib\#/Applications/Xcode-27.0.0-Release.Candidate.app/Contents/Developer/Platforms/WatchOS.platform/Developer/usr/bin/swift-plugin-server\#ObservationMacros -load-resolved-plugin /Applications/Xcode-27.0.0-Release.Candidate.app/Contents/Developer/Platforms/WatchOS.platform/Developer/usr/lib/swift/host/plugins/libPreviewsMacros.dylib\#/Applications/Xcode-27.0.0-Release.Candidate.app/Contents/Developer/Platforms/WatchOS.platform/Developer/usr/bin/swift-plugin-server\#PreviewsMacros -load-resolved-plugin /Applications/Xcode-27.0.0-Release.Candidate.app/Contents/Developer/Platforms/WatchOS.platform/Developer/usr/lib/swift/host/plugins/libSwiftMacros.dylib\#/Applications/Xcode-27.0.0-Release.Candidate.app/Contents/Developer/Platforms/WatchOS.platform/Developer/usr/bin/swift-plugin-server\#SwiftMacros -load-resolved-plugin /Applications/Xcode-27.0.0-Release.Candidate.app/Contents/Developer/Platforms/WatchOS.platform/Developer/usr/lib/swift/host/plugins/libSwiftUIMacros.dylib\#/Applications/Xcode-27.0.0-Release.Candidate.app/Contents/Developer/Platforms/WatchOS.platform/Developer/usr/bin/swift-plugin-server\#SwiftUIMacros -disable-implicit-swift-modules -Xcc -fno-implicit-modules -Xcc -fno-implicit-module-maps -explicit-swift-module-map-file /Users/admin/builder/spi-builder-workspace/.derivedData/Build/Intermediates.noindex/CoffeeCraft.build/Debug-watchos/CoffeeUI-t.build/Objects-normal/arm64/CoffeeUI-dependencies-1.json -Xllvm -aarch64-use-tbi -enable-objc-interop -stack-check -sdk /Applications/Xcode-27.0.0-Release.Candidate.app/Contents/Developer/Platforms/WatchOS.platform/Developer/SDKs/WatchOS27.0.sdk -I /Users/admin/builder/spi-builder-workspace/.derivedData/Build/Products/Debug-watchos -Isystem /Applications/Xcode-27.0.0-Release.Candidate.app/Contents/Developer/Platforms/WatchOS.platform/Developer/usr/lib -F /Users/admin/builder/spi-builder-workspace/.derivedData/Build/Products/Debug-watchos -F /Applications/Xcode-27.0.0-Release.Candidate.app/Contents/Developer/Platforms/WatchOS.platform/Developer/Library/Frameworks -F /Applications/Xcode-27.0.0-Release.Candidate.app/Contents/Developer/Platforms/WatchOS.platform/Developer/SDKs/WatchOS27.0.sdk/Developer/Library/Frameworks -module-cache-path /Users/admin/builder/spi-builder-workspace/.derivedData/Build/Intermediates.noindex/SwiftExplicitPrecompiledModules -no-color-diagnostics -Xcc -fno-color-diagnostics -enable-testing -g -debug-info-format\=dwarf -dwarf-version\=4 -profile-generate -profile-coverage-mapping -swift-version 5 -Onone -D SWIFT_PACKAGE -D DEBUG -D SWIFT_MODULE_RESOURCE_BUNDLE_AVAILABLE -D Xcode -serialize-debugging-options -enable-experimental-feature DebugDescriptionMacro -empty-abi-descriptor -validate-clang-modules-once -clang-build-session-file /Users/admin/builder/spi-builder-workspace/.derivedData/ModuleCache.noindex/Session.modulevalidation -Xcc -working-directory -Xcc /Users/admin/builder/spi-builder-workspace/.swiftpm/xcode -enable-anonymous-context-mangled-names -file-compilation-dir /Users/admin/builder/spi-builder-workspace/.swiftpm/xcode -Xcc -D_LIBCPP_HARDENING_MODE\=_LIBCPP_HARDENING_MODE_DEBUG -Xcc -ivfsstatcache -Xcc /Users/admin/builder/spi-builder-workspace/.derivedData/SDKStatCaches.noindex/watchos27.0-24R360-e829b21a6f8c9b70876ba0858053c04477534ef55a1706bf4c1112bbb242f0a2.sdkstatcache -Xcc -fmodules-prune-interval\=86400 -Xcc -fmodules-prune-after\=345600 -Xcc -I/Users/admin/builder/spi-builder-workspace/.derivedData/Build/Products/Debug-watchos/include -Xcc -I/Users/admin/builder/spi-builder-workspace/.derivedData/Build/Intermediates.noindex/CoffeeCraft.build/Debug-watchos/CoffeeUI-t.build/DerivedSources-normal/arm64 -Xcc -I/Users/admin/builder/spi-builder-workspace/.derivedData/Build/Intermediates.noindex/CoffeeCraft.build/Debug-watchos/CoffeeUI-t.build/DerivedSources/arm64 -Xcc -I/Users/admin/builder/spi-builder-workspace/.derivedData/Build/Intermediates.noindex/CoffeeCraft.build/Debug-watchos/CoffeeUI-t.build/DerivedSources -Xcc -DSWIFT_PACKAGE -Xcc -DDEBUG\=1 -no-auto-bridging-header-chaining -module-name CoffeeUI -const-gather-protocols-file /Users/admin/builder/spi-builder-workspace/.derivedData/Build/Intermediates.noindex/CoffeeCraft.build/Debug-watchos/CoffeeUI-t.build/Objects-normal/arm64/CoffeeUI_const_extract_protocols.json -disable-clang-spi -clang-target arm64-apple-watchos27.0 -target-sdk-version 27.0 -target-sdk-name watchos27.0 -in-process-plugin-server-path /Applications/Xcode-27.0.0-Release.Candidate.app/Contents/Developer/Toolchains/XcodeDefault.xctoolchain/usr/lib/swift/host/libSwiftInProcPluginServer.dylib -parse-as-library -o /Users/admin/builder/spi-builder-workspace/.derivedData/Build/Intermediates.noindex/CoffeeCraft.build/Debug-watchos/CoffeeUI-t.build/Objects-normal/arm64/Color+Defaults.o -debug-module-path /Users/admin/builder/spi-builder-workspace/.derivedData/Build/Intermediates.noindex/CoffeeCraft.build/Debug-watchos/CoffeeUI-t.build/Objects-normal/arm64/CoffeeUI.swiftmodule -index-unit-output-path /CoffeeCraft.build/Debug-watchos/CoffeeUI-t.build/Objects-normal/arm64/Color+Defaults.o -index-store-path /Users/admin/builder/spi-builder-workspace/.derivedData/Index.noindex/DataStore -index-system-modules
SwiftCompile normal arm64 /Users/admin/builder/spi-builder-workspace/Sources/CoffeeUI/Color+Defaults.swift (in target 'CoffeeUI' from project 'CoffeeCraft')
    cd /Users/admin/builder/spi-builder-workspace/.swiftpm/xcode
    builtin-SwiftPerFileCompile Color+Defaults.swift
SwiftDriverJobDiscovery normal arm64_32 Compiling String+Validators.swift (in target 'CoffeeBeans' from project 'CoffeeCraft')
SwiftDriverJobDiscovery normal arm64_32 Compiling String+Converters.swift (in target 'CoffeeBeans' from project 'CoffeeCraft')
SwiftCompile normal arm64 Compiling\ CircularProgressBar.swift /Users/admin/builder/spi-builder-workspace/Sources/CoffeeUI/CircularProgressBar.swift (in target 'CoffeeUI' from project 'CoffeeCraft')
/Users/admin/builder/spi-builder-workspace/Sources/CoffeeUI/CircularProgressBar.swift:36:22: warning: 'animation' was deprecated in watchOS 8.0: Use withAnimation or animation(_:value:) instead. [#DeprecatedDeclaration]
34 |                     .rotationEffect(Angle(degrees: 270.0))
35 |                     .frame(width: proxy.size.width  - stroke)
36 |                     .animation(.linear)
   |                      `- warning: 'animation' was deprecated in watchOS 8.0: Use withAnimation or animation(_:value:) instead. [#DeprecatedDeclaration]
37 |             }
38 |         }
[#DeprecatedDeclaration]: <https://docs.swift.org/compiler/documentation/diagnostics/deprecated-declaration>
SwiftCompile normal arm64 /Users/admin/builder/spi-builder-workspace/Sources/CoffeeUI/CircularProgressBar.swift (in target 'CoffeeUI' from project 'CoffeeCraft')
    cd /Users/admin/builder/spi-builder-workspace/.swiftpm/xcode
    builtin-SwiftPerFileCompile CircularProgressBar.swift
SwiftDriverJobDiscovery normal arm64 Compiling resource_bundle_accessor.swift (in target 'CoffeeUI' from project 'CoffeeCraft')
SwiftCompile normal arm64 Compiling\ Icon.swift /Users/admin/builder/spi-builder-workspace/Sources/CoffeeUI/Icon.swift (in target 'CoffeeUI' from project 'CoffeeCraft')
SwiftCompile normal arm64 /Users/admin/builder/spi-builder-workspace/Sources/CoffeeUI/Icon.swift (in target 'CoffeeUI' from project 'CoffeeCraft')
    cd /Users/admin/builder/spi-builder-workspace/.swiftpm/xcode
    builtin-SwiftPerFileCompile Icon.swift
SwiftDriverJobDiscovery normal arm64_32 Emitting module for CoffeeUI (in target 'CoffeeUI' from project 'CoffeeCraft')
SwiftDriver\ Compilation\ Requirements CoffeeUI normal arm64_32 com.apple.xcode.tools.swift.compiler (in target 'CoffeeUI' from project 'CoffeeCraft')
    cd /Users/admin/builder/spi-builder-workspace/.swiftpm/xcode
    builtin-Swift-Compilation-Requirements -- /Applications/Xcode-27.0.0-Release.Candidate.app/Contents/Developer/Toolchains/XcodeDefault.xctoolchain/usr/bin/swiftc -parse-as-library -module-name CoffeeUI -Onone @/Users/admin/builder/spi-builder-workspace/.derivedData/Build/Intermediates.noindex/CoffeeCraft.build/Debug-watchos/CoffeeUI-t.build/Objects-normal/arm64_32/CoffeeUI.SwiftFileList -DSWIFT_PACKAGE -DDEBUG -DSWIFT_MODULE_RESOURCE_BUNDLE_AVAILABLE -DXcode -plugin-path /Applications/Xcode-27.0.0-Release.Candidate.app/Contents/Developer/Toolchains/XcodeDefault.xctoolchain/usr/lib/swift/host/plugins/testing -enable-experimental-feature DebugDescriptionMacro -sdk /Applications/Xcode-27.0.0-Release.Candidate.app/Contents/Developer/Platforms/WatchOS.platform/Developer/SDKs/WatchOS27.0.sdk -target arm64_32-apple-watchos9.0 -g -module-cache-path /Users/admin/builder/spi-builder-workspace/.derivedData/ModuleCache.noindex -Xfrontend -serialize-debugging-options -profile-coverage-mapping -profile-generate -enable-testing -index-store-path /Users/admin/builder/spi-builder-workspace/.derivedData/Index.noindex/DataStore -Xcc -D_LIBCPP_HARDENING_MODE\=_LIBCPP_HARDENING_MODE_DEBUG -swift-version 5 -I /Users/admin/builder/spi-builder-workspace/.derivedData/Build/Products/Debug-watchos -Isystem /Applications/Xcode-27.0.0-Release.Candidate.app/Contents/Developer/Platforms/WatchOS.platform/Developer/usr/lib -F /Users/admin/builder/spi-builder-workspace/.derivedData/Build/Products/Debug-watchos -F /Applications/Xcode-27.0.0-Release.Candidate.app/Contents/Developer/Platforms/WatchOS.platform/Developer/Library/Frameworks -F /Applications/Xcode-27.0.0-Release.Candidate.app/Contents/Developer/Platforms/WatchOS.platform/Developer/SDKs/WatchOS27.0.sdk/Developer/Library/Frameworks -c -j10 -enable-batch-mode -incremental -Xcc -ivfsstatcache -Xcc /Users/admin/builder/spi-builder-workspace/.derivedData/SDKStatCaches.noindex/watchos27.0-24R360-e829b21a6f8c9b70876ba0858053c04477534ef55a1706bf4c1112bbb242f0a2.sdkstatcache -output-file-map /Users/admin/builder/spi-builder-workspace/.derivedData/Build/Intermediates.noindex/CoffeeCraft.build/Debug-watchos/CoffeeUI-t.build/Objects-normal/arm64_32/CoffeeUI-OutputFileMap.json -save-temps -no-color-diagnostics -explicit-module-build -module-cache-path /Users/admin/builder/spi-builder-workspace/.derivedData/Build/Intermediates.noindex/SwiftExplicitPrecompiledModules -clang-scanner-module-cache-path /Users/admin/builder/spi-builder-workspace/.derivedData/ModuleCache.noindex -sdk-module-cache-path /Users/admin/builder/spi-builder-workspace/.derivedData/SDKExplicitPrecompiledModules -emit-dependencies -emit-module -emit-module-path /Users/admin/builder/spi-builder-workspace/.derivedData/Build/Intermediates.noindex/CoffeeCraft.build/Debug-watchos/CoffeeUI-t.build/Objects-normal/arm64_32/CoffeeUI.swiftmodule -serialize-diagnostics -dependency-scan-serialize-diagnostics-path /Users/admin/builder/spi-builder-workspace/.derivedData/Build/Intermediates.noindex/CoffeeCraft.build/Debug-watchos/CoffeeUI-t.build/Objects-normal/arm64_32/CoffeeUI-dependency-scan.dia -validate-clang-modules-once -clang-build-session-file /Users/admin/builder/spi-builder-workspace/.derivedData/ModuleCache.noindex/Session.modulevalidation -Xcc -fmodules-prune-interval\=86400 -Xcc -fmodules-prune-after\=345600 -emit-const-values -const-gather-protocols-list /Users/admin/builder/spi-builder-workspace/.derivedData/Build/Intermediates.noindex/CoffeeCraft.build/Debug-watchos/CoffeeUI-t.build/Objects-normal/arm64_32/CoffeeUI_const_extract_protocols.json -Xcc -I/Users/admin/builder/spi-builder-workspace/.derivedData/Build/Products/Debug-watchos/include -Xcc -I/Users/admin/builder/spi-builder-workspace/.derivedData/Build/Intermediates.noindex/CoffeeCraft.build/Debug-watchos/CoffeeUI-t.build/DerivedSources-normal/arm64_32 -Xcc -I/Users/admin/builder/spi-builder-workspace/.derivedData/Build/Intermediates.noindex/CoffeeCraft.build/Debug-watchos/CoffeeUI-t.build/DerivedSources/arm64_32 -Xcc -I/Users/admin/builder/spi-builder-workspace/.derivedData/Build/Intermediates.noindex/CoffeeCraft.build/Debug-watchos/CoffeeUI-t.build/DerivedSources -Xcc -DSWIFT_PACKAGE -Xcc -DDEBUG\=1 -emit-objc-header -emit-objc-header-path /Users/admin/builder/spi-builder-workspace/.derivedData/Build/Intermediates.noindex/CoffeeCraft.build/Debug-watchos/CoffeeUI-t.build/Objects-normal/arm64_32/CoffeeUI-Swift.h -working-directory /Users/admin/builder/spi-builder-workspace/.swiftpm/xcode -experimental-emit-module-separately -disable-cmo
SwiftDriverJobDiscovery normal arm64_32 Compiling resource_bundle_accessor.swift (in target 'CoffeeUI' from project 'CoffeeCraft')
SwiftCompile normal arm64 Compiling\ LinearProgressBar.swift /Users/admin/builder/spi-builder-workspace/Sources/CoffeeUI/LinearProgressBar.swift (in target 'CoffeeUI' from project 'CoffeeCraft')
SwiftCompile normal arm64 /Users/admin/builder/spi-builder-workspace/Sources/CoffeeUI/LinearProgressBar.swift (in target 'CoffeeUI' from project 'CoffeeCraft')
    cd /Users/admin/builder/spi-builder-workspace/.swiftpm/xcode
    builtin-SwiftPerFileCompile LinearProgressBar.swift
SwiftMergeGeneratedHeaders /Users/admin/builder/spi-builder-workspace/.derivedData/Build/Intermediates.noindex/GeneratedModuleMaps-watchos/CoffeeUI-Swift.h /Users/admin/builder/spi-builder-workspace/.derivedData/Build/Intermediates.noindex/CoffeeCraft.build/Debug-watchos/CoffeeUI-t.build/Objects-normal/arm64/CoffeeUI-Swift.h /Users/admin/builder/spi-builder-workspace/.derivedData/Build/Intermediates.noindex/CoffeeCraft.build/Debug-watchos/CoffeeUI-t.build/Objects-normal/arm64_32/CoffeeUI-Swift.h (in target 'CoffeeUI' from project 'CoffeeCraft')
    cd /Users/admin/builder/spi-builder-workspace
    builtin-swiftHeaderTool -arch arm64 /Users/admin/builder/spi-builder-workspace/.derivedData/Build/Intermediates.noindex/CoffeeCraft.build/Debug-watchos/CoffeeUI-t.build/Objects-normal/arm64/CoffeeUI-Swift.h -arch arm64_32 /Users/admin/builder/spi-builder-workspace/.derivedData/Build/Intermediates.noindex/CoffeeCraft.build/Debug-watchos/CoffeeUI-t.build/Objects-normal/arm64_32/CoffeeUI-Swift.h -o /Users/admin/builder/spi-builder-workspace/.derivedData/Build/Intermediates.noindex/GeneratedModuleMaps-watchos/CoffeeUI-Swift.h
SwiftDriverJobDiscovery normal arm64 Compiling Icon.swift (in target 'CoffeeUI' from project 'CoffeeCraft')
Copy /Users/admin/builder/spi-builder-workspace/.derivedData/Build/Products/Debug-watchos/CoffeeUI.swiftmodule/arm64_32-apple-watchos.swiftmodule /Users/admin/builder/spi-builder-workspace/.derivedData/Build/Intermediates.noindex/CoffeeCraft.build/Debug-watchos/CoffeeUI-t.build/Objects-normal/arm64_32/CoffeeUI.swiftmodule (in target 'CoffeeUI' from project 'CoffeeCraft')
    cd /Users/admin/builder/spi-builder-workspace
    builtin-copy -exclude .DS_Store -exclude CVS -exclude .svn -exclude .git -exclude .hg -resolve-src-symlinks -rename /Users/admin/builder/spi-builder-workspace/.derivedData/Build/Intermediates.noindex/CoffeeCraft.build/Debug-watchos/CoffeeUI-t.build/Objects-normal/arm64_32/CoffeeUI.swiftmodule /Users/admin/builder/spi-builder-workspace/.derivedData/Build/Products/Debug-watchos/CoffeeUI.swiftmodule/arm64_32-apple-watchos.swiftmodule
Copy /Users/admin/builder/spi-builder-workspace/.derivedData/Build/Products/Debug-watchos/CoffeeUI.swiftmodule/arm64_32-apple-watchos.swiftdoc /Users/admin/builder/spi-builder-workspace/.derivedData/Build/Intermediates.noindex/CoffeeCraft.build/Debug-watchos/CoffeeUI-t.build/Objects-normal/arm64_32/CoffeeUI.swiftdoc (in target 'CoffeeUI' from project 'CoffeeCraft')
    cd /Users/admin/builder/spi-builder-workspace
    builtin-copy -exclude .DS_Store -exclude CVS -exclude .svn -exclude .git -exclude .hg -resolve-src-symlinks -rename /Users/admin/builder/spi-builder-workspace/.derivedData/Build/Intermediates.noindex/CoffeeCraft.build/Debug-watchos/CoffeeUI-t.build/Objects-normal/arm64_32/CoffeeUI.swiftdoc /Users/admin/builder/spi-builder-workspace/.derivedData/Build/Products/Debug-watchos/CoffeeUI.swiftmodule/arm64_32-apple-watchos.swiftdoc
Copy /Users/admin/builder/spi-builder-workspace/.derivedData/Build/Products/Debug-watchos/CoffeeUI.swiftmodule/arm64_32-apple-watchos.abi.json /Users/admin/builder/spi-builder-workspace/.derivedData/Build/Intermediates.noindex/CoffeeCraft.build/Debug-watchos/CoffeeUI-t.build/Objects-normal/arm64_32/CoffeeUI.abi.json (in target 'CoffeeUI' from project 'CoffeeCraft')
    cd /Users/admin/builder/spi-builder-workspace
    builtin-copy -exclude .DS_Store -exclude CVS -exclude .svn -exclude .git -exclude .hg -resolve-src-symlinks -rename /Users/admin/builder/spi-builder-workspace/.derivedData/Build/Intermediates.noindex/CoffeeCraft.build/Debug-watchos/CoffeeUI-t.build/Objects-normal/arm64_32/CoffeeUI.abi.json /Users/admin/builder/spi-builder-workspace/.derivedData/Build/Products/Debug-watchos/CoffeeUI.swiftmodule/arm64_32-apple-watchos.abi.json
SwiftDriverJobDiscovery normal arm64_32 Compiling IconButton.swift (in target 'CoffeeUI' from project 'CoffeeCraft')
Copy /Users/admin/builder/spi-builder-workspace/.derivedData/Build/Products/Debug-watchos/CoffeeUI.swiftmodule/Project/arm64_32-apple-watchos.swiftsourceinfo /Users/admin/builder/spi-builder-workspace/.derivedData/Build/Intermediates.noindex/CoffeeCraft.build/Debug-watchos/CoffeeUI-t.build/Objects-normal/arm64_32/CoffeeUI.swiftsourceinfo (in target 'CoffeeUI' from project 'CoffeeCraft')
    cd /Users/admin/builder/spi-builder-workspace
    builtin-copy -exclude .DS_Store -exclude CVS -exclude .svn -exclude .git -exclude .hg -resolve-src-symlinks -rename /Users/admin/builder/spi-builder-workspace/.derivedData/Build/Intermediates.noindex/CoffeeCraft.build/Debug-watchos/CoffeeUI-t.build/Objects-normal/arm64_32/CoffeeUI.swiftsourceinfo /Users/admin/builder/spi-builder-workspace/.derivedData/Build/Products/Debug-watchos/CoffeeUI.swiftmodule/Project/arm64_32-apple-watchos.swiftsourceinfo
SwiftCompile normal arm64_32 Compiling\ CircularProgressBar.swift /Users/admin/builder/spi-builder-workspace/Sources/CoffeeUI/CircularProgressBar.swift (in target 'CoffeeUI' from project 'CoffeeCraft')
SwiftCompile normal arm64_32 /Users/admin/builder/spi-builder-workspace/Sources/CoffeeUI/CircularProgressBar.swift (in target 'CoffeeUI' from project 'CoffeeCraft')
    cd /Users/admin/builder/spi-builder-workspace/.swiftpm/xcode
    builtin-SwiftPerFileCompile CircularProgressBar.swift
SwiftDriverJobDiscovery normal arm64_32 Compiling Icon.swift (in target 'CoffeeUI' from project 'CoffeeCraft')
SwiftCompile normal arm64_32 Compiling\ BoxItem.swift /Users/admin/builder/spi-builder-workspace/Sources/CoffeeUI/BoxItem.swift (in target 'CoffeeUI' from project 'CoffeeCraft')
SwiftCompile normal arm64_32 /Users/admin/builder/spi-builder-workspace/Sources/CoffeeUI/BoxItem.swift (in target 'CoffeeUI' from project 'CoffeeCraft')
    cd /Users/admin/builder/spi-builder-workspace/.swiftpm/xcode
    builtin-SwiftPerFileCompile BoxItem.swift
SwiftCompile normal arm64_32 Compiling\ LinearProgressBar.swift /Users/admin/builder/spi-builder-workspace/Sources/CoffeeUI/LinearProgressBar.swift (in target 'CoffeeUI' from project 'CoffeeCraft')
SwiftCompile normal arm64_32 /Users/admin/builder/spi-builder-workspace/Sources/CoffeeUI/LinearProgressBar.swift (in target 'CoffeeUI' from project 'CoffeeCraft')
    cd /Users/admin/builder/spi-builder-workspace/.swiftpm/xcode
    builtin-SwiftPerFileCompile LinearProgressBar.swift
SwiftDriverJobDiscovery normal arm64 Compiling BackgroundView.swift (in target 'CoffeeUI' from project 'CoffeeCraft')
SwiftCompile normal arm64 Compiling\ BoxItem.swift /Users/admin/builder/spi-builder-workspace/Sources/CoffeeUI/BoxItem.swift (in target 'CoffeeUI' from project 'CoffeeCraft')
SwiftCompile normal arm64 /Users/admin/builder/spi-builder-workspace/Sources/CoffeeUI/BoxItem.swift (in target 'CoffeeUI' from project 'CoffeeCraft')
    cd /Users/admin/builder/spi-builder-workspace/.swiftpm/xcode
    builtin-SwiftPerFileCompile BoxItem.swift
SwiftDriverJobDiscovery normal arm64 Compiling LinearProgressBar.swift (in target 'CoffeeUI' from project 'CoffeeCraft')
SwiftCompile normal arm64_32 Compiling\ GeneratedAssetSymbols.swift /Users/admin/builder/spi-builder-workspace/.derivedData/Build/Intermediates.noindex/CoffeeCraft.build/Debug-watchos/CoffeeUI-t.build/DerivedSources/GeneratedAssetSymbols.swift (in target 'CoffeeUI' from project 'CoffeeCraft')
SwiftCompile normal arm64_32 /Users/admin/builder/spi-builder-workspace/.derivedData/Build/Intermediates.noindex/CoffeeCraft.build/Debug-watchos/CoffeeUI-t.build/DerivedSources/GeneratedAssetSymbols.swift (in target 'CoffeeUI' from project 'CoffeeCraft')
    cd /Users/admin/builder/spi-builder-workspace/.swiftpm/xcode
    builtin-SwiftPerFileCompile GeneratedAssetSymbols.swift
SwiftDriverJobDiscovery normal arm64_32 Compiling BoxIconItem.swift (in target 'CoffeeUI' from project 'CoffeeCraft')
SwiftCompile normal arm64 Compiling\ IconButton.swift /Users/admin/builder/spi-builder-workspace/Sources/CoffeeUI/IconButton.swift (in target 'CoffeeUI' from project 'CoffeeCraft')
SwiftCompile normal arm64 /Users/admin/builder/spi-builder-workspace/Sources/CoffeeUI/IconButton.swift (in target 'CoffeeUI' from project 'CoffeeCraft')
    cd /Users/admin/builder/spi-builder-workspace/.swiftpm/xcode
    builtin-SwiftPerFileCompile IconButton.swift
SwiftCompile normal arm64 Compiling\ BoxIconItem.swift /Users/admin/builder/spi-builder-workspace/Sources/CoffeeUI/BoxIconItem.swift (in target 'CoffeeUI' from project 'CoffeeCraft')
SwiftCompile normal arm64 /Users/admin/builder/spi-builder-workspace/Sources/CoffeeUI/BoxIconItem.swift (in target 'CoffeeUI' from project 'CoffeeCraft')
    cd /Users/admin/builder/spi-builder-workspace/.swiftpm/xcode
    builtin-SwiftPerFileCompile BoxIconItem.swift
SwiftDriverJobDiscovery normal arm64 Compiling CircularProgressBar.swift (in target 'CoffeeUI' from project 'CoffeeCraft')
PruneExplicitPrecompiledModules /Users/admin/builder/spi-builder-workspace/.derivedData/SDKExplicitPrecompiledModules
PruneExplicitPrecompiledModules /Users/admin/builder/spi-builder-workspace/.derivedData/Build/Intermediates.noindex/ExplicitPrecompiledModules
PruneExplicitPrecompiledModules /Users/admin/builder/spi-builder-workspace/.derivedData/Build/Intermediates.noindex/SwiftExplicitPrecompiledModules
2026-09-18 19:33:04.686 xcodebuild[650:4206] [MT] IDERunDestination: Supported platforms for the buildables in the current scheme is empty.
** BUILD FAILED **
The following build commands failed:
	SwiftCompile normal arm64_32 Compiling\ Color+Defaults.swift /Users/admin/builder/spi-builder-workspace/Sources/CoffeeUI/Color+Defaults.swift (in target 'CoffeeUI' from project 'CoffeeCraft')
	SwiftCompile normal arm64_32 /Users/admin/builder/spi-builder-workspace/Sources/CoffeeUI/Color+Defaults.swift (in target 'CoffeeUI' from project 'CoffeeCraft')
	SwiftCompile normal arm64 Compiling\ Color+Defaults.swift /Users/admin/builder/spi-builder-workspace/Sources/CoffeeUI/Color+Defaults.swift (in target 'CoffeeUI' from project 'CoffeeCraft')
	SwiftCompile normal arm64 /Users/admin/builder/spi-builder-workspace/Sources/CoffeeUI/Color+Defaults.swift (in target 'CoffeeUI' from project 'CoffeeCraft')
	Building workspace CoffeeCraft with scheme CoffeeCraft-Package
(5 failures)
Command line invocation:
    /Applications/Xcode-27.0.0-Release.Candidate.app/Contents/Developer/usr/bin/xcodebuild -IDEClonedSourcePackagesDirPathOverride=/Users/admin/builder/spi-builder-workspace/.dependencies -resolvePackageDependencies
Resolve Package Graph
Resolved source packages:
  CoffeeCraft: /Users/admin/builder/spi-builder-workspace
resolved source packages: CoffeeCraft
2026-09-18 19:33:14.815 xcodebuild[822:4930] [MT] IDERunDestination: Supported platforms for the buildables in the current scheme is empty.
{
  "dependencies" : [
  ],
  "manifest_display_name" : "CoffeeCraft",
  "name" : "CoffeeCraft",
  "path" : "/Users/admin/builder/spi-builder-workspace",
  "platforms" : [
    {
      "name" : "ios",
      "version" : "14.0"
    },
    {
      "name" : "macos",
      "version" : "11.0"
    }
  ],
  "products" : [
    {
      "name" : "CoffeeBeans",
      "targets" : [
        "CoffeeBeans"
      ],
      "type" : {
        "library" : [
          "automatic"
        ]
      }
    },
    {
      "name" : "CoffeeUI",
      "targets" : [
        "CoffeeUI"
      ],
      "type" : {
        "library" : [
          "automatic"
        ]
      }
    }
  ],
  "targets" : [
    {
      "c99name" : "CoffeeUI",
      "module_type" : "SwiftTarget",
      "name" : "CoffeeUI",
      "path" : "Sources/CoffeeUI",
      "product_memberships" : [
        "CoffeeUI"
      ],
      "resources" : [
        {
          "path" : "/Users/admin/builder/spi-builder-workspace/Sources/CoffeeUI/Assets.xcassets",
          "rule" : {
            "process" : {
            }
          }
        }
      ],
      "sources" : [
        "BackgroundView.swift",
        "BoxIconItem.swift",
        "BoxItem.swift",
        "CircularProgressBar.swift",
        "Color+Defaults.swift",
        "Icon.swift",
        "IconButton.swift",
        "LinearProgressBar.swift"
      ],
      "type" : "library"
    },
    {
      "c99name" : "CoffeeBeansTests",
      "module_type" : "SwiftTarget",
      "name" : "CoffeeBeansTests",
      "path" : "Tests/CoffeeBeansTests",
      "sources" : [
        "DateTests.swift",
        "StringTests.swift"
      ],
      "target_dependencies" : [
        "CoffeeBeans"
      ],
      "type" : "test"
    },
    {
      "c99name" : "CoffeeBeans",
      "module_type" : "SwiftTarget",
      "name" : "CoffeeBeans",
      "path" : "Sources/CoffeeBeans",
      "product_memberships" : [
        "CoffeeBeans"
      ],
      "sources" : [
        "Date+Helpers.swift",
        "String+Converters.swift",
        "String+Validators.swift"
      ],
      "type" : "library"
    }
  ],
  "tools_version" : "5.3"
}
{
  "workspace" : {
    "name" : "CoffeeCraft",
    "schemes" : [
      "CoffeeBeans",
      "CoffeeCraft-Package",
      "CoffeeUI"
    ]
  }
}
2026-09-18 19:33:16.040 xcodebuild[830:5000] [MT] IDERunDestination: Supported platforms for the buildables in the current scheme is empty.
Running build ...
env DEVELOPER_DIR=/Applications/Xcode-27.0.0-Release.Candidate.app xcrun xcodebuild -IDEClonedSourcePackagesDirPathOverride=$PWD/.dependencies -skipMacroValidation -skipPackagePluginValidation -derivedDataPath $PWD/.derivedData build -scheme CoffeeCraft-Package -destination generic/platform=watchOS
Command line invocation:
    /Applications/Xcode-27.0.0-Release.Candidate.app/Contents/Developer/usr/bin/xcodebuild -IDEClonedSourcePackagesDirPathOverride=/Users/admin/builder/spi-builder-workspace/.dependencies -skipMacroValidation -skipPackagePluginValidation -derivedDataPath /Users/admin/builder/spi-builder-workspace/.derivedData build -scheme CoffeeCraft-Package -destination generic/platform=watchOS
Resolve Package Graph
Resolved source packages:
  CoffeeCraft: /Users/admin/builder/spi-builder-workspace
ComputePackagePrebuildTargetDependencyGraph
Prepare packages
CreateBuildRequest
SendProjectDescription
CreateBuildOperation
ComputeTargetDependencyGraph
note: Building targets in dependency order
note: Target dependency graph (5 targets)
    Target 'CoffeeUI-product' in project 'CoffeeCraft'
        ➜ Explicit dependency on target 'CoffeeUI' in project 'CoffeeCraft'
        ➜ Explicit dependency on target 'CoffeeCraft_CoffeeUI' in project 'CoffeeCraft'
    Target 'CoffeeUI' in project 'CoffeeCraft'
        ➜ Explicit dependency on target 'CoffeeCraft_CoffeeUI' in project 'CoffeeCraft'
    Target 'CoffeeCraft_CoffeeUI' in project 'CoffeeCraft' (no dependencies)
    Target 'CoffeeBeans-product' in project 'CoffeeCraft'
        ➜ Explicit dependency on target 'CoffeeBeans' in project 'CoffeeCraft'
    Target 'CoffeeBeans' in project 'CoffeeCraft' (no dependencies)
GatherProvisioningInputs
CreateBuildDescription
ClangStatCache /Applications/Xcode-27.0.0-Release.Candidate.app/Contents/Developer/Toolchains/XcodeDefault.xctoolchain/usr/bin/clang-stat-cache /Applications/Xcode-27.0.0-Release.Candidate.app/Contents/Developer/Platforms/WatchOS.platform/Developer/SDKs/WatchOS27.0.sdk /Users/admin/builder/spi-builder-workspace/.derivedData/SDKStatCaches.noindex/watchos27.0-24R360-e829b21a6f8c9b70876ba0858053c04477534ef55a1706bf4c1112bbb242f0a2.sdkstatcache
    cd /Users/admin/builder/spi-builder-workspace/.swiftpm/xcode
    /Applications/Xcode-27.0.0-Release.Candidate.app/Contents/Developer/Toolchains/XcodeDefault.xctoolchain/usr/bin/clang-stat-cache /Applications/Xcode-27.0.0-Release.Candidate.app/Contents/Developer/Platforms/WatchOS.platform/Developer/SDKs/WatchOS27.0.sdk -o /Users/admin/builder/spi-builder-workspace/.derivedData/SDKStatCaches.noindex/watchos27.0-24R360-e829b21a6f8c9b70876ba0858053c04477534ef55a1706bf4c1112bbb242f0a2.sdkstatcache
SwiftDriver CoffeeUI normal arm64_32 com.apple.xcode.tools.swift.compiler (in target 'CoffeeUI' from project 'CoffeeCraft')
    cd /Users/admin/builder/spi-builder-workspace/.swiftpm/xcode
    builtin-SwiftDriver -- /Applications/Xcode-27.0.0-Release.Candidate.app/Contents/Developer/Toolchains/XcodeDefault.xctoolchain/usr/bin/swiftc -parse-as-library -module-name CoffeeUI -Onone @/Users/admin/builder/spi-builder-workspace/.derivedData/Build/Intermediates.noindex/CoffeeCraft.build/Debug-watchos/CoffeeUI-t.build/Objects-normal/arm64_32/CoffeeUI.SwiftFileList -DSWIFT_PACKAGE -DDEBUG -DSWIFT_MODULE_RESOURCE_BUNDLE_AVAILABLE -DXcode -plugin-path /Applications/Xcode-27.0.0-Release.Candidate.app/Contents/Developer/Toolchains/XcodeDefault.xctoolchain/usr/lib/swift/host/plugins/testing -enable-experimental-feature DebugDescriptionMacro -sdk /Applications/Xcode-27.0.0-Release.Candidate.app/Contents/Developer/Platforms/WatchOS.platform/Developer/SDKs/WatchOS27.0.sdk -target arm64_32-apple-watchos9.0 -g -module-cache-path /Users/admin/builder/spi-builder-workspace/.derivedData/ModuleCache.noindex -Xfrontend -serialize-debugging-options -profile-coverage-mapping -profile-generate -enable-testing -index-store-path /Users/admin/builder/spi-builder-workspace/.derivedData/Index.noindex/DataStore -Xcc -D_LIBCPP_HARDENING_MODE\=_LIBCPP_HARDENING_MODE_DEBUG -swift-version 5 -I /Users/admin/builder/spi-builder-workspace/.derivedData/Build/Products/Debug-watchos -Isystem /Applications/Xcode-27.0.0-Release.Candidate.app/Contents/Developer/Platforms/WatchOS.platform/Developer/usr/lib -F /Users/admin/builder/spi-builder-workspace/.derivedData/Build/Products/Debug-watchos -F /Applications/Xcode-27.0.0-Release.Candidate.app/Contents/Developer/Platforms/WatchOS.platform/Developer/Library/Frameworks -F /Applications/Xcode-27.0.0-Release.Candidate.app/Contents/Developer/Platforms/WatchOS.platform/Developer/SDKs/WatchOS27.0.sdk/Developer/Library/Frameworks -c -j10 -enable-batch-mode -incremental -Xcc -ivfsstatcache -Xcc /Users/admin/builder/spi-builder-workspace/.derivedData/SDKStatCaches.noindex/watchos27.0-24R360-e829b21a6f8c9b70876ba0858053c04477534ef55a1706bf4c1112bbb242f0a2.sdkstatcache -output-file-map /Users/admin/builder/spi-builder-workspace/.derivedData/Build/Intermediates.noindex/CoffeeCraft.build/Debug-watchos/CoffeeUI-t.build/Objects-normal/arm64_32/CoffeeUI-OutputFileMap.json -save-temps -no-color-diagnostics -explicit-module-build -module-cache-path /Users/admin/builder/spi-builder-workspace/.derivedData/Build/Intermediates.noindex/SwiftExplicitPrecompiledModules -clang-scanner-module-cache-path /Users/admin/builder/spi-builder-workspace/.derivedData/ModuleCache.noindex -sdk-module-cache-path /Users/admin/builder/spi-builder-workspace/.derivedData/SDKExplicitPrecompiledModules -emit-dependencies -emit-module -emit-module-path /Users/admin/builder/spi-builder-workspace/.derivedData/Build/Intermediates.noindex/CoffeeCraft.build/Debug-watchos/CoffeeUI-t.build/Objects-normal/arm64_32/CoffeeUI.swiftmodule -serialize-diagnostics -dependency-scan-serialize-diagnostics-path /Users/admin/builder/spi-builder-workspace/.derivedData/Build/Intermediates.noindex/CoffeeCraft.build/Debug-watchos/CoffeeUI-t.build/Objects-normal/arm64_32/CoffeeUI-dependency-scan.dia -validate-clang-modules-once -clang-build-session-file /Users/admin/builder/spi-builder-workspace/.derivedData/ModuleCache.noindex/Session.modulevalidation -Xcc -fmodules-prune-interval\=86400 -Xcc -fmodules-prune-after\=345600 -emit-const-values -const-gather-protocols-list /Users/admin/builder/spi-builder-workspace/.derivedData/Build/Intermediates.noindex/CoffeeCraft.build/Debug-watchos/CoffeeUI-t.build/Objects-normal/arm64_32/CoffeeUI_const_extract_protocols.json -Xcc -I/Users/admin/builder/spi-builder-workspace/.derivedData/Build/Products/Debug-watchos/include -Xcc -I/Users/admin/builder/spi-builder-workspace/.derivedData/Build/Intermediates.noindex/CoffeeCraft.build/Debug-watchos/CoffeeUI-t.build/DerivedSources-normal/arm64_32 -Xcc -I/Users/admin/builder/spi-builder-workspace/.derivedData/Build/Intermediates.noindex/CoffeeCraft.build/Debug-watchos/CoffeeUI-t.build/DerivedSources/arm64_32 -Xcc -I/Users/admin/builder/spi-builder-workspace/.derivedData/Build/Intermediates.noindex/CoffeeCraft.build/Debug-watchos/CoffeeUI-t.build/DerivedSources -Xcc -DSWIFT_PACKAGE -Xcc -DDEBUG\=1 -emit-objc-header -emit-objc-header-path /Users/admin/builder/spi-builder-workspace/.derivedData/Build/Intermediates.noindex/CoffeeCraft.build/Debug-watchos/CoffeeUI-t.build/Objects-normal/arm64_32/CoffeeUI-Swift.h -working-directory /Users/admin/builder/spi-builder-workspace/.swiftpm/xcode -experimental-emit-module-separately -disable-cmo
SwiftDriver CoffeeUI normal arm64 com.apple.xcode.tools.swift.compiler (in target 'CoffeeUI' from project 'CoffeeCraft')
    cd /Users/admin/builder/spi-builder-workspace/.swiftpm/xcode
    builtin-SwiftDriver -- /Applications/Xcode-27.0.0-Release.Candidate.app/Contents/Developer/Toolchains/XcodeDefault.xctoolchain/usr/bin/swiftc -parse-as-library -module-name CoffeeUI -Onone @/Users/admin/builder/spi-builder-workspace/.derivedData/Build/Intermediates.noindex/CoffeeCraft.build/Debug-watchos/CoffeeUI-t.build/Objects-normal/arm64/CoffeeUI.SwiftFileList -DSWIFT_PACKAGE -DDEBUG -DSWIFT_MODULE_RESOURCE_BUNDLE_AVAILABLE -DXcode -plugin-path /Applications/Xcode-27.0.0-Release.Candidate.app/Contents/Developer/Toolchains/XcodeDefault.xctoolchain/usr/lib/swift/host/plugins/testing -enable-experimental-feature DebugDescriptionMacro -sdk /Applications/Xcode-27.0.0-Release.Candidate.app/Contents/Developer/Platforms/WatchOS.platform/Developer/SDKs/WatchOS27.0.sdk -target arm64-apple-watchos9.0 -g -module-cache-path /Users/admin/builder/spi-builder-workspace/.derivedData/ModuleCache.noindex -Xfrontend -serialize-debugging-options -profile-coverage-mapping -profile-generate -enable-testing -index-store-path /Users/admin/builder/spi-builder-workspace/.derivedData/Index.noindex/DataStore -Xcc -D_LIBCPP_HARDENING_MODE\=_LIBCPP_HARDENING_MODE_DEBUG -swift-version 5 -I /Users/admin/builder/spi-builder-workspace/.derivedData/Build/Products/Debug-watchos -Isystem /Applications/Xcode-27.0.0-Release.Candidate.app/Contents/Developer/Platforms/WatchOS.platform/Developer/usr/lib -F /Users/admin/builder/spi-builder-workspace/.derivedData/Build/Products/Debug-watchos -F /Applications/Xcode-27.0.0-Release.Candidate.app/Contents/Developer/Platforms/WatchOS.platform/Developer/Library/Frameworks -F /Applications/Xcode-27.0.0-Release.Candidate.app/Contents/Developer/Platforms/WatchOS.platform/Developer/SDKs/WatchOS27.0.sdk/Developer/Library/Frameworks -c -j10 -enable-batch-mode -incremental -Xcc -ivfsstatcache -Xcc /Users/admin/builder/spi-builder-workspace/.derivedData/SDKStatCaches.noindex/watchos27.0-24R360-e829b21a6f8c9b70876ba0858053c04477534ef55a1706bf4c1112bbb242f0a2.sdkstatcache -output-file-map /Users/admin/builder/spi-builder-workspace/.derivedData/Build/Intermediates.noindex/CoffeeCraft.build/Debug-watchos/CoffeeUI-t.build/Objects-normal/arm64/CoffeeUI-OutputFileMap.json -save-temps -no-color-diagnostics -explicit-module-build -module-cache-path /Users/admin/builder/spi-builder-workspace/.derivedData/Build/Intermediates.noindex/SwiftExplicitPrecompiledModules -clang-scanner-module-cache-path /Users/admin/builder/spi-builder-workspace/.derivedData/ModuleCache.noindex -sdk-module-cache-path /Users/admin/builder/spi-builder-workspace/.derivedData/SDKExplicitPrecompiledModules -emit-dependencies -emit-module -emit-module-path /Users/admin/builder/spi-builder-workspace/.derivedData/Build/Intermediates.noindex/CoffeeCraft.build/Debug-watchos/CoffeeUI-t.build/Objects-normal/arm64/CoffeeUI.swiftmodule -serialize-diagnostics -dependency-scan-serialize-diagnostics-path /Users/admin/builder/spi-builder-workspace/.derivedData/Build/Intermediates.noindex/CoffeeCraft.build/Debug-watchos/CoffeeUI-t.build/Objects-normal/arm64/CoffeeUI-dependency-scan.dia -validate-clang-modules-once -clang-build-session-file /Users/admin/builder/spi-builder-workspace/.derivedData/ModuleCache.noindex/Session.modulevalidation -Xcc -fmodules-prune-interval\=86400 -Xcc -fmodules-prune-after\=345600 -emit-const-values -const-gather-protocols-list /Users/admin/builder/spi-builder-workspace/.derivedData/Build/Intermediates.noindex/CoffeeCraft.build/Debug-watchos/CoffeeUI-t.build/Objects-normal/arm64/CoffeeUI_const_extract_protocols.json -Xcc -I/Users/admin/builder/spi-builder-workspace/.derivedData/Build/Products/Debug-watchos/include -Xcc -I/Users/admin/builder/spi-builder-workspace/.derivedData/Build/Intermediates.noindex/CoffeeCraft.build/Debug-watchos/CoffeeUI-t.build/DerivedSources-normal/arm64 -Xcc -I/Users/admin/builder/spi-builder-workspace/.derivedData/Build/Intermediates.noindex/CoffeeCraft.build/Debug-watchos/CoffeeUI-t.build/DerivedSources/arm64 -Xcc -I/Users/admin/builder/spi-builder-workspace/.derivedData/Build/Intermediates.noindex/CoffeeCraft.build/Debug-watchos/CoffeeUI-t.build/DerivedSources -Xcc -DSWIFT_PACKAGE -Xcc -DDEBUG\=1 -emit-objc-header -emit-objc-header-path /Users/admin/builder/spi-builder-workspace/.derivedData/Build/Intermediates.noindex/CoffeeCraft.build/Debug-watchos/CoffeeUI-t.build/Objects-normal/arm64/CoffeeUI-Swift.h -working-directory /Users/admin/builder/spi-builder-workspace/.swiftpm/xcode -experimental-emit-module-separately -disable-cmo
SwiftDriver CoffeeBeans normal arm64_32 com.apple.xcode.tools.swift.compiler (in target 'CoffeeBeans' from project 'CoffeeCraft')
    cd /Users/admin/builder/spi-builder-workspace/.swiftpm/xcode
    builtin-SwiftDriver -- /Applications/Xcode-27.0.0-Release.Candidate.app/Contents/Developer/Toolchains/XcodeDefault.xctoolchain/usr/bin/swiftc -parse-as-library -module-name CoffeeBeans -Onone @/Users/admin/builder/spi-builder-workspace/.derivedData/Build/Intermediates.noindex/CoffeeCraft.build/Debug-watchos/CoffeeBeans-t.build/Objects-normal/arm64_32/CoffeeBeans.SwiftFileList -DSWIFT_PACKAGE -DDEBUG -DSWIFT_MODULE_RESOURCE_BUNDLE_UNAVAILABLE -DXcode -plugin-path /Applications/Xcode-27.0.0-Release.Candidate.app/Contents/Developer/Toolchains/XcodeDefault.xctoolchain/usr/lib/swift/host/plugins/testing -enable-experimental-feature DebugDescriptionMacro -sdk /Applications/Xcode-27.0.0-Release.Candidate.app/Contents/Developer/Platforms/WatchOS.platform/Developer/SDKs/WatchOS27.0.sdk -target arm64_32-apple-watchos9.0 -g -module-cache-path /Users/admin/builder/spi-builder-workspace/.derivedData/ModuleCache.noindex -Xfrontend -serialize-debugging-options -profile-coverage-mapping -profile-generate -enable-testing -index-store-path /Users/admin/builder/spi-builder-workspace/.derivedData/Index.noindex/DataStore -Xcc -D_LIBCPP_HARDENING_MODE\=_LIBCPP_HARDENING_MODE_DEBUG -swift-version 5 -I /Users/admin/builder/spi-builder-workspace/.derivedData/Build/Products/Debug-watchos -Isystem /Applications/Xcode-27.0.0-Release.Candidate.app/Contents/Developer/Platforms/WatchOS.platform/Developer/usr/lib -F /Users/admin/builder/spi-builder-workspace/.derivedData/Build/Products/Debug-watchos -F /Applications/Xcode-27.0.0-Release.Candidate.app/Contents/Developer/Platforms/WatchOS.platform/Developer/Library/Frameworks -F /Applications/Xcode-27.0.0-Release.Candidate.app/Contents/Developer/Platforms/WatchOS.platform/Developer/SDKs/WatchOS27.0.sdk/Developer/Library/Frameworks -c -j10 -enable-batch-mode -incremental -Xcc -ivfsstatcache -Xcc /Users/admin/builder/spi-builder-workspace/.derivedData/SDKStatCaches.noindex/watchos27.0-24R360-e829b21a6f8c9b70876ba0858053c04477534ef55a1706bf4c1112bbb242f0a2.sdkstatcache -output-file-map /Users/admin/builder/spi-builder-workspace/.derivedData/Build/Intermediates.noindex/CoffeeCraft.build/Debug-watchos/CoffeeBeans-t.build/Objects-normal/arm64_32/CoffeeBeans-OutputFileMap.json -save-temps -no-color-diagnostics -explicit-module-build -module-cache-path /Users/admin/builder/spi-builder-workspace/.derivedData/Build/Intermediates.noindex/SwiftExplicitPrecompiledModules -clang-scanner-module-cache-path /Users/admin/builder/spi-builder-workspace/.derivedData/ModuleCache.noindex -sdk-module-cache-path /Users/admin/builder/spi-builder-workspace/.derivedData/SDKExplicitPrecompiledModules -emit-dependencies -emit-module -emit-module-path /Users/admin/builder/spi-builder-workspace/.derivedData/Build/Intermediates.noindex/CoffeeCraft.build/Debug-watchos/CoffeeBeans-t.build/Objects-normal/arm64_32/CoffeeBeans.swiftmodule -serialize-diagnostics -dependency-scan-serialize-diagnostics-path /Users/admin/builder/spi-builder-workspace/.derivedData/Build/Intermediates.noindex/CoffeeCraft.build/Debug-watchos/CoffeeBeans-t.build/Objects-normal/arm64_32/CoffeeBeans-dependency-scan.dia -validate-clang-modules-once -clang-build-session-file /Users/admin/builder/spi-builder-workspace/.derivedData/ModuleCache.noindex/Session.modulevalidation -Xcc -fmodules-prune-interval\=86400 -Xcc -fmodules-prune-after\=345600 -emit-const-values -const-gather-protocols-list /Users/admin/builder/spi-builder-workspace/.derivedData/Build/Intermediates.noindex/CoffeeCraft.build/Debug-watchos/CoffeeBeans-t.build/Objects-normal/arm64_32/CoffeeBeans_const_extract_protocols.json -Xcc -I/Users/admin/builder/spi-builder-workspace/.derivedData/Build/Products/Debug-watchos/include -Xcc -I/Users/admin/builder/spi-builder-workspace/.derivedData/Build/Intermediates.noindex/CoffeeCraft.build/Debug-watchos/CoffeeBeans-t.build/DerivedSources-normal/arm64_32 -Xcc -I/Users/admin/builder/spi-builder-workspace/.derivedData/Build/Intermediates.noindex/CoffeeCraft.build/Debug-watchos/CoffeeBeans-t.build/DerivedSources/arm64_32 -Xcc -I/Users/admin/builder/spi-builder-workspace/.derivedData/Build/Intermediates.noindex/CoffeeCraft.build/Debug-watchos/CoffeeBeans-t.build/DerivedSources -Xcc -DSWIFT_PACKAGE -Xcc -DDEBUG\=1 -emit-objc-header -emit-objc-header-path /Users/admin/builder/spi-builder-workspace/.derivedData/Build/Intermediates.noindex/CoffeeCraft.build/Debug-watchos/CoffeeBeans-t.build/Objects-normal/arm64_32/CoffeeBeans-Swift.h -working-directory /Users/admin/builder/spi-builder-workspace/.swiftpm/xcode -experimental-emit-module-separately -disable-cmo
SwiftDriver CoffeeBeans normal arm64 com.apple.xcode.tools.swift.compiler (in target 'CoffeeBeans' from project 'CoffeeCraft')
    cd /Users/admin/builder/spi-builder-workspace/.swiftpm/xcode
    builtin-SwiftDriver -- /Applications/Xcode-27.0.0-Release.Candidate.app/Contents/Developer/Toolchains/XcodeDefault.xctoolchain/usr/bin/swiftc -parse-as-library -module-name CoffeeBeans -Onone @/Users/admin/builder/spi-builder-workspace/.derivedData/Build/Intermediates.noindex/CoffeeCraft.build/Debug-watchos/CoffeeBeans-t.build/Objects-normal/arm64/CoffeeBeans.SwiftFileList -DSWIFT_PACKAGE -DDEBUG -DSWIFT_MODULE_RESOURCE_BUNDLE_UNAVAILABLE -DXcode -plugin-path /Applications/Xcode-27.0.0-Release.Candidate.app/Contents/Developer/Toolchains/XcodeDefault.xctoolchain/usr/lib/swift/host/plugins/testing -enable-experimental-feature DebugDescriptionMacro -sdk /Applications/Xcode-27.0.0-Release.Candidate.app/Contents/Developer/Platforms/WatchOS.platform/Developer/SDKs/WatchOS27.0.sdk -target arm64-apple-watchos9.0 -g -module-cache-path /Users/admin/builder/spi-builder-workspace/.derivedData/ModuleCache.noindex -Xfrontend -serialize-debugging-options -profile-coverage-mapping -profile-generate -enable-testing -index-store-path /Users/admin/builder/spi-builder-workspace/.derivedData/Index.noindex/DataStore -Xcc -D_LIBCPP_HARDENING_MODE\=_LIBCPP_HARDENING_MODE_DEBUG -swift-version 5 -I /Users/admin/builder/spi-builder-workspace/.derivedData/Build/Products/Debug-watchos -Isystem /Applications/Xcode-27.0.0-Release.Candidate.app/Contents/Developer/Platforms/WatchOS.platform/Developer/usr/lib -F /Users/admin/builder/spi-builder-workspace/.derivedData/Build/Products/Debug-watchos -F /Applications/Xcode-27.0.0-Release.Candidate.app/Contents/Developer/Platforms/WatchOS.platform/Developer/Library/Frameworks -F /Applications/Xcode-27.0.0-Release.Candidate.app/Contents/Developer/Platforms/WatchOS.platform/Developer/SDKs/WatchOS27.0.sdk/Developer/Library/Frameworks -c -j10 -enable-batch-mode -incremental -Xcc -ivfsstatcache -Xcc /Users/admin/builder/spi-builder-workspace/.derivedData/SDKStatCaches.noindex/watchos27.0-24R360-e829b21a6f8c9b70876ba0858053c04477534ef55a1706bf4c1112bbb242f0a2.sdkstatcache -output-file-map /Users/admin/builder/spi-builder-workspace/.derivedData/Build/Intermediates.noindex/CoffeeCraft.build/Debug-watchos/CoffeeBeans-t.build/Objects-normal/arm64/CoffeeBeans-OutputFileMap.json -save-temps -no-color-diagnostics -explicit-module-build -module-cache-path /Users/admin/builder/spi-builder-workspace/.derivedData/Build/Intermediates.noindex/SwiftExplicitPrecompiledModules -clang-scanner-module-cache-path /Users/admin/builder/spi-builder-workspace/.derivedData/ModuleCache.noindex -sdk-module-cache-path /Users/admin/builder/spi-builder-workspace/.derivedData/SDKExplicitPrecompiledModules -emit-dependencies -emit-module -emit-module-path /Users/admin/builder/spi-builder-workspace/.derivedData/Build/Intermediates.noindex/CoffeeCraft.build/Debug-watchos/CoffeeBeans-t.build/Objects-normal/arm64/CoffeeBeans.swiftmodule -serialize-diagnostics -dependency-scan-serialize-diagnostics-path /Users/admin/builder/spi-builder-workspace/.derivedData/Build/Intermediates.noindex/CoffeeCraft.build/Debug-watchos/CoffeeBeans-t.build/Objects-normal/arm64/CoffeeBeans-dependency-scan.dia -validate-clang-modules-once -clang-build-session-file /Users/admin/builder/spi-builder-workspace/.derivedData/ModuleCache.noindex/Session.modulevalidation -Xcc -fmodules-prune-interval\=86400 -Xcc -fmodules-prune-after\=345600 -emit-const-values -const-gather-protocols-list /Users/admin/builder/spi-builder-workspace/.derivedData/Build/Intermediates.noindex/CoffeeCraft.build/Debug-watchos/CoffeeBeans-t.build/Objects-normal/arm64/CoffeeBeans_const_extract_protocols.json -Xcc -I/Users/admin/builder/spi-builder-workspace/.derivedData/Build/Products/Debug-watchos/include -Xcc -I/Users/admin/builder/spi-builder-workspace/.derivedData/Build/Intermediates.noindex/CoffeeCraft.build/Debug-watchos/CoffeeBeans-t.build/DerivedSources-normal/arm64 -Xcc -I/Users/admin/builder/spi-builder-workspace/.derivedData/Build/Intermediates.noindex/CoffeeCraft.build/Debug-watchos/CoffeeBeans-t.build/DerivedSources/arm64 -Xcc -I/Users/admin/builder/spi-builder-workspace/.derivedData/Build/Intermediates.noindex/CoffeeCraft.build/Debug-watchos/CoffeeBeans-t.build/DerivedSources -Xcc -DSWIFT_PACKAGE -Xcc -DDEBUG\=1 -emit-objc-header -emit-objc-header-path /Users/admin/builder/spi-builder-workspace/.derivedData/Build/Intermediates.noindex/CoffeeCraft.build/Debug-watchos/CoffeeBeans-t.build/Objects-normal/arm64/CoffeeBeans-Swift.h -working-directory /Users/admin/builder/spi-builder-workspace/.swiftpm/xcode -experimental-emit-module-separately -disable-cmo
SwiftDriver\ Compilation CoffeeBeans normal arm64 com.apple.xcode.tools.swift.compiler (in target 'CoffeeBeans' from project 'CoffeeCraft')
    cd /Users/admin/builder/spi-builder-workspace/.swiftpm/xcode
    builtin-Swift-Compilation -- /Applications/Xcode-27.0.0-Release.Candidate.app/Contents/Developer/Toolchains/XcodeDefault.xctoolchain/usr/bin/swiftc -parse-as-library -module-name CoffeeBeans -Onone @/Users/admin/builder/spi-builder-workspace/.derivedData/Build/Intermediates.noindex/CoffeeCraft.build/Debug-watchos/CoffeeBeans-t.build/Objects-normal/arm64/CoffeeBeans.SwiftFileList -DSWIFT_PACKAGE -DDEBUG -DSWIFT_MODULE_RESOURCE_BUNDLE_UNAVAILABLE -DXcode -plugin-path /Applications/Xcode-27.0.0-Release.Candidate.app/Contents/Developer/Toolchains/XcodeDefault.xctoolchain/usr/lib/swift/host/plugins/testing -enable-experimental-feature DebugDescriptionMacro -sdk /Applications/Xcode-27.0.0-Release.Candidate.app/Contents/Developer/Platforms/WatchOS.platform/Developer/SDKs/WatchOS27.0.sdk -target arm64-apple-watchos9.0 -g -module-cache-path /Users/admin/builder/spi-builder-workspace/.derivedData/ModuleCache.noindex -Xfrontend -serialize-debugging-options -profile-coverage-mapping -profile-generate -enable-testing -index-store-path /Users/admin/builder/spi-builder-workspace/.derivedData/Index.noindex/DataStore -Xcc -D_LIBCPP_HARDENING_MODE\=_LIBCPP_HARDENING_MODE_DEBUG -swift-version 5 -I /Users/admin/builder/spi-builder-workspace/.derivedData/Build/Products/Debug-watchos -Isystem /Applications/Xcode-27.0.0-Release.Candidate.app/Contents/Developer/Platforms/WatchOS.platform/Developer/usr/lib -F /Users/admin/builder/spi-builder-workspace/.derivedData/Build/Products/Debug-watchos -F /Applications/Xcode-27.0.0-Release.Candidate.app/Contents/Developer/Platforms/WatchOS.platform/Developer/Library/Frameworks -F /Applications/Xcode-27.0.0-Release.Candidate.app/Contents/Developer/Platforms/WatchOS.platform/Developer/SDKs/WatchOS27.0.sdk/Developer/Library/Frameworks -c -j10 -enable-batch-mode -incremental -Xcc -ivfsstatcache -Xcc /Users/admin/builder/spi-builder-workspace/.derivedData/SDKStatCaches.noindex/watchos27.0-24R360-e829b21a6f8c9b70876ba0858053c04477534ef55a1706bf4c1112bbb242f0a2.sdkstatcache -output-file-map /Users/admin/builder/spi-builder-workspace/.derivedData/Build/Intermediates.noindex/CoffeeCraft.build/Debug-watchos/CoffeeBeans-t.build/Objects-normal/arm64/CoffeeBeans-OutputFileMap.json -save-temps -no-color-diagnostics -explicit-module-build -module-cache-path /Users/admin/builder/spi-builder-workspace/.derivedData/Build/Intermediates.noindex/SwiftExplicitPrecompiledModules -clang-scanner-module-cache-path /Users/admin/builder/spi-builder-workspace/.derivedData/ModuleCache.noindex -sdk-module-cache-path /Users/admin/builder/spi-builder-workspace/.derivedData/SDKExplicitPrecompiledModules -emit-dependencies -emit-module -emit-module-path /Users/admin/builder/spi-builder-workspace/.derivedData/Build/Intermediates.noindex/CoffeeCraft.build/Debug-watchos/CoffeeBeans-t.build/Objects-normal/arm64/CoffeeBeans.swiftmodule -serialize-diagnostics -dependency-scan-serialize-diagnostics-path /Users/admin/builder/spi-builder-workspace/.derivedData/Build/Intermediates.noindex/CoffeeCraft.build/Debug-watchos/CoffeeBeans-t.build/Objects-normal/arm64/CoffeeBeans-dependency-scan.dia -validate-clang-modules-once -clang-build-session-file /Users/admin/builder/spi-builder-workspace/.derivedData/ModuleCache.noindex/Session.modulevalidation -Xcc -fmodules-prune-interval\=86400 -Xcc -fmodules-prune-after\=345600 -emit-const-values -const-gather-protocols-list /Users/admin/builder/spi-builder-workspace/.derivedData/Build/Intermediates.noindex/CoffeeCraft.build/Debug-watchos/CoffeeBeans-t.build/Objects-normal/arm64/CoffeeBeans_const_extract_protocols.json -Xcc -I/Users/admin/builder/spi-builder-workspace/.derivedData/Build/Products/Debug-watchos/include -Xcc -I/Users/admin/builder/spi-builder-workspace/.derivedData/Build/Intermediates.noindex/CoffeeCraft.build/Debug-watchos/CoffeeBeans-t.build/DerivedSources-normal/arm64 -Xcc -I/Users/admin/builder/spi-builder-workspace/.derivedData/Build/Intermediates.noindex/CoffeeCraft.build/Debug-watchos/CoffeeBeans-t.build/DerivedSources/arm64 -Xcc -I/Users/admin/builder/spi-builder-workspace/.derivedData/Build/Intermediates.noindex/CoffeeCraft.build/Debug-watchos/CoffeeBeans-t.build/DerivedSources -Xcc -DSWIFT_PACKAGE -Xcc -DDEBUG\=1 -emit-objc-header -emit-objc-header-path /Users/admin/builder/spi-builder-workspace/.derivedData/Build/Intermediates.noindex/CoffeeCraft.build/Debug-watchos/CoffeeBeans-t.build/Objects-normal/arm64/CoffeeBeans-Swift.h -working-directory /Users/admin/builder/spi-builder-workspace/.swiftpm/xcode -experimental-emit-module-separately -disable-cmo
SwiftDriver\ Compilation CoffeeBeans normal arm64_32 com.apple.xcode.tools.swift.compiler (in target 'CoffeeBeans' from project 'CoffeeCraft')
    cd /Users/admin/builder/spi-builder-workspace/.swiftpm/xcode
    builtin-Swift-Compilation -- /Applications/Xcode-27.0.0-Release.Candidate.app/Contents/Developer/Toolchains/XcodeDefault.xctoolchain/usr/bin/swiftc -parse-as-library -module-name CoffeeBeans -Onone @/Users/admin/builder/spi-builder-workspace/.derivedData/Build/Intermediates.noindex/CoffeeCraft.build/Debug-watchos/CoffeeBeans-t.build/Objects-normal/arm64_32/CoffeeBeans.SwiftFileList -DSWIFT_PACKAGE -DDEBUG -DSWIFT_MODULE_RESOURCE_BUNDLE_UNAVAILABLE -DXcode -plugin-path /Applications/Xcode-27.0.0-Release.Candidate.app/Contents/Developer/Toolchains/XcodeDefault.xctoolchain/usr/lib/swift/host/plugins/testing -enable-experimental-feature DebugDescriptionMacro -sdk /Applications/Xcode-27.0.0-Release.Candidate.app/Contents/Developer/Platforms/WatchOS.platform/Developer/SDKs/WatchOS27.0.sdk -target arm64_32-apple-watchos9.0 -g -module-cache-path /Users/admin/builder/spi-builder-workspace/.derivedData/ModuleCache.noindex -Xfrontend -serialize-debugging-options -profile-coverage-mapping -profile-generate -enable-testing -index-store-path /Users/admin/builder/spi-builder-workspace/.derivedData/Index.noindex/DataStore -Xcc -D_LIBCPP_HARDENING_MODE\=_LIBCPP_HARDENING_MODE_DEBUG -swift-version 5 -I /Users/admin/builder/spi-builder-workspace/.derivedData/Build/Products/Debug-watchos -Isystem /Applications/Xcode-27.0.0-Release.Candidate.app/Contents/Developer/Platforms/WatchOS.platform/Developer/usr/lib -F /Users/admin/builder/spi-builder-workspace/.derivedData/Build/Products/Debug-watchos -F /Applications/Xcode-27.0.0-Release.Candidate.app/Contents/Developer/Platforms/WatchOS.platform/Developer/Library/Frameworks -F /Applications/Xcode-27.0.0-Release.Candidate.app/Contents/Developer/Platforms/WatchOS.platform/Developer/SDKs/WatchOS27.0.sdk/Developer/Library/Frameworks -c -j10 -enable-batch-mode -incremental -Xcc -ivfsstatcache -Xcc /Users/admin/builder/spi-builder-workspace/.derivedData/SDKStatCaches.noindex/watchos27.0-24R360-e829b21a6f8c9b70876ba0858053c04477534ef55a1706bf4c1112bbb242f0a2.sdkstatcache -output-file-map /Users/admin/builder/spi-builder-workspace/.derivedData/Build/Intermediates.noindex/CoffeeCraft.build/Debug-watchos/CoffeeBeans-t.build/Objects-normal/arm64_32/CoffeeBeans-OutputFileMap.json -save-temps -no-color-diagnostics -explicit-module-build -module-cache-path /Users/admin/builder/spi-builder-workspace/.derivedData/Build/Intermediates.noindex/SwiftExplicitPrecompiledModules -clang-scanner-module-cache-path /Users/admin/builder/spi-builder-workspace/.derivedData/ModuleCache.noindex -sdk-module-cache-path /Users/admin/builder/spi-builder-workspace/.derivedData/SDKExplicitPrecompiledModules -emit-dependencies -emit-module -emit-module-path /Users/admin/builder/spi-builder-workspace/.derivedData/Build/Intermediates.noindex/CoffeeCraft.build/Debug-watchos/CoffeeBeans-t.build/Objects-normal/arm64_32/CoffeeBeans.swiftmodule -serialize-diagnostics -dependency-scan-serialize-diagnostics-path /Users/admin/builder/spi-builder-workspace/.derivedData/Build/Intermediates.noindex/CoffeeCraft.build/Debug-watchos/CoffeeBeans-t.build/Objects-normal/arm64_32/CoffeeBeans-dependency-scan.dia -validate-clang-modules-once -clang-build-session-file /Users/admin/builder/spi-builder-workspace/.derivedData/ModuleCache.noindex/Session.modulevalidation -Xcc -fmodules-prune-interval\=86400 -Xcc -fmodules-prune-after\=345600 -emit-const-values -const-gather-protocols-list /Users/admin/builder/spi-builder-workspace/.derivedData/Build/Intermediates.noindex/CoffeeCraft.build/Debug-watchos/CoffeeBeans-t.build/Objects-normal/arm64_32/CoffeeBeans_const_extract_protocols.json -Xcc -I/Users/admin/builder/spi-builder-workspace/.derivedData/Build/Products/Debug-watchos/include -Xcc -I/Users/admin/builder/spi-builder-workspace/.derivedData/Build/Intermediates.noindex/CoffeeCraft.build/Debug-watchos/CoffeeBeans-t.build/DerivedSources-normal/arm64_32 -Xcc -I/Users/admin/builder/spi-builder-workspace/.derivedData/Build/Intermediates.noindex/CoffeeCraft.build/Debug-watchos/CoffeeBeans-t.build/DerivedSources/arm64_32 -Xcc -I/Users/admin/builder/spi-builder-workspace/.derivedData/Build/Intermediates.noindex/CoffeeCraft.build/Debug-watchos/CoffeeBeans-t.build/DerivedSources -Xcc -DSWIFT_PACKAGE -Xcc -DDEBUG\=1 -emit-objc-header -emit-objc-header-path /Users/admin/builder/spi-builder-workspace/.derivedData/Build/Intermediates.noindex/CoffeeCraft.build/Debug-watchos/CoffeeBeans-t.build/Objects-normal/arm64_32/CoffeeBeans-Swift.h -working-directory /Users/admin/builder/spi-builder-workspace/.swiftpm/xcode -experimental-emit-module-separately -disable-cmo
Ld /Users/admin/builder/spi-builder-workspace/.derivedData/Build/Intermediates.noindex/CoffeeCraft.build/Debug-watchos/CoffeeBeans-t.build/Objects-normal/arm64/Binary/CoffeeBeans.o normal arm64 (in target 'CoffeeBeans' from project 'CoffeeCraft')
    cd /Users/admin/builder/spi-builder-workspace
    /Applications/Xcode-27.0.0-Release.Candidate.app/Contents/Developer/Toolchains/XcodeDefault.xctoolchain/usr/bin/clang -Xlinker -reproducible -target arm64-apple-watchos9.0 -r -isysroot /Applications/Xcode-27.0.0-Release.Candidate.app/Contents/Developer/Platforms/WatchOS.platform/Developer/SDKs/WatchOS27.0.sdk -O0 -Xlinker -no_warn_duplicate_libraries -F/Users/admin/builder/spi-builder-workspace/.derivedData/Build/Intermediates.noindex/EagerLinkingTBDs/Debug-watchos -F/Users/admin/builder/spi-builder-workspace/.derivedData/Build/Products/Debug-watchos -iframework /Applications/Xcode-27.0.0-Release.Candidate.app/Contents/Developer/Platforms/WatchOS.platform/Developer/Library/Frameworks -iframework /Applications/Xcode-27.0.0-Release.Candidate.app/Contents/Developer/Platforms/WatchOS.platform/Developer/SDKs/WatchOS27.0.sdk/Developer/Library/Frameworks -filelist /Users/admin/builder/spi-builder-workspace/.derivedData/Build/Intermediates.noindex/CoffeeCraft.build/Debug-watchos/CoffeeBeans-t.build/Objects-normal/arm64/CoffeeBeans.LinkFileList -nostdlib -Xlinker -object_path_lto -Xlinker /Users/admin/builder/spi-builder-workspace/.derivedData/Build/Intermediates.noindex/CoffeeCraft.build/Debug-watchos/CoffeeBeans-t.build/Objects-normal/arm64/CoffeeBeans_lto.o -Xlinker -no_deduplicate -Xlinker -debug_variant -Xlinker -dependency_info -Xlinker /Users/admin/builder/spi-builder-workspace/.derivedData/Build/Intermediates.noindex/CoffeeCraft.build/Debug-watchos/CoffeeBeans-t.build/Objects-normal/arm64/CoffeeBeans_dependency_info.dat -fobjc-link-runtime -L/Applications/Xcode-27.0.0-Release.Candidate.app/Contents/Developer/Toolchains/XcodeDefault.xctoolchain/usr/lib/swift/watchos -L/usr/lib/swift -Xlinker -add_ast_path -Xlinker /Users/admin/builder/spi-builder-workspace/.derivedData/Build/Intermediates.noindex/CoffeeCraft.build/Debug-watchos/CoffeeBeans-t.build/Objects-normal/arm64/CoffeeBeans.swiftmodule -o /Users/admin/builder/spi-builder-workspace/.derivedData/Build/Intermediates.noindex/CoffeeCraft.build/Debug-watchos/CoffeeBeans-t.build/Objects-normal/arm64/Binary/CoffeeBeans.o
Ld /Users/admin/builder/spi-builder-workspace/.derivedData/Build/Intermediates.noindex/CoffeeCraft.build/Debug-watchos/CoffeeBeans-t.build/Objects-normal/arm64_32/Binary/CoffeeBeans.o normal arm64_32 (in target 'CoffeeBeans' from project 'CoffeeCraft')
    cd /Users/admin/builder/spi-builder-workspace
    /Applications/Xcode-27.0.0-Release.Candidate.app/Contents/Developer/Toolchains/XcodeDefault.xctoolchain/usr/bin/clang -Xlinker -reproducible -target arm64_32-apple-watchos9.0 -r -isysroot /Applications/Xcode-27.0.0-Release.Candidate.app/Contents/Developer/Platforms/WatchOS.platform/Developer/SDKs/WatchOS27.0.sdk -O0 -Xlinker -no_warn_duplicate_libraries -F/Users/admin/builder/spi-builder-workspace/.derivedData/Build/Intermediates.noindex/EagerLinkingTBDs/Debug-watchos -F/Users/admin/builder/spi-builder-workspace/.derivedData/Build/Products/Debug-watchos -iframework /Applications/Xcode-27.0.0-Release.Candidate.app/Contents/Developer/Platforms/WatchOS.platform/Developer/Library/Frameworks -iframework /Applications/Xcode-27.0.0-Release.Candidate.app/Contents/Developer/Platforms/WatchOS.platform/Developer/SDKs/WatchOS27.0.sdk/Developer/Library/Frameworks -filelist /Users/admin/builder/spi-builder-workspace/.derivedData/Build/Intermediates.noindex/CoffeeCraft.build/Debug-watchos/CoffeeBeans-t.build/Objects-normal/arm64_32/CoffeeBeans.LinkFileList -nostdlib -Xlinker -object_path_lto -Xlinker /Users/admin/builder/spi-builder-workspace/.derivedData/Build/Intermediates.noindex/CoffeeCraft.build/Debug-watchos/CoffeeBeans-t.build/Objects-normal/arm64_32/CoffeeBeans_lto.o -Xlinker -no_deduplicate -Xlinker -debug_variant -Xlinker -dependency_info -Xlinker /Users/admin/builder/spi-builder-workspace/.derivedData/Build/Intermediates.noindex/CoffeeCraft.build/Debug-watchos/CoffeeBeans-t.build/Objects-normal/arm64_32/CoffeeBeans_dependency_info.dat -fobjc-link-runtime -L/Applications/Xcode-27.0.0-Release.Candidate.app/Contents/Developer/Toolchains/XcodeDefault.xctoolchain/usr/lib/swift/watchos -L/usr/lib/swift -Xlinker -add_ast_path -Xlinker /Users/admin/builder/spi-builder-workspace/.derivedData/Build/Intermediates.noindex/CoffeeCraft.build/Debug-watchos/CoffeeBeans-t.build/Objects-normal/arm64_32/CoffeeBeans.swiftmodule -o /Users/admin/builder/spi-builder-workspace/.derivedData/Build/Intermediates.noindex/CoffeeCraft.build/Debug-watchos/CoffeeBeans-t.build/Objects-normal/arm64_32/Binary/CoffeeBeans.o
CreateUniversalBinary /Users/admin/builder/spi-builder-workspace/.derivedData/Build/Products/Debug-watchos/CoffeeBeans.o normal arm64\ arm64_32 (in target 'CoffeeBeans' from project 'CoffeeCraft')
    cd /Users/admin/builder/spi-builder-workspace
    /Applications/Xcode-27.0.0-Release.Candidate.app/Contents/Developer/Toolchains/XcodeDefault.xctoolchain/usr/bin/lipo -create /Users/admin/builder/spi-builder-workspace/.derivedData/Build/Intermediates.noindex/CoffeeCraft.build/Debug-watchos/CoffeeBeans-t.build/Objects-normal/arm64/Binary/CoffeeBeans.o /Users/admin/builder/spi-builder-workspace/.derivedData/Build/Intermediates.noindex/CoffeeCraft.build/Debug-watchos/CoffeeBeans-t.build/Objects-normal/arm64_32/Binary/CoffeeBeans.o -output /Users/admin/builder/spi-builder-workspace/.derivedData/Build/Products/Debug-watchos/CoffeeBeans.o
ExtractAppIntentsMetadata (in target 'CoffeeBeans' from project 'CoffeeCraft')
    cd /Users/admin/builder/spi-builder-workspace
    /Applications/Xcode-27.0.0-Release.Candidate.app/Contents/Developer/Toolchains/XcodeDefault.xctoolchain/usr/bin/appintentsmetadataprocessor --toolchain-dir /var/run/com.apple.security.cryptexd/mnt/com.apple.MobileAsset.MetalToolchain-v27.1.266.1.tNFccY/Metal.xctoolchain --module-name CoffeeBeans --sdk-root /Applications/Xcode-27.0.0-Release.Candidate.app/Contents/Developer/Platforms/WatchOS.platform/Developer/SDKs/WatchOS27.0.sdk --xcode-version 27A266a --platform-family watchOS --deployment-target 9.0 --bundle-identifier spi-builder-workspace.CoffeeBeans --output /Users/admin/builder/spi-builder-workspace/.derivedData/Build/Products/Debug-watchos/CoffeeBeans.appintents --target-triple arm64-apple-watchos9.0 --target-triple arm64_32-apple-watchos9.0 --binary-file /Users/admin/builder/spi-builder-workspace/.derivedData/Build/Products/Debug-watchos/CoffeeBeans.o --dependency-file /Users/admin/builder/spi-builder-workspace/.derivedData/Build/Intermediates.noindex/CoffeeCraft.build/Debug-watchos/CoffeeBeans-t.build/Objects-normal/arm64/CoffeeBeans_dependency_info.dat --dependency-file /Users/admin/builder/spi-builder-workspace/.derivedData/Build/Intermediates.noindex/CoffeeCraft.build/Debug-watchos/CoffeeBeans-t.build/Objects-normal/arm64_32/CoffeeBeans_dependency_info.dat --stringsdata-file /Users/admin/builder/spi-builder-workspace/.derivedData/Build/Intermediates.noindex/CoffeeCraft.build/Debug-watchos/CoffeeBeans-t.build/Objects-normal/arm64/ExtractedAppShortcutsMetadata.stringsdata --stringsdata-file /Users/admin/builder/spi-builder-workspace/.derivedData/Build/Intermediates.noindex/CoffeeCraft.build/Debug-watchos/CoffeeBeans-t.build/Objects-normal/arm64_32/ExtractedAppShortcutsMetadata.stringsdata --source-file-list /Users/admin/builder/spi-builder-workspace/.derivedData/Build/Intermediates.noindex/CoffeeCraft.build/Debug-watchos/CoffeeBeans-t.build/Objects-normal/arm64/CoffeeBeans.SwiftFileList --source-file-list /Users/admin/builder/spi-builder-workspace/.derivedData/Build/Intermediates.noindex/CoffeeCraft.build/Debug-watchos/CoffeeBeans-t.build/Objects-normal/arm64_32/CoffeeBeans.SwiftFileList --metadata-file-list /Users/admin/builder/spi-builder-workspace/.derivedData/Build/Intermediates.noindex/CoffeeCraft.build/Debug-watchos/CoffeeBeans-t.build/CoffeeBeans.DependencyMetadataFileList --static-metadata-file-list /Users/admin/builder/spi-builder-workspace/.derivedData/Build/Intermediates.noindex/CoffeeCraft.build/Debug-watchos/CoffeeBeans-t.build/CoffeeBeans.DependencyStaticMetadataFileList --swift-const-vals-list /Users/admin/builder/spi-builder-workspace/.derivedData/Build/Intermediates.noindex/CoffeeCraft.build/Debug-watchos/CoffeeBeans-t.build/Objects-normal/arm64/CoffeeBeans.SwiftConstValuesFileList --swift-const-vals-list /Users/admin/builder/spi-builder-workspace/.derivedData/Build/Intermediates.noindex/CoffeeCraft.build/Debug-watchos/CoffeeBeans-t.build/Objects-normal/arm64_32/CoffeeBeans.SwiftConstValuesFileList --force --compile-time-extraction --deployment-aware-processing --no-app-shortcuts-localization
2026-09-18 19:33:17.913 appintentsmetadataprocessor[839:5132] Starting appintentsmetadataprocessor export
2026-09-18 19:33:18.002 appintentsmetadataprocessor[839:5132] Extracted no relevant App Intents symbols, skipping writing output
SwiftCompile normal arm64 Compiling\ IconButton.swift /Users/admin/builder/spi-builder-workspace/Sources/CoffeeUI/IconButton.swift (in target 'CoffeeUI' from project 'CoffeeCraft')
SwiftCompile normal arm64 /Users/admin/builder/spi-builder-workspace/Sources/CoffeeUI/IconButton.swift (in target 'CoffeeUI' from project 'CoffeeCraft')
    cd /Users/admin/builder/spi-builder-workspace/.swiftpm/xcode
    builtin-SwiftPerFileCompile IconButton.swift
SwiftCompile normal arm64 Compiling\ GeneratedAssetSymbols.swift /Users/admin/builder/spi-builder-workspace/.derivedData/Build/Intermediates.noindex/CoffeeCraft.build/Debug-watchos/CoffeeUI-t.build/DerivedSources/GeneratedAssetSymbols.swift (in target 'CoffeeUI' from project 'CoffeeCraft')
SwiftCompile normal arm64 /Users/admin/builder/spi-builder-workspace/.derivedData/Build/Intermediates.noindex/CoffeeCraft.build/Debug-watchos/CoffeeUI-t.build/DerivedSources/GeneratedAssetSymbols.swift (in target 'CoffeeUI' from project 'CoffeeCraft')
    cd /Users/admin/builder/spi-builder-workspace/.swiftpm/xcode
    builtin-SwiftPerFileCompile GeneratedAssetSymbols.swift
SwiftCompile normal arm64 Compiling\ BoxIconItem.swift /Users/admin/builder/spi-builder-workspace/Sources/CoffeeUI/BoxIconItem.swift (in target 'CoffeeUI' from project 'CoffeeCraft')
SwiftCompile normal arm64 /Users/admin/builder/spi-builder-workspace/Sources/CoffeeUI/BoxIconItem.swift (in target 'CoffeeUI' from project 'CoffeeCraft')
    cd /Users/admin/builder/spi-builder-workspace/.swiftpm/xcode
    builtin-SwiftPerFileCompile BoxIconItem.swift
SwiftEmitModule normal arm64 Emitting\ module\ for\ CoffeeUI (in target 'CoffeeUI' from project 'CoffeeCraft')
SwiftCompile normal arm64 (in target 'CoffeeUI' from project 'CoffeeCraft')
    cd /Users/admin/builder/spi-builder-workspace/.swiftpm/xcode

SwiftCompile normal arm64 Compiling\ BoxItem.swift /Users/admin/builder/spi-builder-workspace/Sources/CoffeeUI/BoxItem.swift (in target 'CoffeeUI' from project 'CoffeeCraft')
SwiftCompile normal arm64 /Users/admin/builder/spi-builder-workspace/Sources/CoffeeUI/BoxItem.swift (in target 'CoffeeUI' from project 'CoffeeCraft')
    cd /Users/admin/builder/spi-builder-workspace/.swiftpm/xcode
    builtin-SwiftPerFileCompile BoxItem.swift
SwiftCompile normal arm64_32 Compiling\ BoxItem.swift /Users/admin/builder/spi-builder-workspace/Sources/CoffeeUI/BoxItem.swift (in target 'CoffeeUI' from project 'CoffeeCraft')
SwiftCompile normal arm64_32 /Users/admin/builder/spi-builder-workspace/Sources/CoffeeUI/BoxItem.swift (in target 'CoffeeUI' from project 'CoffeeCraft')
    cd /Users/admin/builder/spi-builder-workspace/.swiftpm/xcode
    builtin-SwiftPerFileCompile BoxItem.swift
SwiftCompile normal arm64_32 Compiling\ CircularProgressBar.swift /Users/admin/builder/spi-builder-workspace/Sources/CoffeeUI/CircularProgressBar.swift (in target 'CoffeeUI' from project 'CoffeeCraft')
SwiftCompile normal arm64_32 /Users/admin/builder/spi-builder-workspace/Sources/CoffeeUI/CircularProgressBar.swift (in target 'CoffeeUI' from project 'CoffeeCraft')
    cd /Users/admin/builder/spi-builder-workspace/.swiftpm/xcode
    builtin-SwiftPerFileCompile CircularProgressBar.swift
SwiftEmitModule normal arm64_32 Emitting\ module\ for\ CoffeeUI (in target 'CoffeeUI' from project 'CoffeeCraft')
SwiftCompile normal arm64_32 (in target 'CoffeeUI' from project 'CoffeeCraft')
    cd /Users/admin/builder/spi-builder-workspace/.swiftpm/xcode

SwiftCompile normal arm64_32 Compiling\ Color+Defaults.swift /Users/admin/builder/spi-builder-workspace/Sources/CoffeeUI/Color+Defaults.swift (in target 'CoffeeUI' from project 'CoffeeCraft')
/Users/admin/builder/spi-builder-workspace/Sources/CoffeeUI/Color+Defaults.swift:15:22: error: 'init(named:in:compatibleWith:)' is unavailable in watchOS
13 |
14 |     static var background: Color {
15 |         return Color(UIColor(named: "Background", in: .module, compatibleWith: .current)!)
   |                      `- error: 'init(named:in:compatibleWith:)' is unavailable in watchOS
16 |     }
17 |
/Applications/Xcode-27.0.0-Release.Candidate.app/Contents/Developer/Platforms/WatchOS.platform/Developer/SDKs/WatchOS27.0.sdk/System/Library/Frameworks/UIKit.framework/Headers/UIColor.h:131:1: note: 'init(named:in:compatibleWith:)' has been explicitly marked unavailable here
129 | @interface UIColor (UIColorNamedColors)
130 | + (nullable UIColor *)colorNamed:(NSString *)name API_AVAILABLE(ios(11.0), watchos(4.0));      // load from main bundle
131 | + (nullable UIColor *)colorNamed:(NSString *)name inBundle:(nullable NSBundle *)bundle compatibleWithTraitCollection:(nullable UITraitCollection *)traitCollection API_AVAILABLE(ios(11.0)) API_UNAVAILABLE(watchos);
    | `- note: 'init(named:in:compatibleWith:)' has been explicitly marked unavailable here
132 | @end
133 |
/Users/admin/builder/spi-builder-workspace/Sources/CoffeeUI/Color+Defaults.swift:15:81: error: 'current' is unavailable in watchOS
13 |
14 |     static var background: Color {
15 |         return Color(UIColor(named: "Background", in: .module, compatibleWith: .current)!)
   |                                                                                 `- error: 'current' is unavailable in watchOS
16 |     }
17 |
/Applications/Xcode-27.0.0-Release.Candidate.app/Contents/Developer/Platforms/WatchOS.platform/Developer/SDKs/WatchOS27.0.sdk/System/Library/Frameworks/UIKit.framework/Headers/UITraitCollection.h:263:57: note: 'current' has been explicitly marked unavailable here
261 |  * This is a thread-local property, so it may be changed on non-main threads without affecting the main thread.
262 |  */
263 | @property (class, nonatomic, strong) UITraitCollection *currentTraitCollection API_AVAILABLE(ios(13.0), tvos(13.0)) API_UNAVAILABLE(watchos);
    |                                                         `- note: 'current' has been explicitly marked unavailable here
264 |
265 | /* Sets `UITraitCollection.currentTraitCollection` to this trait collection, performs the given actions,
/Users/admin/builder/spi-builder-workspace/Sources/CoffeeUI/Color+Defaults.swift:19:22: error: 'init(named:in:compatibleWith:)' is unavailable in watchOS
17 |
18 |     static var foreground: Color {
19 |         return Color(UIColor(named: "Foreground", in: .module, compatibleWith: .current)!)
   |                      `- error: 'init(named:in:compatibleWith:)' is unavailable in watchOS
20 |     }
21 | }
/Applications/Xcode-27.0.0-Release.Candidate.app/Contents/Developer/Platforms/WatchOS.platform/Developer/SDKs/WatchOS27.0.sdk/System/Library/Frameworks/UIKit.framework/Headers/UIColor.h:131:1: note: 'init(named:in:compatibleWith:)' has been explicitly marked unavailable here
129 | @interface UIColor (UIColorNamedColors)
130 | + (nullable UIColor *)colorNamed:(NSString *)name API_AVAILABLE(ios(11.0), watchos(4.0));      // load from main bundle
131 | + (nullable UIColor *)colorNamed:(NSString *)name inBundle:(nullable NSBundle *)bundle compatibleWithTraitCollection:(nullable UITraitCollection *)traitCollection API_AVAILABLE(ios(11.0)) API_UNAVAILABLE(watchos);
    | `- note: 'init(named:in:compatibleWith:)' has been explicitly marked unavailable here
132 | @end
133 |
/Users/admin/builder/spi-builder-workspace/Sources/CoffeeUI/Color+Defaults.swift:19:81: error: 'current' is unavailable in watchOS
17 |
18 |     static var foreground: Color {
19 |         return Color(UIColor(named: "Foreground", in: .module, compatibleWith: .current)!)
   |                                                                                 `- error: 'current' is unavailable in watchOS
20 |     }
21 | }
/Applications/Xcode-27.0.0-Release.Candidate.app/Contents/Developer/Platforms/WatchOS.platform/Developer/SDKs/WatchOS27.0.sdk/System/Library/Frameworks/UIKit.framework/Headers/UITraitCollection.h:263:57: note: 'current' has been explicitly marked unavailable here
261 |  * This is a thread-local property, so it may be changed on non-main threads without affecting the main thread.
262 |  */
263 | @property (class, nonatomic, strong) UITraitCollection *currentTraitCollection API_AVAILABLE(ios(13.0), tvos(13.0)) API_UNAVAILABLE(watchos);
    |                                                         `- note: 'current' has been explicitly marked unavailable here
264 |
265 | /* Sets `UITraitCollection.currentTraitCollection` to this trait collection, performs the given actions,
Failed frontend command:
/Applications/Xcode-27.0.0-Release.Candidate.app/Contents/Developer/Toolchains/XcodeDefault.xctoolchain/usr/bin/swift-frontend -frontend -c /Users/admin/builder/spi-builder-workspace/.derivedData/Build/Intermediates.noindex/CoffeeCraft.build/Debug-watchos/CoffeeUI-t.build/DerivedSources/resource_bundle_accessor.swift /Users/admin/builder/spi-builder-workspace/Sources/CoffeeUI/BackgroundView.swift /Users/admin/builder/spi-builder-workspace/Sources/CoffeeUI/BoxIconItem.swift /Users/admin/builder/spi-builder-workspace/Sources/CoffeeUI/BoxItem.swift /Users/admin/builder/spi-builder-workspace/Sources/CoffeeUI/CircularProgressBar.swift -primary-file /Users/admin/builder/spi-builder-workspace/Sources/CoffeeUI/Color+Defaults.swift /Users/admin/builder/spi-builder-workspace/Sources/CoffeeUI/Icon.swift /Users/admin/builder/spi-builder-workspace/Sources/CoffeeUI/IconButton.swift /Users/admin/builder/spi-builder-workspace/Sources/CoffeeUI/LinearProgressBar.swift /Users/admin/builder/spi-builder-workspace/.derivedData/Build/Intermediates.noindex/CoffeeCraft.build/Debug-watchos/CoffeeUI-t.build/DerivedSources/GeneratedAssetSymbols.swift -emit-dependencies-path /Users/admin/builder/spi-builder-workspace/.derivedData/Build/Intermediates.noindex/CoffeeCraft.build/Debug-watchos/CoffeeUI-t.build/Objects-normal/arm64_32/Color+Defaults.d -emit-const-values-path /Users/admin/builder/spi-builder-workspace/.derivedData/Build/Intermediates.noindex/CoffeeCraft.build/Debug-watchos/CoffeeUI-t.build/Objects-normal/arm64_32/Color+Defaults.swiftconstvalues -emit-reference-dependencies-path /Users/admin/builder/spi-builder-workspace/.derivedData/Build/Intermediates.noindex/CoffeeCraft.build/Debug-watchos/CoffeeUI-t.build/Objects-normal/arm64_32/Color+Defaults.swiftdeps -serialize-diagnostics-path /Users/admin/builder/spi-builder-workspace/.derivedData/Build/Intermediates.noindex/CoffeeCraft.build/Debug-watchos/CoffeeUI-t.build/Objects-normal/arm64_32/Color+Defaults.dia -target arm64_32-apple-watchos9.0 -module-can-import-version DeveloperToolsSupport 24.0.24 24.0.24 -module-can-import-version SwiftUI 8.0.84.1 8.0.84 -module-can-import-version UIKit 9127.0.84.1 9127.0.84 -disable-cross-import-overlay-search -load-resolved-plugin /Applications/Xcode-27.0.0-Release.Candidate.app/Contents/Developer/Platforms/WatchOS.platform/Developer/usr/lib/swift/host/plugins/libFoundationMacros.dylib\#/Applications/Xcode-27.0.0-Release.Candidate.app/Contents/Developer/Platforms/WatchOS.platform/Developer/usr/bin/swift-plugin-server\#FoundationMacros -load-resolved-plugin /Applications/Xcode-27.0.0-Release.Candidate.app/Contents/Developer/Platforms/WatchOS.platform/Developer/usr/lib/swift/host/plugins/libObservationMacros.dylib\#/Applications/Xcode-27.0.0-Release.Candidate.app/Contents/Developer/Platforms/WatchOS.platform/Developer/usr/bin/swift-plugin-server\#ObservationMacros -load-resolved-plugin /Applications/Xcode-27.0.0-Release.Candidate.app/Contents/Developer/Platforms/WatchOS.platform/Developer/usr/lib/swift/host/plugins/libPreviewsMacros.dylib\#/Applications/Xcode-27.0.0-Release.Candidate.app/Contents/Developer/Platforms/WatchOS.platform/Developer/usr/bin/swift-plugin-server\#PreviewsMacros -load-resolved-plugin /Applications/Xcode-27.0.0-Release.Candidate.app/Contents/Developer/Platforms/WatchOS.platform/Developer/usr/lib/swift/host/plugins/libSwiftMacros.dylib\#/Applications/Xcode-27.0.0-Release.Candidate.app/Contents/Developer/Platforms/WatchOS.platform/Developer/usr/bin/swift-plugin-server\#SwiftMacros -load-resolved-plugin /Applications/Xcode-27.0.0-Release.Candidate.app/Contents/Developer/Platforms/WatchOS.platform/Developer/usr/lib/swift/host/plugins/libSwiftUIMacros.dylib\#/Applications/Xcode-27.0.0-Release.Candidate.app/Contents/Developer/Platforms/WatchOS.platform/Developer/usr/bin/swift-plugin-server\#SwiftUIMacros -disable-implicit-swift-modules -Xcc -fno-implicit-modules -Xcc -fno-implicit-module-maps -explicit-swift-module-map-file /Users/admin/builder/spi-builder-workspace/.derivedData/Build/Intermediates.noindex/CoffeeCraft.build/Debug-watchos/CoffeeUI-t.build/Objects-normal/arm64_32/CoffeeUI-dependencies-1.json -enable-objc-interop -sdk /Applications/Xcode-27.0.0-Release.Candidate.app/Contents/Developer/Platforms/WatchOS.platform/Developer/SDKs/WatchOS27.0.sdk -I /Users/admin/builder/spi-builder-workspace/.derivedData/Build/Products/Debug-watchos -Isystem /Applications/Xcode-27.0.0-Release.Candidate.app/Contents/Developer/Platforms/WatchOS.platform/Developer/usr/lib -F /Users/admin/builder/spi-builder-workspace/.derivedData/Build/Products/Debug-watchos -F /Applications/Xcode-27.0.0-Release.Candidate.app/Contents/Developer/Platforms/WatchOS.platform/Developer/Library/Frameworks -F /Applications/Xcode-27.0.0-Release.Candidate.app/Contents/Developer/Platforms/WatchOS.platform/Developer/SDKs/WatchOS27.0.sdk/Developer/Library/Frameworks -module-cache-path /Users/admin/builder/spi-builder-workspace/.derivedData/Build/Intermediates.noindex/SwiftExplicitPrecompiledModules -no-color-diagnostics -Xcc -fno-color-diagnostics -enable-testing -g -debug-info-format\=dwarf -dwarf-version\=4 -profile-generate -profile-coverage-mapping -swift-version 5 -Onone -D SWIFT_PACKAGE -D DEBUG -D SWIFT_MODULE_RESOURCE_BUNDLE_AVAILABLE -D Xcode -serialize-debugging-options -enable-experimental-feature DebugDescriptionMacro -empty-abi-descriptor -validate-clang-modules-once -clang-build-session-file /Users/admin/builder/spi-builder-workspace/.derivedData/ModuleCache.noindex/Session.modulevalidation -Xcc -working-directory -Xcc /Users/admin/builder/spi-builder-workspace/.swiftpm/xcode -enable-anonymous-context-mangled-names -file-compilation-dir /Users/admin/builder/spi-builder-workspace/.swiftpm/xcode -Xcc -D_LIBCPP_HARDENING_MODE\=_LIBCPP_HARDENING_MODE_DEBUG -Xcc -ivfsstatcache -Xcc /Users/admin/builder/spi-builder-workspace/.derivedData/SDKStatCaches.noindex/watchos27.0-24R360-e829b21a6f8c9b70876ba0858053c04477534ef55a1706bf4c1112bbb242f0a2.sdkstatcache -Xcc -fmodules-prune-interval\=86400 -Xcc -fmodules-prune-after\=345600 -Xcc -I/Users/admin/builder/spi-builder-workspace/.derivedData/Build/Products/Debug-watchos/include -Xcc -I/Users/admin/builder/spi-builder-workspace/.derivedData/Build/Intermediates.noindex/CoffeeCraft.build/Debug-watchos/CoffeeUI-t.build/DerivedSources-normal/arm64_32 -Xcc -I/Users/admin/builder/spi-builder-workspace/.derivedData/Build/Intermediates.noindex/CoffeeCraft.build/Debug-watchos/CoffeeUI-t.build/DerivedSources/arm64_32 -Xcc -I/Users/admin/builder/spi-builder-workspace/.derivedData/Build/Intermediates.noindex/CoffeeCraft.build/Debug-watchos/CoffeeUI-t.build/DerivedSources -Xcc -DSWIFT_PACKAGE -Xcc -DDEBUG\=1 -no-auto-bridging-header-chaining -module-name CoffeeUI -const-gather-protocols-file /Users/admin/builder/spi-builder-workspace/.derivedData/Build/Intermediates.noindex/CoffeeCraft.build/Debug-watchos/CoffeeUI-t.build/Objects-normal/arm64_32/CoffeeUI_const_extract_protocols.json -disable-clang-spi -clang-target arm64_32-apple-watchos27.0 -target-sdk-version 27.0 -target-sdk-name watchos27.0 -in-process-plugin-server-path /Applications/Xcode-27.0.0-Release.Candidate.app/Contents/Developer/Toolchains/XcodeDefault.xctoolchain/usr/lib/swift/host/libSwiftInProcPluginServer.dylib -parse-as-library -o /Users/admin/builder/spi-builder-workspace/.derivedData/Build/Intermediates.noindex/CoffeeCraft.build/Debug-watchos/CoffeeUI-t.build/Objects-normal/arm64_32/Color+Defaults.o -debug-module-path /Users/admin/builder/spi-builder-workspace/.derivedData/Build/Intermediates.noindex/CoffeeCraft.build/Debug-watchos/CoffeeUI-t.build/Objects-normal/arm64_32/CoffeeUI.swiftmodule -index-unit-output-path /CoffeeCraft.build/Debug-watchos/CoffeeUI-t.build/Objects-normal/arm64_32/Color+Defaults.o -index-store-path /Users/admin/builder/spi-builder-workspace/.derivedData/Index.noindex/DataStore -index-system-modules
SwiftCompile normal arm64_32 /Users/admin/builder/spi-builder-workspace/Sources/CoffeeUI/Color+Defaults.swift (in target 'CoffeeUI' from project 'CoffeeCraft')
    cd /Users/admin/builder/spi-builder-workspace/.swiftpm/xcode
    builtin-SwiftPerFileCompile Color+Defaults.swift
SwiftCompile normal arm64_32 Compiling\ BackgroundView.swift /Users/admin/builder/spi-builder-workspace/Sources/CoffeeUI/BackgroundView.swift (in target 'CoffeeUI' from project 'CoffeeCraft')
SwiftCompile normal arm64_32 /Users/admin/builder/spi-builder-workspace/Sources/CoffeeUI/BackgroundView.swift (in target 'CoffeeUI' from project 'CoffeeCraft')
    cd /Users/admin/builder/spi-builder-workspace/.swiftpm/xcode
    builtin-SwiftPerFileCompile BackgroundView.swift
SwiftCompile normal arm64_32 Compiling\ GeneratedAssetSymbols.swift /Users/admin/builder/spi-builder-workspace/.derivedData/Build/Intermediates.noindex/CoffeeCraft.build/Debug-watchos/CoffeeUI-t.build/DerivedSources/GeneratedAssetSymbols.swift (in target 'CoffeeUI' from project 'CoffeeCraft')
SwiftCompile normal arm64_32 /Users/admin/builder/spi-builder-workspace/.derivedData/Build/Intermediates.noindex/CoffeeCraft.build/Debug-watchos/CoffeeUI-t.build/DerivedSources/GeneratedAssetSymbols.swift (in target 'CoffeeUI' from project 'CoffeeCraft')
    cd /Users/admin/builder/spi-builder-workspace/.swiftpm/xcode
    builtin-SwiftPerFileCompile GeneratedAssetSymbols.swift
PruneExplicitPrecompiledModules /Users/admin/builder/spi-builder-workspace/.derivedData/Build/Intermediates.noindex/ExplicitPrecompiledModules
PruneExplicitPrecompiledModules /Users/admin/builder/spi-builder-workspace/.derivedData/Build/Intermediates.noindex/SwiftExplicitPrecompiledModules
PruneExplicitPrecompiledModules /Users/admin/builder/spi-builder-workspace/.derivedData/SDKExplicitPrecompiledModules
2026-09-18 19:33:16.992 xcodebuild[831:5024] [MT] IDERunDestination: Supported platforms for the buildables in the current scheme is empty.
** BUILD FAILED **
The following build commands failed:
	SwiftCompile normal arm64_32 Compiling\ Color+Defaults.swift /Users/admin/builder/spi-builder-workspace/Sources/CoffeeUI/Color+Defaults.swift (in target 'CoffeeUI' from project 'CoffeeCraft')
	SwiftCompile normal arm64_32 /Users/admin/builder/spi-builder-workspace/Sources/CoffeeUI/Color+Defaults.swift (in target 'CoffeeUI' from project 'CoffeeCraft')
	Building workspace CoffeeCraft with scheme CoffeeCraft-Package
(3 failures)
BUILD FAILURE 6.4 watchOS