Build Information
Failed to build swift-p2p-core, reference 0.3.2 (5cc9db), with Swift 6.4 for macOS (Xcode) using Xcode 27.0 on 27 Sep 2026 01:48:24 UTC.
Build Command
No build command. This typically means the build failed at an early stage where we determine the build command.Build Log
========================================
RunAll
========================================
Builder version: 5.1.0
Interrupt handler set up.
========================================
Checkout
========================================
Clone URL: https://github.com/1amageek/swift-p2p-core.git
Reference: 0.3.2
Initialized empty Git repository in /Users/admin/builder/spi-builder-workspace/.git/
From https://github.com/1amageek/swift-p2p-core
* tag 0.3.2 -> FETCH_HEAD
HEAD is now at 5cc9dbb Remove deprecated package dependency declarations
Cloned https://github.com/1amageek/swift-p2p-core.git
Revision (git rev-parse @):
5cc9dbbf5cccb37253da2dc3ed3a18c8da04af66
SUCCESS checkout https://github.com/1amageek/swift-p2p-core.git at 0.3.2
========================================
Build
========================================
Selected platform: macosXcodebuild
Swift version: 6.4
Building package at path: $PWD
https://github.com/1amageek/swift-p2p-core.git
Command line invocation:
/Applications/Xcode-27.0.0-Release.Candidate.app/Contents/Developer/usr/bin/xcodebuild -IDEClonedSourcePackagesDirPathOverride=/Users/admin/builder/spi-builder-workspace/.dependencies -resolvePackageDependencies
Resolve Package Graph
Fetching from https://github.com/1amageek/swift-ssl.git
Fetching from https://github.com/1amageek/swift-asn1.git
Fetching from https://github.com/1amageek/swift-crypto.git
Fetching from https://github.com/1amageek/swift-certificates.git
Fetching from https://github.com/1amageek/swift-networking.git
Creating working copy of package ‘swift-asn1’
Checking out 1.7.2 of package ‘swift-asn1’
Creating working copy of package ‘swift-crypto’
Checking out 4.5.4 of package ‘swift-crypto’
Creating working copy of package ‘swift-networking’
Checking out 0.1.0 of package ‘swift-networking’
Creating working copy of package ‘swift-ssl’
Checking out 0.4.0 of package ‘swift-ssl’
Creating working copy of package ‘swift-certificates’
Checking out 1.19.3 of package ‘swift-certificates’
product 'P2PCoreBytes' required by package 'spi-builder-workspace' target 'P2PCrypto' not found in package 'swift-ssl'.Resolve Package Graph
product 'P2PCoreBytes' required by package 'spi-builder-workspace' target 'P2PCrypto' not found in package 'swift-ssl'.
Resolved source packages:
spi-builder-workspace: (null)
2026-09-26 21:48:23.549 xcodebuild[529:3035] Writing error result bundle to /var/folders/xq/y_g06wb113726d38xsyx71_h0000gn/T/ResultBundle_2026-26-09_21-48-0023.xcresult
xcodebuild: error: Could not resolve package dependencies:
product 'P2PCoreBytes' required by package 'spi-builder-workspace' target 'P2PCrypto' not found in package 'swift-ssl'.
Command line invocation:
/Applications/Xcode-27.0.0-Release.Candidate.app/Contents/Developer/usr/bin/xcodebuild -IDEClonedSourcePackagesDirPathOverride=/Users/admin/builder/spi-builder-workspace/.dependencies -resolvePackageDependencies
Resolve Package Graph
product 'P2PCoreBytes' required by package 'spi-builder-workspace' target 'P2PCrypto' not found in package 'swift-ssl'.
Resolved source packages:
spi-builder-workspace: (null)
2026-09-26 21:48:24.681 xcodebuild[784:4443] Writing error result bundle to /var/folders/xq/y_g06wb113726d38xsyx71_h0000gn/T/ResultBundle_2026-26-09_21-48-0024.xcresult
xcodebuild: error: Could not resolve package dependencies:
product 'P2PCoreBytes' required by package 'spi-builder-workspace' target 'P2PCrypto' not found in package 'swift-ssl'.
BUILD FAILURE 6.4 macosXcodebuild