The Swift Package Index logo.Swift Package Index

Build Information

Failed to build YTLiveStreaming, reference master (a7e22b), with Swift 6.4 for Wasm on 25 Sep 2026 22:44:36 UTC.

Build Command

bash -c docker run --pull=always --rm -v "checkouts-54344845-0":/host -w "$PWD" -e JAVA_HOME="/root/.sdkman/candidates/java/current" -e SPI_BUILD="1" -e SPI_PROCESSING="1" registry.gitlab.com/saguaro1/spi-images:wasm-6.4-latest swift build --swift-sdk swift-6.4.x-DEVELOPMENT-SNAPSHOT-2026-09-04-a_wasm 2>&1

Build Log

========================================
RunAll
========================================
Builder version: 5.1.0
Interrupt handler set up.
========================================
Checkout
========================================
Clone URL: https://github.com/SKrotkih/YTLiveStreaming.git
Reference: master
Initialized empty Git repository in /host/spi-builder-workspace/.git/
hint: Using 'master' as the name for the initial branch. This default branch name
hint: is subject to change. To configure the initial branch name to use in all
hint: of your new repositories, which will suppress this warning, call:
hint:
hint: 	git config --global init.defaultBranch <name>
hint:
hint: Names commonly chosen instead of 'master' are 'main', 'trunk' and
hint: 'development'. The just-created branch can be renamed via this command:
hint:
hint: 	git branch -m <name>
From https://github.com/SKrotkih/YTLiveStreaming
 * branch            master     -> FETCH_HEAD
 * [new branch]      master     -> origin/master
HEAD is now at a7e22b1 purgeBroadcast: delete the broadcast left behind after videos.delete
Cloned https://github.com/SKrotkih/YTLiveStreaming.git
Revision (git rev-parse @):
a7e22b1000c6b4290eb316695a4a508c17d7cf50
SPI manifest file found: $PWD/.spi.yml
SUCCESS checkout https://github.com/SKrotkih/YTLiveStreaming.git at master
========================================
Build
========================================
Selected platform:         wasm
Swift version:             6.4
Building package at path:  $PWD
https://github.com/SKrotkih/YTLiveStreaming.git
Running build ...
bash -c docker run --pull=always --rm -v "checkouts-54344845-0":/host -w "$PWD" -e JAVA_HOME="/root/.sdkman/candidates/java/current" -e SPI_BUILD="1" -e SPI_PROCESSING="1" registry.gitlab.com/saguaro1/spi-images:wasm-6.4-latest swift build --swift-sdk swift-6.4.x-DEVELOPMENT-SNAPSHOT-2026-09-04-a_wasm 2>&1
wasm-6.4-latest: Pulling from saguaro1/spi-images
Digest: sha256:4328fdb43c680d205c1d6761b1e3267aa38277eefdda9ddfb17b6a0f1a77857a
Status: Image is up to date for registry.gitlab.com/saguaro1/spi-images:wasm-6.4-latest
Building for debugging...
[Pre-planning 1 / 95]
error: SwiftCompile normal wasm32 failed with a nonzero exit code. Command line:     cd /host

/host/spi-builder-workspace/Sources/YTLiveStreaming/Networking/Endpoint.swift:22:104: error: cannot find type 'URLRequest' in scope
20 |
21 |     /// Builds the request. `parts` are appended as the `part` query item, `apiKey` as `key`.
22 |     func urlRequest(baseURL: URL, apiKey: String?, bundleIdentifier: String?, token: String) throws -> URLRequest {
   |                                                                                                        `- error: cannot find type 'URLRequest' in scope
23 |         let base = baseURLOverride ?? baseURL
24 |         guard var components = URLComponents(url: base.appendingPathComponent(path), resolvingAgainstBaseURL: false) else {
/host/spi-builder-workspace/Sources/YTLiveStreaming/Networking/HTTPTransport.swift:10:26: error: cannot find type 'URLRequest' in scope
 8 | /// `URLSession` conforms out of the box; tests inject a recording mock.
 9 | public protocol HTTPTransport: Sendable {
10 |     func send(_ request: URLRequest) async throws -> (Data, HTTPURLResponse)
   |                          `- error: cannot find type 'URLRequest' in scope
11 | }
12 |
/host/spi-builder-workspace/Sources/YTLiveStreaming/Networking/HTTPTransport.swift:10:61: error: 'HTTPURLResponse' is unavailable: This type has moved to the FoundationNetworking module. Import that module to use it.
 8 | /// `URLSession` conforms out of the box; tests inject a recording mock.
 9 | public protocol HTTPTransport: Sendable {
10 |     func send(_ request: URLRequest) async throws -> (Data, HTTPURLResponse)
   |                                                             `- error: 'HTTPURLResponse' is unavailable: This type has moved to the FoundationNetworking module. Import that module to use it.
11 | }
12 |
Foundation.HTTPURLResponse:2:18: note: 'HTTPURLResponse' has been explicitly marked unavailable here
1 | @available(*, unavailable, message: "This type has moved to the FoundationNetworking module. Import that module to use it.")
2 | public typealias HTTPURLResponse = AnyObject
  |                  `- note: 'HTTPURLResponse' has been explicitly marked unavailable here
/host/spi-builder-workspace/Sources/YTLiveStreaming/Networking/HTTPTransport.swift:13:1: error: non-nominal type 'URLSession' (aka 'AnyObject') cannot be extended [#]8;;https://docs.swift.org/compiler/documentation/diagnostics/nominal-types\NominalTypes]8;;\]
11 | }
12 |
13 | extension URLSession: HTTPTransport {
   | `- error: non-nominal type 'URLSession' (aka 'AnyObject') cannot be extended [#]8;;https://docs.swift.org/compiler/documentation/diagnostics/nominal-types\NominalTypes]8;;\]
14 |     public func send(_ request: URLRequest) async throws -> (Data, HTTPURLResponse) {
15 |         let body: Data
/host/spi-builder-workspace/Sources/YTLiveStreaming/YouTubeLiveClient.swift:53:51: error: type 'URLSession' (aka 'AnyObject') has no member 'shared'
 51 |         tokenProvider: any TokenProvider,
 52 |         configuration: Configuration = Configuration(),
 53 |         transport: any HTTPTransport = URLSession.shared
    |                                                   `- error: type 'URLSession' (aka 'AnyObject') has no member 'shared'
 54 |     ) {
 55 |         self.tokenProvider = tokenProvider
/host/spi-builder-workspace/Sources/YTLiveStreaming/YouTubeLiveClient.swift:284:73: error: cannot find type 'URLRequest' in scope
282 |     }
283 |
284 |     private func request(_ endpoint: Endpoint, token: String) throws -> URLRequest {
    |                                                                         `- error: cannot find type 'URLRequest' in scope
285 |         try endpoint.urlRequest(
286 |             baseURL: configuration.baseURL,
[#NominalTypes]: <https://docs.swift.org/compiler/documentation/diagnostics/nominal-types>
Failed frontend command:
/usr/bin/swift-frontend -frontend -emit-module -experimental-skip-non-inlinable-function-bodies-without-types /host/spi-builder-workspace/Sources/YTLiveStreaming/Auth/TokenProvider.swift /host/spi-builder-workspace/Sources/YTLiveStreaming/BroadcastMonitor.swift /host/spi-builder-workspace/Sources/YTLiveStreaming/Errors/YouTubeLiveError.swift /host/spi-builder-workspace/Sources/YTLiveStreaming/Models/Cuepoint.swift /host/spi-builder-workspace/Sources/YTLiveStreaming/Models/Enums.swift /host/spi-builder-workspace/Sources/YTLiveStreaming/Models/LiveBroadcast.swift /host/spi-builder-workspace/Sources/YTLiveStreaming/Models/LiveChat.swift /host/spi-builder-workspace/Sources/YTLiveStreaming/Models/LiveStream.swift /host/spi-builder-workspace/Sources/YTLiveStreaming/Networking/Endpoint.swift /host/spi-builder-workspace/Sources/YTLiveStreaming/Networking/HTTPTransport.swift /host/spi-builder-workspace/Sources/YTLiveStreaming/Networking/JSONCoding.swift /host/spi-builder-workspace/Sources/YTLiveStreaming/YouTubeLiveClient+Chat.swift /host/spi-builder-workspace/Sources/YTLiveStreaming/YouTubeLiveClient+Purge.swift /host/spi-builder-workspace/Sources/YTLiveStreaming/YouTubeLiveClient.swift -target wasm32-unknown-wasip1 -disable-objc-interop -sdk /root/.swiftpm/swift-sdks/swift-6.4.x-DEVELOPMENT-SNAPSHOT-2026-09-04-a_wasm.artifactbundle/swift-6.4.x-DEVELOPMENT-SNAPSHOT-2026-09-04-a_wasm/wasm32-unknown-wasip1/WASI.sdk -sysroot /root/.swiftpm/swift-sdks/swift-6.4.x-DEVELOPMENT-SNAPSHOT-2026-09-04-a_wasm.artifactbundle/swift-6.4.x-DEVELOPMENT-SNAPSHOT-2026-09-04-a_wasm/wasm32-unknown-wasip1/WASI.sdk -I /host/spi-builder-workspace/.build/out/Products/Debug-webassembly-wasm32 -module-cache-path /host/spi-builder-workspace/.build/out/ModuleCache.noindex -color-diagnostics -Xcc -fcolor-diagnostics -enable-testing -g -debug-info-format\=dwarf -dwarf-version\=4 -swift-version 5 -Onone -D SWIFT_PACKAGE -D DEBUG -D SWIFT_MODULE_RESOURCE_BUNDLE_UNAVAILABLE -D Xcode -serialize-debugging-options -enable-experimental-feature StrictConcurrency -enable-experimental-feature DebugDescriptionMacro -empty-abi-descriptor -external-plugin-path /usr/lib/swift/host/plugins/testing\#/usr/bin/swift-plugin-server -validate-clang-modules-once -clang-build-session-file /host/spi-builder-workspace/.build/out/ModuleCache.noindex/Session.modulevalidation -Xcc -working-directory -Xcc /host -resource-dir /root/.swiftpm/swift-sdks/swift-6.4.x-DEVELOPMENT-SNAPSHOT-2026-09-04-a_wasm.artifactbundle/swift-6.4.x-DEVELOPMENT-SNAPSHOT-2026-09-04-a_wasm/wasm32-unknown-wasip1/swift.xctoolchain/usr/lib/swift_static -use-static-resource-dir -enable-anonymous-context-mangled-names -file-compilation-dir /host -Xcc -resource-dir -Xcc /root/.swiftpm/swift-sdks/swift-6.4.x-DEVELOPMENT-SNAPSHOT-2026-09-04-a_wasm.artifactbundle/swift-6.4.x-DEVELOPMENT-SNAPSHOT-2026-09-04-a_wasm/wasm32-unknown-wasip1/swift.xctoolchain/usr/lib/swift_static/clang -Xcc -D_LIBCPP_HARDENING_MODE\=_LIBCPP_HARDENING_MODE_DEBUG -Xcc -fmodules-prune-interval\=86400 -Xcc -fmodules-prune-after\=345600 -Xcc -I/host/spi-builder-workspace/.build/out/Products/Debug-webassembly-wasm32/include -Xcc -I/host/spi-builder-workspace/.build/out/Intermediates.noindex/YTLiveStreaming.build/Debug-webassembly-wasm32/YTLiveStreaming-t.build/DerivedSources-normal/wasm32 -Xcc -I/host/spi-builder-workspace/.build/out/Intermediates.noindex/YTLiveStreaming.build/Debug-webassembly-wasm32/YTLiveStreaming-t.build/DerivedSources/wasm32 -Xcc -I/host/spi-builder-workspace/.build/out/Intermediates.noindex/YTLiveStreaming.build/Debug-webassembly-wasm32/YTLiveStreaming-t.build/DerivedSources -Xcc -DSWIFT_PACKAGE -Xcc -DDEBUG\=1 -no-auto-bridging-header-chaining -module-name YTLiveStreaming -package-name spi_builder_workspace -const-gather-protocols-file /host/spi-builder-workspace/.build/out/Intermediates.noindex/YTLiveStreaming.build/Debug-webassembly-wasm32/YTLiveStreaming-t.build/Objects-normal/wasm32/YTLiveStreaming_const_extract_protocols.json -in-process-plugin-server-path /usr/lib/swift/host/libSwiftInProcPluginServer.so -plugin-path /usr/lib/swift/host/plugins -plugin-path /usr/local/lib/swift/host/plugins -emit-module-doc-path /host/spi-builder-workspace/.build/out/Intermediates.noindex/YTLiveStreaming.build/Debug-webassembly-wasm32/YTLiveStreaming-t.build/Objects-normal/wasm32/Modules/YTLiveStreaming.swiftdoc -emit-module-source-info-path /host/spi-builder-workspace/.build/out/Intermediates.noindex/YTLiveStreaming.build/Debug-webassembly-wasm32/YTLiveStreaming-t.build/Objects-normal/wasm32/Modules/YTLiveStreaming.swiftsourceinfo -emit-objc-header-path /host/spi-builder-workspace/.build/out/Intermediates.noindex/YTLiveStreaming.build/Debug-webassembly-wasm32/YTLiveStreaming-t.build/Objects-normal/wasm32/YTLiveStreaming-Swift.h -serialize-diagnostics-path /host/spi-builder-workspace/.build/out/Intermediates.noindex/YTLiveStreaming.build/Debug-webassembly-wasm32/YTLiveStreaming-t.build/Objects-normal/wasm32/YTLiveStreaming-primary-emit-module.dia -emit-dependencies-path /host/spi-builder-workspace/.build/out/Intermediates.noindex/YTLiveStreaming.build/Debug-webassembly-wasm32/YTLiveStreaming-t.build/Objects-normal/wasm32/YTLiveStreaming-primary-emit-module.d -parse-as-library -o /host/spi-builder-workspace/.build/out/Intermediates.noindex/YTLiveStreaming.build/Debug-webassembly-wasm32/YTLiveStreaming-t.build/Objects-normal/wasm32/Modules/YTLiveStreaming.swiftmodule
error: Build failed
BUILD FAILURE 6.4 wasm