The Swift Package Index logo.Swift Package Index

Build Information

Failed to build ViewControllerPresentationSpy, reference main (6d9c92), with Swift 6.2 for macOS (SPM) on 11 Aug 2026 23:05:12 UTC.

Build Command

env DEVELOPER_DIR=/Applications/Xcode-26.3.0.app xcrun swift build --arch arm64

Build Log

========================================
RunAll
========================================
Builder version: undefined version: run 'make version' to update
Interrupt handler set up.
========================================
Checkout
========================================
Clone URL: https://github.com/jonreid/ViewControllerPresentationSpy.git
Reference: main
Initialized empty Git repository in /Users/admin/builder/spi-builder-workspace/.git/
From https://github.com/jonreid/ViewControllerPresentationSpy
 * branch            main       -> FETCH_HEAD
 * [new branch]      main       -> origin/main
HEAD is now at 6d9c929 @ e Bump build to use iPhone 17
Cloned https://github.com/jonreid/ViewControllerPresentationSpy.git
Revision (git rev-parse @):
6d9c9296580495dbe3cb373598b5c6b93255d95b
SUCCESS checkout https://github.com/jonreid/ViewControllerPresentationSpy.git at main
========================================
Build
========================================
Selected platform:         macosSpm
Swift version:             6.2
Building package at path:  $PWD
https://github.com/jonreid/ViewControllerPresentationSpy.git
Running build ...
env DEVELOPER_DIR=/Applications/Xcode-26.3.0.app xcrun swift build --arch arm64
Building for debugging...
[0/3] Write sources
[2/3] Write swift-version--3CB7CFEC50E0D141.txt
[4/13] Compiling FailKit Failing.swift
[5/14] Compiling FailKit FailSpy.swift
[6/14] Compiling FailKit SourceLocation.swift
[7/14] Compiling FailKit OptionalDescriber.swift
[8/14] Compiling FailKit StringDescriber.swift
[9/14] Compiling FailKit MessageSuffix.swift
[10/14] Compiling FailKit Describe.swift
[11/14] Compiling FailKit FallbackDescriber.swift
[12/14] Compiling FailKit Describer.swift
[13/14] Emitting module FailKit
[14/14] Compiling FailKit Fail.swift
error: emit-module command failed with exit code 1 (use -v to see invocation)
[15/24] Emitting module ViewControllerPresentationSpy
/Users/admin/builder/spi-builder-workspace/Source/ViewControllerPresentationSpy/AlertVerifier.swift:6:8: error: no such module 'UIKit'
  4 |
  5 | import FailKit
  6 | import UIKit
    |        `- error: no such module 'UIKit'
  7 |
  8 | /**
[16/24] Compiling ViewControllerPresentationSpy NSObject+Swizzling.swift
/Users/admin/builder/spi-builder-workspace/Source/ViewControllerPresentationSpy/AlertVerifier.swift:6:8: error: no such module 'UIKit'
  4 |
  5 | import FailKit
  6 | import UIKit
    |        `- error: no such module 'UIKit'
  7 |
  8 | /**
[17/24] Compiling ViewControllerPresentationSpy UIAlertController+Mocking.swift
/Users/admin/builder/spi-builder-workspace/Source/ViewControllerPresentationSpy/AlertVerifier.swift:6:8: error: no such module 'UIKit'
  4 |
  5 | import FailKit
  6 | import UIKit
    |        `- error: no such module 'UIKit'
  7 |
  8 | /**
[18/24] Compiling ViewControllerPresentationSpy UIAlertAction+Mocking.swift
/Users/admin/builder/spi-builder-workspace/Source/ViewControllerPresentationSpy/AlertVerifier.swift:6:8: error: no such module 'UIKit'
  4 |
  5 | import FailKit
  6 | import UIKit
    |        `- error: no such module 'UIKit'
  7 |
  8 | /**
[19/24] Compiling ViewControllerPresentationSpy DismissalVerifier.swift
/Users/admin/builder/spi-builder-workspace/Source/ViewControllerPresentationSpy/AlertVerifier.swift:6:8: error: no such module 'UIKit'
  4 |
  5 | import FailKit
  6 | import UIKit
    |        `- error: no such module 'UIKit'
  7 |
  8 | /**
[20/24] Compiling ViewControllerPresentationSpy AlertVerifier.swift
/Users/admin/builder/spi-builder-workspace/Source/ViewControllerPresentationSpy/AlertVerifier.swift:6:8: error: no such module 'UIKit'
  4 |
  5 | import FailKit
  6 | import UIKit
    |        `- error: no such module 'UIKit'
  7 |
  8 | /**
[21/24] Compiling ViewControllerPresentationSpy ClosureContainer.swift
/Users/admin/builder/spi-builder-workspace/Source/ViewControllerPresentationSpy/AlertVerifier.swift:6:8: error: no such module 'UIKit'
  4 |
  5 | import FailKit
  6 | import UIKit
    |        `- error: no such module 'UIKit'
  7 |
  8 | /**
[22/24] Compiling ViewControllerPresentationSpy UIViewController+Mocking.swift
/Users/admin/builder/spi-builder-workspace/Source/ViewControllerPresentationSpy/AlertVerifier.swift:6:8: error: no such module 'UIKit'
  4 |
  5 | import FailKit
  6 | import UIKit
    |        `- error: no such module 'UIKit'
  7 |
  8 | /**
[23/24] Compiling ViewControllerPresentationSpy PresentationVerifier.swift
/Users/admin/builder/spi-builder-workspace/Source/ViewControllerPresentationSpy/AlertVerifier.swift:6:8: error: no such module 'UIKit'
  4 |
  5 | import FailKit
  6 | import UIKit
    |        `- error: no such module 'UIKit'
  7 |
  8 | /**
[24/24] Compiling ViewControllerPresentationSpy VerifyHelpers.swift
/Users/admin/builder/spi-builder-workspace/Source/ViewControllerPresentationSpy/AlertVerifier.swift:6:8: error: no such module 'UIKit'
  4 |
  5 | import FailKit
  6 | import UIKit
    |        `- error: no such module 'UIKit'
  7 |
  8 | /**
Fetching https://github.com/jonreid/FailKit.git
[1/226] Fetching failkit
Fetched https://github.com/jonreid/FailKit.git from cache (1.08s)
Computing version for https://github.com/jonreid/FailKit.git
Computed https://github.com/jonreid/FailKit.git at 1.1.0 (1.78s)
Creating working copy for https://github.com/jonreid/FailKit.git
Working copy of https://github.com/jonreid/FailKit.git resolved at 1.1.0
BUILD FAILURE 6.2 macosSpm