Build Information
Failed to build swift-rational, reference master (89bce1), with Swift 6.4 for tvOS using Xcode 27.0 on 20 Sep 2026 05:50:33 UTC.
Build Command
env DEVELOPER_DIR=/Applications/Xcode-27.0.0-Release.Candidate.app xcrun xcodebuild -IDEClonedSourcePackagesDirPathOverride=$PWD/.dependencies -skipMacroValidation -skipPackagePluginValidation -derivedDataPath $PWD/.derivedData build -scheme swift-rational-Package -destination generic/platform=tvOSBuild Log
========================================
RunAll
========================================
Builder version: 5.1.0
Interrupt handler set up.
========================================
Checkout
========================================
Clone URL: https://github.com/abdel-17/swift-rational.git
Reference: master
Initialized empty Git repository in /Users/admin/builder/spi-builder-workspace/.git/
From https://github.com/abdel-17/swift-rational
* branch master -> FETCH_HEAD
* [new branch] master -> origin/master
HEAD is now at 89bce18 Merge pull request #4 from maartene/master
Cloned https://github.com/abdel-17/swift-rational.git
Revision (git rev-parse @):
89bce18053c8e71c80210ac6cbc3289950e6b771
SUCCESS checkout https://github.com/abdel-17/swift-rational.git at master
========================================
Build
========================================
Selected platform: tvOS
Swift version: 6.4
Building package at path: $PWD
https://github.com/abdel-17/swift-rational.git
Command line invocation:
/Applications/Xcode-27.0.0-Release.Candidate.app/Contents/Developer/usr/bin/xcodebuild -IDEClonedSourcePackagesDirPathOverride=/Users/admin/builder/spi-builder-workspace/.dependencies -resolvePackageDependencies
Resolve Package Graph
Fetching from https://github.com/apple/swift-format.git
Fetching from https://github.com/apple/swift-numerics
Fetching from https://github.com/apple/swift-argument-parser.git
Fetching from https://github.com/apple/swift-markdown.git
Fetching from https://github.com/apple/swift-syntax.git
Fetching from https://github.com/swiftlang/swift-cmark.git
Creating working copy of package ‘swift-markdown’
Checking out 0.8.0 of package ‘swift-markdown’
Creating working copy of package ‘swift-numerics’
Checking out 1.1.1 of package ‘swift-numerics’
Creating working copy of package ‘swift-syntax’
Checking out 509.1.1 of package ‘swift-syntax’
Creating working copy of package ‘swift-cmark’
Checking out 0.8.0 of package ‘swift-cmark’
Creating working copy of package ‘swift-argument-parser’
Checking out 1.8.2 of package ‘swift-argument-parser’
Creating working copy of package ‘swift-format’
Checking out 509.0.0 of package ‘swift-format’
Resolve Package Graph
Resolve Package Graph
Resolved source packages:
cmark-gfm: https://github.com/swiftlang/swift-cmark.git @ 0.8.0
swift-format: https://github.com/apple/swift-format.git @ 509.0.0
swift-syntax: https://github.com/apple/swift-syntax.git @ 509.1.1
swift-rational: /Users/admin/builder/spi-builder-workspace
swift-argument-parser: https://github.com/apple/swift-argument-parser.git @ 1.8.2
swift-numerics: https://github.com/apple/swift-numerics @ 1.1.1
swift-markdown: https://github.com/apple/swift-markdown.git @ 0.8.0
resolved source packages: cmark-gfm, swift-format, swift-syntax, swift-rational, swift-argument-parser, swift-numerics, swift-markdown
2026-09-20 01:49:13.815 xcodebuild[563:3061] [MT] IDERunDestination: Supported platforms for the buildables in the current scheme is empty.
2026-09-20 01:49:13.962 xcodebuild[563:3061] [MT] IDERunDestination: Supported platforms for the buildables in the current scheme is empty.
2026-09-20 01:49:15.599 xcodebuild[563:3061] [MT] IDERunDestination: Supported platforms for the buildables in the current scheme is empty.
{
"dependencies" : [
{
"identity" : "swift-format",
"requirement" : {
"exact" : [
"509.0.0"
]
},
"type" : "sourceControl",
"url" : "https://github.com/apple/swift-format.git"
},
{
"identity" : "swift-numerics",
"requirement" : {
"range" : [
{
"lower_bound" : "1.0.0",
"upper_bound" : "2.0.0"
}
]
},
"type" : "sourceControl",
"url" : "https://github.com/apple/swift-numerics"
}
],
"manifest_display_name" : "swift-rational",
"name" : "swift-rational",
"path" : "/Users/admin/builder/spi-builder-workspace",
"platforms" : [
],
"products" : [
{
"name" : "RationalModule",
"targets" : [
"RationalModule"
],
"type" : {
"library" : [
"automatic"
]
}
}
],
"targets" : [
{
"c99name" : "RationalModuleTests",
"module_type" : "SwiftTarget",
"name" : "RationalModuleTests",
"path" : "Tests/RationalModuleTests",
"sources" : [
"AdditiveArithmaticTests.swift",
"AlgebraicFieldTests.swift",
"FractionTests.swift",
"IntegerLiteralTests.swift",
"LosslessStringConvertibleTests.swift",
"RationalTests.swift",
"SignedNumericTests.swift",
"StirdeableTests.swift",
"StringConvertibleTests.swift"
],
"target_dependencies" : [
"RationalModule"
],
"type" : "test"
},
{
"c99name" : "RationalModule",
"module_type" : "SwiftTarget",
"name" : "RationalModule",
"path" : "Sources/RationalModule",
"product_dependencies" : [
"RealModule"
],
"product_memberships" : [
"RationalModule"
],
"sources" : [
"GCD.swift",
"Rational+AdditiveArithmetic.swift",
"Rational+AlgebraicField.swift",
"Rational+Comparable.swift",
"Rational+CustomStringConvertible.swift",
"Rational+Equatable.swift",
"Rational+ExpressibleByIntegerLiteral.swift",
"Rational+LosslessStringConvertible.swift",
"Rational+SignedNumeric.swift",
"Rational+Strideable.swift",
"Rational.swift"
],
"type" : "library"
}
],
"tools_version" : "5.9"
}
{
"workspace" : {
"name" : "swift-rational",
"schemes" : [
"swift-rational",
"swift-rational-Package"
]
}
}
2026-09-20 01:50:16.745 xcodebuild[935:5280] [MT] IDERunDestination: Supported platforms for the buildables in the current scheme is empty.
2026-09-20 01:50:16.889 xcodebuild[935:5280] [MT] IDERunDestination: Supported platforms for the buildables in the current scheme is empty.
Running build ...
env DEVELOPER_DIR=/Applications/Xcode-27.0.0-Release.Candidate.app xcrun xcodebuild -IDEClonedSourcePackagesDirPathOverride=$PWD/.dependencies -skipMacroValidation -skipPackagePluginValidation -derivedDataPath $PWD/.derivedData build -scheme swift-rational-Package -destination generic/platform=tvOS
Command line invocation:
/Applications/Xcode-27.0.0-Release.Candidate.app/Contents/Developer/usr/bin/xcodebuild -IDEClonedSourcePackagesDirPathOverride=/Users/admin/builder/spi-builder-workspace/.dependencies -skipMacroValidation -skipPackagePluginValidation -derivedDataPath /Users/admin/builder/spi-builder-workspace/.derivedData build -scheme swift-rational-Package -destination generic/platform=tvOS
Resolve Package Graph
Resolve Package Graph
Resolved source packages:
cmark-gfm: https://github.com/swiftlang/swift-cmark.git @ 0.8.0
swift-format: https://github.com/apple/swift-format.git @ 509.0.0
swift-numerics: https://github.com/apple/swift-numerics @ 1.1.1
swift-syntax: https://github.com/apple/swift-syntax.git @ 509.1.1
swift-rational: /Users/admin/builder/spi-builder-workspace
swift-markdown: https://github.com/apple/swift-markdown.git @ 0.8.0
swift-argument-parser: https://github.com/apple/swift-argument-parser.git @ 1.8.2
2026-09-20 01:50:19.346 xcodebuild[947:5391] [MT] IDERunDestination: Supported platforms for the buildables in the current scheme is empty.
2026-09-20 01:50:19.447 xcodebuild[947:5391] [MT] IDERunDestination: Supported platforms for the buildables in the current scheme is empty.
2026-09-20 01:50:25.730 xcodebuild[947:5391] Writing error result bundle to /var/folders/xq/y_g06wb113726d38xsyx71_h0000gn/T/ResultBundle_2026-20-09_01-50-0025.xcresult
xcodebuild: error: Scheme swift-rational-Package is not currently configured for the build action.
Command line invocation:
/Applications/Xcode-27.0.0-Release.Candidate.app/Contents/Developer/usr/bin/xcodebuild -IDEClonedSourcePackagesDirPathOverride=/Users/admin/builder/spi-builder-workspace/.dependencies -resolvePackageDependencies
Resolve Package Graph
Resolved source packages:
swift-argument-parser: https://github.com/apple/swift-argument-parser.git @ 1.8.2
cmark-gfm: https://github.com/swiftlang/swift-cmark.git @ 0.8.0
swift-rational: /Users/admin/builder/spi-builder-workspace
swift-format: https://github.com/apple/swift-format.git @ 509.0.0
swift-numerics: https://github.com/apple/swift-numerics @ 1.1.1
swift-markdown: https://github.com/apple/swift-markdown.git @ 0.8.0
swift-syntax: https://github.com/apple/swift-syntax.git @ 509.1.1
resolved source packages: swift-argument-parser, cmark-gfm, swift-rational, swift-format, swift-numerics, swift-markdown, swift-syntax
2026-09-20 01:50:26.638 xcodebuild[1025:5850] [MT] IDERunDestination: Supported platforms for the buildables in the current scheme is empty.
2026-09-20 01:50:26.781 xcodebuild[1025:5850] [MT] IDERunDestination: Supported platforms for the buildables in the current scheme is empty.
{
"dependencies" : [
{
"identity" : "swift-format",
"requirement" : {
"exact" : [
"509.0.0"
]
},
"type" : "sourceControl",
"url" : "https://github.com/apple/swift-format.git"
},
{
"identity" : "swift-numerics",
"requirement" : {
"range" : [
{
"lower_bound" : "1.0.0",
"upper_bound" : "2.0.0"
}
]
},
"type" : "sourceControl",
"url" : "https://github.com/apple/swift-numerics"
}
],
"manifest_display_name" : "swift-rational",
"name" : "swift-rational",
"path" : "/Users/admin/builder/spi-builder-workspace",
"platforms" : [
],
"products" : [
{
"name" : "RationalModule",
"targets" : [
"RationalModule"
],
"type" : {
"library" : [
"automatic"
]
}
}
],
"targets" : [
{
"c99name" : "RationalModuleTests",
"module_type" : "SwiftTarget",
"name" : "RationalModuleTests",
"path" : "Tests/RationalModuleTests",
"sources" : [
"AdditiveArithmaticTests.swift",
"AlgebraicFieldTests.swift",
"FractionTests.swift",
"IntegerLiteralTests.swift",
"LosslessStringConvertibleTests.swift",
"RationalTests.swift",
"SignedNumericTests.swift",
"StirdeableTests.swift",
"StringConvertibleTests.swift"
],
"target_dependencies" : [
"RationalModule"
],
"type" : "test"
},
{
"c99name" : "RationalModule",
"module_type" : "SwiftTarget",
"name" : "RationalModule",
"path" : "Sources/RationalModule",
"product_dependencies" : [
"RealModule"
],
"product_memberships" : [
"RationalModule"
],
"sources" : [
"GCD.swift",
"Rational+AdditiveArithmetic.swift",
"Rational+AlgebraicField.swift",
"Rational+Comparable.swift",
"Rational+CustomStringConvertible.swift",
"Rational+Equatable.swift",
"Rational+ExpressibleByIntegerLiteral.swift",
"Rational+LosslessStringConvertible.swift",
"Rational+SignedNumeric.swift",
"Rational+Strideable.swift",
"Rational.swift"
],
"type" : "library"
}
],
"tools_version" : "5.9"
}
{
"workspace" : {
"name" : "swift-rational",
"schemes" : [
"swift-rational",
"swift-rational-Package"
]
}
}
2026-09-20 01:50:29.394 xcodebuild[1044:5986] [MT] IDERunDestination: Supported platforms for the buildables in the current scheme is empty.
2026-09-20 01:50:29.530 xcodebuild[1044:5986] [MT] IDERunDestination: Supported platforms for the buildables in the current scheme is empty.
Running build ...
env DEVELOPER_DIR=/Applications/Xcode-27.0.0-Release.Candidate.app xcrun xcodebuild -IDEClonedSourcePackagesDirPathOverride=$PWD/.dependencies -skipMacroValidation -skipPackagePluginValidation -derivedDataPath $PWD/.derivedData build -scheme swift-rational-Package -destination generic/platform=tvOS
Command line invocation:
/Applications/Xcode-27.0.0-Release.Candidate.app/Contents/Developer/usr/bin/xcodebuild -IDEClonedSourcePackagesDirPathOverride=/Users/admin/builder/spi-builder-workspace/.dependencies -skipMacroValidation -skipPackagePluginValidation -derivedDataPath /Users/admin/builder/spi-builder-workspace/.derivedData build -scheme swift-rational-Package -destination generic/platform=tvOS
Resolve Package Graph
Resolved source packages:
swift-rational: /Users/admin/builder/spi-builder-workspace
cmark-gfm: https://github.com/swiftlang/swift-cmark.git @ 0.8.0
swift-syntax: https://github.com/apple/swift-syntax.git @ 509.1.1
swift-argument-parser: https://github.com/apple/swift-argument-parser.git @ 1.8.2
swift-markdown: https://github.com/apple/swift-markdown.git @ 0.8.0
swift-numerics: https://github.com/apple/swift-numerics @ 1.1.1
swift-format: https://github.com/apple/swift-format.git @ 509.0.0
2026-09-20 01:50:31.892 xcodebuild[1056:6075] [MT] IDERunDestination: Supported platforms for the buildables in the current scheme is empty.
2026-09-20 01:50:31.995 xcodebuild[1056:6075] [MT] IDERunDestination: Supported platforms for the buildables in the current scheme is empty.
2026-09-20 01:50:33.636 xcodebuild[1056:6075] Writing error result bundle to /var/folders/xq/y_g06wb113726d38xsyx71_h0000gn/T/ResultBundle_2026-20-09_01-50-0033.xcresult
xcodebuild: error: Scheme swift-rational-Package is not currently configured for the build action.
BUILD FAILURE 6.4 tvOS