Build Information
Failed to build ChatLayout, reference master (dd4cb5), with Swift 6.2 for watchOS using Xcode 26.3 on 28 Sep 2026 12:31:40 UTC.
Build Command
No build command. This typically means the build failed at an early stage where we determine the build command.Build Log
========================================
RunAll
========================================
Builder version: 5.1.0
Interrupt handler set up.
========================================
Checkout
========================================
Clone URL: https://github.com/ekazaev/ChatLayout.git
Reference: master
Initialized empty Git repository in /Users/admin/builder/spi-builder-workspace/.git/
From https://github.com/ekazaev/ChatLayout
* branch master -> FETCH_HEAD
* [new branch] master -> origin/master
HEAD is now at dd4cb5c Updated readme and Package.swift
Cloned https://github.com/ekazaev/ChatLayout.git
Revision (git rev-parse @):
dd4cb5c8f91623331ba023d0ab64d844f8436204
SUCCESS checkout https://github.com/ekazaev/ChatLayout.git at master
========================================
Build
========================================
Selected platform: watchOS
Swift version: 6.2
Building package at path: $PWD
https://github.com/ekazaev/ChatLayout.git
Command line invocation:
/Applications/Xcode-26.3.0.app/Contents/Developer/usr/bin/xcodebuild -IDEClonedSourcePackagesDirPathOverride=/Users/admin/builder/spi-builder-workspace/.dependencies -resolvePackageDependencies
2026-09-28 08:31:38.949 xcodebuild[538:3124] Writing error result bundle to /var/folders/xq/y_g06wb113726d38xsyx71_h0000gn/T/ResultBundle_2026-28-09_08-31-0038.xcresult
xcodebuild: error: The directory /Users/admin/builder/spi-builder-workspace contains 2 projects, including multiple projects with the current extension (.xcodeproj). Specify the project to use with the -project option.
Command line invocation:
/Applications/Xcode-26.3.0.app/Contents/Developer/usr/bin/xcodebuild -IDEClonedSourcePackagesDirPathOverride=/Users/admin/builder/spi-builder-workspace/.dependencies -resolvePackageDependencies
2026-09-28 08:31:40.256 xcodebuild[561:3336] Writing error result bundle to /var/folders/xq/y_g06wb113726d38xsyx71_h0000gn/T/ResultBundle_2026-28-09_08-31-0040.xcresult
xcodebuild: error: The directory /Users/admin/builder/spi-builder-workspace contains 2 projects, including multiple projects with the current extension (.xcodeproj). Specify the project to use with the -project option.
BUILD FAILURE 6.2 watchOS