The Swift Package Index logo.Swift Package Index

Build Information

Failed to build L10n-swift, reference master (ad6271), with Swift 6.4 for Wasm on 20 Sep 2026 23:17:54 UTC.

Build Command

bash -c docker run --pull=always --rm -v "checkouts-54344845-1":/host -w "$PWD" -e JAVA_HOME="/root/.sdkman/candidates/java/current" -e SPI_BUILD="1" -e SPI_PROCESSING="1" registry.gitlab.com/saguaro1/spi-images:wasm-6.4-latest swift build --swift-sdk swift-6.4.x-DEVELOPMENT-SNAPSHOT-2026-09-04-a_wasm 2>&1

Build Log

========================================
RunAll
========================================
Builder version: 5.1.0
Interrupt handler set up.
========================================
Checkout
========================================
Clone URL: https://github.com/Decybel07/L10n-swift.git
Reference: master
Initialized empty Git repository in /host/spi-builder-workspace/.git/
hint: Using 'master' as the name for the initial branch. This default branch name
hint: is subject to change. To configure the initial branch name to use in all
hint: of your new repositories, which will suppress this warning, call:
hint:
hint: 	git config --global init.defaultBranch <name>
hint:
hint: Names commonly chosen instead of 'master' are 'main', 'trunk' and
hint: 'development'. The just-created branch can be renamed via this command:
hint:
hint: 	git branch -m <name>
From https://github.com/Decybel07/L10n-swift
 * branch            master     -> FETCH_HEAD
 * [new branch]      master     -> origin/master
HEAD is now at ad62717 Update changelog
Cloned https://github.com/Decybel07/L10n-swift.git
Revision (git rev-parse @):
ad62717311be1eb4571d0025902a0043fdaf5a33
SUCCESS checkout https://github.com/Decybel07/L10n-swift.git at master
========================================
Build
========================================
Selected platform:         wasm
Swift version:             6.4
Building package at path:  $PWD
https://github.com/Decybel07/L10n-swift.git
Running build ...
bash -c docker run --pull=always --rm -v "checkouts-54344845-1":/host -w "$PWD" -e JAVA_HOME="/root/.sdkman/candidates/java/current" -e SPI_BUILD="1" -e SPI_PROCESSING="1" registry.gitlab.com/saguaro1/spi-images:wasm-6.4-latest swift build --swift-sdk swift-6.4.x-DEVELOPMENT-SNAPSHOT-2026-09-04-a_wasm 2>&1
wasm-6.4-latest: Pulling from saguaro1/spi-images
Digest: sha256:4328fdb43c680d205c1d6761b1e3267aa38277eefdda9ddfb17b6a0f1a77857a
Status: Image is up to date for registry.gitlab.com/saguaro1/spi-images:wasm-6.4-latest
Building for debugging...
[Pre-planning 1 / 95]
[Describing: 83 / 182]
[24 / 32] L10n-swift
[33 / 41] L10n-swift
error: SwiftCompile normal wasm32 failed with a nonzero exit code. Command line:     cd /host

/host/spi-builder-workspace/Source/Core/L10n.swift:72:101: error: extra argument 'userInfo' in call
 70 |                     L10n.preferredLanguage = self.languageCode
 71 |                 }
 72 |                 NotificationCenter.default.post(name: .L10nLanguageChanged, object: self, userInfo: [
    |                                                                                                     `- error: extra argument 'userInfo' in call
 73 |                     "sender": self,
 74 |                     "oldValue": oldValue,
/host/spi-builder-workspace/Source/Core/L10n.swift:72:56: error: reference to member 'L10nLanguageChanged' cannot be resolved without a contextual type
 70 |                     L10n.preferredLanguage = self.languageCode
 71 |                 }
 72 |                 NotificationCenter.default.post(name: .L10nLanguageChanged, object: self, userInfo: [
    |                                                        `- error: reference to member 'L10nLanguageChanged' cannot be resolved without a contextual type
 73 |                     "sender": self,
 74 |                     "oldValue": oldValue,
Failed frontend command:
/usr/bin/swift-frontend -frontend -emit-module -experimental-skip-non-inlinable-function-bodies-without-types /host/spi-builder-workspace/.build/out/Intermediates.noindex/L10n-swift.build/Debug-webassembly-wasm32/L10n-swift-t.build/DerivedSources/resource_bundle_accessor.swift /host/spi-builder-workspace/Source/Core/Extensions/Bundle+utils.swift /host/spi-builder-workspace/Source/Core/Extensions/L10n+CustomDebugStringConvertible.swift /host/spi-builder-workspace/Source/Core/Extensions/L10n+CustomStringConvertible.swift /host/spi-builder-workspace/Source/Core/Extensions/L10n+Equatable.swift /host/spi-builder-workspace/Source/Core/Extensions/L10n+Localizable.swift /host/spi-builder-workspace/Source/Core/Extensions/L10n+deprecated.swift /host/spi-builder-workspace/Source/Core/Extensions/L10n+static.swift /host/spi-builder-workspace/Source/Core/Extensions/L10n+utils.swift /host/spi-builder-workspace/Source/Core/Extensions/Locale+utils.swift /host/spi-builder-workspace/Source/Core/Extensions/NotificationName+L10nLanguageChanged.swift /host/spi-builder-workspace/Source/Core/L10n.swift /host/spi-builder-workspace/Source/Core/Localizable.swift /host/spi-builder-workspace/Source/Core/LocalizedStringsConfiguration.swift /host/spi-builder-workspace/Source/Core/Logger/BaseLogger.swift /host/spi-builder-workspace/Source/Core/Logger/Logger.swift /host/spi-builder-workspace/Source/Core/Plural/NumericPluralArg.swift /host/spi-builder-workspace/Source/Core/Plural/Plural.swift /host/spi-builder-workspace/Source/Core/Plural/PluralArg.swift /host/spi-builder-workspace/Source/Core/Resource/Provider/JsonResourceProvider.swift /host/spi-builder-workspace/Source/Core/Resource/Provider/PlistResourceProvider.swift /host/spi-builder-workspace/Source/Core/Resource/Provider/ResourceProvider.swift /host/spi-builder-workspace/Source/Core/Resource/Provider/StringsResourceProvider.swift /host/spi-builder-workspace/Source/Core/Resource/Provider/StringsdictResourceProvider.swift /host/spi-builder-workspace/Source/Core/Resource/Resource/DictionaryResource.swift /host/spi-builder-workspace/Source/Core/Resource/Resource/EmptyResource.swift /host/spi-builder-workspace/Source/Core/Resource/Resource/Resource.swift /host/spi-builder-workspace/Source/Core/Resource/Resource/StringResource.swift /host/spi-builder-workspace/Source/Core/Resource/ResourceContainer.swift /host/spi-builder-workspace/Source/Core/TextDecorator/AccentedTextDecorator.swift /host/spi-builder-workspace/Source/Core/TextDecorator/BoundedTextDecorator.swift /host/spi-builder-workspace/Source/Core/TextDecorator/DoubleLengthTextDecorator.swift /host/spi-builder-workspace/Source/Core/TextDecorator/RightToLeftTextDecorator.swift /host/spi-builder-workspace/Source/Core/TextDecorator/TextDecorator.swift /host/spi-builder-workspace/Source/Extensions/Date+Localizable.swift /host/spi-builder-workspace/Source/Extensions/NSNumber+Localizable.swift /host/spi-builder-workspace/Source/Extensions/Number+Localizable.swift /host/spi-builder-workspace/Source/Extensions/String+Localizable.swift /host/spi-builder-workspace/Source/IBInspectables/Core/IBL10n.swift /host/spi-builder-workspace/Source/IBInspectables/UIKit/Common/UIBarItem+IBL10n.swift /host/spi-builder-workspace/Source/IBInspectables/UIKit/Common/UIButton+IBL10n.swift /host/spi-builder-workspace/Source/IBInspectables/UIKit/Common/UILabel+IBL10n.swift /host/spi-builder-workspace/Source/IBInspectables/UIKit/Common/UISegmentedControl+IBL10n.swift /host/spi-builder-workspace/Source/IBInspectables/UIKit/Common/UITabBarItem+IBL10n.swift /host/spi-builder-workspace/Source/IBInspectables/UIKit/Common/UITextField+IBL10n.swift /host/spi-builder-workspace/Source/IBInspectables/UIKit/Common/UIViewController+IBL10n.swift /host/spi-builder-workspace/Source/IBInspectables/UIKit/iOS/UIDatePicker+IBL10n.swift /host/spi-builder-workspace/Source/IBInspectables/UIKit/iOS/UINavigationItem+IBL10n.swift /host/spi-builder-workspace/Source/IBInspectables/UIKit/iOS/UISearchBar+IBL10n.swift /host/spi-builder-workspace/Source/IBInspectables/UIKit/tvOS/UIButton+IBL10n+focused.swift /host/spi-builder-workspace/Source/IBInspectables/WatchKit/WKInterfaceButton+IBL10n.swift /host/spi-builder-workspace/Source/IBInspectables/WatchKit/WKInterfaceController+IBL10n.swift /host/spi-builder-workspace/Source/IBInspectables/WatchKit/WKInterfaceLabel+IBL10n.swift -target wasm32-unknown-wasip1 -disable-objc-interop -sdk /root/.swiftpm/swift-sdks/swift-6.4.x-DEVELOPMENT-SNAPSHOT-2026-09-04-a_wasm.artifactbundle/swift-6.4.x-DEVELOPMENT-SNAPSHOT-2026-09-04-a_wasm/wasm32-unknown-wasip1/WASI.sdk -sysroot /root/.swiftpm/swift-sdks/swift-6.4.x-DEVELOPMENT-SNAPSHOT-2026-09-04-a_wasm.artifactbundle/swift-6.4.x-DEVELOPMENT-SNAPSHOT-2026-09-04-a_wasm/wasm32-unknown-wasip1/WASI.sdk -I /host/spi-builder-workspace/.build/out/Products/Debug-webassembly-wasm32 -module-cache-path /host/spi-builder-workspace/.build/out/ModuleCache.noindex -color-diagnostics -Xcc -fcolor-diagnostics -enable-testing -g -debug-info-format\=dwarf -dwarf-version\=4 -swift-version 5 -Onone -D SWIFT_PACKAGE -D DEBUG -D SWIFT_MODULE_RESOURCE_BUNDLE_AVAILABLE -D Xcode -serialize-debugging-options -enable-experimental-feature DebugDescriptionMacro -empty-abi-descriptor -external-plugin-path /usr/lib/swift/host/plugins/testing\#/usr/bin/swift-plugin-server -validate-clang-modules-once -clang-build-session-file /host/spi-builder-workspace/.build/out/ModuleCache.noindex/Session.modulevalidation -Xcc -working-directory -Xcc /host -resource-dir /root/.swiftpm/swift-sdks/swift-6.4.x-DEVELOPMENT-SNAPSHOT-2026-09-04-a_wasm.artifactbundle/swift-6.4.x-DEVELOPMENT-SNAPSHOT-2026-09-04-a_wasm/wasm32-unknown-wasip1/swift.xctoolchain/usr/lib/swift_static -use-static-resource-dir -enable-anonymous-context-mangled-names -file-compilation-dir /host -Xcc -resource-dir -Xcc /root/.swiftpm/swift-sdks/swift-6.4.x-DEVELOPMENT-SNAPSHOT-2026-09-04-a_wasm.artifactbundle/swift-6.4.x-DEVELOPMENT-SNAPSHOT-2026-09-04-a_wasm/wasm32-unknown-wasip1/swift.xctoolchain/usr/lib/swift_static/clang -Xcc -D_LIBCPP_HARDENING_MODE\=_LIBCPP_HARDENING_MODE_DEBUG -Xcc -fmodules-prune-interval\=86400 -Xcc -fmodules-prune-after\=345600 -Xcc -I/host/spi-builder-workspace/.build/out/Products/Debug-webassembly-wasm32/include -Xcc -I/host/spi-builder-workspace/.build/out/Intermediates.noindex/L10n-swift.build/Debug-webassembly-wasm32/L10n-swift-t.build/DerivedSources-normal/wasm32 -Xcc -I/host/spi-builder-workspace/.build/out/Intermediates.noindex/L10n-swift.build/Debug-webassembly-wasm32/L10n-swift-t.build/DerivedSources/wasm32 -Xcc -I/host/spi-builder-workspace/.build/out/Intermediates.noindex/L10n-swift.build/Debug-webassembly-wasm32/L10n-swift-t.build/DerivedSources -Xcc -DSWIFT_PACKAGE -Xcc -DDEBUG\=1 -no-auto-bridging-header-chaining -module-name L10n_swift -const-gather-protocols-file /host/spi-builder-workspace/.build/out/Intermediates.noindex/L10n-swift.build/Debug-webassembly-wasm32/L10n-swift-t.build/Objects-normal/wasm32/L10n-swift_const_extract_protocols.json -in-process-plugin-server-path /usr/lib/swift/host/libSwiftInProcPluginServer.so -plugin-path /usr/lib/swift/host/plugins -plugin-path /usr/local/lib/swift/host/plugins -emit-module-doc-path /host/spi-builder-workspace/.build/out/Intermediates.noindex/L10n-swift.build/Debug-webassembly-wasm32/L10n-swift-t.build/Objects-normal/wasm32/Modules/L10n_swift.swiftdoc -emit-module-source-info-path /host/spi-builder-workspace/.build/out/Intermediates.noindex/L10n-swift.build/Debug-webassembly-wasm32/L10n-swift-t.build/Objects-normal/wasm32/Modules/L10n_swift.swiftsourceinfo -emit-objc-header-path /host/spi-builder-workspace/.build/out/Intermediates.noindex/L10n-swift.build/Debug-webassembly-wasm32/L10n-swift-t.build/Objects-normal/wasm32/L10n-swift-Swift.h -serialize-diagnostics-path /host/spi-builder-workspace/.build/out/Intermediates.noindex/L10n-swift.build/Debug-webassembly-wasm32/L10n-swift-t.build/Objects-normal/wasm32/L10n-swift-primary-emit-module.dia -emit-dependencies-path /host/spi-builder-workspace/.build/out/Intermediates.noindex/L10n-swift.build/Debug-webassembly-wasm32/L10n-swift-t.build/Objects-normal/wasm32/L10n-swift-primary-emit-module.d -parse-as-library -o /host/spi-builder-workspace/.build/out/Intermediates.noindex/L10n-swift.build/Debug-webassembly-wasm32/L10n-swift-t.build/Objects-normal/wasm32/Modules/L10n_swift.swiftmodule
error: Build failed
BUILD FAILURE 6.4 wasm