The Swift Package Index logo.Swift Package Index

Build Information

Failed to build spfk-matroska, reference main (f2509d), with Swift 6.4 for Android on 9 Oct 2026 19:10:28 UTC.

Build Command

bash -c docker run --pull=always --rm -v "checkouts-54344849-1":/host -w "$PWD" -e JAVA_HOME="/root/.sdkman/candidates/java/current" -e SPI_BUILD="1" -e SPI_PROCESSING="1" registry.gitlab.com/saguaro1/spi-images:android-6.4-latest swift build --swift-sdk aarch64-unknown-linux-android28 2>&1

Build Log

========================================
RunAll
========================================
Builder version: 5.1.1
Interrupt handler set up.
========================================
Checkout
========================================
Clone URL: https://github.com/ryanfrancesconi/spfk-matroska.git
Reference: main
Initialized empty Git repository in /host/spi-builder-workspace/.git/
hint: Using 'master' as the name for the initial branch. This default branch name
hint: is subject to change. To configure the initial branch name to use in all
hint: of your new repositories, which will suppress this warning, call:
hint:
hint: 	git config --global init.defaultBranch <name>
hint:
hint: Names commonly chosen instead of 'master' are 'main', 'trunk' and
hint: 'development'. The just-created branch can be renamed via this command:
hint:
hint: 	git branch -m <name>
From https://github.com/ryanfrancesconi/spfk-matroska
 * branch            main       -> FETCH_HEAD
 * [new branch]      main       -> origin/main
HEAD is now at f2509da Add a check for video files no reader can open
Cloned https://github.com/ryanfrancesconi/spfk-matroska.git
Revision (git rev-parse @):
f2509da519db42f0ff159135e83422bdb5d56597
SUCCESS checkout https://github.com/ryanfrancesconi/spfk-matroska.git at main
========================================
Build
========================================
Selected platform:         android
Swift version:             6.4
Building package at path:  $PWD
https://github.com/ryanfrancesconi/spfk-matroska.git
Running build ...
bash -c docker run --pull=always --rm -v "checkouts-54344849-1":/host -w "$PWD" -e JAVA_HOME="/root/.sdkman/candidates/java/current" -e SPI_BUILD="1" -e SPI_PROCESSING="1" registry.gitlab.com/saguaro1/spi-images:android-6.4-latest swift build --swift-sdk aarch64-unknown-linux-android28 2>&1
android-6.4-latest: Pulling from saguaro1/spi-images
Digest: sha256:34a00a57f57797b403a98b861c3ce940f20735b4cb78ef45654f0d4f3b0c0295
Status: Image is up to date for registry.gitlab.com/saguaro1/spi-images:android-6.4-latest
Fetching https://github.com/ryanfrancesconi/spfk-mkvparser
Fetching https://github.com/ryanfrancesconi/spfk-testing
Fetching https://github.com/ryanfrancesconi/spfk-base
Fetching https://github.com/ryanfrancesconi/spfk-video
[1/36] Fetching spfk-mkvparser
[37/961] Fetching spfk-mkvparser, spfk-base
[74/1503] Fetching spfk-mkvparser, spfk-base, spfk-video
[1511/2300] Fetching spfk-mkvparser, spfk-base, spfk-video, spfk-testing
Fetched https://github.com/ryanfrancesconi/spfk-mkvparser (0.48s)
Fetched https://github.com/ryanfrancesconi/spfk-base (0.48s)
Fetched https://github.com/ryanfrancesconi/spfk-video (0.48s)
[112/797] Fetching spfk-testing
Fetched https://github.com/ryanfrancesconi/spfk-testing (0.84s)
Computing version for https://github.com/ryanfrancesconi/spfk-mkvparser
Computed https://github.com/ryanfrancesconi/spfk-mkvparser at 1.0.2 (0.97s)
Computing version for https://github.com/ryanfrancesconi/spfk-base
Computed https://github.com/ryanfrancesconi/spfk-base at 1.11.1 (0.13s)
Fetching https://github.com/apple/swift-async-algorithms
Fetching https://github.com/apple/swift-collections
Fetching https://github.com/orchetect/swift-extensions
Fetching https://github.com/apple/swift-numerics
[1/8773] Fetching swift-extensions
[1405/15588] Fetching swift-extensions, swift-async-algorithms
[5402/22305] Fetching swift-extensions, swift-async-algorithms, swift-numerics
Fetched https://github.com/apple/swift-async-algorithms (0.57s)
Fetched https://github.com/apple/swift-numerics (0.58s)
Fetched https://github.com/orchetect/swift-extensions (0.58s)
[1/28691] Fetching swift-collections
Fetched https://github.com/apple/swift-collections (1.66s)
Computing version for https://github.com/apple/swift-numerics
Computed https://github.com/apple/swift-numerics at 1.1.1 (1.83s)
Computing version for https://github.com/apple/swift-async-algorithms
Computed https://github.com/apple/swift-async-algorithms at 1.1.7 (0.19s)
Computing version for https://github.com/apple/swift-collections
Computed https://github.com/apple/swift-collections at 1.7.2 (0.24s)
Computing version for https://github.com/orchetect/swift-extensions
Computed https://github.com/orchetect/swift-extensions at 2.3.2 (0.92s)
Fetching https://github.com/orchetect/swift-data-parsing
[1/982] Fetching swift-data-parsing
Fetched https://github.com/orchetect/swift-data-parsing (0.38s)
Computing version for https://github.com/orchetect/swift-data-parsing
warning: 'swift-data-parsing': /Package.swift:7:69: warning: 'v4' is deprecated: watchOS 9.0 is the oldest supported version [#DeprecatedDeclaration]
 5 | let package = Package(
 6 |     name: "swift-data-parsing",
 7 |     platforms: [.macOS(.v10_13), .iOS(.v12), .tvOS(.v12), .watchOS(.v4)],
   |                                                                     `- warning: 'v4' is deprecated: watchOS 9.0 is the oldest supported version [#DeprecatedDeclaration]
 8 |     products: [
 9 |         .library(
[#DeprecatedDeclaration]: <https://docs.swift.org/compiler/documentation/diagnostics/deprecated-declaration>
Computed https://github.com/orchetect/swift-data-parsing at 0.1.2 (0.60s)
Computing version for https://github.com/ryanfrancesconi/spfk-testing
Computed https://github.com/ryanfrancesconi/spfk-testing at 1.12.0 (0.13s)
Computing version for https://github.com/ryanfrancesconi/spfk-video
Computed https://github.com/ryanfrancesconi/spfk-video at 1.13.1 (0.14s)
Fetching https://github.com/orchetect/swift-timecode
[1/30113] Fetching swift-timecode
Fetched https://github.com/orchetect/swift-timecode (2.54s)
Computing version for https://github.com/orchetect/swift-timecode
warning: 'swift-timecode': /Package.swift:13:19: warning: 'v4' is deprecated: watchOS 9.0 is the oldest supported version [#DeprecatedDeclaration]
11 |         .iOS(.v12),
12 |         .tvOS(.v12),
13 |         .watchOS(.v4),
   |                   `- warning: 'v4' is deprecated: watchOS 9.0 is the oldest supported version [#DeprecatedDeclaration]
14 |         .visionOS(.v1)
15 |     ],
[#DeprecatedDeclaration]: <https://docs.swift.org/compiler/documentation/diagnostics/deprecated-declaration>
Computed https://github.com/orchetect/swift-timecode at 3.1.4 (3.43s)
Creating working copy for https://github.com/ryanfrancesconi/spfk-base
Working copy of https://github.com/ryanfrancesconi/spfk-base resolved at 1.11.1
Creating working copy for https://github.com/orchetect/swift-extensions
Working copy of https://github.com/orchetect/swift-extensions resolved at 2.3.2
Creating working copy for https://github.com/apple/swift-async-algorithms
Working copy of https://github.com/apple/swift-async-algorithms resolved at 1.1.7
Creating working copy for https://github.com/ryanfrancesconi/spfk-video
Working copy of https://github.com/ryanfrancesconi/spfk-video resolved at 1.13.1
Creating working copy for https://github.com/ryanfrancesconi/spfk-mkvparser
Working copy of https://github.com/ryanfrancesconi/spfk-mkvparser resolved at 1.0.2
Creating working copy for https://github.com/orchetect/swift-timecode
Working copy of https://github.com/orchetect/swift-timecode resolved at 3.1.4
Creating working copy for https://github.com/orchetect/swift-data-parsing
Working copy of https://github.com/orchetect/swift-data-parsing resolved at 0.1.2
Creating working copy for https://github.com/apple/swift-collections
Working copy of https://github.com/apple/swift-collections resolved at 1.7.2
Creating working copy for https://github.com/apple/swift-numerics
Working copy of https://github.com/apple/swift-numerics resolved at 1.1.1
Creating working copy for https://github.com/ryanfrancesconi/spfk-testing
Working copy of https://github.com/ryanfrancesconi/spfk-testing resolved at 1.12.0
warning: 'swift-timecode': /host/spi-builder-workspace/.build/checkouts/swift-timecode/Package.swift:13:19: warning: 'v4' is deprecated: watchOS 9.0 is the oldest supported version [#DeprecatedDeclaration]
11 |         .iOS(.v12),
12 |         .tvOS(.v12),
13 |         .watchOS(.v4),
   |                   `- warning: 'v4' is deprecated: watchOS 9.0 is the oldest supported version [#DeprecatedDeclaration]
14 |         .visionOS(.v1)
15 |     ],
[#DeprecatedDeclaration]: <https://docs.swift.org/compiler/documentation/diagnostics/deprecated-declaration>
warning: 'swift-data-parsing': /host/spi-builder-workspace/.build/checkouts/swift-data-parsing/Package.swift:7:69: warning: 'v4' is deprecated: watchOS 9.0 is the oldest supported version [#DeprecatedDeclaration]
 5 | let package = Package(
 6 |     name: "swift-data-parsing",
 7 |     platforms: [.macOS(.v10_13), .iOS(.v12), .tvOS(.v12), .watchOS(.v4)],
   |                                                                     `- warning: 'v4' is deprecated: watchOS 9.0 is the oldest supported version [#DeprecatedDeclaration]
 8 |     products: [
 9 |         .library(
[#DeprecatedDeclaration]: <https://docs.swift.org/compiler/documentation/diagnostics/deprecated-declaration>
Building for debugging...
[Computing dependencies]
[Constructing description]
[Pre-planning 1 / 777]
[Planning deferred tasks]
warning: no rule to process file '/host/spi-builder-workspace/.build/checkouts/spfk-video/Sources/SPFKVideo/Resources/Localizable.xcstrings' of type 'text.json.xcstrings' for architecture 'aarch64'
In file included from /host/spi-builder-workspace/Sources/SPFKMatroskaC/MKVSeekHead.mm:3:
/host/spi-builder-workspace/Sources/SPFKMatroskaC/include_private/MKVDescription+Internal.h:5:9: fatal error: 'Foundation/Foundation.h' file not found
    5 | #import <Foundation/Foundation.h>
      |         ^~~~~~~~~~~~~~~~~~~~~~~~~
1 error generated.
error: CompileC /host/spi-builder-workspace/.build/out/Intermediates.noindex/spfk-matroska.build/Debug-android-aarch64/SPFKMatroskaC-t.build/Objects-normal/aarch64/MKVSeekHead.o /host/spi-builder-workspace/Sources/SPFKMatroskaC/MKVSeekHead.mm normal aarch64 objective-c++ com.apple.compilers.llvm.clang.1_0.compiler failed with a nonzero exit code. Command line:     cd /host

    Using response file: /host/spi-builder-workspace/.build/out/Intermediates.noindex/spfk-matroska.build/Debug-android-aarch64/SPFKMatroskaC-t.build/Objects-normal/aarch64/1327f19f0bcfdca2b0edc983f55b1f87bc6668d9b41defbef7b7987f2db570ad-common-args.resp

    /root/.local/share/swiftly/toolchains/6.4.0/usr/bin/clang -x objective-c++ -target aarch64-unknown-linux-android28 -fmessage-length\=0 -fdiagnostics-show-note-include-stack -fmacro-backtrace-limit\=0 -fcolor-diagnostics -Wno-trigraphs -Wno-missing-field-initializers -Wno-missing-prototypes -Wno-return-type -Wno-implicit-atomic-properties -Wno-objc-interface-ivars -Wno-arc-repeated-use-of-weak -Wno-non-virtual-dtor -Wno-overloaded-virtual -Wno-exit-time-destructors -Wno-missing-braces -Wparentheses -Wswitch -Wno-unused-function -Wno-unused-label -Wno-unused-parameter -Wno-unused-variable -Wunused-value -Wno-empty-body -Wno-uninitialized -Wno-unknown-pragmas -Wno-shadow -Wno-four-char-constants -Wno-conversion -Wno-constant-conversion -Wno-int-conversion -Wno-bool-conversion -Wno-enum-conversion -Wno-float-conversion -Wno-non-literal-null-conversion -Wno-objc-literal-conversion -Wno-shorten-64-to-32 -Wno-newline-eof -Wno-selector -Wno-strict-selector-match -Wno-undeclared-selector -Wno-deprecated-implementations -Wno-c++11-extensions -Wno-implicit-fallthrough -fstrict-aliasing -Wprotocol -Wdeprecated-declarations -Winvalid-offsetof -Wno-sign-conversion -Wno-infinite-recursion -Wno-move -Wno-comma -Wno-block-capture-autoreleasing -Wno-strict-prototypes -Wno-range-loop-analysis -Wno-semicolon-before-method-body --sysroot /android-ndk/android-ndk-r30/toolchains/llvm/prebuilt/linux-x86_64/sysroot @/host/spi-builder-workspace/.build/out/Intermediates.noindex/spfk-matroska.build/Debug-android-aarch64/SPFKMatroskaC-t.build/Objects-normal/aarch64/1327f19f0bcfdca2b0edc983f55b1f87bc6668d9b41defbef7b7987f2db570ad-common-args.resp -MMD -MT dependencies -MF /host/spi-builder-workspace/.build/out/Intermediates.noindex/spfk-matroska.build/Debug-android-aarch64/SPFKMatroskaC-t.build/Objects-normal/aarch64/MKVSeekHead.d --serialize-diagnostics /host/spi-builder-workspace/.build/out/Intermediates.noindex/spfk-matroska.build/Debug-android-aarch64/SPFKMatroskaC-t.build/Objects-normal/aarch64/MKVSeekHead.dia -c /host/spi-builder-workspace/Sources/SPFKMatroskaC/MKVSeekHead.mm -o /host/spi-builder-workspace/.build/out/Intermediates.noindex/spfk-matroska.build/Debug-android-aarch64/SPFKMatroskaC-t.build/Objects-normal/aarch64/MKVSeekHead.o
In file included from /host/spi-builder-workspace/Sources/SPFKMatroskaC/MKVSegmentDescription.mm:3:
/host/spi-builder-workspace/Sources/SPFKMatroskaC/include_private/MKVDescription+Internal.h:5:9: fatal error: 'Foundation/Foundation.h' file not found
    5 | #import <Foundation/Foundation.h>
      |         ^~~~~~~~~~~~~~~~~~~~~~~~~
1 error generated.
error: CompileC /host/spi-builder-workspace/.build/out/Intermediates.noindex/spfk-matroska.build/Debug-android-aarch64/SPFKMatroskaC-t.build/Objects-normal/aarch64/MKVSegmentDescription.o /host/spi-builder-workspace/Sources/SPFKMatroskaC/MKVSegmentDescription.mm normal aarch64 objective-c++ com.apple.compilers.llvm.clang.1_0.compiler failed with a nonzero exit code. Command line:     cd /host

    Using response file: /host/spi-builder-workspace/.build/out/Intermediates.noindex/spfk-matroska.build/Debug-android-aarch64/SPFKMatroskaC-t.build/Objects-normal/aarch64/1327f19f0bcfdca2b0edc983f55b1f87bc6668d9b41defbef7b7987f2db570ad-common-args.resp

    /root/.local/share/swiftly/toolchains/6.4.0/usr/bin/clang -x objective-c++ -target aarch64-unknown-linux-android28 -fmessage-length\=0 -fdiagnostics-show-note-include-stack -fmacro-backtrace-limit\=0 -fcolor-diagnostics -Wno-trigraphs -Wno-missing-field-initializers -Wno-missing-prototypes -Wno-return-type -Wno-implicit-atomic-properties -Wno-objc-interface-ivars -Wno-arc-repeated-use-of-weak -Wno-non-virtual-dtor -Wno-overloaded-virtual -Wno-exit-time-destructors -Wno-missing-braces -Wparentheses -Wswitch -Wno-unused-function -Wno-unused-label -Wno-unused-parameter -Wno-unused-variable -Wunused-value -Wno-empty-body -Wno-uninitialized -Wno-unknown-pragmas -Wno-shadow -Wno-four-char-constants -Wno-conversion -Wno-constant-conversion -Wno-int-conversion -Wno-bool-conversion -Wno-enum-conversion -Wno-float-conversion -Wno-non-literal-null-conversion -Wno-objc-literal-conversion -Wno-shorten-64-to-32 -Wno-newline-eof -Wno-selector -Wno-strict-selector-match -Wno-undeclared-selector -Wno-deprecated-implementations -Wno-c++11-extensions -Wno-implicit-fallthrough -fstrict-aliasing -Wprotocol -Wdeprecated-declarations -Winvalid-offsetof -Wno-sign-conversion -Wno-infinite-recursion -Wno-move -Wno-comma -Wno-block-capture-autoreleasing -Wno-strict-prototypes -Wno-range-loop-analysis -Wno-semicolon-before-method-body --sysroot /android-ndk/android-ndk-r30/toolchains/llvm/prebuilt/linux-x86_64/sysroot @/host/spi-builder-workspace/.build/out/Intermediates.noindex/spfk-matroska.build/Debug-android-aarch64/SPFKMatroskaC-t.build/Objects-normal/aarch64/1327f19f0bcfdca2b0edc983f55b1f87bc6668d9b41defbef7b7987f2db570ad-common-args.resp -MMD -MT dependencies -MF /host/spi-builder-workspace/.build/out/Intermediates.noindex/spfk-matroska.build/Debug-android-aarch64/SPFKMatroskaC-t.build/Objects-normal/aarch64/MKVSegmentDescription.d --serialize-diagnostics /host/spi-builder-workspace/.build/out/Intermediates.noindex/spfk-matroska.build/Debug-android-aarch64/SPFKMatroskaC-t.build/Objects-normal/aarch64/MKVSegmentDescription.dia -c /host/spi-builder-workspace/Sources/SPFKMatroskaC/MKVSegmentDescription.mm -o /host/spi-builder-workspace/.build/out/Intermediates.noindex/spfk-matroska.build/Debug-android-aarch64/SPFKMatroskaC-t.build/Objects-normal/aarch64/MKVSegmentDescription.o
error: Build failed
BUILD FAILURE 6.4 android