The Swift Package Index logo.Swift Package Index

Build Information

Failed to build ExpressionParser, reference 0.1.1 (2f91ca), with Swift 6.4 for Linux on 21 Sep 2026 07:33:52 UTC.

Build Command

bash -c docker run --pull=always --rm -v "checkouts-54344847-1":/host -w "$PWD" -e JAVA_HOME="/root/.sdkman/candidates/java/current" -e SPI_BUILD="1" -e SPI_PROCESSING="1" registry.gitlab.com/saguaro1/spi-images:basic-6.4-latest swift build --triple x86_64-unknown-linux-gnu 2>&1

Build Log

========================================
RunAll
========================================
Builder version: 5.1.0
Interrupt handler set up.
========================================
Checkout
========================================
Clone URL: https://github.com/mgriebling/ExpressionParser.git
Reference: 0.1.1
Initialized empty Git repository in /host/spi-builder-workspace/.git/
hint: Using 'master' as the name for the initial branch. This default branch name
hint: is subject to change. To configure the initial branch name to use in all
hint: of your new repositories, which will suppress this warning, call:
hint:
hint: 	git config --global init.defaultBranch <name>
hint:
hint: Names commonly chosen instead of 'master' are 'main', 'trunk' and
hint: 'development'. The just-created branch can be renamed via this command:
hint:
hint: 	git branch -m <name>
From https://github.com/mgriebling/ExpressionParser
 * tag               0.1.1      -> FETCH_HEAD
HEAD is now at 2f91cac Fixed an error.
Cloned https://github.com/mgriebling/ExpressionParser.git
Revision (git rev-parse @):
2f91cac42ad5de6459c6808c29b295aec5087899
SUCCESS checkout https://github.com/mgriebling/ExpressionParser.git at 0.1.1
========================================
Build
========================================
Selected platform:         linux
Swift version:             6.4
Building package at path:  $PWD
https://github.com/mgriebling/ExpressionParser.git
Running build ...
bash -c docker run --pull=always --rm -v "checkouts-54344847-1":/host -w "$PWD" -e JAVA_HOME="/root/.sdkman/candidates/java/current" -e SPI_BUILD="1" -e SPI_PROCESSING="1" registry.gitlab.com/saguaro1/spi-images:basic-6.4-latest swift build --triple x86_64-unknown-linux-gnu 2>&1
basic-6.4-latest: Pulling from saguaro1/spi-images
Digest: sha256:c77fcce225e223ac0fafed844619173fc6de8d62dd560eeb28db3182af6a282b
Status: Image is up to date for registry.gitlab.com/saguaro1/spi-images:basic-6.4-latest
Fetching https://github.com/mgriebling/BigDecimal.git
[1/5948] Fetching bigdecimal
Fetched https://github.com/mgriebling/BigDecimal.git (0.61s)
Computing version for https://github.com/mgriebling/BigDecimal.git
Computed https://github.com/mgriebling/BigDecimal.git at 3.0.2 (0.78s)
Fetching https://github.com/mgriebling/BigInt.git
Fetching https://github.com/apple/swift-numerics
Fetching https://github.com/mgriebling/UInt128.git
[1/6636] Fetching swift-numerics
[201/8220] Fetching swift-numerics, uint128
[8221/15730] Fetching swift-numerics, uint128, bigint
Fetched https://github.com/mgriebling/UInt128.git (0.61s)
Fetched https://github.com/apple/swift-numerics (0.61s)
[151/7510] Fetching bigint
Fetched https://github.com/mgriebling/BigInt.git (0.93s)
Computing version for https://github.com/mgriebling/UInt128.git
Computed https://github.com/mgriebling/UInt128.git at 3.2.0 (2.02s)
Computing version for https://github.com/apple/swift-numerics
Computed https://github.com/apple/swift-numerics at 1.1.1 (0.16s)
Computing version for https://github.com/mgriebling/BigInt.git
Computed https://github.com/mgriebling/BigInt.git at 2.3.0 (0.14s)
Creating working copy for https://github.com/mgriebling/BigInt.git
Working copy of https://github.com/mgriebling/BigInt.git resolved at 2.3.0
Creating working copy for https://github.com/mgriebling/BigDecimal.git
Working copy of https://github.com/mgriebling/BigDecimal.git resolved at 3.0.2
Creating working copy for https://github.com/mgriebling/UInt128.git
Working copy of https://github.com/mgriebling/UInt128.git resolved at 3.2.0
Creating working copy for https://github.com/apple/swift-numerics
Working copy of https://github.com/apple/swift-numerics resolved at 1.1.1
warning: 'spi-builder-workspace': found 4 file(s) which are unhandled; explicitly declare them as resources or exclude from the target
    /host/spi-builder-workspace/Sources/ExpressionParser/Support/Copyright.frame
    /host/spi-builder-workspace/Sources/ExpressionParser/Support/Parser.frame
    /host/spi-builder-workspace/Sources/ExpressionParser/Support/Scanner.frame
    /host/spi-builder-workspace/Sources/ExpressionParser/Support/exp.atg
Building for debugging...
[Computing dependencies]
[Constructing description]
[Pre-planning 1 / 274]
[Planning deferred tasks]
[34 / 108] ExpressionParser
[70 / 133] BigInt
[70 / 133] UInt128
[81 / 133] BigInt
[88 / 133] RealModule
[90 / 133] ComplexModule
[92 / 133] RealModule
[95 / 133] BigInt-product
[96 / 133] BigInt-product
[100 / 134] RealModule
[103 / 135]
[105 / 136]
[108 / 145] ComplexModule
[109 / 145] ComplexModule
[110 / 145] ComplexModule
[111 / 145] ComplexModule
[115 / 145] ComplexModule
[119 / 145] ComplexModule
[136 / 160] BigDecimal
[137 / 160] ComplexModule
[141 / 160] BigDecimal
[142 / 160]
[143 / 160] BigDecimal
[152 / 168] ExpressionParser
error: SwiftCompile normal x86_64 failed with a nonzero exit code. Command line:     cd /host

/host/spi-builder-workspace/Sources/ExpressionParser/Parser.swift:386:31: error: cannot find 'Darwin' in scope
384 | public class Errors {
385 |     public var count = 0                                 // number of errors detected
386 |     private let errorStream = Darwin.stderr              // error messages go to this stream
    |                               `- error: cannot find 'Darwin' in scope
387 |     public var errMsgFormat = "-- line %i col %i: %@"    // 0=line, 1=column, 2=text
388 |
Failed frontend command:
/usr/bin/swift-frontend -frontend -emit-module -experimental-skip-non-inlinable-function-bodies-without-types /host/spi-builder-workspace/Sources/ExpressionParser/AST.swift /host/spi-builder-workspace/Sources/ExpressionParser/ExpressionParser.swift /host/spi-builder-workspace/Sources/ExpressionParser/LaTeX.swift /host/spi-builder-workspace/Sources/ExpressionParser/Parser.swift /host/spi-builder-workspace/Sources/ExpressionParser/Scanner.swift /host/spi-builder-workspace/Sources/ExpressionParser/String+Char.swift -target x86_64-unknown-linux-gnu -disable-objc-interop -I /host/spi-builder-workspace/.build/out/Products/Debug-linux-x86_64 -module-cache-path /host/spi-builder-workspace/.build/out/ModuleCache.noindex -color-diagnostics -Xcc -fcolor-diagnostics -enable-testing -g -debug-info-format\=dwarf -dwarf-version\=4 -swift-version 5 -Onone -D SWIFT_PACKAGE -D DEBUG -D SWIFT_MODULE_RESOURCE_BUNDLE_UNAVAILABLE -D Xcode -serialize-debugging-options -enable-experimental-feature DebugDescriptionMacro -empty-abi-descriptor -external-plugin-path /usr/lib/swift/host/plugins/testing\#/usr/bin/swift-plugin-server -validate-clang-modules-once -clang-build-session-file /host/spi-builder-workspace/.build/out/ModuleCache.noindex/Session.modulevalidation -Xcc -working-directory -Xcc /host -enable-anonymous-context-mangled-names -file-compilation-dir /host -Xcc -fmodule-map-file\=/host/spi-builder-workspace/.build/checkouts/swift-numerics/Sources/_NumericsShims/include/module.modulemap -Xcc -fno-omit-frame-pointer -Xcc -D_LIBCPP_HARDENING_MODE\=_LIBCPP_HARDENING_MODE_DEBUG -Xcc -fmodules-prune-interval\=86400 -Xcc -fmodules-prune-after\=345600 -Xcc -I/host/spi-builder-workspace/.build/checkouts/swift-numerics/Sources/_NumericsShims/include -Xcc -I/host/spi-builder-workspace/.build/out/Products/Debug-linux-x86_64/include -Xcc -I/host/spi-builder-workspace/.build/out/Intermediates.noindex/ExpressionParser.build/Debug-linux-x86_64/ExpressionParser-t.build/DerivedSources-normal/x86_64 -Xcc -I/host/spi-builder-workspace/.build/out/Intermediates.noindex/ExpressionParser.build/Debug-linux-x86_64/ExpressionParser-t.build/DerivedSources/x86_64 -Xcc -I/host/spi-builder-workspace/.build/out/Intermediates.noindex/ExpressionParser.build/Debug-linux-x86_64/ExpressionParser-t.build/DerivedSources -Xcc -DSWIFT_PACKAGE -Xcc -DDEBUG\=1 -no-auto-bridging-header-chaining -module-name ExpressionParser -package-name spi_builder_workspace -const-gather-protocols-file /host/spi-builder-workspace/.build/out/Intermediates.noindex/ExpressionParser.build/Debug-linux-x86_64/ExpressionParser-t.build/Objects-normal/x86_64/ExpressionParser_const_extract_protocols.json -in-process-plugin-server-path /usr/lib/swift/host/libSwiftInProcPluginServer.so -plugin-path /usr/lib/swift/host/plugins -plugin-path /usr/local/lib/swift/host/plugins -emit-module-doc-path /host/spi-builder-workspace/.build/out/Intermediates.noindex/ExpressionParser.build/Debug-linux-x86_64/ExpressionParser-t.build/Objects-normal/x86_64/Modules/ExpressionParser.swiftdoc -emit-module-source-info-path /host/spi-builder-workspace/.build/out/Intermediates.noindex/ExpressionParser.build/Debug-linux-x86_64/ExpressionParser-t.build/Objects-normal/x86_64/Modules/ExpressionParser.swiftsourceinfo -emit-objc-header-path /host/spi-builder-workspace/.build/out/Intermediates.noindex/ExpressionParser.build/Debug-linux-x86_64/ExpressionParser-t.build/Objects-normal/x86_64/ExpressionParser-Swift.h -serialize-diagnostics-path /host/spi-builder-workspace/.build/out/Intermediates.noindex/ExpressionParser.build/Debug-linux-x86_64/ExpressionParser-t.build/Objects-normal/x86_64/ExpressionParser-primary-emit-module.dia -emit-dependencies-path /host/spi-builder-workspace/.build/out/Intermediates.noindex/ExpressionParser.build/Debug-linux-x86_64/ExpressionParser-t.build/Objects-normal/x86_64/ExpressionParser-primary-emit-module.d -parse-as-library -o /host/spi-builder-workspace/.build/out/Intermediates.noindex/ExpressionParser.build/Debug-linux-x86_64/ExpressionParser-t.build/Objects-normal/x86_64/Modules/ExpressionParser.swiftmodule
error: SwiftCompile normal x86_64 /host/spi-builder-workspace/.build/checkouts/BigInt/Sources/BigInt/BigInt.swift failed with a nonzero exit code. Command line:     cd /host
    builtin-SwiftPerFileCompile BigInt.swift
/host/spi-builder-workspace/.build/checkouts/BigInt/Sources/BigInt/BigInt.swift:1696:15: error: cannot find 'SecRandomCopyBytes' in scope
1694 |
1695 |     static internal func randomBytes(_ bytes: inout Bytes) {
1696 |         guard SecRandomCopyBytes(kSecRandomDefault, bytes.count, &bytes) == errSecSuccess else {
     |               `- error: cannot find 'SecRandomCopyBytes' in scope
1697 |             fatalError("randomBytes failed")
1698 |         }
/host/spi-builder-workspace/.build/checkouts/BigInt/Sources/BigInt/BigInt.swift:1696:34: error: cannot find 'kSecRandomDefault' in scope
1694 |
1695 |     static internal func randomBytes(_ bytes: inout Bytes) {
1696 |         guard SecRandomCopyBytes(kSecRandomDefault, bytes.count, &bytes) == errSecSuccess else {
     |                                  `- error: cannot find 'kSecRandomDefault' in scope
1697 |             fatalError("randomBytes failed")
1698 |         }
/host/spi-builder-workspace/.build/checkouts/BigInt/Sources/BigInt/BigInt.swift:1696:77: error: cannot find 'errSecSuccess' in scope
1694 |
1695 |     static internal func randomBytes(_ bytes: inout Bytes) {
1696 |         guard SecRandomCopyBytes(kSecRandomDefault, bytes.count, &bytes) == errSecSuccess else {
     |                                                                             `- error: cannot find 'errSecSuccess' in scope
1697 |             fatalError("randomBytes failed")
1698 |         }
/host/spi-builder-workspace/.build/checkouts/BigInt/Sources/BigInt/BigInt.swift:1702:15: error: cannot find 'SecRandomCopyBytes' in scope
1700 |
1701 |     static internal func randomLimbs(_ limbs: inout Limbs) {
1702 |         guard SecRandomCopyBytes(kSecRandomDefault, 8 * limbs.count, &limbs) == errSecSuccess else {
     |               `- error: cannot find 'SecRandomCopyBytes' in scope
1703 |             fatalError("randomLimbs failed")
1704 |         }
/host/spi-builder-workspace/.build/checkouts/BigInt/Sources/BigInt/BigInt.swift:1702:34: error: cannot find 'kSecRandomDefault' in scope
1700 |
1701 |     static internal func randomLimbs(_ limbs: inout Limbs) {
1702 |         guard SecRandomCopyBytes(kSecRandomDefault, 8 * limbs.count, &limbs) == errSecSuccess else {
     |                                  `- error: cannot find 'kSecRandomDefault' in scope
1703 |             fatalError("randomLimbs failed")
1704 |         }
/host/spi-builder-workspace/.build/checkouts/BigInt/Sources/BigInt/BigInt.swift:1702:81: error: cannot find 'errSecSuccess' in scope
1700 |
1701 |     static internal func randomLimbs(_ limbs: inout Limbs) {
1702 |         guard SecRandomCopyBytes(kSecRandomDefault, 8 * limbs.count, &limbs) == errSecSuccess else {
     |                                                                                 `- error: cannot find 'errSecSuccess' in scope
1703 |             fatalError("randomLimbs failed")
1704 |         }
Failed frontend command:
/usr/bin/swift-frontend -frontend -c /host/spi-builder-workspace/.build/checkouts/BigInt/Sources/BigInt/BigFrac.swift /host/spi-builder-workspace/.build/checkouts/BigInt/Sources/BigInt/BigInt-Extensions.swift -primary-file /host/spi-builder-workspace/.build/checkouts/BigInt/Sources/BigInt/BigInt.swift -primary-file /host/spi-builder-workspace/.build/checkouts/BigInt/Sources/BigInt/BitSieve.swift /host/spi-builder-workspace/.build/checkouts/BigInt/Sources/BigInt/BurnikelZiegler.swift /host/spi-builder-workspace/.build/checkouts/BigInt/Sources/BigInt/CRT.swift /host/spi-builder-workspace/.build/checkouts/BigInt/Sources/BigInt/ExpMod.swift /host/spi-builder-workspace/.build/checkouts/BigInt/Sources/BigInt/FFT.swift /host/spi-builder-workspace/.build/checkouts/BigInt/Sources/BigInt/Factorial.swift /host/spi-builder-workspace/.build/checkouts/BigInt/Sources/BigInt/GCD.swift /host/spi-builder-workspace/.build/checkouts/BigInt/Sources/BigInt/Karatsuba.swift /host/spi-builder-workspace/.build/checkouts/BigInt/Sources/BigInt/Limbs.swift /host/spi-builder-workspace/.build/checkouts/BigInt/Sources/BigInt/ToomCook.swift -emit-dependencies-path /host/spi-builder-workspace/.build/out/Intermediates.noindex/BigInt.build/Debug-linux-x86_64/BigInt-t.build/Objects-normal/x86_64/BigInt.d -emit-const-values-path /host/spi-builder-workspace/.build/out/Intermediates.noindex/BigInt.build/Debug-linux-x86_64/BigInt-t.build/Objects-normal/x86_64/BigInt.swiftconstvalues -emit-reference-dependencies-path /host/spi-builder-workspace/.build/out/Intermediates.noindex/BigInt.build/Debug-linux-x86_64/BigInt-t.build/Objects-normal/x86_64/BigInt.swiftdeps -serialize-diagnostics-path /host/spi-builder-workspace/.build/out/Intermediates.noindex/BigInt.build/Debug-linux-x86_64/BigInt-t.build/Objects-normal/x86_64/BigInt.dia -emit-dependencies-path /host/spi-builder-workspace/.build/out/Intermediates.noindex/BigInt.build/Debug-linux-x86_64/BigInt-t.build/Objects-normal/x86_64/BitSieve.d -emit-const-values-path /host/spi-builder-workspace/.build/out/Intermediates.noindex/BigInt.build/Debug-linux-x86_64/BigInt-t.build/Objects-normal/x86_64/BitSieve.swiftconstvalues -emit-reference-dependencies-path /host/spi-builder-workspace/.build/out/Intermediates.noindex/BigInt.build/Debug-linux-x86_64/BigInt-t.build/Objects-normal/x86_64/BitSieve.swiftdeps -serialize-diagnostics-path /host/spi-builder-workspace/.build/out/Intermediates.noindex/BigInt.build/Debug-linux-x86_64/BigInt-t.build/Objects-normal/x86_64/BitSieve.dia -target x86_64-unknown-linux-gnu -disable-objc-interop -I /host/spi-builder-workspace/.build/out/Products/Debug-linux-x86_64 -module-cache-path /host/spi-builder-workspace/.build/out/ModuleCache.noindex -color-diagnostics -Xcc -fcolor-diagnostics -enable-testing -g -debug-info-format\=dwarf -dwarf-version\=4 -suppress-warnings -swift-version 5 -Onone -D SWIFT_PACKAGE -D DEBUG -D SWIFT_MODULE_RESOURCE_BUNDLE_UNAVAILABLE -D Xcode -serialize-debugging-options -enable-experimental-feature DebugDescriptionMacro -empty-abi-descriptor -external-plugin-path /usr/lib/swift/host/plugins/testing\#/usr/bin/swift-plugin-server -validate-clang-modules-once -clang-build-session-file /host/spi-builder-workspace/.build/out/ModuleCache.noindex/Session.modulevalidation -Xcc -working-directory -Xcc /host -enable-anonymous-context-mangled-names -file-compilation-dir /host -Xcc -fno-omit-frame-pointer -Xcc -D_LIBCPP_HARDENING_MODE\=_LIBCPP_HARDENING_MODE_DEBUG -Xcc -fmodules-prune-interval\=86400 -Xcc -fmodules-prune-after\=345600 -Xcc -I/host/spi-builder-workspace/.build/out/Products/Debug-linux-x86_64/include -Xcc -I/host/spi-builder-workspace/.build/out/Intermediates.noindex/BigInt.build/Debug-linux-x86_64/BigInt-t.build/DerivedSources-normal/x86_64 -Xcc -I/host/spi-builder-workspace/.build/out/Intermediates.noindex/BigInt.build/Debug-linux-x86_64/BigInt-t.build/DerivedSources/x86_64 -Xcc -I/host/spi-builder-workspace/.build/out/Intermediates.noindex/BigInt.build/Debug-linux-x86_64/BigInt-t.build/DerivedSources -Xcc -DSWIFT_PACKAGE -Xcc -DDEBUG\=1 -no-auto-bridging-header-chaining -module-name BigInt -package-name bigint -const-gather-protocols-file /host/spi-builder-workspace/.build/out/Intermediates.noindex/BigInt.build/Debug-linux-x86_64/BigInt-t.build/Objects-normal/x86_64/BigInt_const_extract_protocols.json -in-process-plugin-server-path /usr/lib/swift/host/libSwiftInProcPluginServer.so -plugin-path /usr/lib/swift/host/plugins -plugin-path /usr/local/lib/swift/host/plugins -parse-as-library -o /host/spi-builder-workspace/.build/out/Intermediates.noindex/BigInt.build/Debug-linux-x86_64/BigInt-t.build/Objects-normal/x86_64/BigInt.o -o /host/spi-builder-workspace/.build/out/Intermediates.noindex/BigInt.build/Debug-linux-x86_64/BigInt-t.build/Objects-normal/x86_64/BitSieve.o -index-unit-output-path /BigInt.build/Debug-linux-x86_64/BigInt-t.build/Objects-normal/x86_64/BigInt.o -index-unit-output-path /BigInt.build/Debug-linux-x86_64/BigInt-t.build/Objects-normal/x86_64/BitSieve.o -index-store-path /host/spi-builder-workspace/.build/out -index-system-modules
error: Build failed
BUILD FAILURE 6.4 linux