The Swift Package Index logo.Swift Package Index

Build Information

Failed to build MulticolorGradient, reference main (6f80da), with Swift 6.4 for watchOS using Xcode 27.0 on 19 Sep 2026 14:50:20 UTC.

Build Command

env DEVELOPER_DIR=/Applications/Xcode-27.0.0-Release.Candidate.app xcrun xcodebuild -IDEClonedSourcePackagesDirPathOverride=$PWD/.dependencies -skipMacroValidation -skipPackagePluginValidation -derivedDataPath $PWD/.derivedData build -scheme MulticolorGradient -destination generic/platform=watchOS

Build Log

========================================
RunAll
========================================
Builder version: 5.1.0
Interrupt handler set up.
========================================
Checkout
========================================
Clone URL: https://github.com/ArthurGuibert/SwiftUI-MulticolorGradient.git
Reference: main
Initialized empty Git repository in /Users/admin/builder/spi-builder-workspace/.git/
From https://github.com/ArthurGuibert/SwiftUI-MulticolorGradient
 * branch            main       -> FETCH_HEAD
 * [new branch]      main       -> origin/main
HEAD is now at 6f80da6 Update LICENSE
Cloned https://github.com/ArthurGuibert/SwiftUI-MulticolorGradient.git
Revision (git rev-parse @):
6f80da646b607d2e3cbacc259eb41f2912ea6e4f
SUCCESS checkout https://github.com/ArthurGuibert/SwiftUI-MulticolorGradient.git at main
========================================
Build
========================================
Selected platform:         watchOS
Swift version:             6.4
Building package at path:  $PWD
https://github.com/ArthurGuibert/SwiftUI-MulticolorGradient.git
Command line invocation:
    /Applications/Xcode-27.0.0-Release.Candidate.app/Contents/Developer/usr/bin/xcodebuild -IDEClonedSourcePackagesDirPathOverride=/Users/admin/builder/spi-builder-workspace/.dependencies -resolvePackageDependencies
Resolve Package Graph
Resolve Package Graph
Resolved source packages:
  MulticolorGradient: /Users/admin/builder/spi-builder-workspace
resolved source packages: MulticolorGradient
2026-09-19 10:49:30.186 xcodebuild[529:3002] [MT] IDERunDestination: Supported platforms for the buildables in the current scheme is empty.
{
  "dependencies" : [
  ],
  "manifest_display_name" : "MulticolorGradient",
  "name" : "MulticolorGradient",
  "path" : "/Users/admin/builder/spi-builder-workspace",
  "platforms" : [
    {
      "name" : "ios",
      "version" : "14.0"
    }
  ],
  "products" : [
    {
      "name" : "MulticolorGradient",
      "targets" : [
        "MulticolorGradient"
      ],
      "type" : {
        "library" : [
          "automatic"
        ]
      }
    }
  ],
  "targets" : [
    {
      "c99name" : "MulticolorGradientTests",
      "module_type" : "SwiftTarget",
      "name" : "MulticolorGradientTests",
      "path" : "Tests/MulticolorGradientTests",
      "sources" : [
        "MulticolorGradientTests.swift"
      ],
      "target_dependencies" : [
        "MulticolorGradient"
      ],
      "type" : "test"
    },
    {
      "c99name" : "MulticolorGradient",
      "module_type" : "SwiftTarget",
      "name" : "MulticolorGradient",
      "path" : "Sources/MulticolorGradient",
      "product_memberships" : [
        "MulticolorGradient"
      ],
      "resources" : [
        {
          "path" : "/Users/admin/builder/spi-builder-workspace/Sources/MulticolorGradient/Shaders/MulticolorGradientShader.metal",
          "rule" : {
            "process" : {
            }
          }
        }
      ],
      "sources" : [
        "MirrorAnimation.swift",
        "MulticolorGradient.swift",
        "MulticolorGradientViewController.swift"
      ],
      "type" : "library"
    }
  ],
  "tools_version" : "5.7"
}
{
  "workspace" : {
    "name" : "MulticolorGradient",
    "schemes" : [
      "MulticolorGradient"
    ]
  }
}
2026-09-19 10:50:11.847 xcodebuild[653:4153] [MT] IDERunDestination: Supported platforms for the buildables in the current scheme is empty.
Running build ...
env DEVELOPER_DIR=/Applications/Xcode-27.0.0-Release.Candidate.app xcrun xcodebuild -IDEClonedSourcePackagesDirPathOverride=$PWD/.dependencies -skipMacroValidation -skipPackagePluginValidation -derivedDataPath $PWD/.derivedData build -scheme MulticolorGradient -destination generic/platform=watchOS
Command line invocation:
    /Applications/Xcode-27.0.0-Release.Candidate.app/Contents/Developer/usr/bin/xcodebuild -IDEClonedSourcePackagesDirPathOverride=/Users/admin/builder/spi-builder-workspace/.dependencies -skipMacroValidation -skipPackagePluginValidation -derivedDataPath /Users/admin/builder/spi-builder-workspace/.derivedData build -scheme MulticolorGradient -destination generic/platform=watchOS
Resolve Package Graph
Resolved source packages:
  MulticolorGradient: /Users/admin/builder/spi-builder-workspace
ComputePackagePrebuildTargetDependencyGraph
Prepare packages
CreateBuildRequest
SendProjectDescription
CreateBuildOperation
ComputeTargetDependencyGraph
note: Building targets in dependency order
note: Target dependency graph (3 targets)
    Target 'MulticolorGradient-product' in project 'MulticolorGradient'
        ➜ Explicit dependency on target 'MulticolorGradient' in project 'MulticolorGradient'
        ➜ Explicit dependency on target 'MulticolorGradient_MulticolorGradient' in project 'MulticolorGradient'
    Target 'MulticolorGradient' in project 'MulticolorGradient'
        ➜ Explicit dependency on target 'MulticolorGradient_MulticolorGradient' in project 'MulticolorGradient'
    Target 'MulticolorGradient_MulticolorGradient' in project 'MulticolorGradient' (no dependencies)
GatherProvisioningInputs
CreateBuildDescription
ExecuteExternalTool /Applications/Xcode-27.0.0-Release.Candidate.app/Contents/Developer/Toolchains/XcodeDefault.xctoolchain/usr/bin/clang -v -E -dM -isysroot /Applications/Xcode-27.0.0-Release.Candidate.app/Contents/Developer/Platforms/WatchOS.platform/Developer/SDKs/WatchOS27.0.sdk -x c -c /dev/null
ExecuteExternalTool /Applications/Xcode-27.0.0-Release.Candidate.app/Contents/Developer/Toolchains/XcodeDefault.xctoolchain/usr/bin/swiftc --version
ExecuteExternalTool /Applications/Xcode-27.0.0-Release.Candidate.app/Contents/Developer/Toolchains/XcodeDefault.xctoolchain/usr/bin/ld -version_details
Build description signature: 2095ef5a3e18b7a43551335628a9b7b3
Build description path: /Users/admin/builder/spi-builder-workspace/.derivedData/Build/Intermediates.noindex/XCBuildData/2095ef5a3e18b7a43551335628a9b7b3.xcbuilddata
CreateBuildDirectory /Users/admin/builder/spi-builder-workspace/.derivedData/SDKExplicitPrecompiledModules
    cd /Users/admin/builder/spi-builder-workspace/.swiftpm/xcode
    builtin-create-build-directory /Users/admin/builder/spi-builder-workspace/.derivedData/SDKExplicitPrecompiledModules
CreateBuildDirectory /Users/admin/builder/spi-builder-workspace/.derivedData/CompilationCache.noindex
    cd /Users/admin/builder/spi-builder-workspace/.swiftpm/xcode
    builtin-create-build-directory /Users/admin/builder/spi-builder-workspace/.derivedData/CompilationCache.noindex
CreateBuildDirectory /Users/admin/builder/spi-builder-workspace/.derivedData/Build/Intermediates.noindex
    cd /Users/admin/builder/spi-builder-workspace/.swiftpm/xcode
    builtin-create-build-directory /Users/admin/builder/spi-builder-workspace/.derivedData/Build/Intermediates.noindex
CreateBuildDirectory /Users/admin/builder/spi-builder-workspace/.derivedData/ModuleCache.noindex
    cd /Users/admin/builder/spi-builder-workspace/.swiftpm/xcode
    builtin-create-build-directory /Users/admin/builder/spi-builder-workspace/.derivedData/ModuleCache.noindex
CreateBuildDirectory /Users/admin/builder/spi-builder-workspace/.derivedData/Build/Products
    cd /Users/admin/builder/spi-builder-workspace/.swiftpm/xcode
    builtin-create-build-directory /Users/admin/builder/spi-builder-workspace/.derivedData/Build/Products
ClangStatCache /Applications/Xcode-27.0.0-Release.Candidate.app/Contents/Developer/Toolchains/XcodeDefault.xctoolchain/usr/bin/clang-stat-cache /Applications/Xcode-27.0.0-Release.Candidate.app/Contents/Developer/Platforms/WatchOS.platform/Developer/SDKs/WatchOS27.0.sdk /Users/admin/builder/spi-builder-workspace/.derivedData/SDKStatCaches.noindex/watchos27.0-24R360-e829b21a6f8c9b70876ba0858053c04477534ef55a1706bf4c1112bbb242f0a2.sdkstatcache
    cd /Users/admin/builder/spi-builder-workspace/.swiftpm/xcode
    /Applications/Xcode-27.0.0-Release.Candidate.app/Contents/Developer/Toolchains/XcodeDefault.xctoolchain/usr/bin/clang-stat-cache /Applications/Xcode-27.0.0-Release.Candidate.app/Contents/Developer/Platforms/WatchOS.platform/Developer/SDKs/WatchOS27.0.sdk -o /Users/admin/builder/spi-builder-workspace/.derivedData/SDKStatCaches.noindex/watchos27.0-24R360-e829b21a6f8c9b70876ba0858053c04477534ef55a1706bf4c1112bbb242f0a2.sdkstatcache
CreateBuildDirectory /Users/admin/builder/spi-builder-workspace/.derivedData/Build/Intermediates.noindex/PrecompiledHeaders
    cd /Users/admin/builder/spi-builder-workspace/.swiftpm/xcode
    builtin-create-build-directory /Users/admin/builder/spi-builder-workspace/.derivedData/Build/Intermediates.noindex/PrecompiledHeaders
CreateBuildDirectory /Users/admin/builder/spi-builder-workspace/.derivedData/Build/Intermediates.noindex/SwiftExplicitPrecompiledModules
    cd /Users/admin/builder/spi-builder-workspace/.swiftpm/xcode
    builtin-create-build-directory /Users/admin/builder/spi-builder-workspace/.derivedData/Build/Intermediates.noindex/SwiftExplicitPrecompiledModules
CreateBuildDirectory /Users/admin/builder/spi-builder-workspace/.derivedData/Build/Intermediates.noindex/ExplicitPrecompiledModules
    cd /Users/admin/builder/spi-builder-workspace/.swiftpm/xcode
    builtin-create-build-directory /Users/admin/builder/spi-builder-workspace/.derivedData/Build/Intermediates.noindex/ExplicitPrecompiledModules
CreateBuildDirectory /Users/admin/builder/spi-builder-workspace/.derivedData/Build/Intermediates.noindex/EagerLinkingTBDs/Debug-watchos
    cd /Users/admin/builder/spi-builder-workspace/.swiftpm/xcode
    builtin-create-build-directory /Users/admin/builder/spi-builder-workspace/.derivedData/Build/Intermediates.noindex/EagerLinkingTBDs/Debug-watchos
CreateBuildDirectory /Users/admin/builder/spi-builder-workspace/.derivedData/Build/Products/Debug-watchos
    cd /Users/admin/builder/spi-builder-workspace/.swiftpm/xcode
    builtin-create-build-directory /Users/admin/builder/spi-builder-workspace/.derivedData/Build/Products/Debug-watchos
CreateBuildDirectory /Users/admin/builder/spi-builder-workspace/.derivedData/Build/Products/Debug-watchos/PackageFrameworks
    cd /Users/admin/builder/spi-builder-workspace/.swiftpm/xcode
    builtin-create-build-directory /Users/admin/builder/spi-builder-workspace/.derivedData/Build/Products/Debug-watchos/PackageFrameworks
MkDir /Users/admin/builder/spi-builder-workspace/.derivedData/Build/Products/Debug-watchos/MulticolorGradient_MulticolorGradient.bundle (in target 'MulticolorGradient_MulticolorGradient' from project 'MulticolorGradient')
    cd /Users/admin/builder/spi-builder-workspace
    /bin/mkdir -p /Users/admin/builder/spi-builder-workspace/.derivedData/Build/Products/Debug-watchos/MulticolorGradient_MulticolorGradient.bundle
WriteAuxiliaryFile /Users/admin/builder/spi-builder-workspace/.derivedData/Build/Intermediates.noindex/MulticolorGradient.build/Debug-watchos/MulticolorGradient_MulticolorGradient-b.build/MulticolorGradient_MulticolorGradient.DependencyMetadataFileList (in target 'MulticolorGradient_MulticolorGradient' from project 'MulticolorGradient')
    cd /Users/admin/builder/spi-builder-workspace
    write-file /Users/admin/builder/spi-builder-workspace/.derivedData/Build/Intermediates.noindex/MulticolorGradient.build/Debug-watchos/MulticolorGradient_MulticolorGradient-b.build/MulticolorGradient_MulticolorGradient.DependencyMetadataFileList
WriteAuxiliaryFile /Users/admin/builder/spi-builder-workspace/.derivedData/Build/Intermediates.noindex/MulticolorGradient.build/Debug-watchos/MulticolorGradient_MulticolorGradient-b.build/MulticolorGradient_MulticolorGradient.DependencyStaticMetadataFileList (in target 'MulticolorGradient_MulticolorGradient' from project 'MulticolorGradient')
    cd /Users/admin/builder/spi-builder-workspace
    write-file /Users/admin/builder/spi-builder-workspace/.derivedData/Build/Intermediates.noindex/MulticolorGradient.build/Debug-watchos/MulticolorGradient_MulticolorGradient-b.build/MulticolorGradient_MulticolorGradient.DependencyStaticMetadataFileList
WriteAuxiliaryFile /Users/admin/builder/spi-builder-workspace/.derivedData/Build/Intermediates.noindex/MulticolorGradient.build/Debug-watchos/MulticolorGradient_MulticolorGradient-b.build/empty-MulticolorGradient_MulticolorGradient.plist (in target 'MulticolorGradient_MulticolorGradient' from project 'MulticolorGradient')
    cd /Users/admin/builder/spi-builder-workspace
    write-file /Users/admin/builder/spi-builder-workspace/.derivedData/Build/Intermediates.noindex/MulticolorGradient.build/Debug-watchos/MulticolorGradient_MulticolorGradient-b.build/empty-MulticolorGradient_MulticolorGradient.plist
WriteAuxiliaryFile /Users/admin/builder/spi-builder-workspace/.derivedData/Build/Intermediates.noindex/MulticolorGradient.build/Debug-watchos/MulticolorGradient-t.build/Objects-normal/arm64_32/MulticolorGradient.SwiftFileList (in target 'MulticolorGradient' from project 'MulticolorGradient')
    cd /Users/admin/builder/spi-builder-workspace
    write-file /Users/admin/builder/spi-builder-workspace/.derivedData/Build/Intermediates.noindex/MulticolorGradient.build/Debug-watchos/MulticolorGradient-t.build/Objects-normal/arm64_32/MulticolorGradient.SwiftFileList
WriteAuxiliaryFile /Users/admin/builder/spi-builder-workspace/.derivedData/Build/Intermediates.noindex/MulticolorGradient.build/Debug-watchos/MulticolorGradient-t.build/Objects-normal/arm64_32/MulticolorGradient-OutputFileMap.json (in target 'MulticolorGradient' from project 'MulticolorGradient')
    cd /Users/admin/builder/spi-builder-workspace
    write-file /Users/admin/builder/spi-builder-workspace/.derivedData/Build/Intermediates.noindex/MulticolorGradient.build/Debug-watchos/MulticolorGradient-t.build/Objects-normal/arm64_32/MulticolorGradient-OutputFileMap.json
WriteAuxiliaryFile /Users/admin/builder/spi-builder-workspace/.derivedData/Build/Intermediates.noindex/MulticolorGradient.build/Debug-watchos/MulticolorGradient-t.build/Objects-normal/arm64_32/MulticolorGradient_const_extract_protocols.json (in target 'MulticolorGradient' from project 'MulticolorGradient')
    cd /Users/admin/builder/spi-builder-workspace
    write-file /Users/admin/builder/spi-builder-workspace/.derivedData/Build/Intermediates.noindex/MulticolorGradient.build/Debug-watchos/MulticolorGradient-t.build/Objects-normal/arm64_32/MulticolorGradient_const_extract_protocols.json
WriteAuxiliaryFile /Users/admin/builder/spi-builder-workspace/.derivedData/Build/Intermediates.noindex/MulticolorGradient.build/Debug-watchos/MulticolorGradient-t.build/Objects-normal/arm64_32/MulticolorGradient.SwiftConstValuesFileList (in target 'MulticolorGradient' from project 'MulticolorGradient')
    cd /Users/admin/builder/spi-builder-workspace
    write-file /Users/admin/builder/spi-builder-workspace/.derivedData/Build/Intermediates.noindex/MulticolorGradient.build/Debug-watchos/MulticolorGradient-t.build/Objects-normal/arm64_32/MulticolorGradient.SwiftConstValuesFileList
WriteAuxiliaryFile /Users/admin/builder/spi-builder-workspace/.derivedData/Build/Intermediates.noindex/MulticolorGradient.build/Debug-watchos/MulticolorGradient-t.build/Objects-normal/arm64_32/MulticolorGradient.LinkFileList (in target 'MulticolorGradient' from project 'MulticolorGradient')
    cd /Users/admin/builder/spi-builder-workspace
    write-file /Users/admin/builder/spi-builder-workspace/.derivedData/Build/Intermediates.noindex/MulticolorGradient.build/Debug-watchos/MulticolorGradient-t.build/Objects-normal/arm64_32/MulticolorGradient.LinkFileList
WriteAuxiliaryFile /Users/admin/builder/spi-builder-workspace/.derivedData/Build/Intermediates.noindex/MulticolorGradient.build/Debug-watchos/MulticolorGradient-t.build/Objects-normal/arm64/MulticolorGradient_const_extract_protocols.json (in target 'MulticolorGradient' from project 'MulticolorGradient')
    cd /Users/admin/builder/spi-builder-workspace
    write-file /Users/admin/builder/spi-builder-workspace/.derivedData/Build/Intermediates.noindex/MulticolorGradient.build/Debug-watchos/MulticolorGradient-t.build/Objects-normal/arm64/MulticolorGradient_const_extract_protocols.json
WriteAuxiliaryFile /Users/admin/builder/spi-builder-workspace/.derivedData/Build/Intermediates.noindex/MulticolorGradient.build/Debug-watchos/MulticolorGradient-t.build/Objects-normal/arm64/MulticolorGradient.SwiftFileList (in target 'MulticolorGradient' from project 'MulticolorGradient')
    cd /Users/admin/builder/spi-builder-workspace
    write-file /Users/admin/builder/spi-builder-workspace/.derivedData/Build/Intermediates.noindex/MulticolorGradient.build/Debug-watchos/MulticolorGradient-t.build/Objects-normal/arm64/MulticolorGradient.SwiftFileList
WriteAuxiliaryFile /Users/admin/builder/spi-builder-workspace/.derivedData/Build/Intermediates.noindex/MulticolorGradient.build/Debug-watchos/MulticolorGradient-t.build/Objects-normal/arm64/MulticolorGradient.SwiftConstValuesFileList (in target 'MulticolorGradient' from project 'MulticolorGradient')
    cd /Users/admin/builder/spi-builder-workspace
    write-file /Users/admin/builder/spi-builder-workspace/.derivedData/Build/Intermediates.noindex/MulticolorGradient.build/Debug-watchos/MulticolorGradient-t.build/Objects-normal/arm64/MulticolorGradient.SwiftConstValuesFileList
WriteAuxiliaryFile /Users/admin/builder/spi-builder-workspace/.derivedData/Build/Intermediates.noindex/MulticolorGradient.build/Debug-watchos/MulticolorGradient-t.build/Objects-normal/arm64/MulticolorGradient.LinkFileList (in target 'MulticolorGradient' from project 'MulticolorGradient')
    cd /Users/admin/builder/spi-builder-workspace
    write-file /Users/admin/builder/spi-builder-workspace/.derivedData/Build/Intermediates.noindex/MulticolorGradient.build/Debug-watchos/MulticolorGradient-t.build/Objects-normal/arm64/MulticolorGradient.LinkFileList
WriteAuxiliaryFile /Users/admin/builder/spi-builder-workspace/.derivedData/Build/Intermediates.noindex/MulticolorGradient.build/Debug-watchos/MulticolorGradient-t.build/Objects-normal/arm64/MulticolorGradient-OutputFileMap.json (in target 'MulticolorGradient' from project 'MulticolorGradient')
    cd /Users/admin/builder/spi-builder-workspace
    write-file /Users/admin/builder/spi-builder-workspace/.derivedData/Build/Intermediates.noindex/MulticolorGradient.build/Debug-watchos/MulticolorGradient-t.build/Objects-normal/arm64/MulticolorGradient-OutputFileMap.json
WriteAuxiliaryFile /Users/admin/builder/spi-builder-workspace/.derivedData/Build/Intermediates.noindex/MulticolorGradient.build/Debug-watchos/MulticolorGradient-t.build/MulticolorGradient.modulemap (in target 'MulticolorGradient' from project 'MulticolorGradient')
    cd /Users/admin/builder/spi-builder-workspace
    write-file /Users/admin/builder/spi-builder-workspace/.derivedData/Build/Intermediates.noindex/MulticolorGradient.build/Debug-watchos/MulticolorGradient-t.build/MulticolorGradient.modulemap
WriteAuxiliaryFile /Users/admin/builder/spi-builder-workspace/.derivedData/Build/Intermediates.noindex/MulticolorGradient.build/Debug-watchos/MulticolorGradient-t.build/MulticolorGradient.DependencyStaticMetadataFileList (in target 'MulticolorGradient' from project 'MulticolorGradient')
    cd /Users/admin/builder/spi-builder-workspace
    write-file /Users/admin/builder/spi-builder-workspace/.derivedData/Build/Intermediates.noindex/MulticolorGradient.build/Debug-watchos/MulticolorGradient-t.build/MulticolorGradient.DependencyStaticMetadataFileList
WriteAuxiliaryFile /Users/admin/builder/spi-builder-workspace/.derivedData/Build/Intermediates.noindex/MulticolorGradient.build/Debug-watchos/MulticolorGradient-t.build/MulticolorGradient.DependencyMetadataFileList (in target 'MulticolorGradient' from project 'MulticolorGradient')
    cd /Users/admin/builder/spi-builder-workspace
    write-file /Users/admin/builder/spi-builder-workspace/.derivedData/Build/Intermediates.noindex/MulticolorGradient.build/Debug-watchos/MulticolorGradient-t.build/MulticolorGradient.DependencyMetadataFileList
WriteAuxiliaryFile /Users/admin/builder/spi-builder-workspace/.derivedData/Build/Intermediates.noindex/MulticolorGradient.build/Debug-watchos/MulticolorGradient-t.build/DerivedSources/resource_bundle_accessor.swift (in target 'MulticolorGradient' from project 'MulticolorGradient')
    cd /Users/admin/builder/spi-builder-workspace
    write-file /Users/admin/builder/spi-builder-workspace/.derivedData/Build/Intermediates.noindex/MulticolorGradient.build/Debug-watchos/MulticolorGradient-t.build/DerivedSources/resource_bundle_accessor.swift
Copy /Users/admin/builder/spi-builder-workspace/.derivedData/Build/Intermediates.noindex/GeneratedModuleMaps-watchos/MulticolorGradient.modulemap /Users/admin/builder/spi-builder-workspace/.derivedData/Build/Intermediates.noindex/MulticolorGradient.build/Debug-watchos/MulticolorGradient-t.build/MulticolorGradient.modulemap (in target 'MulticolorGradient' from project 'MulticolorGradient')
    cd /Users/admin/builder/spi-builder-workspace
    builtin-copy -exclude .DS_Store -exclude CVS -exclude .svn -exclude .git -exclude .hg -resolve-src-symlinks /Users/admin/builder/spi-builder-workspace/.derivedData/Build/Intermediates.noindex/MulticolorGradient.build/Debug-watchos/MulticolorGradient-t.build/MulticolorGradient.modulemap /Users/admin/builder/spi-builder-workspace/.derivedData/Build/Intermediates.noindex/GeneratedModuleMaps-watchos
ProcessInfoPlistFile /Users/admin/builder/spi-builder-workspace/.derivedData/Build/Products/Debug-watchos/MulticolorGradient_MulticolorGradient.bundle/Info.plist /Users/admin/builder/spi-builder-workspace/.derivedData/Build/Intermediates.noindex/MulticolorGradient.build/Debug-watchos/MulticolorGradient_MulticolorGradient-b.build/empty-MulticolorGradient_MulticolorGradient.plist (in target 'MulticolorGradient_MulticolorGradient' from project 'MulticolorGradient')
    cd /Users/admin/builder/spi-builder-workspace
    builtin-infoPlistUtility /Users/admin/builder/spi-builder-workspace/.derivedData/Build/Intermediates.noindex/MulticolorGradient.build/Debug-watchos/MulticolorGradient_MulticolorGradient-b.build/empty-MulticolorGradient_MulticolorGradient.plist -producttype com.apple.product-type.bundle -expandbuildsettings -format binary -platform watchos -o /Users/admin/builder/spi-builder-workspace/.derivedData/Build/Products/Debug-watchos/MulticolorGradient_MulticolorGradient.bundle/Info.plist
CompileMetalFile /Users/admin/builder/spi-builder-workspace/Sources/MulticolorGradient/Shaders/MulticolorGradientShader.metal (in target 'MulticolorGradient_MulticolorGradient' from project 'MulticolorGradient')
    cd /Users/admin/builder/spi-builder-workspace
    /var/run/com.apple.security.cryptexd/mnt/com.apple.MobileAsset.MetalToolchain-v27.1.266.1.9aLnuF/Metal.xctoolchain/usr/bin/metal -c -target air64-apple-watchos9.0 -I/Users/admin/builder/spi-builder-workspace/.derivedData/Build/Products/Debug-watchos/include -F/Users/admin/builder/spi-builder-workspace/.derivedData/Build/Products/Debug-watchos -isysroot /Applications/Xcode-27.0.0-Release.Candidate.app/Contents/Developer/Platforms/WatchOS.platform/Developer/SDKs/WatchOS27.0.sdk -fmetal-math-mode\=fast -fmetal-math-fp32-functions\=fast -serialize-diagnostics /Users/admin/builder/spi-builder-workspace/.derivedData/Build/Intermediates.noindex/MulticolorGradient.build/Debug-watchos/MulticolorGradient_MulticolorGradient-b.build/Metal/MulticolorGradientShader.dia -o /Users/admin/builder/spi-builder-workspace/.derivedData/Build/Intermediates.noindex/MulticolorGradient.build/Debug-watchos/MulticolorGradient_MulticolorGradient-b.build/Metal/MulticolorGradientShader.air -MMD -MT dependencies -MF /Users/admin/builder/spi-builder-workspace/.derivedData/Build/Intermediates.noindex/MulticolorGradient.build/Debug-watchos/MulticolorGradient_MulticolorGradient-b.build/Metal/MulticolorGradientShader.dat /Users/admin/builder/spi-builder-workspace/Sources/MulticolorGradient/Shaders/MulticolorGradientShader.metal
SwiftDriver MulticolorGradient normal arm64_32 com.apple.xcode.tools.swift.compiler (in target 'MulticolorGradient' from project 'MulticolorGradient')
    cd /Users/admin/builder/spi-builder-workspace/.swiftpm/xcode
    builtin-SwiftDriver -- /Applications/Xcode-27.0.0-Release.Candidate.app/Contents/Developer/Toolchains/XcodeDefault.xctoolchain/usr/bin/swiftc -parse-as-library -module-name MulticolorGradient -Onone @/Users/admin/builder/spi-builder-workspace/.derivedData/Build/Intermediates.noindex/MulticolorGradient.build/Debug-watchos/MulticolorGradient-t.build/Objects-normal/arm64_32/MulticolorGradient.SwiftFileList -DSWIFT_PACKAGE -DDEBUG -DSWIFT_MODULE_RESOURCE_BUNDLE_AVAILABLE -DXcode -plugin-path /Applications/Xcode-27.0.0-Release.Candidate.app/Contents/Developer/Toolchains/XcodeDefault.xctoolchain/usr/lib/swift/host/plugins/testing -enable-experimental-feature DebugDescriptionMacro -sdk /Applications/Xcode-27.0.0-Release.Candidate.app/Contents/Developer/Platforms/WatchOS.platform/Developer/SDKs/WatchOS27.0.sdk -target arm64_32-apple-watchos9.0 -g -module-cache-path /Users/admin/builder/spi-builder-workspace/.derivedData/ModuleCache.noindex -Xfrontend -serialize-debugging-options -profile-coverage-mapping -profile-generate -enable-testing -index-store-path /Users/admin/builder/spi-builder-workspace/.derivedData/Index.noindex/DataStore -Xcc -D_LIBCPP_HARDENING_MODE\=_LIBCPP_HARDENING_MODE_DEBUG -swift-version 5 -I /Users/admin/builder/spi-builder-workspace/.derivedData/Build/Products/Debug-watchos -Isystem /Applications/Xcode-27.0.0-Release.Candidate.app/Contents/Developer/Platforms/WatchOS.platform/Developer/usr/lib -F /Users/admin/builder/spi-builder-workspace/.derivedData/Build/Products/Debug-watchos -F /Applications/Xcode-27.0.0-Release.Candidate.app/Contents/Developer/Platforms/WatchOS.platform/Developer/Library/Frameworks -F /Applications/Xcode-27.0.0-Release.Candidate.app/Contents/Developer/Platforms/WatchOS.platform/Developer/SDKs/WatchOS27.0.sdk/Developer/Library/Frameworks -c -j10 -enable-batch-mode -incremental -Xcc -ivfsstatcache -Xcc /Users/admin/builder/spi-builder-workspace/.derivedData/SDKStatCaches.noindex/watchos27.0-24R360-e829b21a6f8c9b70876ba0858053c04477534ef55a1706bf4c1112bbb242f0a2.sdkstatcache -output-file-map /Users/admin/builder/spi-builder-workspace/.derivedData/Build/Intermediates.noindex/MulticolorGradient.build/Debug-watchos/MulticolorGradient-t.build/Objects-normal/arm64_32/MulticolorGradient-OutputFileMap.json -save-temps -no-color-diagnostics -explicit-module-build -module-cache-path /Users/admin/builder/spi-builder-workspace/.derivedData/Build/Intermediates.noindex/SwiftExplicitPrecompiledModules -clang-scanner-module-cache-path /Users/admin/builder/spi-builder-workspace/.derivedData/ModuleCache.noindex -sdk-module-cache-path /Users/admin/builder/spi-builder-workspace/.derivedData/SDKExplicitPrecompiledModules -emit-dependencies -emit-module -emit-module-path /Users/admin/builder/spi-builder-workspace/.derivedData/Build/Intermediates.noindex/MulticolorGradient.build/Debug-watchos/MulticolorGradient-t.build/Objects-normal/arm64_32/MulticolorGradient.swiftmodule -serialize-diagnostics -dependency-scan-serialize-diagnostics-path /Users/admin/builder/spi-builder-workspace/.derivedData/Build/Intermediates.noindex/MulticolorGradient.build/Debug-watchos/MulticolorGradient-t.build/Objects-normal/arm64_32/MulticolorGradient-dependency-scan.dia -validate-clang-modules-once -clang-build-session-file /Users/admin/builder/spi-builder-workspace/.derivedData/ModuleCache.noindex/Session.modulevalidation -Xcc -fmodules-prune-interval\=86400 -Xcc -fmodules-prune-after\=345600 -emit-const-values -const-gather-protocols-list /Users/admin/builder/spi-builder-workspace/.derivedData/Build/Intermediates.noindex/MulticolorGradient.build/Debug-watchos/MulticolorGradient-t.build/Objects-normal/arm64_32/MulticolorGradient_const_extract_protocols.json -Xcc -I/Users/admin/builder/spi-builder-workspace/.derivedData/Build/Products/Debug-watchos/include -Xcc -I/Users/admin/builder/spi-builder-workspace/.derivedData/Build/Intermediates.noindex/MulticolorGradient.build/Debug-watchos/MulticolorGradient-t.build/DerivedSources-normal/arm64_32 -Xcc -I/Users/admin/builder/spi-builder-workspace/.derivedData/Build/Intermediates.noindex/MulticolorGradient.build/Debug-watchos/MulticolorGradient-t.build/DerivedSources/arm64_32 -Xcc -I/Users/admin/builder/spi-builder-workspace/.derivedData/Build/Intermediates.noindex/MulticolorGradient.build/Debug-watchos/MulticolorGradient-t.build/DerivedSources -Xcc -DSWIFT_PACKAGE -Xcc -DDEBUG\=1 -emit-objc-header -emit-objc-header-path /Users/admin/builder/spi-builder-workspace/.derivedData/Build/Intermediates.noindex/MulticolorGradient.build/Debug-watchos/MulticolorGradient-t.build/Objects-normal/arm64_32/MulticolorGradient-Swift.h -working-directory /Users/admin/builder/spi-builder-workspace/.swiftpm/xcode -experimental-emit-module-separately -disable-cmo
/Users/admin/builder/spi-builder-workspace/Sources/MulticolorGradient/MulticolorGradientViewController.swift:9:8: error: Unable to resolve module dependency: 'MetalKit' (in target 'MulticolorGradient' from project 'MulticolorGradient')
    note: A dependency of main module 'MulticolorGradient'
/Users/admin/builder/spi-builder-workspace/Sources/MulticolorGradient/MulticolorGradientViewController.swift:9:8: note: A dependency of main module 'MulticolorGradient'
import MetalKit
       ^ (in target 'MulticolorGradient' from project 'MulticolorGradient')
SwiftDriver MulticolorGradient normal arm64 com.apple.xcode.tools.swift.compiler (in target 'MulticolorGradient' from project 'MulticolorGradient')
    cd /Users/admin/builder/spi-builder-workspace/.swiftpm/xcode
    builtin-SwiftDriver -- /Applications/Xcode-27.0.0-Release.Candidate.app/Contents/Developer/Toolchains/XcodeDefault.xctoolchain/usr/bin/swiftc -parse-as-library -module-name MulticolorGradient -Onone @/Users/admin/builder/spi-builder-workspace/.derivedData/Build/Intermediates.noindex/MulticolorGradient.build/Debug-watchos/MulticolorGradient-t.build/Objects-normal/arm64/MulticolorGradient.SwiftFileList -DSWIFT_PACKAGE -DDEBUG -DSWIFT_MODULE_RESOURCE_BUNDLE_AVAILABLE -DXcode -plugin-path /Applications/Xcode-27.0.0-Release.Candidate.app/Contents/Developer/Toolchains/XcodeDefault.xctoolchain/usr/lib/swift/host/plugins/testing -enable-experimental-feature DebugDescriptionMacro -sdk /Applications/Xcode-27.0.0-Release.Candidate.app/Contents/Developer/Platforms/WatchOS.platform/Developer/SDKs/WatchOS27.0.sdk -target arm64-apple-watchos9.0 -g -module-cache-path /Users/admin/builder/spi-builder-workspace/.derivedData/ModuleCache.noindex -Xfrontend -serialize-debugging-options -profile-coverage-mapping -profile-generate -enable-testing -index-store-path /Users/admin/builder/spi-builder-workspace/.derivedData/Index.noindex/DataStore -Xcc -D_LIBCPP_HARDENING_MODE\=_LIBCPP_HARDENING_MODE_DEBUG -swift-version 5 -I /Users/admin/builder/spi-builder-workspace/.derivedData/Build/Products/Debug-watchos -Isystem /Applications/Xcode-27.0.0-Release.Candidate.app/Contents/Developer/Platforms/WatchOS.platform/Developer/usr/lib -F /Users/admin/builder/spi-builder-workspace/.derivedData/Build/Products/Debug-watchos -F /Applications/Xcode-27.0.0-Release.Candidate.app/Contents/Developer/Platforms/WatchOS.platform/Developer/Library/Frameworks -F /Applications/Xcode-27.0.0-Release.Candidate.app/Contents/Developer/Platforms/WatchOS.platform/Developer/SDKs/WatchOS27.0.sdk/Developer/Library/Frameworks -c -j10 -enable-batch-mode -incremental -Xcc -ivfsstatcache -Xcc /Users/admin/builder/spi-builder-workspace/.derivedData/SDKStatCaches.noindex/watchos27.0-24R360-e829b21a6f8c9b70876ba0858053c04477534ef55a1706bf4c1112bbb242f0a2.sdkstatcache -output-file-map /Users/admin/builder/spi-builder-workspace/.derivedData/Build/Intermediates.noindex/MulticolorGradient.build/Debug-watchos/MulticolorGradient-t.build/Objects-normal/arm64/MulticolorGradient-OutputFileMap.json -save-temps -no-color-diagnostics -explicit-module-build -module-cache-path /Users/admin/builder/spi-builder-workspace/.derivedData/Build/Intermediates.noindex/SwiftExplicitPrecompiledModules -clang-scanner-module-cache-path /Users/admin/builder/spi-builder-workspace/.derivedData/ModuleCache.noindex -sdk-module-cache-path /Users/admin/builder/spi-builder-workspace/.derivedData/SDKExplicitPrecompiledModules -emit-dependencies -emit-module -emit-module-path /Users/admin/builder/spi-builder-workspace/.derivedData/Build/Intermediates.noindex/MulticolorGradient.build/Debug-watchos/MulticolorGradient-t.build/Objects-normal/arm64/MulticolorGradient.swiftmodule -serialize-diagnostics -dependency-scan-serialize-diagnostics-path /Users/admin/builder/spi-builder-workspace/.derivedData/Build/Intermediates.noindex/MulticolorGradient.build/Debug-watchos/MulticolorGradient-t.build/Objects-normal/arm64/MulticolorGradient-dependency-scan.dia -validate-clang-modules-once -clang-build-session-file /Users/admin/builder/spi-builder-workspace/.derivedData/ModuleCache.noindex/Session.modulevalidation -Xcc -fmodules-prune-interval\=86400 -Xcc -fmodules-prune-after\=345600 -emit-const-values -const-gather-protocols-list /Users/admin/builder/spi-builder-workspace/.derivedData/Build/Intermediates.noindex/MulticolorGradient.build/Debug-watchos/MulticolorGradient-t.build/Objects-normal/arm64/MulticolorGradient_const_extract_protocols.json -Xcc -I/Users/admin/builder/spi-builder-workspace/.derivedData/Build/Products/Debug-watchos/include -Xcc -I/Users/admin/builder/spi-builder-workspace/.derivedData/Build/Intermediates.noindex/MulticolorGradient.build/Debug-watchos/MulticolorGradient-t.build/DerivedSources-normal/arm64 -Xcc -I/Users/admin/builder/spi-builder-workspace/.derivedData/Build/Intermediates.noindex/MulticolorGradient.build/Debug-watchos/MulticolorGradient-t.build/DerivedSources/arm64 -Xcc -I/Users/admin/builder/spi-builder-workspace/.derivedData/Build/Intermediates.noindex/MulticolorGradient.build/Debug-watchos/MulticolorGradient-t.build/DerivedSources -Xcc -DSWIFT_PACKAGE -Xcc -DDEBUG\=1 -emit-objc-header -emit-objc-header-path /Users/admin/builder/spi-builder-workspace/.derivedData/Build/Intermediates.noindex/MulticolorGradient.build/Debug-watchos/MulticolorGradient-t.build/Objects-normal/arm64/MulticolorGradient-Swift.h -working-directory /Users/admin/builder/spi-builder-workspace/.swiftpm/xcode -experimental-emit-module-separately -disable-cmo
/Users/admin/builder/spi-builder-workspace/Sources/MulticolorGradient/MulticolorGradientViewController.swift:9:8: error: Unable to resolve module dependency: 'MetalKit' (in target 'MulticolorGradient' from project 'MulticolorGradient')
    note: A dependency of main module 'MulticolorGradient'
/Users/admin/builder/spi-builder-workspace/Sources/MulticolorGradient/MulticolorGradientViewController.swift:9:8: note: A dependency of main module 'MulticolorGradient'
import MetalKit
       ^ (in target 'MulticolorGradient' from project 'MulticolorGradient')
PruneExplicitPrecompiledModules /Users/admin/builder/spi-builder-workspace/.derivedData/Build/Intermediates.noindex/ExplicitPrecompiledModules
PruneExplicitPrecompiledModules /Users/admin/builder/spi-builder-workspace/.derivedData/Build/Intermediates.noindex/SwiftExplicitPrecompiledModules
PruneExplicitPrecompiledModules /Users/admin/builder/spi-builder-workspace/.derivedData/SDKExplicitPrecompiledModules
2026-09-19 10:50:13.402 xcodebuild[654:4196] [MT] IDERunDestination: Supported platforms for the buildables in the current scheme is empty.
** BUILD FAILED **
The following build commands failed:
	SwiftDriver MulticolorGradient normal arm64_32 com.apple.xcode.tools.swift.compiler (in target 'MulticolorGradient' from project 'MulticolorGradient')
	SwiftDriver MulticolorGradient normal arm64 com.apple.xcode.tools.swift.compiler (in target 'MulticolorGradient' from project 'MulticolorGradient')
	Building workspace MulticolorGradient with scheme MulticolorGradient
(3 failures)
Command line invocation:
    /Applications/Xcode-27.0.0-Release.Candidate.app/Contents/Developer/usr/bin/xcodebuild -IDEClonedSourcePackagesDirPathOverride=/Users/admin/builder/spi-builder-workspace/.dependencies -resolvePackageDependencies
Resolve Package Graph
Resolved source packages:
  MulticolorGradient: /Users/admin/builder/spi-builder-workspace
resolved source packages: MulticolorGradient
2026-09-19 10:50:17.088 xcodebuild[670:4523] [MT] IDERunDestination: Supported platforms for the buildables in the current scheme is empty.
{
  "dependencies" : [
  ],
  "manifest_display_name" : "MulticolorGradient",
  "name" : "MulticolorGradient",
  "path" : "/Users/admin/builder/spi-builder-workspace",
  "platforms" : [
    {
      "name" : "ios",
      "version" : "14.0"
    }
  ],
  "products" : [
    {
      "name" : "MulticolorGradient",
      "targets" : [
        "MulticolorGradient"
      ],
      "type" : {
        "library" : [
          "automatic"
        ]
      }
    }
  ],
  "targets" : [
    {
      "c99name" : "MulticolorGradientTests",
      "module_type" : "SwiftTarget",
      "name" : "MulticolorGradientTests",
      "path" : "Tests/MulticolorGradientTests",
      "sources" : [
        "MulticolorGradientTests.swift"
      ],
      "target_dependencies" : [
        "MulticolorGradient"
      ],
      "type" : "test"
    },
    {
      "c99name" : "MulticolorGradient",
      "module_type" : "SwiftTarget",
      "name" : "MulticolorGradient",
      "path" : "Sources/MulticolorGradient",
      "product_memberships" : [
        "MulticolorGradient"
      ],
      "resources" : [
        {
          "path" : "/Users/admin/builder/spi-builder-workspace/Sources/MulticolorGradient/Shaders/MulticolorGradientShader.metal",
          "rule" : {
            "process" : {
            }
          }
        }
      ],
      "sources" : [
        "MirrorAnimation.swift",
        "MulticolorGradient.swift",
        "MulticolorGradientViewController.swift"
      ],
      "type" : "library"
    }
  ],
  "tools_version" : "5.7"
}
{
  "workspace" : {
    "name" : "MulticolorGradient",
    "schemes" : [
      "MulticolorGradient"
    ]
  }
}
2026-09-19 10:50:18.274 xcodebuild[678:4580] [MT] IDERunDestination: Supported platforms for the buildables in the current scheme is empty.
Running build ...
env DEVELOPER_DIR=/Applications/Xcode-27.0.0-Release.Candidate.app xcrun xcodebuild -IDEClonedSourcePackagesDirPathOverride=$PWD/.dependencies -skipMacroValidation -skipPackagePluginValidation -derivedDataPath $PWD/.derivedData build -scheme MulticolorGradient -destination generic/platform=watchOS
Command line invocation:
    /Applications/Xcode-27.0.0-Release.Candidate.app/Contents/Developer/usr/bin/xcodebuild -IDEClonedSourcePackagesDirPathOverride=/Users/admin/builder/spi-builder-workspace/.dependencies -skipMacroValidation -skipPackagePluginValidation -derivedDataPath /Users/admin/builder/spi-builder-workspace/.derivedData build -scheme MulticolorGradient -destination generic/platform=watchOS
Resolve Package Graph
Resolved source packages:
  MulticolorGradient: /Users/admin/builder/spi-builder-workspace
ComputePackagePrebuildTargetDependencyGraph
Prepare packages
CreateBuildRequest
SendProjectDescription
CreateBuildOperation
ComputeTargetDependencyGraph
note: Building targets in dependency order
note: Target dependency graph (3 targets)
    Target 'MulticolorGradient-product' in project 'MulticolorGradient'
        ➜ Explicit dependency on target 'MulticolorGradient' in project 'MulticolorGradient'
        ➜ Explicit dependency on target 'MulticolorGradient_MulticolorGradient' in project 'MulticolorGradient'
    Target 'MulticolorGradient' in project 'MulticolorGradient'
        ➜ Explicit dependency on target 'MulticolorGradient_MulticolorGradient' in project 'MulticolorGradient'
    Target 'MulticolorGradient_MulticolorGradient' in project 'MulticolorGradient' (no dependencies)
GatherProvisioningInputs
CreateBuildDescription
ClangStatCache /Applications/Xcode-27.0.0-Release.Candidate.app/Contents/Developer/Toolchains/XcodeDefault.xctoolchain/usr/bin/clang-stat-cache /Applications/Xcode-27.0.0-Release.Candidate.app/Contents/Developer/Platforms/WatchOS.platform/Developer/SDKs/WatchOS27.0.sdk /Users/admin/builder/spi-builder-workspace/.derivedData/SDKStatCaches.noindex/watchos27.0-24R360-e829b21a6f8c9b70876ba0858053c04477534ef55a1706bf4c1112bbb242f0a2.sdkstatcache
    cd /Users/admin/builder/spi-builder-workspace/.swiftpm/xcode
    /Applications/Xcode-27.0.0-Release.Candidate.app/Contents/Developer/Toolchains/XcodeDefault.xctoolchain/usr/bin/clang-stat-cache /Applications/Xcode-27.0.0-Release.Candidate.app/Contents/Developer/Platforms/WatchOS.platform/Developer/SDKs/WatchOS27.0.sdk -o /Users/admin/builder/spi-builder-workspace/.derivedData/SDKStatCaches.noindex/watchos27.0-24R360-e829b21a6f8c9b70876ba0858053c04477534ef55a1706bf4c1112bbb242f0a2.sdkstatcache
CompileMetalFile /Users/admin/builder/spi-builder-workspace/Sources/MulticolorGradient/Shaders/MulticolorGradientShader.metal (in target 'MulticolorGradient_MulticolorGradient' from project 'MulticolorGradient')
    cd /Users/admin/builder/spi-builder-workspace
    /var/run/com.apple.security.cryptexd/mnt/com.apple.MobileAsset.MetalToolchain-v27.1.266.1.9aLnuF/Metal.xctoolchain/usr/bin/metal -c -target air64-apple-watchos9.0 -I/Users/admin/builder/spi-builder-workspace/.derivedData/Build/Products/Debug-watchos/include -F/Users/admin/builder/spi-builder-workspace/.derivedData/Build/Products/Debug-watchos -isysroot /Applications/Xcode-27.0.0-Release.Candidate.app/Contents/Developer/Platforms/WatchOS.platform/Developer/SDKs/WatchOS27.0.sdk -fmetal-math-mode\=fast -fmetal-math-fp32-functions\=fast -serialize-diagnostics /Users/admin/builder/spi-builder-workspace/.derivedData/Build/Intermediates.noindex/MulticolorGradient.build/Debug-watchos/MulticolorGradient_MulticolorGradient-b.build/Metal/MulticolorGradientShader.dia -o /Users/admin/builder/spi-builder-workspace/.derivedData/Build/Intermediates.noindex/MulticolorGradient.build/Debug-watchos/MulticolorGradient_MulticolorGradient-b.build/Metal/MulticolorGradientShader.air -MMD -MT dependencies -MF /Users/admin/builder/spi-builder-workspace/.derivedData/Build/Intermediates.noindex/MulticolorGradient.build/Debug-watchos/MulticolorGradient_MulticolorGradient-b.build/Metal/MulticolorGradientShader.dat /Users/admin/builder/spi-builder-workspace/Sources/MulticolorGradient/Shaders/MulticolorGradientShader.metal
SwiftDriver MulticolorGradient normal arm64_32 com.apple.xcode.tools.swift.compiler (in target 'MulticolorGradient' from project 'MulticolorGradient')
    cd /Users/admin/builder/spi-builder-workspace/.swiftpm/xcode
    builtin-SwiftDriver -- /Applications/Xcode-27.0.0-Release.Candidate.app/Contents/Developer/Toolchains/XcodeDefault.xctoolchain/usr/bin/swiftc -parse-as-library -module-name MulticolorGradient -Onone @/Users/admin/builder/spi-builder-workspace/.derivedData/Build/Intermediates.noindex/MulticolorGradient.build/Debug-watchos/MulticolorGradient-t.build/Objects-normal/arm64_32/MulticolorGradient.SwiftFileList -DSWIFT_PACKAGE -DDEBUG -DSWIFT_MODULE_RESOURCE_BUNDLE_AVAILABLE -DXcode -plugin-path /Applications/Xcode-27.0.0-Release.Candidate.app/Contents/Developer/Toolchains/XcodeDefault.xctoolchain/usr/lib/swift/host/plugins/testing -enable-experimental-feature DebugDescriptionMacro -sdk /Applications/Xcode-27.0.0-Release.Candidate.app/Contents/Developer/Platforms/WatchOS.platform/Developer/SDKs/WatchOS27.0.sdk -target arm64_32-apple-watchos9.0 -g -module-cache-path /Users/admin/builder/spi-builder-workspace/.derivedData/ModuleCache.noindex -Xfrontend -serialize-debugging-options -profile-coverage-mapping -profile-generate -enable-testing -index-store-path /Users/admin/builder/spi-builder-workspace/.derivedData/Index.noindex/DataStore -Xcc -D_LIBCPP_HARDENING_MODE\=_LIBCPP_HARDENING_MODE_DEBUG -swift-version 5 -I /Users/admin/builder/spi-builder-workspace/.derivedData/Build/Products/Debug-watchos -Isystem /Applications/Xcode-27.0.0-Release.Candidate.app/Contents/Developer/Platforms/WatchOS.platform/Developer/usr/lib -F /Users/admin/builder/spi-builder-workspace/.derivedData/Build/Products/Debug-watchos -F /Applications/Xcode-27.0.0-Release.Candidate.app/Contents/Developer/Platforms/WatchOS.platform/Developer/Library/Frameworks -F /Applications/Xcode-27.0.0-Release.Candidate.app/Contents/Developer/Platforms/WatchOS.platform/Developer/SDKs/WatchOS27.0.sdk/Developer/Library/Frameworks -c -j10 -enable-batch-mode -incremental -Xcc -ivfsstatcache -Xcc /Users/admin/builder/spi-builder-workspace/.derivedData/SDKStatCaches.noindex/watchos27.0-24R360-e829b21a6f8c9b70876ba0858053c04477534ef55a1706bf4c1112bbb242f0a2.sdkstatcache -output-file-map /Users/admin/builder/spi-builder-workspace/.derivedData/Build/Intermediates.noindex/MulticolorGradient.build/Debug-watchos/MulticolorGradient-t.build/Objects-normal/arm64_32/MulticolorGradient-OutputFileMap.json -save-temps -no-color-diagnostics -explicit-module-build -module-cache-path /Users/admin/builder/spi-builder-workspace/.derivedData/Build/Intermediates.noindex/SwiftExplicitPrecompiledModules -clang-scanner-module-cache-path /Users/admin/builder/spi-builder-workspace/.derivedData/ModuleCache.noindex -sdk-module-cache-path /Users/admin/builder/spi-builder-workspace/.derivedData/SDKExplicitPrecompiledModules -emit-dependencies -emit-module -emit-module-path /Users/admin/builder/spi-builder-workspace/.derivedData/Build/Intermediates.noindex/MulticolorGradient.build/Debug-watchos/MulticolorGradient-t.build/Objects-normal/arm64_32/MulticolorGradient.swiftmodule -serialize-diagnostics -dependency-scan-serialize-diagnostics-path /Users/admin/builder/spi-builder-workspace/.derivedData/Build/Intermediates.noindex/MulticolorGradient.build/Debug-watchos/MulticolorGradient-t.build/Objects-normal/arm64_32/MulticolorGradient-dependency-scan.dia -validate-clang-modules-once -clang-build-session-file /Users/admin/builder/spi-builder-workspace/.derivedData/ModuleCache.noindex/Session.modulevalidation -Xcc -fmodules-prune-interval\=86400 -Xcc -fmodules-prune-after\=345600 -emit-const-values -const-gather-protocols-list /Users/admin/builder/spi-builder-workspace/.derivedData/Build/Intermediates.noindex/MulticolorGradient.build/Debug-watchos/MulticolorGradient-t.build/Objects-normal/arm64_32/MulticolorGradient_const_extract_protocols.json -Xcc -I/Users/admin/builder/spi-builder-workspace/.derivedData/Build/Products/Debug-watchos/include -Xcc -I/Users/admin/builder/spi-builder-workspace/.derivedData/Build/Intermediates.noindex/MulticolorGradient.build/Debug-watchos/MulticolorGradient-t.build/DerivedSources-normal/arm64_32 -Xcc -I/Users/admin/builder/spi-builder-workspace/.derivedData/Build/Intermediates.noindex/MulticolorGradient.build/Debug-watchos/MulticolorGradient-t.build/DerivedSources/arm64_32 -Xcc -I/Users/admin/builder/spi-builder-workspace/.derivedData/Build/Intermediates.noindex/MulticolorGradient.build/Debug-watchos/MulticolorGradient-t.build/DerivedSources -Xcc -DSWIFT_PACKAGE -Xcc -DDEBUG\=1 -emit-objc-header -emit-objc-header-path /Users/admin/builder/spi-builder-workspace/.derivedData/Build/Intermediates.noindex/MulticolorGradient.build/Debug-watchos/MulticolorGradient-t.build/Objects-normal/arm64_32/MulticolorGradient-Swift.h -working-directory /Users/admin/builder/spi-builder-workspace/.swiftpm/xcode -experimental-emit-module-separately -disable-cmo
/Users/admin/builder/spi-builder-workspace/Sources/MulticolorGradient/MulticolorGradientViewController.swift:9:8: error: Unable to resolve module dependency: 'MetalKit' (in target 'MulticolorGradient' from project 'MulticolorGradient')
    note: A dependency of main module 'MulticolorGradient'
/Users/admin/builder/spi-builder-workspace/Sources/MulticolorGradient/MulticolorGradientViewController.swift:9:8: note: A dependency of main module 'MulticolorGradient'
import MetalKit
       ^ (in target 'MulticolorGradient' from project 'MulticolorGradient')
SwiftDriver MulticolorGradient normal arm64 com.apple.xcode.tools.swift.compiler (in target 'MulticolorGradient' from project 'MulticolorGradient')
    cd /Users/admin/builder/spi-builder-workspace/.swiftpm/xcode
    builtin-SwiftDriver -- /Applications/Xcode-27.0.0-Release.Candidate.app/Contents/Developer/Toolchains/XcodeDefault.xctoolchain/usr/bin/swiftc -parse-as-library -module-name MulticolorGradient -Onone @/Users/admin/builder/spi-builder-workspace/.derivedData/Build/Intermediates.noindex/MulticolorGradient.build/Debug-watchos/MulticolorGradient-t.build/Objects-normal/arm64/MulticolorGradient.SwiftFileList -DSWIFT_PACKAGE -DDEBUG -DSWIFT_MODULE_RESOURCE_BUNDLE_AVAILABLE -DXcode -plugin-path /Applications/Xcode-27.0.0-Release.Candidate.app/Contents/Developer/Toolchains/XcodeDefault.xctoolchain/usr/lib/swift/host/plugins/testing -enable-experimental-feature DebugDescriptionMacro -sdk /Applications/Xcode-27.0.0-Release.Candidate.app/Contents/Developer/Platforms/WatchOS.platform/Developer/SDKs/WatchOS27.0.sdk -target arm64-apple-watchos9.0 -g -module-cache-path /Users/admin/builder/spi-builder-workspace/.derivedData/ModuleCache.noindex -Xfrontend -serialize-debugging-options -profile-coverage-mapping -profile-generate -enable-testing -index-store-path /Users/admin/builder/spi-builder-workspace/.derivedData/Index.noindex/DataStore -Xcc -D_LIBCPP_HARDENING_MODE\=_LIBCPP_HARDENING_MODE_DEBUG -swift-version 5 -I /Users/admin/builder/spi-builder-workspace/.derivedData/Build/Products/Debug-watchos -Isystem /Applications/Xcode-27.0.0-Release.Candidate.app/Contents/Developer/Platforms/WatchOS.platform/Developer/usr/lib -F /Users/admin/builder/spi-builder-workspace/.derivedData/Build/Products/Debug-watchos -F /Applications/Xcode-27.0.0-Release.Candidate.app/Contents/Developer/Platforms/WatchOS.platform/Developer/Library/Frameworks -F /Applications/Xcode-27.0.0-Release.Candidate.app/Contents/Developer/Platforms/WatchOS.platform/Developer/SDKs/WatchOS27.0.sdk/Developer/Library/Frameworks -c -j10 -enable-batch-mode -incremental -Xcc -ivfsstatcache -Xcc /Users/admin/builder/spi-builder-workspace/.derivedData/SDKStatCaches.noindex/watchos27.0-24R360-e829b21a6f8c9b70876ba0858053c04477534ef55a1706bf4c1112bbb242f0a2.sdkstatcache -output-file-map /Users/admin/builder/spi-builder-workspace/.derivedData/Build/Intermediates.noindex/MulticolorGradient.build/Debug-watchos/MulticolorGradient-t.build/Objects-normal/arm64/MulticolorGradient-OutputFileMap.json -save-temps -no-color-diagnostics -explicit-module-build -module-cache-path /Users/admin/builder/spi-builder-workspace/.derivedData/Build/Intermediates.noindex/SwiftExplicitPrecompiledModules -clang-scanner-module-cache-path /Users/admin/builder/spi-builder-workspace/.derivedData/ModuleCache.noindex -sdk-module-cache-path /Users/admin/builder/spi-builder-workspace/.derivedData/SDKExplicitPrecompiledModules -emit-dependencies -emit-module -emit-module-path /Users/admin/builder/spi-builder-workspace/.derivedData/Build/Intermediates.noindex/MulticolorGradient.build/Debug-watchos/MulticolorGradient-t.build/Objects-normal/arm64/MulticolorGradient.swiftmodule -serialize-diagnostics -dependency-scan-serialize-diagnostics-path /Users/admin/builder/spi-builder-workspace/.derivedData/Build/Intermediates.noindex/MulticolorGradient.build/Debug-watchos/MulticolorGradient-t.build/Objects-normal/arm64/MulticolorGradient-dependency-scan.dia -validate-clang-modules-once -clang-build-session-file /Users/admin/builder/spi-builder-workspace/.derivedData/ModuleCache.noindex/Session.modulevalidation -Xcc -fmodules-prune-interval\=86400 -Xcc -fmodules-prune-after\=345600 -emit-const-values -const-gather-protocols-list /Users/admin/builder/spi-builder-workspace/.derivedData/Build/Intermediates.noindex/MulticolorGradient.build/Debug-watchos/MulticolorGradient-t.build/Objects-normal/arm64/MulticolorGradient_const_extract_protocols.json -Xcc -I/Users/admin/builder/spi-builder-workspace/.derivedData/Build/Products/Debug-watchos/include -Xcc -I/Users/admin/builder/spi-builder-workspace/.derivedData/Build/Intermediates.noindex/MulticolorGradient.build/Debug-watchos/MulticolorGradient-t.build/DerivedSources-normal/arm64 -Xcc -I/Users/admin/builder/spi-builder-workspace/.derivedData/Build/Intermediates.noindex/MulticolorGradient.build/Debug-watchos/MulticolorGradient-t.build/DerivedSources/arm64 -Xcc -I/Users/admin/builder/spi-builder-workspace/.derivedData/Build/Intermediates.noindex/MulticolorGradient.build/Debug-watchos/MulticolorGradient-t.build/DerivedSources -Xcc -DSWIFT_PACKAGE -Xcc -DDEBUG\=1 -emit-objc-header -emit-objc-header-path /Users/admin/builder/spi-builder-workspace/.derivedData/Build/Intermediates.noindex/MulticolorGradient.build/Debug-watchos/MulticolorGradient-t.build/Objects-normal/arm64/MulticolorGradient-Swift.h -working-directory /Users/admin/builder/spi-builder-workspace/.swiftpm/xcode -experimental-emit-module-separately -disable-cmo
/Users/admin/builder/spi-builder-workspace/Sources/MulticolorGradient/MulticolorGradientViewController.swift:9:8: error: Unable to resolve module dependency: 'MetalKit' (in target 'MulticolorGradient' from project 'MulticolorGradient')
    note: A dependency of main module 'MulticolorGradient'
/Users/admin/builder/spi-builder-workspace/Sources/MulticolorGradient/MulticolorGradientViewController.swift:9:8: note: A dependency of main module 'MulticolorGradient'
import MetalKit
       ^ (in target 'MulticolorGradient' from project 'MulticolorGradient')
MetalLink /Users/admin/builder/spi-builder-workspace/.derivedData/Build/Products/Debug-watchos/MulticolorGradient_MulticolorGradient.bundle/default.metallib (in target 'MulticolorGradient_MulticolorGradient' from project 'MulticolorGradient')
    cd /Users/admin/builder/spi-builder-workspace
    /var/run/com.apple.security.cryptexd/mnt/com.apple.MobileAsset.MetalToolchain-v27.1.266.1.9aLnuF/Metal.xctoolchain/usr/bin/metal -target air64-apple-watchos9.0 -o /Users/admin/builder/spi-builder-workspace/.derivedData/Build/Products/Debug-watchos/MulticolorGradient_MulticolorGradient.bundle/default.metallib /Users/admin/builder/spi-builder-workspace/.derivedData/Build/Intermediates.noindex/MulticolorGradient.build/Debug-watchos/MulticolorGradient_MulticolorGradient-b.build/Metal/MulticolorGradientShader.air
PruneExplicitPrecompiledModules /Users/admin/builder/spi-builder-workspace/.derivedData/Build/Intermediates.noindex/SwiftExplicitPrecompiledModules
PruneExplicitPrecompiledModules /Users/admin/builder/spi-builder-workspace/.derivedData/SDKExplicitPrecompiledModules
PruneExplicitPrecompiledModules /Users/admin/builder/spi-builder-workspace/.derivedData/Build/Intermediates.noindex/ExplicitPrecompiledModules
2026-09-19 10:50:19.209 xcodebuild[679:4603] [MT] IDERunDestination: Supported platforms for the buildables in the current scheme is empty.
** BUILD FAILED **
The following build commands failed:
	SwiftDriver MulticolorGradient normal arm64_32 com.apple.xcode.tools.swift.compiler (in target 'MulticolorGradient' from project 'MulticolorGradient')
	SwiftDriver MulticolorGradient normal arm64 com.apple.xcode.tools.swift.compiler (in target 'MulticolorGradient' from project 'MulticolorGradient')
	Building workspace MulticolorGradient with scheme MulticolorGradient
(3 failures)
BUILD FAILURE 6.4 watchOS