Build Information
Failed to build swift-nio, reference main (108dac), with Swift 6.3 for Wasm on 23 Oct 2026 04:10:38 UTC.
Build Command
bash -c docker run --pull=always --rm -v "checkouts-54344849-1":/host -w "$PWD" -e JAVA_HOME="/root/.sdkman/candidates/java/current" -e SPI_BUILD="1" -e SPI_PROCESSING="1" registry.gitlab.com/saguaro1/spi-images:wasm-6.3-latest swift build --swift-sdk swift-6.3.2-RELEASE_wasm 2>&1Build Log
========================================
RunAll
========================================
Builder version: 5.1.3
Interrupt handler set up.
========================================
Checkout
========================================
Clone URL: https://github.com/apple/swift-nio.git
Reference: main
Initialized empty Git repository in /host/spi-builder-workspace/.git/
hint: Using 'master' as the name for the initial branch. This default branch name
hint: is subject to change. To configure the initial branch name to use in all
hint: of your new repositories, which will suppress this warning, call:
hint:
hint: git config --global init.defaultBranch <name>
hint:
hint: Names commonly chosen instead of 'master' are 'main', 'trunk' and
hint: 'development'. The just-created branch can be renamed via this command:
hint:
hint: git branch -m <name>
From https://github.com/apple/swift-nio
* branch main -> FETCH_HEAD
* [new branch] main -> origin/main
HEAD is now at 108daca Add configuration type for HTTP/1 server pipeline setup (#3746)
Cloned https://github.com/apple/swift-nio.git
Revision (git rev-parse @):
108daca35da6a1b4ed8da29c1dfbd19668b9b8fc
SPI manifest file found: $PWD/.spi.yml
SUCCESS checkout https://github.com/apple/swift-nio.git at main
========================================
Build
========================================
Selected platform: wasm
Swift version: 6.3
Building package at path: $PWD
https://github.com/apple/swift-nio.git
Running build ...
bash -c docker run --pull=always --rm -v "checkouts-54344849-1":/host -w "$PWD" -e JAVA_HOME="/root/.sdkman/candidates/java/current" -e SPI_BUILD="1" -e SPI_PROCESSING="1" registry.gitlab.com/saguaro1/spi-images:wasm-6.3-latest swift build --swift-sdk swift-6.3.2-RELEASE_wasm 2>&1
wasm-6.3-latest: Pulling from saguaro1/spi-images
Digest: sha256:11aa8e4a9dbcd813ae44128d01e945c51d260b4dfda77b6bb7d997d0cc236164
Status: Image is up to date for registry.gitlab.com/saguaro1/spi-images:wasm-6.3-latest
Fetching https://github.com/apple/swift-collections.git
Fetching https://github.com/apple/swift-atomics.git
Fetching https://github.com/apple/swift-system.git
[1/1889] Fetching swift-atomics
[1890/9262] Fetching swift-atomics, swift-system
[3660/38541] Fetching swift-atomics, swift-system, swift-collections
Fetched https://github.com/apple/swift-atomics.git from cache (1.30s)
Fetched https://github.com/apple/swift-system.git from cache (1.30s)
[2636/29279] Fetching swift-collections
Fetched https://github.com/apple/swift-collections.git from cache (2.26s)
Computing version for https://github.com/apple/swift-atomics.git
Computed https://github.com/apple/swift-atomics.git at 1.3.1 (2.41s)
Computing version for https://github.com/apple/swift-system.git
Computed https://github.com/apple/swift-system.git at 1.8.1 (0.16s)
Computing version for https://github.com/apple/swift-collections.git
Computed https://github.com/apple/swift-collections.git at 1.7.4 (0.22s)
Creating working copy for https://github.com/apple/swift-atomics.git
Working copy of https://github.com/apple/swift-atomics.git resolved at 1.3.1
Creating working copy for https://github.com/apple/swift-system.git
Working copy of https://github.com/apple/swift-system.git resolved at 1.8.1
Creating working copy for https://github.com/apple/swift-collections.git
Working copy of https://github.com/apple/swift-collections.git resolved at 1.7.4
Building for debugging...
[0/128] Compiling CNIOWASI CNIOWASI.c
[1/128] Compiling CNIOLinux liburing_shims.c
[1/128] Compiling CNIOPosix event_loop_id.c
[3/128] Compiling CNIOOpenBSD shim.c
[4/128] Write sources
[9/128] Compiling CNIOLLHTTP c_nio_http.c
[10/128] Write sources
[15/128] Compiling CNIOSHA1 c_nio_sha1.c
[16/128] Write sources
[17/128] Compiling _AtomicsShims.c
[18/128] Write sources
[23/128] Compiling CNIOLLHTTP c_nio_api.c
[24/128] Write sources
[43/128] Write swift-version-24593BA9C3E375BF.txt
[45/128] Write sources
[48/128] Compiling CNIOWindows WSAStartup.c
[49/128] Compiling CNIOLinux shim.c
[49/128] Compiling CSystem shims.c
[51/128] Compiling CNIOWindows shim.c
[52/128] Compiling CNIOFreeBSD shim.c
[53/128] Compiling CNIODarwin shim.c
[54/128] Write sources
[56/217] Emitting module _NIODataStructures
[57/217] Emitting module InternalCollectionsUtilities
[58/220] Emitting module SystemPackage
[58/225] Compiling CNIOLLHTTP c_nio_llhttp.c
[59/225] Compiling c-atomics.c
[60/225] Compiling c-nioatomics.c
[62/232] Emitting module Atomics
[63/234] Compiling _NIODataStructures PriorityQueue.swift
[64/234] Compiling _NIODataStructures _TinyArray.swift
[65/234] Compiling Atomics IntegerConformances.swift
[66/234] Compiling Atomics PointerConformances.swift
[67/234] Compiling Atomics Primitives.native.swift
[68/234] Compiling Atomics AtomicMemoryOrderings.swift
[69/234] Compiling Atomics OptionalRawRepresentable.swift
[70/234] Compiling Atomics RawRepresentable.swift
[71/234] Compiling Atomics AtomicBool.swift
[72/234] Compiling Atomics AtomicInteger.swift
[73/234] Compiling Atomics AtomicOptionalWrappable.swift
[74/234] Compiling Atomics AtomicReference.swift
[75/234] Compiling Atomics UnsafeAtomic.swift
[76/234] Compiling Atomics UnsafeAtomicLazyReference.swift
[77/234] Compiling Atomics IntegerOperations.swift
[78/234] Compiling Atomics Unmanaged extensions.swift
[79/234] Compiling SystemPackage FilePathParsing.swift
[80/234] Compiling SystemPackage FilePathString.swift
[81/234] Compiling SystemPackage FilePathSyntax.swift
[82/234] Compiling SystemPackage FileFlags.swift
[83/234] Compiling InternalCollectionsUtilities UnsafeRawBufferPointer+Extras.swift
[84/234] Compiling InternalCollectionsUtilities _SortedCollection.swift
[85/234] Compiling InternalCollectionsUtilities _UniqueCollection.swift
[94/234] Compiling SystemPackage Exports.swift
[95/234] Compiling SystemPackage Mocking.swift
[96/234] Compiling SystemPackage FilePathComponentView.swift
[97/234] Compiling SystemPackage FilePathComponents.swift
[99/234] Compiling Atomics DoubleWord.swift
[100/234] Compiling Atomics ManagedAtomic.swift
[101/234] Compiling Atomics ManagedAtomicLazyReference.swift
[105/234] Compiling SystemPackage RawBuffer.swift
[106/234] Compiling SystemPackage Syscalls.swift
[107/234] Compiling SystemPackage WindowsSyscallAdapters.swift
[108/234] Compiling SystemPackage MachPort.swift
[109/234] Compiling SystemPackage PlatformString.swift
[113/234] Compiling SystemPackage SystemString.swift
[114/234] Compiling SystemPackage Util+StringArray.swift
[115/234] Compiling SystemPackage Util.swift
[116/234] Compiling SystemPackage UtilConsumers.swift
[117/234] Compiling SystemPackage WinSDK+Overlay.swift
[120/234] Compiling Atomics AtomicStorage.swift
[121/234] Compiling Atomics AtomicValue.swift
[122/234] Compiling NIOConcurrencyHelpers NIOThreadPoolWorkAvailable.swift
[123/234] Emitting module NIOConcurrencyHelpers
[124/234] Compiling NIOConcurrencyHelpers NIOLock.swift
[125/235] Compiling NIOConcurrencyHelpers NIOLockedValueBox.swift
[126/235] Compiling NIOConcurrencyHelpers NIOAtomic.swift
[127/235] Compiling _NIODataStructures Heap.swift
[132/236] Compiling SystemPackage Stat.swift
[134/236] Compiling _NIOBase64 Base64.swift
[135/236] Emitting module _NIOBase64
[144/237] Compiling NIOConcurrencyHelpers lock.swift
[145/237] Compiling NIOConcurrencyHelpers atomics.swift
[146/241] Wrapping AST for InternalCollectionsUtilities for debugging
[148/241] Wrapping AST for _NIODataStructures for debugging
[155/242] Wrapping AST for _NIOBase64 for debugging
[158/243] Compiling SpanPreview MutableSpan+InputSpanHelpers.swift
[159/243] Emitting module SpanPreview
[160/243] Compiling SpanPreview InputSpan.swift
[161/243] Compiling SpanPreview OutputSpan+InputSpanHelpers.swift
[161/244] Wrapping AST for NIOConcurrencyHelpers for debugging
[178/244] Wrapping AST for Atomics for debugging
[179/245] Wrapping AST for SpanPreview for debugging
[181/287] Wrapping AST for SystemPackage for debugging
[183/287] Compiling DequeModule UniqueDeque+Consumption.swift
[184/287] Compiling DequeModule UniqueDeque+ContainerOperations.swift
[185/287] Compiling DequeModule UniqueDeque+Deprecations.swift
[186/287] Compiling DequeModule UniqueDeque+Descriptions.swift
[187/287] Compiling DequeModule UniqueDeque+Equatable.swift
[188/287] Compiling DequeModule UniqueDeque+Hashable.swift
[189/292] Compiling DequeModule UniqueDeque+Initializers.swift
[190/292] Compiling DequeModule UniqueDeque+Insertions.swift
[191/292] Compiling DequeModule UniqueDeque+Iterable.swift
[192/292] Compiling DequeModule UniqueDeque+Prepend.swift
[193/292] Compiling DequeModule UniqueDeque+Removals.swift
[194/292] Compiling DequeModule _DequeBuffer.swift
[195/292] Compiling DequeModule _DequeBufferHeader.swift
[196/292] Compiling DequeModule RigidDeque+Append.swift
[197/292] Compiling DequeModule RigidDeque+Consumption.swift
[198/292] Compiling DequeModule RigidDeque+ContainerOperations.swift
[199/292] Compiling DequeModule RigidDeque+Deprecations.swift
[200/292] Compiling DequeModule RigidDeque+Descriptions.swift
[201/292] Compiling DequeModule RigidDeque+Equatable.swift
[202/292] Compiling DequeModule RigidDeque+Hashable.swift
[203/292] Compiling DequeModule RigidDeque+Initializers.swift
[204/292] Compiling DequeModule RigidDeque+Insertions.swift
[205/292] Compiling DequeModule RigidDeque+Iterable.swift
[206/292] Compiling DequeModule RigidDeque+Prepend.swift
[207/292] Compiling DequeModule RigidDeque+Removals.swift
[208/292] Compiling DequeModule RigidDeque+Replacements.swift
[209/292] Compiling DequeModule RigidDeque+Testing.swift
[210/292] Compiling DequeModule RigidDeque.swift
[211/292] Compiling DequeModule UniqueDeque+Append.swift
[212/292] Compiling DequeModule Deque+Codable.swift
[213/292] Compiling DequeModule Deque+Collection.swift
[214/292] Compiling DequeModule Deque+CustomReflectable.swift
[215/292] Compiling DequeModule Deque+Descriptions.swift
[216/292] Compiling DequeModule Deque+Equatable.swift
[217/292] Compiling DequeModule Deque+ExpressibleByArrayLiteral.swift
[218/292] Compiling DequeModule Deque+Extras.swift
[219/292] Compiling DequeModule Deque+Hashable.swift
[220/292] Compiling DequeModule Deque+Testing.swift
[221/292] Compiling DequeModule Deque._Storage.swift
[222/292] Compiling DequeModule Deque._UnsafeHandle.swift
[223/292] Compiling DequeModule Deque.swift
[224/292] Emitting module DequeModule
[225/292] Compiling DequeModule UniqueDeque+Replacements.swift
[226/292] Compiling DequeModule UniqueDeque.swift
[227/292] Compiling DequeModule _DequeSlot.swift
[228/292] Compiling DequeModule _UnsafeDequeHandle.swift
[229/292] Compiling DequeModule _UnsafeDequeSegments.swift
[230/293] Wrapping AST for DequeModule for debugging
[232/357] Compiling NIOCore NIOCoreSendableMetatype.swift
[233/357] Compiling NIOCore NIODecodedAsyncSequence.swift
[234/357] Compiling NIOCore NIOLoopBound.swift
[235/357] Compiling NIOCore NIOPooledRecvBufferAllocator.swift
[236/357] Compiling NIOCore NIOScheduledCallback.swift
[237/357] Compiling NIOCore NIOSendable.swift
[238/357] Compiling NIOCore NIOSplitLinesMessageDecoder.swift
[239/357] Compiling NIOCore NIOTransportAccessibleChannelCore.swift
[240/357] Compiling NIOCore RecvByteBufferAllocator.swift
[241/357] Compiling NIOCore IPProtocol.swift
[242/357] Compiling NIOCore IntegerBitPacking.swift
[243/357] Compiling NIOCore IntegerTypes.swift
[244/357] Compiling NIOCore Interfaces.swift
[245/357] Compiling NIOCore Linux.swift
[246/357] Compiling NIOCore MarkedCircularBuffer.swift
[247/357] Compiling NIOCore MulticastChannel.swift
[248/357] Compiling NIOCore NIOAny.swift
[249/357] Compiling NIOCore NIOCloseOnErrorHandler.swift
[250/365] Compiling NIOCore EventLoopFuture+Deprecated.swift
[251/365] Compiling NIOCore EventLoopFuture+WithEventLoop.swift
[252/365] Compiling NIOCore EventLoopFuture.swift
[253/365] Compiling NIOCore FileDescriptor.swift
[254/365] Compiling NIOCore FileHandle.swift
[255/365] Compiling NIOCore FileRegion.swift
[256/365] Compiling NIOCore GlobalSingletons.swift
[257/365] Compiling NIOCore IO.swift
[258/365] Compiling NIOCore IOData.swift
[259/365] Compiling NIOCore CircularBuffer.swift
[260/365] Compiling NIOCore Codec.swift
[261/365] Compiling NIOCore ConvenienceOptionSupport.swift
[262/365] Compiling NIOCore DeadChannel.swift
[263/365] Compiling NIOCore DispatchQueue+WithFuture.swift
[264/365] Compiling NIOCore EventLoop+Deprecated.swift
[265/365] Compiling NIOCore EventLoop+SerialExecutor.swift
[266/365] Compiling NIOCore EventLoop.swift
[267/365] Compiling NIOCore EventLoopFuture+AssumeIsolated.swift
[268/365] Compiling NIOCore SingleStepByteToMessageDecoder.swift
[269/365] Compiling NIOCore SocketAddresses.swift
[270/365] Compiling NIOCore SocketOptionProvider.swift
[271/365] Compiling NIOCore SystemCallHelpers.swift
[272/365] Compiling NIOCore TimeAmount+Duration.swift
[273/365] Compiling NIOCore TypeAssistedChannelHandler.swift
[274/365] Compiling NIOCore UniversalBootstrapSupport.swift
[275/365] Compiling NIOCore Utilities.swift
[276/365] Compiling NIOCore AddressedEnvelope.swift
[277/365] Compiling NIOCore AsyncAwaitSupport.swift
[278/365] Compiling NIOCore AsyncChannel.swift
[279/365] Compiling NIOCore AsyncChannelHandler.swift
[280/365] Compiling NIOCore AsyncChannelInboundStream.swift
[281/365] Compiling NIOCore AsyncChannelOutboundWriter.swift
[282/365] Compiling NIOCore NIOAsyncSequenceProducer.swift
[283/365] Compiling NIOCore NIOAsyncSequenceProducerStrategies.swift
[284/365] Compiling NIOCore NIOAsyncWriter.swift
[285/365] Compiling NIOCore NIOThrowingAsyncSequenceProducer.swift
[286/365] Compiling NIOCore BSDSocketAPI.swift
[287/365] Compiling NIOCore ByteBuffer-aux.swift
[288/365] Compiling NIOCore ByteBuffer-binaryEncodedLengthPrefix.swift
[289/365] Compiling NIOCore ByteBuffer-conversions.swift
[290/365] Compiling NIOCore ByteBuffer-core.swift
[291/365] Compiling NIOCore ByteBuffer-hex.swift
[292/365] Compiling NIOCore ByteBuffer-int.swift
[293/365] Compiling NIOCore ByteBuffer-lengthPrefix.swift
[294/365] Emitting module NIOCore
[295/365] Compiling NIOCore ByteBuffer-multi-int.swift
[296/365] Compiling NIOCore ByteBuffer-quicBinaryEncodingStrategy.swift
[297/365] Compiling NIOCore ByteBuffer-views.swift
[298/365] Compiling NIOCore Channel.swift
[299/365] Compiling NIOCore ChannelHandler.swift
[300/365] Compiling NIOCore ChannelHandlers.swift
[301/365] Compiling NIOCore ChannelInvoker.swift
[302/365] Compiling NIOCore ChannelOption.swift
[303/365] Compiling NIOCore ChannelPipeline.swift
[304/382] Wrapping AST for NIOCore for debugging
[306/409] Compiling _NIOConcurrency Empty.swift
[307/417] Emitting module _NIOConcurrency
[308/448] Compiling NIOPosix Selectable.swift
[309/448] Compiling NIOPosix SelectableChannel.swift
[310/448] Compiling NIOPosix SelectableEventLoop.swift
[311/448] Compiling NIOPosix SelectorEpoll.swift
[312/448] Compiling NIOPosix SelectorGeneric.swift
[313/448] Compiling NIOPosix SelectorKqueue.swift
[314/448] Compiling NIOPosix SelectorUring.swift
error: emit-module command failed with exit code 1 (use -v to see invocation)
[315/456] Emitting module NIOPosix
/host/spi-builder-workspace/Sources/NIOPosix/BaseSocketChannel+AccessibleTransport.swift:17:11: error: cannot find type 'BaseSocketChannel' in scope
15 | import NIOCore
16 |
17 | extension BaseSocketChannel where SocketType: BaseSocket {
| `- error: cannot find type 'BaseSocketChannel' in scope
18 | /// The underlying transport type backing this channel.
19 | typealias Transport = NIOBSDSocket.Handle
/host/spi-builder-workspace/Sources/NIOPosix/BaseSocketChannel+AccessibleTransport.swift:27:11: error: cannot find type 'BaseSocketChannel' in scope
25 | }
26 |
27 | extension BaseSocketChannel where SocketType: PipePair {
| `- error: cannot find type 'BaseSocketChannel' in scope
28 | /// The underlying transport type backing this channel.
29 | typealias Transport = NIOBSDSocket.PipeHandle
/host/spi-builder-workspace/Sources/NIOPosix/BaseSocketChannel+AccessibleTransport.swift:42:11: error: cannot find type 'SocketChannel' in scope
40 | }
41 |
42 | extension SocketChannel: NIOTransportAccessibleChannelCore {}
| `- error: cannot find type 'SocketChannel' in scope
43 | extension ServerSocketChannel: NIOTransportAccessibleChannelCore {}
44 | extension DatagramChannel: NIOTransportAccessibleChannelCore {}
/host/spi-builder-workspace/Sources/NIOPosix/BaseSocketChannel+AccessibleTransport.swift:43:11: error: cannot find type 'ServerSocketChannel' in scope
41 |
42 | extension SocketChannel: NIOTransportAccessibleChannelCore {}
43 | extension ServerSocketChannel: NIOTransportAccessibleChannelCore {}
| `- error: cannot find type 'ServerSocketChannel' in scope
44 | extension DatagramChannel: NIOTransportAccessibleChannelCore {}
45 | extension PipeChannel: NIOTransportAccessibleChannelCore {}
/host/spi-builder-workspace/Sources/NIOPosix/BaseSocketChannel+AccessibleTransport.swift:44:11: error: cannot find type 'DatagramChannel' in scope
42 | extension SocketChannel: NIOTransportAccessibleChannelCore {}
43 | extension ServerSocketChannel: NIOTransportAccessibleChannelCore {}
44 | extension DatagramChannel: NIOTransportAccessibleChannelCore {}
| `- error: cannot find type 'DatagramChannel' in scope
45 | extension PipeChannel: NIOTransportAccessibleChannelCore {}
46 |
/host/spi-builder-workspace/Sources/NIOPosix/BaseSocketChannel+AccessibleTransport.swift:45:11: error: cannot find type 'PipeChannel' in scope
43 | extension ServerSocketChannel: NIOTransportAccessibleChannelCore {}
44 | extension DatagramChannel: NIOTransportAccessibleChannelCore {}
45 | extension PipeChannel: NIOTransportAccessibleChannelCore {}
| `- error: cannot find type 'PipeChannel' in scope
46 |
[316/456] Compiling NIOPosix BSDSocketAPICommon.swift
/host/spi-builder-workspace/Sources/NIOPosix/BaseSocketChannel+AccessibleTransport.swift:17:11: error: cannot find type 'BaseSocketChannel' in scope
15 | import NIOCore
16 |
17 | extension BaseSocketChannel where SocketType: BaseSocket {
| `- error: cannot find type 'BaseSocketChannel' in scope
18 | /// The underlying transport type backing this channel.
19 | typealias Transport = NIOBSDSocket.Handle
/host/spi-builder-workspace/Sources/NIOPosix/BaseSocketChannel+AccessibleTransport.swift:27:11: error: cannot find type 'BaseSocketChannel' in scope
25 | }
26 |
27 | extension BaseSocketChannel where SocketType: PipePair {
| `- error: cannot find type 'BaseSocketChannel' in scope
28 | /// The underlying transport type backing this channel.
29 | typealias Transport = NIOBSDSocket.PipeHandle
/host/spi-builder-workspace/Sources/NIOPosix/BaseSocketChannel+AccessibleTransport.swift:42:11: error: cannot find type 'SocketChannel' in scope
40 | }
41 |
42 | extension SocketChannel: NIOTransportAccessibleChannelCore {}
| `- error: cannot find type 'SocketChannel' in scope
43 | extension ServerSocketChannel: NIOTransportAccessibleChannelCore {}
44 | extension DatagramChannel: NIOTransportAccessibleChannelCore {}
/host/spi-builder-workspace/Sources/NIOPosix/BaseSocketChannel+AccessibleTransport.swift:43:11: error: cannot find type 'ServerSocketChannel' in scope
41 |
42 | extension SocketChannel: NIOTransportAccessibleChannelCore {}
43 | extension ServerSocketChannel: NIOTransportAccessibleChannelCore {}
| `- error: cannot find type 'ServerSocketChannel' in scope
44 | extension DatagramChannel: NIOTransportAccessibleChannelCore {}
45 | extension PipeChannel: NIOTransportAccessibleChannelCore {}
/host/spi-builder-workspace/Sources/NIOPosix/BaseSocketChannel+AccessibleTransport.swift:44:11: error: cannot find type 'DatagramChannel' in scope
42 | extension SocketChannel: NIOTransportAccessibleChannelCore {}
43 | extension ServerSocketChannel: NIOTransportAccessibleChannelCore {}
44 | extension DatagramChannel: NIOTransportAccessibleChannelCore {}
| `- error: cannot find type 'DatagramChannel' in scope
45 | extension PipeChannel: NIOTransportAccessibleChannelCore {}
46 |
/host/spi-builder-workspace/Sources/NIOPosix/BaseSocketChannel+AccessibleTransport.swift:45:11: error: cannot find type 'PipeChannel' in scope
43 | extension ServerSocketChannel: NIOTransportAccessibleChannelCore {}
44 | extension DatagramChannel: NIOTransportAccessibleChannelCore {}
45 | extension PipeChannel: NIOTransportAccessibleChannelCore {}
| `- error: cannot find type 'PipeChannel' in scope
46 |
/host/spi-builder-workspace/Sources/NIOPosix/BaseSocketChannel+AccessibleTransport.swift:17:29: error: 'where' clause cannot be applied to a non-generic top-level declaration
15 | import NIOCore
16 |
17 | extension BaseSocketChannel where SocketType: BaseSocket {
| `- error: 'where' clause cannot be applied to a non-generic top-level declaration
18 | /// The underlying transport type backing this channel.
19 | typealias Transport = NIOBSDSocket.Handle
/host/spi-builder-workspace/Sources/NIOPosix/BaseSocketChannel+AccessibleTransport.swift:27:29: error: 'where' clause cannot be applied to a non-generic top-level declaration
25 | }
26 |
27 | extension BaseSocketChannel where SocketType: PipePair {
| `- error: 'where' clause cannot be applied to a non-generic top-level declaration
28 | /// The underlying transport type backing this channel.
29 | typealias Transport = NIOBSDSocket.PipeHandle
[317/456] Compiling NIOPosix BSDSocketAPIPosix.swift
/host/spi-builder-workspace/Sources/NIOPosix/BaseSocketChannel+AccessibleTransport.swift:17:11: error: cannot find type 'BaseSocketChannel' in scope
15 | import NIOCore
16 |
17 | extension BaseSocketChannel where SocketType: BaseSocket {
| `- error: cannot find type 'BaseSocketChannel' in scope
18 | /// The underlying transport type backing this channel.
19 | typealias Transport = NIOBSDSocket.Handle
/host/spi-builder-workspace/Sources/NIOPosix/BaseSocketChannel+AccessibleTransport.swift:27:11: error: cannot find type 'BaseSocketChannel' in scope
25 | }
26 |
27 | extension BaseSocketChannel where SocketType: PipePair {
| `- error: cannot find type 'BaseSocketChannel' in scope
28 | /// The underlying transport type backing this channel.
29 | typealias Transport = NIOBSDSocket.PipeHandle
/host/spi-builder-workspace/Sources/NIOPosix/BaseSocketChannel+AccessibleTransport.swift:42:11: error: cannot find type 'SocketChannel' in scope
40 | }
41 |
42 | extension SocketChannel: NIOTransportAccessibleChannelCore {}
| `- error: cannot find type 'SocketChannel' in scope
43 | extension ServerSocketChannel: NIOTransportAccessibleChannelCore {}
44 | extension DatagramChannel: NIOTransportAccessibleChannelCore {}
/host/spi-builder-workspace/Sources/NIOPosix/BaseSocketChannel+AccessibleTransport.swift:43:11: error: cannot find type 'ServerSocketChannel' in scope
41 |
42 | extension SocketChannel: NIOTransportAccessibleChannelCore {}
43 | extension ServerSocketChannel: NIOTransportAccessibleChannelCore {}
| `- error: cannot find type 'ServerSocketChannel' in scope
44 | extension DatagramChannel: NIOTransportAccessibleChannelCore {}
45 | extension PipeChannel: NIOTransportAccessibleChannelCore {}
/host/spi-builder-workspace/Sources/NIOPosix/BaseSocketChannel+AccessibleTransport.swift:44:11: error: cannot find type 'DatagramChannel' in scope
42 | extension SocketChannel: NIOTransportAccessibleChannelCore {}
43 | extension ServerSocketChannel: NIOTransportAccessibleChannelCore {}
44 | extension DatagramChannel: NIOTransportAccessibleChannelCore {}
| `- error: cannot find type 'DatagramChannel' in scope
45 | extension PipeChannel: NIOTransportAccessibleChannelCore {}
46 |
/host/spi-builder-workspace/Sources/NIOPosix/BaseSocketChannel+AccessibleTransport.swift:45:11: error: cannot find type 'PipeChannel' in scope
43 | extension ServerSocketChannel: NIOTransportAccessibleChannelCore {}
44 | extension DatagramChannel: NIOTransportAccessibleChannelCore {}
45 | extension PipeChannel: NIOTransportAccessibleChannelCore {}
| `- error: cannot find type 'PipeChannel' in scope
46 |
/host/spi-builder-workspace/Sources/NIOPosix/BaseSocketChannel+AccessibleTransport.swift:17:29: error: 'where' clause cannot be applied to a non-generic top-level declaration
15 | import NIOCore
16 |
17 | extension BaseSocketChannel where SocketType: BaseSocket {
| `- error: 'where' clause cannot be applied to a non-generic top-level declaration
18 | /// The underlying transport type backing this channel.
19 | typealias Transport = NIOBSDSocket.Handle
/host/spi-builder-workspace/Sources/NIOPosix/BaseSocketChannel+AccessibleTransport.swift:27:29: error: 'where' clause cannot be applied to a non-generic top-level declaration
25 | }
26 |
27 | extension BaseSocketChannel where SocketType: PipePair {
| `- error: 'where' clause cannot be applied to a non-generic top-level declaration
28 | /// The underlying transport type backing this channel.
29 | typealias Transport = NIOBSDSocket.PipeHandle
[318/456] Compiling NIOPosix BSDSocketAPIWindows.swift
/host/spi-builder-workspace/Sources/NIOPosix/BaseSocketChannel+AccessibleTransport.swift:17:11: error: cannot find type 'BaseSocketChannel' in scope
15 | import NIOCore
16 |
17 | extension BaseSocketChannel where SocketType: BaseSocket {
| `- error: cannot find type 'BaseSocketChannel' in scope
18 | /// The underlying transport type backing this channel.
19 | typealias Transport = NIOBSDSocket.Handle
/host/spi-builder-workspace/Sources/NIOPosix/BaseSocketChannel+AccessibleTransport.swift:27:11: error: cannot find type 'BaseSocketChannel' in scope
25 | }
26 |
27 | extension BaseSocketChannel where SocketType: PipePair {
| `- error: cannot find type 'BaseSocketChannel' in scope
28 | /// The underlying transport type backing this channel.
29 | typealias Transport = NIOBSDSocket.PipeHandle
/host/spi-builder-workspace/Sources/NIOPosix/BaseSocketChannel+AccessibleTransport.swift:42:11: error: cannot find type 'SocketChannel' in scope
40 | }
41 |
42 | extension SocketChannel: NIOTransportAccessibleChannelCore {}
| `- error: cannot find type 'SocketChannel' in scope
43 | extension ServerSocketChannel: NIOTransportAccessibleChannelCore {}
44 | extension DatagramChannel: NIOTransportAccessibleChannelCore {}
/host/spi-builder-workspace/Sources/NIOPosix/BaseSocketChannel+AccessibleTransport.swift:43:11: error: cannot find type 'ServerSocketChannel' in scope
41 |
42 | extension SocketChannel: NIOTransportAccessibleChannelCore {}
43 | extension ServerSocketChannel: NIOTransportAccessibleChannelCore {}
| `- error: cannot find type 'ServerSocketChannel' in scope
44 | extension DatagramChannel: NIOTransportAccessibleChannelCore {}
45 | extension PipeChannel: NIOTransportAccessibleChannelCore {}
/host/spi-builder-workspace/Sources/NIOPosix/BaseSocketChannel+AccessibleTransport.swift:44:11: error: cannot find type 'DatagramChannel' in scope
42 | extension SocketChannel: NIOTransportAccessibleChannelCore {}
43 | extension ServerSocketChannel: NIOTransportAccessibleChannelCore {}
44 | extension DatagramChannel: NIOTransportAccessibleChannelCore {}
| `- error: cannot find type 'DatagramChannel' in scope
45 | extension PipeChannel: NIOTransportAccessibleChannelCore {}
46 |
/host/spi-builder-workspace/Sources/NIOPosix/BaseSocketChannel+AccessibleTransport.swift:45:11: error: cannot find type 'PipeChannel' in scope
43 | extension ServerSocketChannel: NIOTransportAccessibleChannelCore {}
44 | extension DatagramChannel: NIOTransportAccessibleChannelCore {}
45 | extension PipeChannel: NIOTransportAccessibleChannelCore {}
| `- error: cannot find type 'PipeChannel' in scope
46 |
/host/spi-builder-workspace/Sources/NIOPosix/BaseSocketChannel+AccessibleTransport.swift:17:29: error: 'where' clause cannot be applied to a non-generic top-level declaration
15 | import NIOCore
16 |
17 | extension BaseSocketChannel where SocketType: BaseSocket {
| `- error: 'where' clause cannot be applied to a non-generic top-level declaration
18 | /// The underlying transport type backing this channel.
19 | typealias Transport = NIOBSDSocket.Handle
/host/spi-builder-workspace/Sources/NIOPosix/BaseSocketChannel+AccessibleTransport.swift:27:29: error: 'where' clause cannot be applied to a non-generic top-level declaration
25 | }
26 |
27 | extension BaseSocketChannel where SocketType: PipePair {
| `- error: 'where' clause cannot be applied to a non-generic top-level declaration
28 | /// The underlying transport type backing this channel.
29 | typealias Transport = NIOBSDSocket.PipeHandle
[319/456] Compiling NIOPosix BaseSocket.swift
/host/spi-builder-workspace/Sources/NIOPosix/BaseSocketChannel+AccessibleTransport.swift:17:11: error: cannot find type 'BaseSocketChannel' in scope
15 | import NIOCore
16 |
17 | extension BaseSocketChannel where SocketType: BaseSocket {
| `- error: cannot find type 'BaseSocketChannel' in scope
18 | /// The underlying transport type backing this channel.
19 | typealias Transport = NIOBSDSocket.Handle
/host/spi-builder-workspace/Sources/NIOPosix/BaseSocketChannel+AccessibleTransport.swift:27:11: error: cannot find type 'BaseSocketChannel' in scope
25 | }
26 |
27 | extension BaseSocketChannel where SocketType: PipePair {
| `- error: cannot find type 'BaseSocketChannel' in scope
28 | /// The underlying transport type backing this channel.
29 | typealias Transport = NIOBSDSocket.PipeHandle
/host/spi-builder-workspace/Sources/NIOPosix/BaseSocketChannel+AccessibleTransport.swift:42:11: error: cannot find type 'SocketChannel' in scope
40 | }
41 |
42 | extension SocketChannel: NIOTransportAccessibleChannelCore {}
| `- error: cannot find type 'SocketChannel' in scope
43 | extension ServerSocketChannel: NIOTransportAccessibleChannelCore {}
44 | extension DatagramChannel: NIOTransportAccessibleChannelCore {}
/host/spi-builder-workspace/Sources/NIOPosix/BaseSocketChannel+AccessibleTransport.swift:43:11: error: cannot find type 'ServerSocketChannel' in scope
41 |
42 | extension SocketChannel: NIOTransportAccessibleChannelCore {}
43 | extension ServerSocketChannel: NIOTransportAccessibleChannelCore {}
| `- error: cannot find type 'ServerSocketChannel' in scope
44 | extension DatagramChannel: NIOTransportAccessibleChannelCore {}
45 | extension PipeChannel: NIOTransportAccessibleChannelCore {}
/host/spi-builder-workspace/Sources/NIOPosix/BaseSocketChannel+AccessibleTransport.swift:44:11: error: cannot find type 'DatagramChannel' in scope
42 | extension SocketChannel: NIOTransportAccessibleChannelCore {}
43 | extension ServerSocketChannel: NIOTransportAccessibleChannelCore {}
44 | extension DatagramChannel: NIOTransportAccessibleChannelCore {}
| `- error: cannot find type 'DatagramChannel' in scope
45 | extension PipeChannel: NIOTransportAccessibleChannelCore {}
46 |
/host/spi-builder-workspace/Sources/NIOPosix/BaseSocketChannel+AccessibleTransport.swift:45:11: error: cannot find type 'PipeChannel' in scope
43 | extension ServerSocketChannel: NIOTransportAccessibleChannelCore {}
44 | extension DatagramChannel: NIOTransportAccessibleChannelCore {}
45 | extension PipeChannel: NIOTransportAccessibleChannelCore {}
| `- error: cannot find type 'PipeChannel' in scope
46 |
/host/spi-builder-workspace/Sources/NIOPosix/BaseSocketChannel+AccessibleTransport.swift:17:29: error: 'where' clause cannot be applied to a non-generic top-level declaration
15 | import NIOCore
16 |
17 | extension BaseSocketChannel where SocketType: BaseSocket {
| `- error: 'where' clause cannot be applied to a non-generic top-level declaration
18 | /// The underlying transport type backing this channel.
19 | typealias Transport = NIOBSDSocket.Handle
/host/spi-builder-workspace/Sources/NIOPosix/BaseSocketChannel+AccessibleTransport.swift:27:29: error: 'where' clause cannot be applied to a non-generic top-level declaration
25 | }
26 |
27 | extension BaseSocketChannel where SocketType: PipePair {
| `- error: 'where' clause cannot be applied to a non-generic top-level declaration
28 | /// The underlying transport type backing this channel.
29 | typealias Transport = NIOBSDSocket.PipeHandle
[320/456] Compiling NIOPosix BaseSocketChannel+AccessibleTransport.swift
/host/spi-builder-workspace/Sources/NIOPosix/BaseSocketChannel+AccessibleTransport.swift:17:11: error: cannot find type 'BaseSocketChannel' in scope
15 | import NIOCore
16 |
17 | extension BaseSocketChannel where SocketType: BaseSocket {
| `- error: cannot find type 'BaseSocketChannel' in scope
18 | /// The underlying transport type backing this channel.
19 | typealias Transport = NIOBSDSocket.Handle
/host/spi-builder-workspace/Sources/NIOPosix/BaseSocketChannel+AccessibleTransport.swift:27:11: error: cannot find type 'BaseSocketChannel' in scope
25 | }
26 |
27 | extension BaseSocketChannel where SocketType: PipePair {
| `- error: cannot find type 'BaseSocketChannel' in scope
28 | /// The underlying transport type backing this channel.
29 | typealias Transport = NIOBSDSocket.PipeHandle
/host/spi-builder-workspace/Sources/NIOPosix/BaseSocketChannel+AccessibleTransport.swift:42:11: error: cannot find type 'SocketChannel' in scope
40 | }
41 |
42 | extension SocketChannel: NIOTransportAccessibleChannelCore {}
| `- error: cannot find type 'SocketChannel' in scope
43 | extension ServerSocketChannel: NIOTransportAccessibleChannelCore {}
44 | extension DatagramChannel: NIOTransportAccessibleChannelCore {}
/host/spi-builder-workspace/Sources/NIOPosix/BaseSocketChannel+AccessibleTransport.swift:43:11: error: cannot find type 'ServerSocketChannel' in scope
41 |
42 | extension SocketChannel: NIOTransportAccessibleChannelCore {}
43 | extension ServerSocketChannel: NIOTransportAccessibleChannelCore {}
| `- error: cannot find type 'ServerSocketChannel' in scope
44 | extension DatagramChannel: NIOTransportAccessibleChannelCore {}
45 | extension PipeChannel: NIOTransportAccessibleChannelCore {}
/host/spi-builder-workspace/Sources/NIOPosix/BaseSocketChannel+AccessibleTransport.swift:44:11: error: cannot find type 'DatagramChannel' in scope
42 | extension SocketChannel: NIOTransportAccessibleChannelCore {}
43 | extension ServerSocketChannel: NIOTransportAccessibleChannelCore {}
44 | extension DatagramChannel: NIOTransportAccessibleChannelCore {}
| `- error: cannot find type 'DatagramChannel' in scope
45 | extension PipeChannel: NIOTransportAccessibleChannelCore {}
46 |
/host/spi-builder-workspace/Sources/NIOPosix/BaseSocketChannel+AccessibleTransport.swift:45:11: error: cannot find type 'PipeChannel' in scope
43 | extension ServerSocketChannel: NIOTransportAccessibleChannelCore {}
44 | extension DatagramChannel: NIOTransportAccessibleChannelCore {}
45 | extension PipeChannel: NIOTransportAccessibleChannelCore {}
| `- error: cannot find type 'PipeChannel' in scope
46 |
/host/spi-builder-workspace/Sources/NIOPosix/BaseSocketChannel+AccessibleTransport.swift:17:29: error: 'where' clause cannot be applied to a non-generic top-level declaration
15 | import NIOCore
16 |
17 | extension BaseSocketChannel where SocketType: BaseSocket {
| `- error: 'where' clause cannot be applied to a non-generic top-level declaration
18 | /// The underlying transport type backing this channel.
19 | typealias Transport = NIOBSDSocket.Handle
/host/spi-builder-workspace/Sources/NIOPosix/BaseSocketChannel+AccessibleTransport.swift:27:29: error: 'where' clause cannot be applied to a non-generic top-level declaration
25 | }
26 |
27 | extension BaseSocketChannel where SocketType: PipePair {
| `- error: 'where' clause cannot be applied to a non-generic top-level declaration
28 | /// The underlying transport type backing this channel.
29 | typealias Transport = NIOBSDSocket.PipeHandle
[321/456] Compiling NIOPosix BaseSocketChannel+SocketOptionProvider.swift
/host/spi-builder-workspace/Sources/NIOPosix/BaseSocketChannel+AccessibleTransport.swift:17:11: error: cannot find type 'BaseSocketChannel' in scope
15 | import NIOCore
16 |
17 | extension BaseSocketChannel where SocketType: BaseSocket {
| `- error: cannot find type 'BaseSocketChannel' in scope
18 | /// The underlying transport type backing this channel.
19 | typealias Transport = NIOBSDSocket.Handle
/host/spi-builder-workspace/Sources/NIOPosix/BaseSocketChannel+AccessibleTransport.swift:27:11: error: cannot find type 'BaseSocketChannel' in scope
25 | }
26 |
27 | extension BaseSocketChannel where SocketType: PipePair {
| `- error: cannot find type 'BaseSocketChannel' in scope
28 | /// The underlying transport type backing this channel.
29 | typealias Transport = NIOBSDSocket.PipeHandle
/host/spi-builder-workspace/Sources/NIOPosix/BaseSocketChannel+AccessibleTransport.swift:42:11: error: cannot find type 'SocketChannel' in scope
40 | }
41 |
42 | extension SocketChannel: NIOTransportAccessibleChannelCore {}
| `- error: cannot find type 'SocketChannel' in scope
43 | extension ServerSocketChannel: NIOTransportAccessibleChannelCore {}
44 | extension DatagramChannel: NIOTransportAccessibleChannelCore {}
/host/spi-builder-workspace/Sources/NIOPosix/BaseSocketChannel+AccessibleTransport.swift:43:11: error: cannot find type 'ServerSocketChannel' in scope
41 |
42 | extension SocketChannel: NIOTransportAccessibleChannelCore {}
43 | extension ServerSocketChannel: NIOTransportAccessibleChannelCore {}
| `- error: cannot find type 'ServerSocketChannel' in scope
44 | extension DatagramChannel: NIOTransportAccessibleChannelCore {}
45 | extension PipeChannel: NIOTransportAccessibleChannelCore {}
/host/spi-builder-workspace/Sources/NIOPosix/BaseSocketChannel+AccessibleTransport.swift:44:11: error: cannot find type 'DatagramChannel' in scope
42 | extension SocketChannel: NIOTransportAccessibleChannelCore {}
43 | extension ServerSocketChannel: NIOTransportAccessibleChannelCore {}
44 | extension DatagramChannel: NIOTransportAccessibleChannelCore {}
| `- error: cannot find type 'DatagramChannel' in scope
45 | extension PipeChannel: NIOTransportAccessibleChannelCore {}
46 |
/host/spi-builder-workspace/Sources/NIOPosix/BaseSocketChannel+AccessibleTransport.swift:45:11: error: cannot find type 'PipeChannel' in scope
43 | extension ServerSocketChannel: NIOTransportAccessibleChannelCore {}
44 | extension DatagramChannel: NIOTransportAccessibleChannelCore {}
45 | extension PipeChannel: NIOTransportAccessibleChannelCore {}
| `- error: cannot find type 'PipeChannel' in scope
46 |
/host/spi-builder-workspace/Sources/NIOPosix/BaseSocketChannel+AccessibleTransport.swift:17:29: error: 'where' clause cannot be applied to a non-generic top-level declaration
15 | import NIOCore
16 |
17 | extension BaseSocketChannel where SocketType: BaseSocket {
| `- error: 'where' clause cannot be applied to a non-generic top-level declaration
18 | /// The underlying transport type backing this channel.
19 | typealias Transport = NIOBSDSocket.Handle
/host/spi-builder-workspace/Sources/NIOPosix/BaseSocketChannel+AccessibleTransport.swift:27:29: error: 'where' clause cannot be applied to a non-generic top-level declaration
25 | }
26 |
27 | extension BaseSocketChannel where SocketType: PipePair {
| `- error: 'where' clause cannot be applied to a non-generic top-level declaration
28 | /// The underlying transport type backing this channel.
29 | typealias Transport = NIOBSDSocket.PipeHandle
[322/456] Compiling NIOPosix BaseSocketChannel.swift
/host/spi-builder-workspace/Sources/NIOPosix/BaseSocketChannel+AccessibleTransport.swift:17:11: error: cannot find type 'BaseSocketChannel' in scope
15 | import NIOCore
16 |
17 | extension BaseSocketChannel where SocketType: BaseSocket {
| `- error: cannot find type 'BaseSocketChannel' in scope
18 | /// The underlying transport type backing this channel.
19 | typealias Transport = NIOBSDSocket.Handle
/host/spi-builder-workspace/Sources/NIOPosix/BaseSocketChannel+AccessibleTransport.swift:27:11: error: cannot find type 'BaseSocketChannel' in scope
25 | }
26 |
27 | extension BaseSocketChannel where SocketType: PipePair {
| `- error: cannot find type 'BaseSocketChannel' in scope
28 | /// The underlying transport type backing this channel.
29 | typealias Transport = NIOBSDSocket.PipeHandle
/host/spi-builder-workspace/Sources/NIOPosix/BaseSocketChannel+AccessibleTransport.swift:42:11: error: cannot find type 'SocketChannel' in scope
40 | }
41 |
42 | extension SocketChannel: NIOTransportAccessibleChannelCore {}
| `- error: cannot find type 'SocketChannel' in scope
43 | extension ServerSocketChannel: NIOTransportAccessibleChannelCore {}
44 | extension DatagramChannel: NIOTransportAccessibleChannelCore {}
/host/spi-builder-workspace/Sources/NIOPosix/BaseSocketChannel+AccessibleTransport.swift:43:11: error: cannot find type 'ServerSocketChannel' in scope
41 |
42 | extension SocketChannel: NIOTransportAccessibleChannelCore {}
43 | extension ServerSocketChannel: NIOTransportAccessibleChannelCore {}
| `- error: cannot find type 'ServerSocketChannel' in scope
44 | extension DatagramChannel: NIOTransportAccessibleChannelCore {}
45 | extension PipeChannel: NIOTransportAccessibleChannelCore {}
/host/spi-builder-workspace/Sources/NIOPosix/BaseSocketChannel+AccessibleTransport.swift:44:11: error: cannot find type 'DatagramChannel' in scope
42 | extension SocketChannel: NIOTransportAccessibleChannelCore {}
43 | extension ServerSocketChannel: NIOTransportAccessibleChannelCore {}
44 | extension DatagramChannel: NIOTransportAccessibleChannelCore {}
| `- error: cannot find type 'DatagramChannel' in scope
45 | extension PipeChannel: NIOTransportAccessibleChannelCore {}
46 |
/host/spi-builder-workspace/Sources/NIOPosix/BaseSocketChannel+AccessibleTransport.swift:45:11: error: cannot find type 'PipeChannel' in scope
43 | extension ServerSocketChannel: NIOTransportAccessibleChannelCore {}
44 | extension DatagramChannel: NIOTransportAccessibleChannelCore {}
45 | extension PipeChannel: NIOTransportAccessibleChannelCore {}
| `- error: cannot find type 'PipeChannel' in scope
46 |
/host/spi-builder-workspace/Sources/NIOPosix/BaseSocketChannel+AccessibleTransport.swift:17:29: error: 'where' clause cannot be applied to a non-generic top-level declaration
15 | import NIOCore
16 |
17 | extension BaseSocketChannel where SocketType: BaseSocket {
| `- error: 'where' clause cannot be applied to a non-generic top-level declaration
18 | /// The underlying transport type backing this channel.
19 | typealias Transport = NIOBSDSocket.Handle
/host/spi-builder-workspace/Sources/NIOPosix/BaseSocketChannel+AccessibleTransport.swift:27:29: error: 'where' clause cannot be applied to a non-generic top-level declaration
25 | }
26 |
27 | extension BaseSocketChannel where SocketType: PipePair {
| `- error: 'where' clause cannot be applied to a non-generic top-level declaration
28 | /// The underlying transport type backing this channel.
29 | typealias Transport = NIOBSDSocket.PipeHandle
[324/456] Compiling NIOTLS TLSEvents.swift
[325/456] Compiling NIOPosix PipeChannel.swift
[326/456] Compiling NIOPosix PipePair.swift
[327/456] Compiling NIOPosix Pool.swift
[328/456] Compiling NIOPosix PosixSingletons+ConcurrencyTakeOver.swift
[329/456] Compiling NIOPosix PosixSingletons.swift
[330/456] Compiling NIOPosix RawSocketBootstrap.swift
[331/456] Compiling NIOPosix Resolver.swift
[332/456] Compiling NIOPosix SelectorWSAPoll.swift
[333/456] Compiling NIOPosix ServerSocket.swift
[334/456] Compiling NIOPosix Socket.swift
[335/456] Compiling NIOPosix SocketChannel.swift
[336/456] Compiling NIOPosix SocketProtocols.swift
[337/456] Compiling NIOPosix StructuredConcurrencyHelpers.swift
[338/456] Compiling NIOPosix System.swift
[338/456] Wrapping AST for _NIOConcurrency for debugging
[340/456] Compiling NIOPosix Thread.swift
[341/456] Compiling NIOPosix ThreadPosix.swift
[342/456] Compiling NIOPosix ThreadWindows.swift
[343/456] Compiling NIOPosix Utilities.swift
[344/456] Compiling NIOPosix VsockAddress.swift
[345/456] Compiling NIOPosix VsockChannelEvents.swift
[346/456] Compiling NIOPosix Windows.swift
[347/456] Compiling NIOPosix BaseStreamSocketChannel.swift
[348/456] Compiling NIOPosix Bootstrap.swift
[349/456] Compiling NIOPosix ControlMessage.swift
[350/456] Compiling NIOPosix DatagramVectorReadManager.swift
[351/456] Compiling NIOPosix Errors+Any.swift
[352/456] Compiling NIOPosix FileDescriptor.swift
[353/456] Compiling NIOPosix GetaddrinfoResolver.swift
[354/456] Compiling NIOPosix HappyEyeballs.swift
[355/456] Compiling NIOPosix IO.swift
[356/456] Compiling NIOPosix IntegerBitPacking.swift
[357/456] Compiling NIOPosix IntegerTypes.swift
[358/456] Compiling NIOPosix Linux.swift
[359/456] Compiling NIOPosix LinuxCPUSet.swift
[360/456] Compiling NIOPosix LinuxUring.swift
[361/456] Compiling NIOPosix MultiThreadedEventLoopGroup.swift
[362/456] Compiling NIOPosix NIOPosixSendableMetatype.swift
[363/456] Compiling NIOPosix NIORandomizedDNSResolver.swift
[364/456] Compiling NIOPosix NIOThreadPool.swift
[365/456] Compiling NIOPosix NonBlockingFileIO.swift
[366/456] Compiling NIOPosix PendingDatagramWritesManager.swift
[367/456] Compiling NIOPosix PendingWritesManager.swift
[368/456] Compiling NIOEmbedded AsyncTestingEventLoop.swift
[369/456] Compiling NIOEmbedded AsyncTestingChannel.swift
BUILD FAILURE 6.3 wasm