The Swift Package Index logo.Swift Package Index

Build Information

Failed to build Pipify, reference main (64e24e), with Swift 6.4 for watchOS using Xcode 27.0 on 21 Sep 2026 13:03:25 UTC.

Build Command

env DEVELOPER_DIR=/Applications/Xcode-27.0.0-Release.Candidate.app xcrun xcodebuild -IDEClonedSourcePackagesDirPathOverride=$PWD/.dependencies -skipMacroValidation -skipPackagePluginValidation -derivedDataPath $PWD/.derivedData build -scheme Pipify -destination generic/platform=watchOS

Build Log

========================================
RunAll
========================================
Builder version: 5.1.0
Interrupt handler set up.
========================================
Checkout
========================================
Clone URL: https://github.com/getsidetrack/swiftui-pipify.git
Reference: main
Initialized empty Git repository in /Users/admin/builder/spi-builder-workspace/.git/
From https://github.com/getsidetrack/swiftui-pipify
 * branch            main       -> FETCH_HEAD
 * [new branch]      main       -> origin/main
HEAD is now at 64e24ee Resolve macOS Compilation Error
Cloned https://github.com/getsidetrack/swiftui-pipify.git
Revision (git rev-parse @):
64e24ee19e4caf18cde4e81fb24229999bb2f1d4
SUCCESS checkout https://github.com/getsidetrack/swiftui-pipify.git at main
========================================
Build
========================================
Selected platform:         watchOS
Swift version:             6.4
Building package at path:  $PWD
https://github.com/getsidetrack/swiftui-pipify.git
Command line invocation:
    /Applications/Xcode-27.0.0-Release.Candidate.app/Contents/Developer/usr/bin/xcodebuild -IDEClonedSourcePackagesDirPathOverride=/Users/admin/builder/spi-builder-workspace/.dependencies -resolvePackageDependencies
Resolve Package Graph
Resolve Package Graph
Resolved source packages:
  Pipify: /Users/admin/builder/spi-builder-workspace
resolved source packages: Pipify
2026-09-21 09:02:33.135 xcodebuild[530:3016] [MT] IDERunDestination: Supported platforms for the buildables in the current scheme is empty.
{
  "dependencies" : [
  ],
  "manifest_display_name" : "Pipify",
  "name" : "Pipify",
  "path" : "/Users/admin/builder/spi-builder-workspace",
  "platforms" : [
    {
      "name" : "ios",
      "version" : "16.0.0"
    },
    {
      "name" : "macos",
      "version" : "13.0.0"
    },
    {
      "name" : "tvos",
      "version" : "16.0.0"
    },
    {
      "name" : "maccatalyst",
      "version" : "16.0.0"
    }
  ],
  "products" : [
    {
      "name" : "Pipify",
      "targets" : [
        "Pipify"
      ],
      "type" : {
        "library" : [
          "automatic"
        ]
      }
    }
  ],
  "targets" : [
    {
      "c99name" : "Pipify",
      "module_type" : "SwiftTarget",
      "name" : "Pipify",
      "path" : "Sources",
      "product_memberships" : [
        "Pipify"
      ],
      "sources" : [
        "LayerView.swift",
        "PipifyController.swift",
        "PipifyViewModifier.swift",
        "View+Buffer.swift",
        "View+Changes.swift",
        "View+Pipify.swift"
      ],
      "type" : "library"
    }
  ],
  "tools_version" : "5.6"
}
{
  "workspace" : {
    "name" : "Pipify",
    "schemes" : [
      "Pipify"
    ]
  }
}
2026-09-21 09:03:14.136 xcodebuild[653:4148] [MT] IDERunDestination: Supported platforms for the buildables in the current scheme is empty.
Running build ...
env DEVELOPER_DIR=/Applications/Xcode-27.0.0-Release.Candidate.app xcrun xcodebuild -IDEClonedSourcePackagesDirPathOverride=$PWD/.dependencies -skipMacroValidation -skipPackagePluginValidation -derivedDataPath $PWD/.derivedData build -scheme Pipify -destination generic/platform=watchOS
Command line invocation:
    /Applications/Xcode-27.0.0-Release.Candidate.app/Contents/Developer/usr/bin/xcodebuild -IDEClonedSourcePackagesDirPathOverride=/Users/admin/builder/spi-builder-workspace/.dependencies -skipMacroValidation -skipPackagePluginValidation -derivedDataPath /Users/admin/builder/spi-builder-workspace/.derivedData build -scheme Pipify -destination generic/platform=watchOS
Resolve Package Graph
Resolved source packages:
  Pipify: /Users/admin/builder/spi-builder-workspace
ComputePackagePrebuildTargetDependencyGraph
Prepare packages
CreateBuildRequest
SendProjectDescription
CreateBuildOperation
ComputeTargetDependencyGraph
note: Building targets in dependency order
note: Target dependency graph (2 targets)
    Target 'Pipify-product' in project 'Pipify'
        ➜ Explicit dependency on target 'Pipify' in project 'Pipify'
    Target 'Pipify' in project 'Pipify' (no dependencies)
GatherProvisioningInputs
CreateBuildDescription
ExecuteExternalTool /Applications/Xcode-27.0.0-Release.Candidate.app/Contents/Developer/Toolchains/XcodeDefault.xctoolchain/usr/bin/clang -v -E -dM -isysroot /Applications/Xcode-27.0.0-Release.Candidate.app/Contents/Developer/Platforms/WatchOS.platform/Developer/SDKs/WatchOS27.0.sdk -x c -c /dev/null
ExecuteExternalTool /Applications/Xcode-27.0.0-Release.Candidate.app/Contents/Developer/Toolchains/XcodeDefault.xctoolchain/usr/bin/swiftc --version
ExecuteExternalTool /Applications/Xcode-27.0.0-Release.Candidate.app/Contents/Developer/Toolchains/XcodeDefault.xctoolchain/usr/bin/ld -version_details
Build description signature: ec01c7ed57642c789721e903b6113342
Build description path: /Users/admin/builder/spi-builder-workspace/.derivedData/Build/Intermediates.noindex/XCBuildData/ec01c7ed57642c789721e903b6113342.xcbuilddata
CreateBuildDirectory /Users/admin/builder/spi-builder-workspace/.derivedData/SDKExplicitPrecompiledModules
    cd /Users/admin/builder/spi-builder-workspace/.swiftpm/xcode
    builtin-create-build-directory /Users/admin/builder/spi-builder-workspace/.derivedData/SDKExplicitPrecompiledModules
CreateBuildDirectory /Users/admin/builder/spi-builder-workspace/.derivedData/ModuleCache.noindex
    cd /Users/admin/builder/spi-builder-workspace/.swiftpm/xcode
    builtin-create-build-directory /Users/admin/builder/spi-builder-workspace/.derivedData/ModuleCache.noindex
CreateBuildDirectory /Users/admin/builder/spi-builder-workspace/.derivedData/CompilationCache.noindex
    cd /Users/admin/builder/spi-builder-workspace/.swiftpm/xcode
    builtin-create-build-directory /Users/admin/builder/spi-builder-workspace/.derivedData/CompilationCache.noindex
CreateBuildDirectory /Users/admin/builder/spi-builder-workspace/.derivedData/Build/Intermediates.noindex
    cd /Users/admin/builder/spi-builder-workspace/.swiftpm/xcode
    builtin-create-build-directory /Users/admin/builder/spi-builder-workspace/.derivedData/Build/Intermediates.noindex
CreateBuildDirectory /Users/admin/builder/spi-builder-workspace/.derivedData/Build/Products
    cd /Users/admin/builder/spi-builder-workspace/.swiftpm/xcode
    builtin-create-build-directory /Users/admin/builder/spi-builder-workspace/.derivedData/Build/Products
ClangStatCache /Applications/Xcode-27.0.0-Release.Candidate.app/Contents/Developer/Toolchains/XcodeDefault.xctoolchain/usr/bin/clang-stat-cache /Applications/Xcode-27.0.0-Release.Candidate.app/Contents/Developer/Platforms/WatchOS.platform/Developer/SDKs/WatchOS27.0.sdk /Users/admin/builder/spi-builder-workspace/.derivedData/SDKStatCaches.noindex/watchos27.0-24R360-e829b21a6f8c9b70876ba0858053c04477534ef55a1706bf4c1112bbb242f0a2.sdkstatcache
    cd /Users/admin/builder/spi-builder-workspace/.swiftpm/xcode
    /Applications/Xcode-27.0.0-Release.Candidate.app/Contents/Developer/Toolchains/XcodeDefault.xctoolchain/usr/bin/clang-stat-cache /Applications/Xcode-27.0.0-Release.Candidate.app/Contents/Developer/Platforms/WatchOS.platform/Developer/SDKs/WatchOS27.0.sdk -o /Users/admin/builder/spi-builder-workspace/.derivedData/SDKStatCaches.noindex/watchos27.0-24R360-e829b21a6f8c9b70876ba0858053c04477534ef55a1706bf4c1112bbb242f0a2.sdkstatcache
CreateBuildDirectory /Users/admin/builder/spi-builder-workspace/.derivedData/Build/Intermediates.noindex/SwiftExplicitPrecompiledModules
    cd /Users/admin/builder/spi-builder-workspace/.swiftpm/xcode
    builtin-create-build-directory /Users/admin/builder/spi-builder-workspace/.derivedData/Build/Intermediates.noindex/SwiftExplicitPrecompiledModules
CreateBuildDirectory /Users/admin/builder/spi-builder-workspace/.derivedData/Build/Intermediates.noindex/ExplicitPrecompiledModules
    cd /Users/admin/builder/spi-builder-workspace/.swiftpm/xcode
    builtin-create-build-directory /Users/admin/builder/spi-builder-workspace/.derivedData/Build/Intermediates.noindex/ExplicitPrecompiledModules
CreateBuildDirectory /Users/admin/builder/spi-builder-workspace/.derivedData/Build/Intermediates.noindex/PrecompiledHeaders
    cd /Users/admin/builder/spi-builder-workspace/.swiftpm/xcode
    builtin-create-build-directory /Users/admin/builder/spi-builder-workspace/.derivedData/Build/Intermediates.noindex/PrecompiledHeaders
CreateBuildDirectory /Users/admin/builder/spi-builder-workspace/.derivedData/Build/Products/Debug-watchos
    cd /Users/admin/builder/spi-builder-workspace/.swiftpm/xcode
    builtin-create-build-directory /Users/admin/builder/spi-builder-workspace/.derivedData/Build/Products/Debug-watchos
CreateBuildDirectory /Users/admin/builder/spi-builder-workspace/.derivedData/Build/Intermediates.noindex/EagerLinkingTBDs/Debug-watchos
    cd /Users/admin/builder/spi-builder-workspace/.swiftpm/xcode
    builtin-create-build-directory /Users/admin/builder/spi-builder-workspace/.derivedData/Build/Intermediates.noindex/EagerLinkingTBDs/Debug-watchos
CreateBuildDirectory /Users/admin/builder/spi-builder-workspace/.derivedData/Build/Products/Debug-watchos/PackageFrameworks
    cd /Users/admin/builder/spi-builder-workspace/.swiftpm/xcode
    builtin-create-build-directory /Users/admin/builder/spi-builder-workspace/.derivedData/Build/Products/Debug-watchos/PackageFrameworks
WriteAuxiliaryFile /Users/admin/builder/spi-builder-workspace/.derivedData/Build/Intermediates.noindex/Pipify.build/Debug-watchos/Pipify-t.build/Pipify.modulemap (in target 'Pipify' from project 'Pipify')
    cd /Users/admin/builder/spi-builder-workspace
    write-file /Users/admin/builder/spi-builder-workspace/.derivedData/Build/Intermediates.noindex/Pipify.build/Debug-watchos/Pipify-t.build/Pipify.modulemap
WriteAuxiliaryFile /Users/admin/builder/spi-builder-workspace/.derivedData/Build/Intermediates.noindex/Pipify.build/Debug-watchos/Pipify-t.build/Pipify.DependencyStaticMetadataFileList (in target 'Pipify' from project 'Pipify')
    cd /Users/admin/builder/spi-builder-workspace
    write-file /Users/admin/builder/spi-builder-workspace/.derivedData/Build/Intermediates.noindex/Pipify.build/Debug-watchos/Pipify-t.build/Pipify.DependencyStaticMetadataFileList
WriteAuxiliaryFile /Users/admin/builder/spi-builder-workspace/.derivedData/Build/Intermediates.noindex/Pipify.build/Debug-watchos/Pipify-t.build/Objects-normal/arm64_32/Pipify.LinkFileList (in target 'Pipify' from project 'Pipify')
    cd /Users/admin/builder/spi-builder-workspace
    write-file /Users/admin/builder/spi-builder-workspace/.derivedData/Build/Intermediates.noindex/Pipify.build/Debug-watchos/Pipify-t.build/Objects-normal/arm64_32/Pipify.LinkFileList
WriteAuxiliaryFile /Users/admin/builder/spi-builder-workspace/.derivedData/Build/Intermediates.noindex/Pipify.build/Debug-watchos/Pipify-t.build/Objects-normal/arm64_32/Pipify-OutputFileMap.json (in target 'Pipify' from project 'Pipify')
    cd /Users/admin/builder/spi-builder-workspace
    write-file /Users/admin/builder/spi-builder-workspace/.derivedData/Build/Intermediates.noindex/Pipify.build/Debug-watchos/Pipify-t.build/Objects-normal/arm64_32/Pipify-OutputFileMap.json
WriteAuxiliaryFile /Users/admin/builder/spi-builder-workspace/.derivedData/Build/Intermediates.noindex/Pipify.build/Debug-watchos/Pipify-t.build/Objects-normal/arm64/Pipify.LinkFileList (in target 'Pipify' from project 'Pipify')
    cd /Users/admin/builder/spi-builder-workspace
    write-file /Users/admin/builder/spi-builder-workspace/.derivedData/Build/Intermediates.noindex/Pipify.build/Debug-watchos/Pipify-t.build/Objects-normal/arm64/Pipify.LinkFileList
WriteAuxiliaryFile /Users/admin/builder/spi-builder-workspace/.derivedData/Build/Intermediates.noindex/Pipify.build/Debug-watchos/Pipify-t.build/Objects-normal/arm64_32/Pipify.SwiftConstValuesFileList (in target 'Pipify' from project 'Pipify')
    cd /Users/admin/builder/spi-builder-workspace
    write-file /Users/admin/builder/spi-builder-workspace/.derivedData/Build/Intermediates.noindex/Pipify.build/Debug-watchos/Pipify-t.build/Objects-normal/arm64_32/Pipify.SwiftConstValuesFileList
WriteAuxiliaryFile /Users/admin/builder/spi-builder-workspace/.derivedData/Build/Intermediates.noindex/Pipify.build/Debug-watchos/Pipify-t.build/Objects-normal/arm64/Pipify-OutputFileMap.json (in target 'Pipify' from project 'Pipify')
    cd /Users/admin/builder/spi-builder-workspace
    write-file /Users/admin/builder/spi-builder-workspace/.derivedData/Build/Intermediates.noindex/Pipify.build/Debug-watchos/Pipify-t.build/Objects-normal/arm64/Pipify-OutputFileMap.json
WriteAuxiliaryFile /Users/admin/builder/spi-builder-workspace/.derivedData/Build/Intermediates.noindex/Pipify.build/Debug-watchos/Pipify-t.build/Objects-normal/arm64/Pipify_const_extract_protocols.json (in target 'Pipify' from project 'Pipify')
    cd /Users/admin/builder/spi-builder-workspace
    write-file /Users/admin/builder/spi-builder-workspace/.derivedData/Build/Intermediates.noindex/Pipify.build/Debug-watchos/Pipify-t.build/Objects-normal/arm64/Pipify_const_extract_protocols.json
WriteAuxiliaryFile /Users/admin/builder/spi-builder-workspace/.derivedData/Build/Intermediates.noindex/Pipify.build/Debug-watchos/Pipify-t.build/Objects-normal/arm64_32/Pipify_const_extract_protocols.json (in target 'Pipify' from project 'Pipify')
    cd /Users/admin/builder/spi-builder-workspace
    write-file /Users/admin/builder/spi-builder-workspace/.derivedData/Build/Intermediates.noindex/Pipify.build/Debug-watchos/Pipify-t.build/Objects-normal/arm64_32/Pipify_const_extract_protocols.json
WriteAuxiliaryFile /Users/admin/builder/spi-builder-workspace/.derivedData/Build/Intermediates.noindex/Pipify.build/Debug-watchos/Pipify-t.build/Objects-normal/arm64_32/Pipify.SwiftFileList (in target 'Pipify' from project 'Pipify')
    cd /Users/admin/builder/spi-builder-workspace
    write-file /Users/admin/builder/spi-builder-workspace/.derivedData/Build/Intermediates.noindex/Pipify.build/Debug-watchos/Pipify-t.build/Objects-normal/arm64_32/Pipify.SwiftFileList
WriteAuxiliaryFile /Users/admin/builder/spi-builder-workspace/.derivedData/Build/Intermediates.noindex/Pipify.build/Debug-watchos/Pipify-t.build/Pipify.DependencyMetadataFileList (in target 'Pipify' from project 'Pipify')
    cd /Users/admin/builder/spi-builder-workspace
    write-file /Users/admin/builder/spi-builder-workspace/.derivedData/Build/Intermediates.noindex/Pipify.build/Debug-watchos/Pipify-t.build/Pipify.DependencyMetadataFileList
WriteAuxiliaryFile /Users/admin/builder/spi-builder-workspace/.derivedData/Build/Intermediates.noindex/Pipify.build/Debug-watchos/Pipify-t.build/Objects-normal/arm64/Pipify.SwiftFileList (in target 'Pipify' from project 'Pipify')
    cd /Users/admin/builder/spi-builder-workspace
    write-file /Users/admin/builder/spi-builder-workspace/.derivedData/Build/Intermediates.noindex/Pipify.build/Debug-watchos/Pipify-t.build/Objects-normal/arm64/Pipify.SwiftFileList
WriteAuxiliaryFile /Users/admin/builder/spi-builder-workspace/.derivedData/Build/Intermediates.noindex/Pipify.build/Debug-watchos/Pipify-t.build/Objects-normal/arm64/Pipify.SwiftConstValuesFileList (in target 'Pipify' from project 'Pipify')
    cd /Users/admin/builder/spi-builder-workspace
    write-file /Users/admin/builder/spi-builder-workspace/.derivedData/Build/Intermediates.noindex/Pipify.build/Debug-watchos/Pipify-t.build/Objects-normal/arm64/Pipify.SwiftConstValuesFileList
Copy /Users/admin/builder/spi-builder-workspace/.derivedData/Build/Intermediates.noindex/GeneratedModuleMaps-watchos/Pipify.modulemap /Users/admin/builder/spi-builder-workspace/.derivedData/Build/Intermediates.noindex/Pipify.build/Debug-watchos/Pipify-t.build/Pipify.modulemap (in target 'Pipify' from project 'Pipify')
    cd /Users/admin/builder/spi-builder-workspace
    builtin-copy -exclude .DS_Store -exclude CVS -exclude .svn -exclude .git -exclude .hg -resolve-src-symlinks /Users/admin/builder/spi-builder-workspace/.derivedData/Build/Intermediates.noindex/Pipify.build/Debug-watchos/Pipify-t.build/Pipify.modulemap /Users/admin/builder/spi-builder-workspace/.derivedData/Build/Intermediates.noindex/GeneratedModuleMaps-watchos
SwiftDriver Pipify normal arm64_32 com.apple.xcode.tools.swift.compiler (in target 'Pipify' from project 'Pipify')
    cd /Users/admin/builder/spi-builder-workspace/.swiftpm/xcode
    builtin-SwiftDriver -- /Applications/Xcode-27.0.0-Release.Candidate.app/Contents/Developer/Toolchains/XcodeDefault.xctoolchain/usr/bin/swiftc -parse-as-library -module-name Pipify -Onone @/Users/admin/builder/spi-builder-workspace/.derivedData/Build/Intermediates.noindex/Pipify.build/Debug-watchos/Pipify-t.build/Objects-normal/arm64_32/Pipify.SwiftFileList -DSWIFT_PACKAGE -DDEBUG -DSWIFT_MODULE_RESOURCE_BUNDLE_UNAVAILABLE -DXcode -plugin-path /Applications/Xcode-27.0.0-Release.Candidate.app/Contents/Developer/Toolchains/XcodeDefault.xctoolchain/usr/lib/swift/host/plugins/testing -enable-experimental-feature DebugDescriptionMacro -sdk /Applications/Xcode-27.0.0-Release.Candidate.app/Contents/Developer/Platforms/WatchOS.platform/Developer/SDKs/WatchOS27.0.sdk -target arm64_32-apple-watchos9.0 -g -module-cache-path /Users/admin/builder/spi-builder-workspace/.derivedData/ModuleCache.noindex -Xfrontend -serialize-debugging-options -enable-testing -index-store-path /Users/admin/builder/spi-builder-workspace/.derivedData/Index.noindex/DataStore -Xcc -D_LIBCPP_HARDENING_MODE\=_LIBCPP_HARDENING_MODE_DEBUG -swift-version 5 -I /Users/admin/builder/spi-builder-workspace/.derivedData/Build/Products/Debug-watchos -Isystem /Applications/Xcode-27.0.0-Release.Candidate.app/Contents/Developer/Platforms/WatchOS.platform/Developer/usr/lib -F /Users/admin/builder/spi-builder-workspace/.derivedData/Build/Products/Debug-watchos -F /Applications/Xcode-27.0.0-Release.Candidate.app/Contents/Developer/Platforms/WatchOS.platform/Developer/Library/Frameworks -F /Applications/Xcode-27.0.0-Release.Candidate.app/Contents/Developer/Platforms/WatchOS.platform/Developer/SDKs/WatchOS27.0.sdk/Developer/Library/Frameworks -c -j10 -enable-batch-mode -incremental -Xcc -ivfsstatcache -Xcc /Users/admin/builder/spi-builder-workspace/.derivedData/SDKStatCaches.noindex/watchos27.0-24R360-e829b21a6f8c9b70876ba0858053c04477534ef55a1706bf4c1112bbb242f0a2.sdkstatcache -output-file-map /Users/admin/builder/spi-builder-workspace/.derivedData/Build/Intermediates.noindex/Pipify.build/Debug-watchos/Pipify-t.build/Objects-normal/arm64_32/Pipify-OutputFileMap.json -save-temps -no-color-diagnostics -explicit-module-build -module-cache-path /Users/admin/builder/spi-builder-workspace/.derivedData/Build/Intermediates.noindex/SwiftExplicitPrecompiledModules -clang-scanner-module-cache-path /Users/admin/builder/spi-builder-workspace/.derivedData/ModuleCache.noindex -sdk-module-cache-path /Users/admin/builder/spi-builder-workspace/.derivedData/SDKExplicitPrecompiledModules -emit-dependencies -emit-module -emit-module-path /Users/admin/builder/spi-builder-workspace/.derivedData/Build/Intermediates.noindex/Pipify.build/Debug-watchos/Pipify-t.build/Objects-normal/arm64_32/Pipify.swiftmodule -serialize-diagnostics -dependency-scan-serialize-diagnostics-path /Users/admin/builder/spi-builder-workspace/.derivedData/Build/Intermediates.noindex/Pipify.build/Debug-watchos/Pipify-t.build/Objects-normal/arm64_32/Pipify-dependency-scan.dia -validate-clang-modules-once -clang-build-session-file /Users/admin/builder/spi-builder-workspace/.derivedData/ModuleCache.noindex/Session.modulevalidation -Xcc -fmodules-prune-interval\=86400 -Xcc -fmodules-prune-after\=345600 -emit-const-values -const-gather-protocols-list /Users/admin/builder/spi-builder-workspace/.derivedData/Build/Intermediates.noindex/Pipify.build/Debug-watchos/Pipify-t.build/Objects-normal/arm64_32/Pipify_const_extract_protocols.json -Xcc -I/Users/admin/builder/spi-builder-workspace/.derivedData/Build/Products/Debug-watchos/include -Xcc -I/Users/admin/builder/spi-builder-workspace/.derivedData/Build/Intermediates.noindex/Pipify.build/Debug-watchos/Pipify-t.build/DerivedSources-normal/arm64_32 -Xcc -I/Users/admin/builder/spi-builder-workspace/.derivedData/Build/Intermediates.noindex/Pipify.build/Debug-watchos/Pipify-t.build/DerivedSources/arm64_32 -Xcc -I/Users/admin/builder/spi-builder-workspace/.derivedData/Build/Intermediates.noindex/Pipify.build/Debug-watchos/Pipify-t.build/DerivedSources -Xcc -DSWIFT_PACKAGE -Xcc -DDEBUG\=1 -emit-objc-header -emit-objc-header-path /Users/admin/builder/spi-builder-workspace/.derivedData/Build/Intermediates.noindex/Pipify.build/Debug-watchos/Pipify-t.build/Objects-normal/arm64_32/Pipify-Swift.h -working-directory /Users/admin/builder/spi-builder-workspace/.swiftpm/xcode -experimental-emit-module-separately -disable-cmo
SwiftDriver Pipify normal arm64 com.apple.xcode.tools.swift.compiler (in target 'Pipify' from project 'Pipify')
    cd /Users/admin/builder/spi-builder-workspace/.swiftpm/xcode
    builtin-SwiftDriver -- /Applications/Xcode-27.0.0-Release.Candidate.app/Contents/Developer/Toolchains/XcodeDefault.xctoolchain/usr/bin/swiftc -parse-as-library -module-name Pipify -Onone @/Users/admin/builder/spi-builder-workspace/.derivedData/Build/Intermediates.noindex/Pipify.build/Debug-watchos/Pipify-t.build/Objects-normal/arm64/Pipify.SwiftFileList -DSWIFT_PACKAGE -DDEBUG -DSWIFT_MODULE_RESOURCE_BUNDLE_UNAVAILABLE -DXcode -plugin-path /Applications/Xcode-27.0.0-Release.Candidate.app/Contents/Developer/Toolchains/XcodeDefault.xctoolchain/usr/lib/swift/host/plugins/testing -enable-experimental-feature DebugDescriptionMacro -sdk /Applications/Xcode-27.0.0-Release.Candidate.app/Contents/Developer/Platforms/WatchOS.platform/Developer/SDKs/WatchOS27.0.sdk -target arm64-apple-watchos9.0 -g -module-cache-path /Users/admin/builder/spi-builder-workspace/.derivedData/ModuleCache.noindex -Xfrontend -serialize-debugging-options -enable-testing -index-store-path /Users/admin/builder/spi-builder-workspace/.derivedData/Index.noindex/DataStore -Xcc -D_LIBCPP_HARDENING_MODE\=_LIBCPP_HARDENING_MODE_DEBUG -swift-version 5 -I /Users/admin/builder/spi-builder-workspace/.derivedData/Build/Products/Debug-watchos -Isystem /Applications/Xcode-27.0.0-Release.Candidate.app/Contents/Developer/Platforms/WatchOS.platform/Developer/usr/lib -F /Users/admin/builder/spi-builder-workspace/.derivedData/Build/Products/Debug-watchos -F /Applications/Xcode-27.0.0-Release.Candidate.app/Contents/Developer/Platforms/WatchOS.platform/Developer/Library/Frameworks -F /Applications/Xcode-27.0.0-Release.Candidate.app/Contents/Developer/Platforms/WatchOS.platform/Developer/SDKs/WatchOS27.0.sdk/Developer/Library/Frameworks -c -j10 -enable-batch-mode -incremental -Xcc -ivfsstatcache -Xcc /Users/admin/builder/spi-builder-workspace/.derivedData/SDKStatCaches.noindex/watchos27.0-24R360-e829b21a6f8c9b70876ba0858053c04477534ef55a1706bf4c1112bbb242f0a2.sdkstatcache -output-file-map /Users/admin/builder/spi-builder-workspace/.derivedData/Build/Intermediates.noindex/Pipify.build/Debug-watchos/Pipify-t.build/Objects-normal/arm64/Pipify-OutputFileMap.json -save-temps -no-color-diagnostics -explicit-module-build -module-cache-path /Users/admin/builder/spi-builder-workspace/.derivedData/Build/Intermediates.noindex/SwiftExplicitPrecompiledModules -clang-scanner-module-cache-path /Users/admin/builder/spi-builder-workspace/.derivedData/ModuleCache.noindex -sdk-module-cache-path /Users/admin/builder/spi-builder-workspace/.derivedData/SDKExplicitPrecompiledModules -emit-dependencies -emit-module -emit-module-path /Users/admin/builder/spi-builder-workspace/.derivedData/Build/Intermediates.noindex/Pipify.build/Debug-watchos/Pipify-t.build/Objects-normal/arm64/Pipify.swiftmodule -serialize-diagnostics -dependency-scan-serialize-diagnostics-path /Users/admin/builder/spi-builder-workspace/.derivedData/Build/Intermediates.noindex/Pipify.build/Debug-watchos/Pipify-t.build/Objects-normal/arm64/Pipify-dependency-scan.dia -validate-clang-modules-once -clang-build-session-file /Users/admin/builder/spi-builder-workspace/.derivedData/ModuleCache.noindex/Session.modulevalidation -Xcc -fmodules-prune-interval\=86400 -Xcc -fmodules-prune-after\=345600 -emit-const-values -const-gather-protocols-list /Users/admin/builder/spi-builder-workspace/.derivedData/Build/Intermediates.noindex/Pipify.build/Debug-watchos/Pipify-t.build/Objects-normal/arm64/Pipify_const_extract_protocols.json -Xcc -I/Users/admin/builder/spi-builder-workspace/.derivedData/Build/Products/Debug-watchos/include -Xcc -I/Users/admin/builder/spi-builder-workspace/.derivedData/Build/Intermediates.noindex/Pipify.build/Debug-watchos/Pipify-t.build/DerivedSources-normal/arm64 -Xcc -I/Users/admin/builder/spi-builder-workspace/.derivedData/Build/Intermediates.noindex/Pipify.build/Debug-watchos/Pipify-t.build/DerivedSources/arm64 -Xcc -I/Users/admin/builder/spi-builder-workspace/.derivedData/Build/Intermediates.noindex/Pipify.build/Debug-watchos/Pipify-t.build/DerivedSources -Xcc -DSWIFT_PACKAGE -Xcc -DDEBUG\=1 -emit-objc-header -emit-objc-header-path /Users/admin/builder/spi-builder-workspace/.derivedData/Build/Intermediates.noindex/Pipify.build/Debug-watchos/Pipify-t.build/Objects-normal/arm64/Pipify-Swift.h -working-directory /Users/admin/builder/spi-builder-workspace/.swiftpm/xcode -experimental-emit-module-separately -disable-cmo
SwiftExplicitDependencyGeneratePcm arm64_32 /Users/admin/builder/spi-builder-workspace/.derivedData/SDKExplicitPrecompiledModules/_Builtin_stdbool-A967K8W8YUYEC9SN52KJ7OO88.pcm
SwiftExplicitDependencyGeneratePcm arm64_32 /Users/admin/builder/spi-builder-workspace/.derivedData/SDKExplicitPrecompiledModules/_Builtin_stdarg-D305JG44A2WPI6CJY37X3QJE8.pcm
SwiftExplicitDependencyGeneratePcm arm64_32 /Users/admin/builder/spi-builder-workspace/.derivedData/SDKExplicitPrecompiledModules/_SwiftConcurrencyShims-6RTBPQ03V7BM9SPRK8SUE055H.pcm
SwiftExplicitDependencyGeneratePcm arm64_32 /Users/admin/builder/spi-builder-workspace/.derivedData/SDKExplicitPrecompiledModules/ptrcheck-7ELIH9BTIGVKX3UBITM9N72WD.pcm
SwiftExplicitDependencyGeneratePcm arm64_32 /Users/admin/builder/spi-builder-workspace/.derivedData/SDKExplicitPrecompiledModules/_Builtin_stddef-H44EFHQX6XSS5MZ7QP6YJZ76.pcm
SwiftExplicitDependencyGeneratePcm arm64_32 /Users/admin/builder/spi-builder-workspace/.derivedData/SDKExplicitPrecompiledModules/ptrauth-BFXF358ME5AK535N5A9Z766WU.pcm
SwiftExplicitDependencyGeneratePcm arm64_32 /Users/admin/builder/spi-builder-workspace/.derivedData/SDKExplicitPrecompiledModules/_Builtin_float-6KO8O3PEWRCA4WC6PPLOYO6WJ.pcm
SwiftExplicitDependencyGeneratePcm arm64 /Users/admin/builder/spi-builder-workspace/.derivedData/SDKExplicitPrecompiledModules/_AvailabilityInternal-BUNV3UXM65NT37THI4W1AM0SF.pcm
SwiftExplicitDependencyGeneratePcm arm64 /Users/admin/builder/spi-builder-workspace/.derivedData/SDKExplicitPrecompiledModules/ptrcheck-AIF0NDOYZ8ORBNHQAQR5NNB8M.pcm
SwiftExplicitDependencyGeneratePcm arm64 /Users/admin/builder/spi-builder-workspace/.derivedData/SDKExplicitPrecompiledModules/_Builtin_float-C0CW5Q4HGBQYKE77TC42IAFB5.pcm
SwiftExplicitDependencyGeneratePcm arm64 /Users/admin/builder/spi-builder-workspace/.derivedData/SDKExplicitPrecompiledModules/_SwiftConcurrencyShims-659N52XSKR5F0QSB880BH2FJR.pcm
SwiftExplicitDependencyGeneratePcm arm64 /Users/admin/builder/spi-builder-workspace/.derivedData/SDKExplicitPrecompiledModules/_Builtin_stdbool-83J96QSOFE9VX04AAS6310UAE.pcm
SwiftExplicitDependencyGeneratePcm arm64 /Users/admin/builder/spi-builder-workspace/.derivedData/SDKExplicitPrecompiledModules/SwiftShims-4MXFZPV6FEB0XBYXCGPWAMQGL.pcm
SwiftExplicitDependencyGeneratePcm arm64 /Users/admin/builder/spi-builder-workspace/.derivedData/SDKExplicitPrecompiledModules/_Builtin_stddef-1FU30Y8SWFB7OUUHMJQH5J6FM.pcm
SwiftExplicitDependencyGeneratePcm arm64_32 /Users/admin/builder/spi-builder-workspace/.derivedData/SDKExplicitPrecompiledModules/SwiftShims-9CQQGWTSNTN9EB5NSHDWUJICH.pcm
SwiftExplicitDependencyGeneratePcm arm64_32 /Users/admin/builder/spi-builder-workspace/.derivedData/SDKExplicitPrecompiledModules/DeveloperToolsSupport-DZU5G1OCMNWU0AQRULIFHUJ1Z.pcm
SwiftExplicitDependencyGeneratePcm arm64 /Users/admin/builder/spi-builder-workspace/.derivedData/SDKExplicitPrecompiledModules/_Builtin_stdarg-A7UU8LE6MP85SM26YO7PBZNUQ.pcm
SwiftExplicitDependencyGeneratePcm arm64 /Users/admin/builder/spi-builder-workspace/.derivedData/SDKExplicitPrecompiledModules/ptrauth-3TZ9WJCGLYD25HQPWH4968ONX.pcm
SwiftExplicitDependencyGeneratePcm arm64_32 /Users/admin/builder/spi-builder-workspace/.derivedData/SDKExplicitPrecompiledModules/_AvailabilityInternal-244WAN3Z1QBT7PIA64EZEFY1R.pcm
SwiftExplicitDependencyGeneratePcm arm64 /Users/admin/builder/spi-builder-workspace/.derivedData/SDKExplicitPrecompiledModules/DeveloperToolsSupport-E7CNISCB36UE8XQ9IOHK9XDX1.pcm
SwiftExplicitDependencyGeneratePcm arm64 /Users/admin/builder/spi-builder-workspace/.derivedData/SDKExplicitPrecompiledModules/_DarwinFoundation1-7SPX3MD0HMP55E4OLNCPNDQ53.pcm
SwiftExplicitDependencyGeneratePcm arm64_32 /Users/admin/builder/spi-builder-workspace/.derivedData/SDKExplicitPrecompiledModules/_DarwinFoundation1-2GWF9RFMPLQW4PDHS3NARVI3G.pcm
SwiftExplicitDependencyGeneratePcm arm64 /Users/admin/builder/spi-builder-workspace/.derivedData/SDKExplicitPrecompiledModules/_Builtin_limits-9GWPA2B0H20DYUNYHYCWKABJG.pcm
SwiftExplicitDependencyGeneratePcm arm64 /Users/admin/builder/spi-builder-workspace/.derivedData/SDKExplicitPrecompiledModules/_DarwinFoundation2-D0XAPJU49S5E9XMKYOFGSTB1Q.pcm
SwiftExplicitDependencyGeneratePcm arm64_32 /Users/admin/builder/spi-builder-workspace/.derivedData/SDKExplicitPrecompiledModules/_DarwinFoundation2-9MY8GOSYRO0M9MKNXF6D3MBNK.pcm
SwiftExplicitDependencyGeneratePcm arm64_32 /Users/admin/builder/spi-builder-workspace/.derivedData/SDKExplicitPrecompiledModules/_Builtin_limits-3VKBU2AFTD65PAJZ5CJ3LHFM2.pcm
SwiftExplicitDependencyGeneratePcm arm64 /Users/admin/builder/spi-builder-workspace/.derivedData/SDKExplicitPrecompiledModules/string_h-E6PRXK75PHIPCZFWOFCQ3QBMK.pcm
SwiftExplicitDependencyGeneratePcm arm64 /Users/admin/builder/spi-builder-workspace/.derivedData/SDKExplicitPrecompiledModules/sys_types-2KXQLI78OUCDP779AE68GZJ2.pcm
SwiftExplicitDependencyGeneratePcm arm64 /Users/admin/builder/spi-builder-workspace/.derivedData/SDKExplicitPrecompiledModules/_Builtin_tgmath-8NQ96OZ0YHXEC24JI95P01UF8.pcm
SwiftExplicitDependencyGeneratePcm arm64 /Users/admin/builder/spi-builder-workspace/.derivedData/SDKExplicitPrecompiledModules/_Builtin_stdint-8XMILLJZEGRN2XG7XZUXZ5RLX.pcm
SwiftExplicitDependencyGeneratePcm arm64_32 /Users/admin/builder/spi-builder-workspace/.derivedData/SDKExplicitPrecompiledModules/string_h-BFVLUQUSBZWYMLCU9QI7VZALW.pcm
SwiftExplicitDependencyGeneratePcm arm64_32 /Users/admin/builder/spi-builder-workspace/.derivedData/SDKExplicitPrecompiledModules/sys_types-8TLLMW08ZJWDGIIPKOYFGHHZW.pcm
SwiftExplicitDependencyGeneratePcm arm64_32 /Users/admin/builder/spi-builder-workspace/.derivedData/SDKExplicitPrecompiledModules/_Builtin_tgmath-23PGCKURCQILXMK0MYZRYDCOU.pcm
SwiftExplicitDependencyGeneratePcm arm64_32 /Users/admin/builder/spi-builder-workspace/.derivedData/SDKExplicitPrecompiledModules/_Builtin_stdint-1HMXWI3V0V4TXHRWZOMZGZ80Y.pcm
SwiftExplicitDependencyGeneratePcm arm64 /Users/admin/builder/spi-builder-workspace/.derivedData/SDKExplicitPrecompiledModules/_Builtin_intrinsics-75960HIPCIYA06IUW8FIIPQT.pcm
SwiftExplicitDependencyGeneratePcm arm64 /Users/admin/builder/spi-builder-workspace/.derivedData/SDKExplicitPrecompiledModules/_DarwinFoundation3-B97LRG0E9GON2NUE65TVG81HU.pcm
SwiftExplicitDependencyGeneratePcm arm64 /Users/admin/builder/spi-builder-workspace/.derivedData/SDKExplicitPrecompiledModules/_Builtin_stdatomic-7JEFA3KBJJJN6TKJWY3OG1VG5.pcm
SwiftExplicitDependencyGeneratePcm arm64_32 /Users/admin/builder/spi-builder-workspace/.derivedData/SDKExplicitPrecompiledModules/_Builtin_stdatomic-1TY035TURL76BF2U98PZPPZRX.pcm
SwiftExplicitDependencyGeneratePcm arm64_32 /Users/admin/builder/spi-builder-workspace/.derivedData/SDKExplicitPrecompiledModules/_Builtin_intrinsics-196IIAKDQVU42DLOZP9OQCV76.pcm
SwiftExplicitDependencyGeneratePcm arm64_32 /Users/admin/builder/spi-builder-workspace/.derivedData/SDKExplicitPrecompiledModules/_DarwinFoundation3-3DUTYQDQSD9HUAAVY947NMWOI.pcm
SwiftExplicitDependencyGeneratePcm arm64 /Users/admin/builder/spi-builder-workspace/.derivedData/SDKExplicitPrecompiledModules/_Builtin_inttypes-3UQSCM7WNM9EK4HZML8TY5J3D.pcm
SwiftExplicitDependencyGeneratePcm arm64_32 /Users/admin/builder/spi-builder-workspace/.derivedData/SDKExplicitPrecompiledModules/_Builtin_inttypes-D2KPCR4PEX9AQA33NGLUT5SBR.pcm
SwiftExplicitDependencyGeneratePcm arm64 /Users/admin/builder/spi-builder-workspace/.derivedData/SDKExplicitPrecompiledModules/Darwin-3984OXKFNSPE77NT743WK8SEX.pcm
SwiftExplicitDependencyGeneratePcm arm64_32 /Users/admin/builder/spi-builder-workspace/.derivedData/SDKExplicitPrecompiledModules/Darwin-3FVT1SKLN2ZQ5RVOABMTQBB34.pcm
SwiftExplicitDependencyGeneratePcm arm64 /Users/admin/builder/spi-builder-workspace/.derivedData/SDKExplicitPrecompiledModules/simd-EH08NODU6574T74ZKU61VP9BW.pcm
SwiftExplicitDependencyGeneratePcm arm64_32 /Users/admin/builder/spi-builder-workspace/.derivedData/SDKExplicitPrecompiledModules/simd-21UNWYOBUZI1LVSQ99S1XBLMO.pcm
SwiftExplicitDependencyGeneratePcm arm64_32 /Users/admin/builder/spi-builder-workspace/.derivedData/SDKExplicitPrecompiledModules/MachO-56838ZJ0NC1EBAJ0O6O8QMPDX.pcm
SwiftExplicitDependencyGeneratePcm arm64_32 /Users/admin/builder/spi-builder-workspace/.derivedData/SDKExplicitPrecompiledModules/ObjectiveC-6IJNELR2E80E7LUKESVCP2KET.pcm
SwiftExplicitDependencyGeneratePcm arm64 /Users/admin/builder/spi-builder-workspace/.derivedData/SDKExplicitPrecompiledModules/MachO-2U90NNSAQILBNBPS1SA4F8TYP.pcm
SwiftExplicitDependencyGeneratePcm arm64 /Users/admin/builder/spi-builder-workspace/.derivedData/SDKExplicitPrecompiledModules/ObjectiveC-72IVD3VS2RS8Q28D9PIMY0KQP.pcm
SwiftExplicitDependencyGeneratePcm arm64_32 /Users/admin/builder/spi-builder-workspace/.derivedData/SDKExplicitPrecompiledModules/os_object-5YWTC6L4756IWSTPGXS5NM0D0.pcm
SwiftExplicitDependencyGeneratePcm arm64 /Users/admin/builder/spi-builder-workspace/.derivedData/SDKExplicitPrecompiledModules/os_object-3SDKD7F87FTZ26OON37DRYT6O.pcm
SwiftExplicitDependencyGeneratePcm arm64_32 /Users/admin/builder/spi-builder-workspace/.derivedData/SDKExplicitPrecompiledModules/os_workgroup-5JHTPDMNBUNHLJI8LPHKQK1JK.pcm
SwiftExplicitDependencyGeneratePcm arm64 /Users/admin/builder/spi-builder-workspace/.derivedData/SDKExplicitPrecompiledModules/os_workgroup-89GG5G7YC2D0ZTK6AZXXQ20DH.pcm
SwiftExplicitDependencyGeneratePcm arm64 /Users/admin/builder/spi-builder-workspace/.derivedData/SDKExplicitPrecompiledModules/Spatial-44FJGYXFAT2AQAW9Z6T7YS02U.pcm
SwiftExplicitDependencyGeneratePcm arm64_32 /Users/admin/builder/spi-builder-workspace/.derivedData/SDKExplicitPrecompiledModules/Spatial-CWVWNML3T0NXVHZDKVLD3X1YZ.pcm
SwiftExplicitDependencyGeneratePcm arm64_32 /Users/admin/builder/spi-builder-workspace/.derivedData/SDKExplicitPrecompiledModules/Dispatch-2P62F1T4XV63S4P99TUDTOK2Q.pcm
SwiftExplicitDependencyGeneratePcm arm64 /Users/admin/builder/spi-builder-workspace/.derivedData/SDKExplicitPrecompiledModules/Dispatch-1NLJOVAK60XP0DUB05XA59EIM.pcm
SwiftExplicitDependencyGeneratePcm arm64 /Users/admin/builder/spi-builder-workspace/.derivedData/SDKExplicitPrecompiledModules/XPC-40DR0X1DHKGCV4J1IOLFS8MOU.pcm
SwiftExplicitDependencyGeneratePcm arm64 /Users/admin/builder/spi-builder-workspace/.derivedData/SDKExplicitPrecompiledModules/CoreFoundation-8T2L24YC5NU7WO6WQJWRY7W08.pcm
SwiftExplicitDependencyGeneratePcm arm64_32 /Users/admin/builder/spi-builder-workspace/.derivedData/SDKExplicitPrecompiledModules/XPC-81Y45QFY96XYYFCW2GT6FY8S4.pcm
SwiftExplicitDependencyGeneratePcm arm64_32 /Users/admin/builder/spi-builder-workspace/.derivedData/SDKExplicitPrecompiledModules/CoreFoundation-8E6Y4BA3EXYKUGJ24GT9LGV3N.pcm
SwiftExplicitDependencyGeneratePcm arm64 /Users/admin/builder/spi-builder-workspace/.derivedData/SDKExplicitPrecompiledModules/os-5DIL6Z9LFIGLMZAHM7X2T5435.pcm
SwiftExplicitDependencyGeneratePcm arm64_32 /Users/admin/builder/spi-builder-workspace/.derivedData/SDKExplicitPrecompiledModules/os-E5IGB442IA6SBB25TTCOLK2OC.pcm
SwiftExplicitDependencyGeneratePcm arm64 /Users/admin/builder/spi-builder-workspace/.derivedData/SDKExplicitPrecompiledModules/CoreAudioTypes-A9MF7N5LT63G21HNFVM6BT14B.pcm
SwiftExplicitDependencyGeneratePcm arm64 /Users/admin/builder/spi-builder-workspace/.derivedData/SDKExplicitPrecompiledModules/CoreGraphics-DWNZ73GEH98SBJXZ7DEXB420K.pcm
SwiftExplicitDependencyGeneratePcm arm64 /Users/admin/builder/spi-builder-workspace/.derivedData/SDKExplicitPrecompiledModules/Security-6RZ6YBRU8WCUHRFFRVUK5WKMM.pcm
SwiftExplicitDependencyGeneratePcm arm64_32 /Users/admin/builder/spi-builder-workspace/.derivedData/SDKExplicitPrecompiledModules/CoreAudioTypes-9GVB1DHA32M46R4A9NWSI3I2K.pcm
SwiftExplicitDependencyGeneratePcm arm64_32 /Users/admin/builder/spi-builder-workspace/.derivedData/SDKExplicitPrecompiledModules/Security-D7TOWF88VWF67TB9HAFP5UWB1.pcm
SwiftExplicitDependencyGeneratePcm arm64_32 /Users/admin/builder/spi-builder-workspace/.derivedData/SDKExplicitPrecompiledModules/CoreGraphics-9FDXYX6BKBUT6TJ2VF819E7T5.pcm
SwiftExplicitDependencyGeneratePcm arm64 /Users/admin/builder/spi-builder-workspace/.derivedData/SDKExplicitPrecompiledModules/CoreAudio-1B79RJJTP71GE6UY9WLESAN3C.pcm
SwiftExplicitDependencyGeneratePcm arm64_32 /Users/admin/builder/spi-builder-workspace/.derivedData/SDKExplicitPrecompiledModules/CoreAudio-5W6MX6OUPWBMUR8VD5LHT1PZF.pcm
SwiftExplicitDependencyGeneratePcm arm64_32 /Users/admin/builder/spi-builder-workspace/.derivedData/SDKExplicitPrecompiledModules/Foundation-BJ2VQGI3OGR34500MEQ1VKHPH.pcm
SwiftExplicitDependencyGeneratePcm arm64 /Users/admin/builder/spi-builder-workspace/.derivedData/SDKExplicitPrecompiledModules/Foundation-DLBKUSGXN8QHAT8W0OARR9S8A.pcm
SwiftExplicitDependencyGeneratePcm arm64 /Users/admin/builder/spi-builder-workspace/.derivedData/SDKExplicitPrecompiledModules/CoreText-970YJN6NIYGK1316L35Z0O8QT.pcm
SwiftExplicitDependencyGeneratePcm arm64 /Users/admin/builder/spi-builder-workspace/.derivedData/SDKExplicitPrecompiledModules/CoreVideo-8MRR5MNWUOAW2DBPGUQ8FKK4.pcm
SwiftExplicitDependencyGeneratePcm arm64 /Users/admin/builder/spi-builder-workspace/.derivedData/SDKExplicitPrecompiledModules/ImageIO-208F4GO13XRG67XXLAMH07N4X.pcm
SwiftExplicitDependencyGeneratePcm arm64_32 /Users/admin/builder/spi-builder-workspace/.derivedData/SDKExplicitPrecompiledModules/CoreVideo-2P8HI0403J99LBDPKNFJ5D4DL.pcm
SwiftExplicitDependencyGeneratePcm arm64_32 /Users/admin/builder/spi-builder-workspace/.derivedData/SDKExplicitPrecompiledModules/ImageIO-2Y4S05VUFWLNTRW92S35BUMG8.pcm
SwiftExplicitDependencyGeneratePcm arm64_32 /Users/admin/builder/spi-builder-workspace/.derivedData/SDKExplicitPrecompiledModules/CoreText-C9X2REPZN2V5BSU4G80FCETDR.pcm
SwiftExplicitDependencyGeneratePcm arm64 /Users/admin/builder/spi-builder-workspace/.derivedData/SDKExplicitPrecompiledModules/CoreMedia-1AJVCUZNAO74KIKMFVFUUHWDI.pcm
SwiftExplicitDependencyGeneratePcm arm64_32 /Users/admin/builder/spi-builder-workspace/.derivedData/SDKExplicitPrecompiledModules/CoreMedia-AO387T8CHWTTZODD1DGT0UAFA.pcm
SwiftExplicitDependencyGeneratePcm arm64_32 /Users/admin/builder/spi-builder-workspace/.derivedData/SDKExplicitPrecompiledModules/_LocationEssentials-AQ1OL9QKC3LQLY5CNSRM1HB53.pcm
SwiftExplicitDependencyGeneratePcm arm64_32 /Users/admin/builder/spi-builder-workspace/.derivedData/SDKExplicitPrecompiledModules/DataDetection-U9BF7WHFVA6BZGFXXXP272PS.pcm
SwiftExplicitDependencyGeneratePcm arm64_32 /Users/admin/builder/spi-builder-workspace/.derivedData/SDKExplicitPrecompiledModules/CoreTransferable-5D4IR6X37682FPHJ5CBPTKQV6.pcm
SwiftExplicitDependencyGeneratePcm arm64_32 /Users/admin/builder/spi-builder-workspace/.derivedData/SDKExplicitPrecompiledModules/Accessibility-F385OMZ5GYBUY5O4QAJB4NRII.pcm
SwiftExplicitDependencyGeneratePcm arm64_32 /Users/admin/builder/spi-builder-workspace/.derivedData/SDKExplicitPrecompiledModules/Symbols-1H97WMG76HU94F5VGJR19PXFY.pcm
SwiftExplicitDependencyGeneratePcm arm64_32 /Users/admin/builder/spi-builder-workspace/.derivedData/SDKExplicitPrecompiledModules/CoreData-7AU1AFQWUH88EAPDKVMLJPKVD.pcm
SwiftExplicitDependencyGeneratePcm arm64_32 /Users/admin/builder/spi-builder-workspace/.derivedData/SDKExplicitPrecompiledModules/OSLog-D9AVFY0KWO7RVBIQ73CBIJVCN.pcm
SwiftExplicitDependencyGeneratePcm arm64_32 /Users/admin/builder/spi-builder-workspace/.derivedData/SDKExplicitPrecompiledModules/UIUtilities-9YFVNIMRC5HRVOIARNWHP1E3H.pcm
SwiftExplicitDependencyGeneratePcm arm64_32 /Users/admin/builder/spi-builder-workspace/.derivedData/SDKExplicitPrecompiledModules/UniformTypeIdentifiers-CJZ3NTHPSBH4XWX5EVOG56UZS.pcm
SwiftExplicitDependencyGeneratePcm arm64_32 /Users/admin/builder/spi-builder-workspace/.derivedData/SDKExplicitPrecompiledModules/CoreMIDI-8Q3SSIDM9J726670QKKYTPP3W.pcm
SwiftExplicitDependencyGeneratePcm arm64 /Users/admin/builder/spi-builder-workspace/.derivedData/SDKExplicitPrecompiledModules/QuartzCore-94KFMWNOU7ZLUZNB4T5DLZC9D.pcm
SwiftExplicitDependencyGeneratePcm arm64 /Users/admin/builder/spi-builder-workspace/.derivedData/SDKExplicitPrecompiledModules/UserNotifications-ARAH8MEQ0C2L0FBO39HITJMAO.pcm
SwiftExplicitDependencyGeneratePcm arm64_32 /Users/admin/builder/spi-builder-workspace/.derivedData/SDKExplicitPrecompiledModules/QuartzCore-6375NPYACK5NYVHPMC1QQ8MC2.pcm
SwiftExplicitDependencyGeneratePcm arm64_32 /Users/admin/builder/spi-builder-workspace/.derivedData/SDKExplicitPrecompiledModules/SceneKit-DKNLHKM5FJBQ79LSNMSSMBUBR.pcm
SwiftExplicitDependencyGeneratePcm arm64 /Users/admin/builder/spi-builder-workspace/.derivedData/SDKExplicitPrecompiledModules/CoreMIDI-DMNFPOXYVF7STUO5GNB3DF2BQ.pcm
SwiftExplicitDependencyGeneratePcm arm64 /Users/admin/builder/spi-builder-workspace/.derivedData/SDKExplicitPrecompiledModules/CoreTransferable-9PPG3SLJ55T4LITIFYX2M0NOZ.pcm
SwiftExplicitDependencyGeneratePcm arm64 /Users/admin/builder/spi-builder-workspace/.derivedData/SDKExplicitPrecompiledModules/CoreData-9JFJC4UET8BAO5IPV2JU6W9V8.pcm
SwiftExplicitDependencyGeneratePcm arm64 /Users/admin/builder/spi-builder-workspace/.derivedData/SDKExplicitPrecompiledModules/Accessibility-27QMG6ZQ1NKYTNBYFPM1XKNFC.pcm
SwiftExplicitDependencyGeneratePcm arm64 /Users/admin/builder/spi-builder-workspace/.derivedData/SDKExplicitPrecompiledModules/UniformTypeIdentifiers-8L08Q8DQJV8C4AW84YVGFGTRN.pcm
SwiftExplicitDependencyGeneratePcm arm64_32 /Users/admin/builder/spi-builder-workspace/.derivedData/SDKExplicitPrecompiledModules/AVFAudio-E592LPPEJNCSUD5VBNV0IP3RS.pcm
SwiftExplicitDependencyGeneratePcm arm64 /Users/admin/builder/spi-builder-workspace/.derivedData/SDKExplicitPrecompiledModules/_LocationEssentials-5ZZDGDXB6HLQUC72SJW7YJ7MK.pcm
SwiftExplicitDependencyGeneratePcm arm64 /Users/admin/builder/spi-builder-workspace/.derivedData/SDKExplicitPrecompiledModules/OSLog-B7VGO357Y3GJG35TST7DKDSI3.pcm
SwiftExplicitDependencyGeneratePcm arm64_32 /Users/admin/builder/spi-builder-workspace/.derivedData/SDKExplicitPrecompiledModules/CoreLocation-8XU5YMYM4P11RQMYCQAG65ITK.pcm
SwiftExplicitDependencyGeneratePcm arm64 /Users/admin/builder/spi-builder-workspace/.derivedData/SDKExplicitPrecompiledModules/DataDetection-7BNVI1SZW5ISQL5SX4WL2X7I5.pcm
SwiftExplicitDependencyGeneratePcm arm64 /Users/admin/builder/spi-builder-workspace/.derivedData/SDKExplicitPrecompiledModules/SwiftUICore-C1DST1IX2Z0PTH5SJJZ1IULRB.pcm
SwiftExplicitDependencyGeneratePcm arm64 /Users/admin/builder/spi-builder-workspace/.derivedData/SDKExplicitPrecompiledModules/AVFAudio-6A028BJEJQTO3623H6QZ4E26C.pcm
SwiftExplicitDependencyGeneratePcm arm64_32 /Users/admin/builder/spi-builder-workspace/.derivedData/SDKExplicitPrecompiledModules/SwiftUICore-3Q7WLRD8MR9R3NGIPUBQCP6F6.pcm
SwiftExplicitDependencyGeneratePcm arm64 /Users/admin/builder/spi-builder-workspace/.derivedData/SDKExplicitPrecompiledModules/Symbols-3EFABTJ9L5PQDJ7RQCYQWEJMM.pcm
SwiftExplicitDependencyGeneratePcm arm64 /Users/admin/builder/spi-builder-workspace/.derivedData/SDKExplicitPrecompiledModules/SceneKit-5HZKIL7XETTTD8TOHYPN8JKRJ.pcm
SwiftExplicitDependencyGeneratePcm arm64_32 /Users/admin/builder/spi-builder-workspace/.derivedData/SDKExplicitPrecompiledModules/UserNotifications-6TBN8TEAKO014N1T2QD926XED.pcm
SwiftExplicitDependencyGeneratePcm arm64 /Users/admin/builder/spi-builder-workspace/.derivedData/SDKExplicitPrecompiledModules/CoreLocation-ACKJ9K7ABI14F97Y46Y6SRR17.pcm
SwiftExplicitDependencyGeneratePcm arm64 /Users/admin/builder/spi-builder-workspace/.derivedData/SDKExplicitPrecompiledModules/AVKit-APT69Z4XLJTO6G3GFJEUMDL9G.pcm
SwiftExplicitDependencyGeneratePcm arm64_32 /Users/admin/builder/spi-builder-workspace/.derivedData/SDKExplicitPrecompiledModules/AVKit-DGLMG173V7OD5E3TSXVW687BU.pcm
SwiftExplicitDependencyGeneratePcm arm64 /Users/admin/builder/spi-builder-workspace/.derivedData/SDKExplicitPrecompiledModules/UIUtilities-IR7RNW23VAUKYI9MLCS9NL9A.pcm
SwiftExplicitDependencyGeneratePcm arm64_32 /Users/admin/builder/spi-builder-workspace/.derivedData/SDKExplicitPrecompiledModules/CoreMotion-1XGTVTE5PP32UHME8AC63TL6.pcm
SwiftExplicitDependencyGeneratePcm arm64_32 /Users/admin/builder/spi-builder-workspace/.derivedData/SDKExplicitPrecompiledModules/AVFoundation-EPE1OBOP1126QTAL5QEGZFKYT.pcm
SwiftExplicitDependencyGeneratePcm arm64 /Users/admin/builder/spi-builder-workspace/.derivedData/SDKExplicitPrecompiledModules/CoreMotion-6RD5K48QT1F4L9CATNFD2O7YB.pcm
SwiftExplicitDependencyGeneratePcm arm64 /Users/admin/builder/spi-builder-workspace/.derivedData/SDKExplicitPrecompiledModules/AVFoundation-78VW43DHMXH57E9M5JLISD2E9.pcm
SwiftExplicitDependencyGeneratePcm arm64_32 /Users/admin/builder/spi-builder-workspace/.derivedData/SDKExplicitPrecompiledModules/UIKit-6PPV7YPZ89CZPHYAP072QH8B6.pcm
SwiftExplicitDependencyGeneratePcm arm64 /Users/admin/builder/spi-builder-workspace/.derivedData/SDKExplicitPrecompiledModules/UIKit-27R3P1YMV4C6JLDT661G3MRIA.pcm
SwiftExplicitDependencyGeneratePcm arm64_32 /Users/admin/builder/spi-builder-workspace/.derivedData/SDKExplicitPrecompiledModules/MapKit-CWGB4YMP1VX1NYQN5FULFD5DR.pcm
SwiftExplicitDependencyGeneratePcm arm64_32 /Users/admin/builder/spi-builder-workspace/.derivedData/SDKExplicitPrecompiledModules/HomeKit-DUDZOMSN3UK8GNTNBNMPIWJRN.pcm
SwiftExplicitDependencyGeneratePcm arm64 /Users/admin/builder/spi-builder-workspace/.derivedData/SDKExplicitPrecompiledModules/HomeKit-DTS1N4AWILAL1URZ5IOXV5221.pcm
SwiftExplicitDependencyGeneratePcm arm64 /Users/admin/builder/spi-builder-workspace/.derivedData/SDKExplicitPrecompiledModules/MapKit-EJJWC7IL56MPLQMI93GJRE5OG.pcm
SwiftExplicitDependencyGeneratePcm arm64_32 /Users/admin/builder/spi-builder-workspace/.derivedData/SDKExplicitPrecompiledModules/WatchKit-FHF6WTKLC2APGK3LA2XJ6516.pcm
SwiftExplicitDependencyGeneratePcm arm64 /Users/admin/builder/spi-builder-workspace/.derivedData/SDKExplicitPrecompiledModules/WatchKit-3VT3K8YON6FJ6OWSUFJMFMP8J.pcm
SwiftExplicitDependencyGeneratePcm arm64_32 /Users/admin/builder/spi-builder-workspace/.derivedData/SDKExplicitPrecompiledModules/SwiftUI-9AYG9OCT5VOJK7V4MX1WYR86T.pcm
SwiftExplicitDependencyGeneratePcm arm64 /Users/admin/builder/spi-builder-workspace/.derivedData/SDKExplicitPrecompiledModules/SwiftUI-APXDH8ULYLM6FD17YRA73TULO.pcm
SwiftCompile normal arm64_32 Compiling\ View+Pipify.swift /Users/admin/builder/spi-builder-workspace/Sources/View+Pipify.swift (in target 'Pipify' from project 'Pipify')
SwiftCompile normal arm64_32 /Users/admin/builder/spi-builder-workspace/Sources/View+Pipify.swift (in target 'Pipify' from project 'Pipify')
    cd /Users/admin/builder/spi-builder-workspace/.swiftpm/xcode
    builtin-SwiftPerFileCompile View+Pipify.swift
SwiftCompile normal arm64_32 Compiling\ PipifyViewModifier.swift /Users/admin/builder/spi-builder-workspace/Sources/PipifyViewModifier.swift (in target 'Pipify' from project 'Pipify')
/Users/admin/builder/spi-builder-workspace/Sources/PipifyViewModifier.swift:54:9: error: cannot find 'LayerView' in scope
52 |     @ViewBuilder
53 |     func generateLayerView(size: CGSize?) -> some View {
54 |         LayerView(layer: controller.bufferLayer, size: size)
   |         `- error: cannot find 'LayerView' in scope
55 |             // layer needs to be in the hierarchy, doesn't actually need to be visible
56 |             .opacity(0)
/Users/admin/builder/spi-builder-workspace/Sources/PipifyController.swift:39:32: error: cannot find 'AVSampleBufferDisplayLayer' in scope
 37 |     }
 38 |
 39 |     internal let bufferLayer = AVSampleBufferDisplayLayer()
    |                                `- error: cannot find 'AVSampleBufferDisplayLayer' in scope
 40 |     private var pipController: AVPictureInPictureController?
 41 |     private var rendererSubscriptions = Set<AnyCancellable>()
SwiftCompile normal arm64_32 /Users/admin/builder/spi-builder-workspace/Sources/PipifyViewModifier.swift (in target 'Pipify' from project 'Pipify')
    cd /Users/admin/builder/spi-builder-workspace/.swiftpm/xcode
    builtin-SwiftPerFileCompile PipifyViewModifier.swift
SwiftCompile normal arm64_32 Compiling\ View+Changes.swift /Users/admin/builder/spi-builder-workspace/Sources/View+Changes.swift (in target 'Pipify' from project 'Pipify')
SwiftCompile normal arm64_32 /Users/admin/builder/spi-builder-workspace/Sources/View+Changes.swift (in target 'Pipify' from project 'Pipify')
    cd /Users/admin/builder/spi-builder-workspace/.swiftpm/xcode
    builtin-SwiftPerFileCompile View+Changes.swift
/Users/admin/builder/spi-builder-workspace/Sources/PipifyController.swift:39:32: error: cannot find 'AVSampleBufferDisplayLayer' in scope
 37 |     }
 38 |
 39 |     internal let bufferLayer = AVSampleBufferDisplayLayer()
    |                                `- error: cannot find 'AVSampleBufferDisplayLayer' in scope
 40 |     private var pipController: AVPictureInPictureController?
 41 |     private var rendererSubscriptions = Set<AnyCancellable>()
SwiftCompile normal arm64_32 Compiling\ PipifyController.swift /Users/admin/builder/spi-builder-workspace/Sources/PipifyController.swift (in target 'Pipify' from project 'Pipify')
/Users/admin/builder/spi-builder-workspace/Sources/PipifyController.swift:11:66: error: cannot find type 'AVPictureInPictureControllerDelegate' in scope
  9 | import os.log
 10 |
 11 | public final class PipifyController: NSObject, ObservableObject, AVPictureInPictureControllerDelegate,
    |                                                                  `- error: cannot find type 'AVPictureInPictureControllerDelegate' in scope
 12 |                                        AVPictureInPictureSampleBufferPlaybackDelegate {
 13 |
/Users/admin/builder/spi-builder-workspace/Sources/PipifyController.swift:12:40: error: cannot find type 'AVPictureInPictureSampleBufferPlaybackDelegate' in scope
 10 |
 11 | public final class PipifyController: NSObject, ObservableObject, AVPictureInPictureControllerDelegate,
 12 |                                        AVPictureInPictureSampleBufferPlaybackDelegate {
    |                                        `- error: cannot find type 'AVPictureInPictureSampleBufferPlaybackDelegate' in scope
 13 |
 14 |     public static var isSupported: Bool {
/Users/admin/builder/spi-builder-workspace/Sources/PipifyController.swift:40:32: error: cannot find type 'AVPictureInPictureController' in scope
 38 |
 39 |     internal let bufferLayer = AVSampleBufferDisplayLayer()
 40 |     private var pipController: AVPictureInPictureController?
    |                                `- error: cannot find type 'AVPictureInPictureController' in scope
 41 |     private var rendererSubscriptions = Set<AnyCancellable>()
 42 |     private var pipPossibleObservation: NSKeyValueObservation?
/Users/admin/builder/spi-builder-workspace/Sources/PipifyController.swift:39:32: error: cannot find 'AVSampleBufferDisplayLayer' in scope
 37 |     }
 38 |
 39 |     internal let bufferLayer = AVSampleBufferDisplayLayer()
    |                                `- error: cannot find 'AVSampleBufferDisplayLayer' in scope
 40 |     private var pipController: AVPictureInPictureController?
 41 |     private var rendererSubscriptions = Set<AnyCancellable>()
/Users/admin/builder/spi-builder-workspace/Sources/PipifyController.swift:115:33: error: cannot find type 'CMSampleBuffer' in scope
113 |     }
114 |
115 |     private func render(buffer: CMSampleBuffer) {
    |                                 `- error: cannot find type 'CMSampleBuffer' in scope
116 |         if bufferLayer.status == .failed {
117 |             bufferLayer.flush()
/Users/admin/builder/spi-builder-workspace/Sources/PipifyController.swift:179:98: error: cannot find type 'AVPictureInPictureController' in scope
177 |     // MARK: - AVPictureInPictureControllerDelegate
178 |
179 |     public func pictureInPictureControllerDidStartPictureInPicture(_ pictureInPictureController: AVPictureInPictureController) {
    |                                                                                                  `- error: cannot find type 'AVPictureInPictureController' in scope
180 |         logger.info("didStart")
181 |     }
/Users/admin/builder/spi-builder-workspace/Sources/PipifyController.swift:183:97: error: cannot find type 'AVPictureInPictureController' in scope
181 |     }
182 |
183 |     public func pictureInPictureControllerDidStopPictureInPicture(_ pictureInPictureController: AVPictureInPictureController) {
    |                                                                                                 `- error: cannot find type 'AVPictureInPictureController' in scope
184 |         logger.info("didStop")
185 |         enabled = false
/Users/admin/builder/spi-builder-workspace/Sources/PipifyController.swift:188:111: error: cannot find type 'AVPictureInPictureController' in scope
186 |     }
187 |
188 |     public func pictureInPictureControllerShouldProhibitBackgroundAudioPlayback(_ pictureInPictureController: AVPictureInPictureController) -> Bool {
    |                                                                                                               `- error: cannot find type 'AVPictureInPictureController' in scope
189 |         // We do not support audio through the pipify controller, as such we will allow other background audio to
190 |         // continue playing
/Users/admin/builder/spi-builder-workspace/Sources/PipifyController.swift:194:74: error: cannot find type 'AVPictureInPictureController' in scope
192 |     }
193 |
194 |     public func pictureInPictureController(_ pictureInPictureController: AVPictureInPictureController, failedToStartPictureInPictureWithError error: Error) {
    |                                                                          `- error: cannot find type 'AVPictureInPictureController' in scope
195 |         logger.error("failed to start: \(error.localizedDescription)")
196 |         enabled = false
/Users/admin/builder/spi-builder-workspace/Sources/PipifyController.swift:200:39: error: cannot find type 'AVPictureInPictureController' in scope
198 |
199 |     public func pictureInPictureController(
200 |         _ pictureInPictureController: AVPictureInPictureController,
    |                                       `- error: cannot find type 'AVPictureInPictureController' in scope
201 |         restoreUserInterfaceForPictureInPictureStopWithCompletionHandler completionHandler: @escaping (Bool) -> Void
202 |     ) {
/Users/admin/builder/spi-builder-workspace/Sources/PipifyController.swift:210:74: error: cannot find type 'AVPictureInPictureController' in scope
208 |     // MARK: - AVPictureInPictureSampleBufferPlaybackDelegate
209 |
210 |     public func pictureInPictureController(_ pictureInPictureController: AVPictureInPictureController, setPlaying playing: Bool) {
    |                                                                          `- error: cannot find type 'AVPictureInPictureController' in scope
211 |         if isPlayPauseEnabled {
212 |             DispatchQueue.main.async {
/Users/admin/builder/spi-builder-workspace/Sources/PipifyController.swift:220:90: error: cannot find type 'AVPictureInPictureController' in scope
218 |     }
219 |
220 |     public func pictureInPictureControllerIsPlaybackPaused(_ pictureInPictureController: AVPictureInPictureController) -> Bool {
    |                                                                                          `- error: cannot find type 'AVPictureInPictureController' in scope
221 |         return isPlayPauseEnabled && isPlaying == false
222 |     }
/Users/admin/builder/spi-builder-workspace/Sources/PipifyController.swift:224:127: error: cannot find type 'CMTimeRange' in scope
222 |     }
223 |
224 |     public func pictureInPictureControllerTimeRangeForPlayback(_ pictureInPictureController: AVPictureInPictureController) -> CMTimeRange {
    |                                                                                                                               `- error: cannot find type 'CMTimeRange' in scope
225 |         if onSkip == nil && progress == 1 {
226 |             // By returning a positive time range in conjunction with enabling `requiresLinearPlayback`
/Users/admin/builder/spi-builder-workspace/Sources/PipifyController.swift:224:94: error: cannot find type 'AVPictureInPictureController' in scope
222 |     }
223 |
224 |     public func pictureInPictureControllerTimeRangeForPlayback(_ pictureInPictureController: AVPictureInPictureController) -> CMTimeRange {
    |                                                                                              `- error: cannot find type 'AVPictureInPictureController' in scope
225 |         if onSkip == nil && progress == 1 {
226 |             // By returning a positive time range in conjunction with enabling `requiresLinearPlayback`
/Users/admin/builder/spi-builder-workspace/Sources/PipifyController.swift:258:74: error: cannot find type 'AVPictureInPictureController' in scope
256 |     }
257 |
258 |     public func pictureInPictureController(_ pictureInPictureController: AVPictureInPictureController, didTransitionToRenderSize newRenderSize: CMVideoDimensions) {
    |                                                                          `- error: cannot find type 'AVPictureInPictureController' in scope
259 |         logger.trace("window resize: \(newRenderSize.width)x\(newRenderSize.height)")
260 |         renderSize = .init(width: Int(newRenderSize.width), height: Int(newRenderSize.height))
/Users/admin/builder/spi-builder-workspace/Sources/PipifyController.swift:258:145: error: cannot find type 'CMVideoDimensions' in scope
256 |     }
257 |
258 |     public func pictureInPictureController(_ pictureInPictureController: AVPictureInPictureController, didTransitionToRenderSize newRenderSize: CMVideoDimensions) {
    |                                                                                                                                                 `- error: cannot find type 'CMVideoDimensions' in scope
259 |         logger.trace("window resize: \(newRenderSize.width)x\(newRenderSize.height)")
260 |         renderSize = .init(width: Int(newRenderSize.width), height: Int(newRenderSize.height))
/Users/admin/builder/spi-builder-workspace/Sources/PipifyController.swift:263:74: error: cannot find type 'AVPictureInPictureController' in scope
261 |     }
262 |
263 |     public func pictureInPictureController(_ pictureInPictureController: AVPictureInPictureController, skipByInterval skipInterval: CMTime) async {
    |                                                                          `- error: cannot find type 'AVPictureInPictureController' in scope
264 |         logger.info("skip by: \(skipInterval.seconds) seconds")
265 |         onSkip?(skipInterval.seconds)
/Users/admin/builder/spi-builder-workspace/Sources/PipifyController.swift:263:133: error: cannot find type 'CMTime' in scope
261 |     }
262 |
263 |     public func pictureInPictureController(_ pictureInPictureController: AVPictureInPictureController, skipByInterval skipInterval: CMTime) async {
    |                                                                                                                                     `- error: cannot find type 'CMTime' in scope
264 |         logger.info("skip by: \(skipInterval.seconds) seconds")
265 |         onSkip?(skipInterval.seconds)
/Users/admin/builder/spi-builder-workspace/Sources/PipifyController.swift:15:9: error: cannot find 'AVPictureInPictureController' in scope
 13 |
 14 |     public static var isSupported: Bool {
 15 |         AVPictureInPictureController.isPictureInPictureSupported()
    |         `- error: cannot find 'AVPictureInPictureController' in scope
 16 |     }
 17 |
SwiftCompile normal arm64_32 /Users/admin/builder/spi-builder-workspace/Sources/PipifyController.swift (in target 'Pipify' from project 'Pipify')
    cd /Users/admin/builder/spi-builder-workspace/.swiftpm/xcode
    builtin-SwiftPerFileCompile PipifyController.swift
SwiftCompile normal arm64_32 Compiling\ LayerView.swift /Users/admin/builder/spi-builder-workspace/Sources/LayerView.swift (in target 'Pipify' from project 'Pipify')
SwiftCompile normal arm64_32 /Users/admin/builder/spi-builder-workspace/Sources/LayerView.swift (in target 'Pipify' from project 'Pipify')
    cd /Users/admin/builder/spi-builder-workspace/.swiftpm/xcode
    builtin-SwiftPerFileCompile LayerView.swift
SwiftEmitModule normal arm64_32 Emitting\ module\ for\ Pipify (in target 'Pipify' from project 'Pipify')
/Users/admin/builder/spi-builder-workspace/Sources/PipifyController.swift:11:66: error: cannot find type 'AVPictureInPictureControllerDelegate' in scope
  9 | import os.log
 10 |
 11 | public final class PipifyController: NSObject, ObservableObject, AVPictureInPictureControllerDelegate,
    |                                                                  `- error: cannot find type 'AVPictureInPictureControllerDelegate' in scope
 12 |                                        AVPictureInPictureSampleBufferPlaybackDelegate {
 13 |
/Users/admin/builder/spi-builder-workspace/Sources/PipifyController.swift:12:40: error: cannot find type 'AVPictureInPictureSampleBufferPlaybackDelegate' in scope
 10 |
 11 | public final class PipifyController: NSObject, ObservableObject, AVPictureInPictureControllerDelegate,
 12 |                                        AVPictureInPictureSampleBufferPlaybackDelegate {
    |                                        `- error: cannot find type 'AVPictureInPictureSampleBufferPlaybackDelegate' in scope
 13 |
 14 |     public static var isSupported: Bool {
/Users/admin/builder/spi-builder-workspace/Sources/PipifyController.swift:40:32: error: cannot find type 'AVPictureInPictureController' in scope
 38 |
 39 |     internal let bufferLayer = AVSampleBufferDisplayLayer()
 40 |     private var pipController: AVPictureInPictureController?
    |                                `- error: cannot find type 'AVPictureInPictureController' in scope
 41 |     private var rendererSubscriptions = Set<AnyCancellable>()
 42 |     private var pipPossibleObservation: NSKeyValueObservation?
/Users/admin/builder/spi-builder-workspace/Sources/PipifyController.swift:39:32: error: cannot find 'AVSampleBufferDisplayLayer' in scope
 37 |     }
 38 |
 39 |     internal let bufferLayer = AVSampleBufferDisplayLayer()
    |                                `- error: cannot find 'AVSampleBufferDisplayLayer' in scope
 40 |     private var pipController: AVPictureInPictureController?
 41 |     private var rendererSubscriptions = Set<AnyCancellable>()
/Users/admin/builder/spi-builder-workspace/Sources/PipifyController.swift:115:33: error: cannot find type 'CMSampleBuffer' in scope
113 |     }
114 |
115 |     private func render(buffer: CMSampleBuffer) {
    |                                 `- error: cannot find type 'CMSampleBuffer' in scope
116 |         if bufferLayer.status == .failed {
117 |             bufferLayer.flush()
/Users/admin/builder/spi-builder-workspace/Sources/PipifyController.swift:179:98: error: cannot find type 'AVPictureInPictureController' in scope
177 |     // MARK: - AVPictureInPictureControllerDelegate
178 |
179 |     public func pictureInPictureControllerDidStartPictureInPicture(_ pictureInPictureController: AVPictureInPictureController) {
    |                                                                                                  `- error: cannot find type 'AVPictureInPictureController' in scope
180 |         logger.info("didStart")
181 |     }
/Users/admin/builder/spi-builder-workspace/Sources/PipifyController.swift:183:97: error: cannot find type 'AVPictureInPictureController' in scope
181 |     }
182 |
183 |     public func pictureInPictureControllerDidStopPictureInPicture(_ pictureInPictureController: AVPictureInPictureController) {
    |                                                                                                 `- error: cannot find type 'AVPictureInPictureController' in scope
184 |         logger.info("didStop")
185 |         enabled = false
/Users/admin/builder/spi-builder-workspace/Sources/PipifyController.swift:188:111: error: cannot find type 'AVPictureInPictureController' in scope
186 |     }
187 |
188 |     public func pictureInPictureControllerShouldProhibitBackgroundAudioPlayback(_ pictureInPictureController: AVPictureInPictureController) -> Bool {
    |                                                                                                               `- error: cannot find type 'AVPictureInPictureController' in scope
189 |         // We do not support audio through the pipify controller, as such we will allow other background audio to
190 |         // continue playing
/Users/admin/builder/spi-builder-workspace/Sources/PipifyController.swift:194:74: error: cannot find type 'AVPictureInPictureController' in scope
192 |     }
193 |
194 |     public func pictureInPictureController(_ pictureInPictureController: AVPictureInPictureController, failedToStartPictureInPictureWithError error: Error) {
    |                                                                          `- error: cannot find type 'AVPictureInPictureController' in scope
195 |         logger.error("failed to start: \(error.localizedDescription)")
196 |         enabled = false
/Users/admin/builder/spi-builder-workspace/Sources/PipifyController.swift:200:39: error: cannot find type 'AVPictureInPictureController' in scope
198 |
199 |     public func pictureInPictureController(
200 |         _ pictureInPictureController: AVPictureInPictureController,
    |                                       `- error: cannot find type 'AVPictureInPictureController' in scope
201 |         restoreUserInterfaceForPictureInPictureStopWithCompletionHandler completionHandler: @escaping (Bool) -> Void
202 |     ) {
/Users/admin/builder/spi-builder-workspace/Sources/PipifyController.swift:210:74: error: cannot find type 'AVPictureInPictureController' in scope
208 |     // MARK: - AVPictureInPictureSampleBufferPlaybackDelegate
209 |
210 |     public func pictureInPictureController(_ pictureInPictureController: AVPictureInPictureController, setPlaying playing: Bool) {
    |                                                                          `- error: cannot find type 'AVPictureInPictureController' in scope
211 |         if isPlayPauseEnabled {
212 |             DispatchQueue.main.async {
/Users/admin/builder/spi-builder-workspace/Sources/PipifyController.swift:220:90: error: cannot find type 'AVPictureInPictureController' in scope
218 |     }
219 |
220 |     public func pictureInPictureControllerIsPlaybackPaused(_ pictureInPictureController: AVPictureInPictureController) -> Bool {
    |                                                                                          `- error: cannot find type 'AVPictureInPictureController' in scope
221 |         return isPlayPauseEnabled && isPlaying == false
222 |     }
/Users/admin/builder/spi-builder-workspace/Sources/PipifyController.swift:224:127: error: cannot find type 'CMTimeRange' in scope
222 |     }
223 |
224 |     public func pictureInPictureControllerTimeRangeForPlayback(_ pictureInPictureController: AVPictureInPictureController) -> CMTimeRange {
    |                                                                                                                               `- error: cannot find type 'CMTimeRange' in scope
225 |         if onSkip == nil && progress == 1 {
226 |             // By returning a positive time range in conjunction with enabling `requiresLinearPlayback`
/Users/admin/builder/spi-builder-workspace/Sources/PipifyController.swift:224:94: error: cannot find type 'AVPictureInPictureController' in scope
222 |     }
223 |
224 |     public func pictureInPictureControllerTimeRangeForPlayback(_ pictureInPictureController: AVPictureInPictureController) -> CMTimeRange {
    |                                                                                              `- error: cannot find type 'AVPictureInPictureController' in scope
225 |         if onSkip == nil && progress == 1 {
226 |             // By returning a positive time range in conjunction with enabling `requiresLinearPlayback`
/Users/admin/builder/spi-builder-workspace/Sources/PipifyController.swift:258:74: error: cannot find type 'AVPictureInPictureController' in scope
256 |     }
257 |
258 |     public func pictureInPictureController(_ pictureInPictureController: AVPictureInPictureController, didTransitionToRenderSize newRenderSize: CMVideoDimensions) {
    |                                                                          `- error: cannot find type 'AVPictureInPictureController' in scope
259 |         logger.trace("window resize: \(newRenderSize.width)x\(newRenderSize.height)")
260 |         renderSize = .init(width: Int(newRenderSize.width), height: Int(newRenderSize.height))
/Users/admin/builder/spi-builder-workspace/Sources/PipifyController.swift:258:145: error: cannot find type 'CMVideoDimensions' in scope
256 |     }
257 |
258 |     public func pictureInPictureController(_ pictureInPictureController: AVPictureInPictureController, didTransitionToRenderSize newRenderSize: CMVideoDimensions) {
    |                                                                                                                                                 `- error: cannot find type 'CMVideoDimensions' in scope
259 |         logger.trace("window resize: \(newRenderSize.width)x\(newRenderSize.height)")
260 |         renderSize = .init(width: Int(newRenderSize.width), height: Int(newRenderSize.height))
/Users/admin/builder/spi-builder-workspace/Sources/PipifyController.swift:263:74: error: cannot find type 'AVPictureInPictureController' in scope
261 |     }
262 |
263 |     public func pictureInPictureController(_ pictureInPictureController: AVPictureInPictureController, skipByInterval skipInterval: CMTime) async {
    |                                                                          `- error: cannot find type 'AVPictureInPictureController' in scope
264 |         logger.info("skip by: \(skipInterval.seconds) seconds")
265 |         onSkip?(skipInterval.seconds)
/Users/admin/builder/spi-builder-workspace/Sources/PipifyController.swift:263:133: error: cannot find type 'CMTime' in scope
261 |     }
262 |
263 |     public func pictureInPictureController(_ pictureInPictureController: AVPictureInPictureController, skipByInterval skipInterval: CMTime) async {
    |                                                                                                                                     `- error: cannot find type 'CMTime' in scope
264 |         logger.info("skip by: \(skipInterval.seconds) seconds")
265 |         onSkip?(skipInterval.seconds)
Failed frontend command:
/Applications/Xcode-27.0.0-Release.Candidate.app/Contents/Developer/Toolchains/XcodeDefault.xctoolchain/usr/bin/swift-frontend -frontend -emit-module -experimental-skip-non-inlinable-function-bodies-without-types /Users/admin/builder/spi-builder-workspace/Sources/LayerView.swift /Users/admin/builder/spi-builder-workspace/Sources/PipifyController.swift /Users/admin/builder/spi-builder-workspace/Sources/PipifyViewModifier.swift /Users/admin/builder/spi-builder-workspace/Sources/View+Buffer.swift /Users/admin/builder/spi-builder-workspace/Sources/View+Changes.swift /Users/admin/builder/spi-builder-workspace/Sources/View+Pipify.swift -target arm64_32-apple-watchos9.0 -module-can-import-version UIKit 9127.0.84.1 9127.0.84 -disable-cross-import-overlay-search -swift-module-cross-import AVKit /Applications/Xcode-27.0.0-Release.Candidate.app/Contents/Developer/Platforms/WatchOS.platform/Developer/SDKs/WatchOS.sdk/System/Library/Frameworks/AVKit.framework/Modules/AVKit.swiftcrossimport/SwiftUI.swiftoverlay -load-resolved-plugin /Applications/Xcode-27.0.0-Release.Candidate.app/Contents/Developer/Platforms/WatchOS.platform/Developer/usr/lib/swift/host/plugins/libFoundationMacros.dylib\#/Applications/Xcode-27.0.0-Release.Candidate.app/Contents/Developer/Platforms/WatchOS.platform/Developer/usr/bin/swift-plugin-server\#FoundationMacros -load-resolved-plugin /Applications/Xcode-27.0.0-Release.Candidate.app/Contents/Developer/Platforms/WatchOS.platform/Developer/usr/lib/swift/host/plugins/libObservationMacros.dylib\#/Applications/Xcode-27.0.0-Release.Candidate.app/Contents/Developer/Platforms/WatchOS.platform/Developer/usr/bin/swift-plugin-server\#ObservationMacros -load-resolved-plugin /Applications/Xcode-27.0.0-Release.Candidate.app/Contents/Developer/Platforms/WatchOS.platform/Developer/usr/lib/swift/host/plugins/libPreviewsMacros.dylib\#/Applications/Xcode-27.0.0-Release.Candidate.app/Contents/Developer/Platforms/WatchOS.platform/Developer/usr/bin/swift-plugin-server\#PreviewsMacros -load-resolved-plugin /Applications/Xcode-27.0.0-Release.Candidate.app/Contents/Developer/Platforms/WatchOS.platform/Developer/usr/lib/swift/host/plugins/libSwiftMacros.dylib\#/Applications/Xcode-27.0.0-Release.Candidate.app/Contents/Developer/Platforms/WatchOS.platform/Developer/usr/bin/swift-plugin-server\#SwiftMacros -load-resolved-plugin /Applications/Xcode-27.0.0-Release.Candidate.app/Contents/Developer/Platforms/WatchOS.platform/Developer/usr/lib/swift/host/plugins/libSwiftUIMacros.dylib\#/Applications/Xcode-27.0.0-Release.Candidate.app/Contents/Developer/Platforms/WatchOS.platform/Developer/usr/bin/swift-plugin-server\#SwiftUIMacros -disable-implicit-swift-modules -Xcc -fno-implicit-modules -Xcc -fno-implicit-module-maps -explicit-swift-module-map-file /Users/admin/builder/spi-builder-workspace/.derivedData/Build/Intermediates.noindex/Pipify.build/Debug-watchos/Pipify-t.build/Objects-normal/arm64_32/Pipify-dependencies-1.json -enable-objc-interop -sdk /Applications/Xcode-27.0.0-Release.Candidate.app/Contents/Developer/Platforms/WatchOS.platform/Developer/SDKs/WatchOS27.0.sdk -I /Users/admin/builder/spi-builder-workspace/.derivedData/Build/Products/Debug-watchos -Isystem /Applications/Xcode-27.0.0-Release.Candidate.app/Contents/Developer/Platforms/WatchOS.platform/Developer/usr/lib -F /Users/admin/builder/spi-builder-workspace/.derivedData/Build/Products/Debug-watchos -F /Applications/Xcode-27.0.0-Release.Candidate.app/Contents/Developer/Platforms/WatchOS.platform/Developer/Library/Frameworks -F /Applications/Xcode-27.0.0-Release.Candidate.app/Contents/Developer/Platforms/WatchOS.platform/Developer/SDKs/WatchOS27.0.sdk/Developer/Library/Frameworks -module-cache-path /Users/admin/builder/spi-builder-workspace/.derivedData/Build/Intermediates.noindex/SwiftExplicitPrecompiledModules -no-color-diagnostics -Xcc -fno-color-diagnostics -enable-testing -g -debug-info-format\=dwarf -dwarf-version\=4 -swift-version 5 -Onone -D SWIFT_PACKAGE -D DEBUG -D SWIFT_MODULE_RESOURCE_BUNDLE_UNAVAILABLE -D Xcode -serialize-debugging-options -enable-experimental-feature DebugDescriptionMacro -empty-abi-descriptor -validate-clang-modules-once -clang-build-session-file /Users/admin/builder/spi-builder-workspace/.derivedData/ModuleCache.noindex/Session.modulevalidation -Xcc -working-directory -Xcc /Users/admin/builder/spi-builder-workspace/.swiftpm/xcode -enable-anonymous-context-mangled-names -file-compilation-dir /Users/admin/builder/spi-builder-workspace/.swiftpm/xcode -Xcc -D_LIBCPP_HARDENING_MODE\=_LIBCPP_HARDENING_MODE_DEBUG -Xcc -ivfsstatcache -Xcc /Users/admin/builder/spi-builder-workspace/.derivedData/SDKStatCaches.noindex/watchos27.0-24R360-e829b21a6f8c9b70876ba0858053c04477534ef55a1706bf4c1112bbb242f0a2.sdkstatcache -Xcc -fmodules-prune-interval\=86400 -Xcc -fmodules-prune-after\=345600 -Xcc -I/Users/admin/builder/spi-builder-workspace/.derivedData/Build/Products/Debug-watchos/include -Xcc -I/Users/admin/builder/spi-builder-workspace/.derivedData/Build/Intermediates.noindex/Pipify.build/Debug-watchos/Pipify-t.build/DerivedSources-normal/arm64_32 -Xcc -I/Users/admin/builder/spi-builder-workspace/.derivedData/Build/Intermediates.noindex/Pipify.build/Debug-watchos/Pipify-t.build/DerivedSources/arm64_32 -Xcc -I/Users/admin/builder/spi-builder-workspace/.derivedData/Build/Intermediates.noindex/Pipify.build/Debug-watchos/Pipify-t.build/DerivedSources -Xcc -DSWIFT_PACKAGE -Xcc -DDEBUG\=1 -no-auto-bridging-header-chaining -module-name Pipify -const-gather-protocols-file /Users/admin/builder/spi-builder-workspace/.derivedData/Build/Intermediates.noindex/Pipify.build/Debug-watchos/Pipify-t.build/Objects-normal/arm64_32/Pipify_const_extract_protocols.json -disable-clang-spi -clang-target arm64_32-apple-watchos27.0 -target-sdk-version 27.0 -target-sdk-name watchos27.0 -in-process-plugin-server-path /Applications/Xcode-27.0.0-Release.Candidate.app/Contents/Developer/Toolchains/XcodeDefault.xctoolchain/usr/lib/swift/host/libSwiftInProcPluginServer.dylib -emit-module-doc-path /Users/admin/builder/spi-builder-workspace/.derivedData/Build/Intermediates.noindex/Pipify.build/Debug-watchos/Pipify-t.build/Objects-normal/arm64_32/Pipify.swiftdoc -emit-module-source-info-path /Users/admin/builder/spi-builder-workspace/.derivedData/Build/Intermediates.noindex/Pipify.build/Debug-watchos/Pipify-t.build/Objects-normal/arm64_32/Pipify.swiftsourceinfo -emit-objc-header-path /Users/admin/builder/spi-builder-workspace/.derivedData/Build/Intermediates.noindex/Pipify.build/Debug-watchos/Pipify-t.build/Objects-normal/arm64_32/Pipify-Swift.h -serialize-diagnostics-path /Users/admin/builder/spi-builder-workspace/.derivedData/Build/Intermediates.noindex/Pipify.build/Debug-watchos/Pipify-t.build/Objects-normal/arm64_32/Pipify-primary-emit-module.dia -emit-dependencies-path /Users/admin/builder/spi-builder-workspace/.derivedData/Build/Intermediates.noindex/Pipify.build/Debug-watchos/Pipify-t.build/Objects-normal/arm64_32/Pipify-primary-emit-module.d -parse-as-library -o /Users/admin/builder/spi-builder-workspace/.derivedData/Build/Intermediates.noindex/Pipify.build/Debug-watchos/Pipify-t.build/Objects-normal/arm64_32/Pipify.swiftmodule -emit-abi-descriptor-path /Users/admin/builder/spi-builder-workspace/.derivedData/Build/Intermediates.noindex/Pipify.build/Debug-watchos/Pipify-t.build/Objects-normal/arm64_32/Pipify.abi.json
SwiftCompile normal arm64_32 (in target 'Pipify' from project 'Pipify')
    cd /Users/admin/builder/spi-builder-workspace/.swiftpm/xcode

SwiftCompile normal arm64_32 Compiling\ View+Buffer.swift /Users/admin/builder/spi-builder-workspace/Sources/View+Buffer.swift (in target 'Pipify' from project 'Pipify')
SwiftCompile normal arm64_32 /Users/admin/builder/spi-builder-workspace/Sources/View+Buffer.swift (in target 'Pipify' from project 'Pipify')
    cd /Users/admin/builder/spi-builder-workspace/.swiftpm/xcode
    builtin-SwiftPerFileCompile View+Buffer.swift
/Users/admin/builder/spi-builder-workspace/Sources/View+Buffer.swift:16:27: error: 'UIScreen' is unavailable in watchOS
 14 |
 15 |         #if canImport(UIKit)
 16 |         let scale = await UIScreen.main.scale * 2
    |                           `- error: 'UIScreen' is unavailable in watchOS
 17 |         #else
 18 |         let scale: CGFloat = 1
/Applications/Xcode-27.0.0-Release.Candidate.app/Contents/Developer/Platforms/WatchOS.platform/Developer/SDKs/WatchOS27.0.sdk/System/Library/Frameworks/UIKit.framework/Headers/UIScreen.h:54:12: note: 'UIScreen' has been explicitly marked unavailable here
 52 |
 53 | UIKIT_EXTERN API_AVAILABLE(ios(2.0)) API_UNAVAILABLE(visionos, watchos) NS_SWIFT_UI_ACTOR
 54 | @interface UIScreen : NSObject <UITraitEnvironment>
    |            `- note: 'UIScreen' has been explicitly marked unavailable here
 55 |
 56 | @property(class, nonatomic, readonly) NSArray<UIScreen *> *screens API_DEPRECATED("Use UIApplication.shared.openSessions to find open sessions with scenes from other screens", ios(3.2, 16.0), visionos(1.0, 1.0)) API_UNAVAILABLE(watchos); // all screens currently attached to the device
/Users/admin/builder/spi-builder-workspace/Sources/View+Buffer.swift:16:36: error: 'main' is unavailable in watchOS
 14 |
 15 |         #if canImport(UIKit)
 16 |         let scale = await UIScreen.main.scale * 2
    |                                    `- error: 'main' is unavailable in watchOS
 17 |         #else
 18 |         let scale: CGFloat = 1
/Applications/Xcode-27.0.0-Release.Candidate.app/Contents/Developer/Platforms/WatchOS.platform/Developer/SDKs/WatchOS27.0.sdk/System/Library/Frameworks/UIKit.framework/Headers/UIScreen.h:57:49: note: 'main' has been explicitly marked unavailable here
 55 |
 56 | @property(class, nonatomic, readonly) NSArray<UIScreen *> *screens API_DEPRECATED("Use UIApplication.shared.openSessions to find open sessions with scenes from other screens", ios(3.2, 16.0), visionos(1.0, 1.0)) API_UNAVAILABLE(watchos); // all screens currently attached to the device
 57 | @property(class, nonatomic, readonly) UIScreen *mainScreen API_DEPRECATED("Use a UIScreen instance found through context instead (i.e, view.window.windowScene.screen), or for properties like UIScreen.scale with trait equivalents, use a traitCollection found through context.", ios(2.0, 26.0), tvos(9.0, 26.0), visionos(1.0, 26.0)) API_UNAVAILABLE(watchos);
    |                                                 `- note: 'main' has been explicitly marked unavailable here
 58 |
 59 | @property(nonatomic,readonly) CGRect  bounds;                // Bounds of entire screen in points
/Users/admin/builder/spi-builder-workspace/Sources/View+Buffer.swift:86:22: error: 'CACurrentMediaTime()' is unavailable in watchOS
 84 |         // Timing Info
 85 |         let now = CMTime(
 86 |             seconds: CACurrentMediaTime(),
    |                      `- error: 'CACurrentMediaTime()' is unavailable in watchOS
 87 |             preferredTimescale: 120
 88 |         )
/Applications/Xcode-27.0.0-Release.Candidate.app/Contents/Developer/Platforms/WatchOS.platform/Developer/SDKs/WatchOS27.0.sdk/System/Library/Frameworks/QuartzCore.framework/Headers/CABase.h:127:26: note: 'CACurrentMediaTime()' has been explicitly marked unavailable here
125 |  * calling mach_absolute_time () and converting the units to seconds. */
126 |
127 | CA_EXTERN CFTimeInterval CACurrentMediaTime (void)
    |                          `- note: 'CACurrentMediaTime()' has been explicitly marked unavailable here
128 |     API_AVAILABLE(macos(10.5), ios(2.0)) API_UNAVAILABLE(watchos);
129 |
/Users/admin/builder/spi-builder-workspace/Sources/View+Buffer.swift:16:21: warning: no 'async' operations occur within 'await' expression [#UnnecessaryEffectMarker]
 14 |
 15 |         #if canImport(UIKit)
 16 |         let scale = await UIScreen.main.scale * 2
    |                     `- warning: no 'async' operations occur within 'await' expression [#UnnecessaryEffectMarker]
 17 |         #else
 18 |         let scale: CGFloat = 1
SwiftCompile normal arm64 Compiling\ PipifyViewModifier.swift /Users/admin/builder/spi-builder-workspace/Sources/PipifyViewModifier.swift (in target 'Pipify' from project 'Pipify')
/Users/admin/builder/spi-builder-workspace/Sources/PipifyViewModifier.swift:54:9: error: cannot find 'LayerView' in scope
52 |     @ViewBuilder
53 |     func generateLayerView(size: CGSize?) -> some View {
54 |         LayerView(layer: controller.bufferLayer, size: size)
   |         `- error: cannot find 'LayerView' in scope
55 |             // layer needs to be in the hierarchy, doesn't actually need to be visible
56 |             .opacity(0)
/Users/admin/builder/spi-builder-workspace/Sources/PipifyController.swift:39:32: error: cannot find 'AVSampleBufferDisplayLayer' in scope
 37 |     }
 38 |
 39 |     internal let bufferLayer = AVSampleBufferDisplayLayer()
    |                                `- error: cannot find 'AVSampleBufferDisplayLayer' in scope
 40 |     private var pipController: AVPictureInPictureController?
 41 |     private var rendererSubscriptions = Set<AnyCancellable>()
SwiftCompile normal arm64 /Users/admin/builder/spi-builder-workspace/Sources/PipifyViewModifier.swift (in target 'Pipify' from project 'Pipify')
    cd /Users/admin/builder/spi-builder-workspace/.swiftpm/xcode
    builtin-SwiftPerFileCompile PipifyViewModifier.swift
SwiftEmitModule normal arm64 Emitting\ module\ for\ Pipify (in target 'Pipify' from project 'Pipify')
/Users/admin/builder/spi-builder-workspace/Sources/PipifyController.swift:11:66: error: cannot find type 'AVPictureInPictureControllerDelegate' in scope
  9 | import os.log
 10 |
 11 | public final class PipifyController: NSObject, ObservableObject, AVPictureInPictureControllerDelegate,
    |                                                                  `- error: cannot find type 'AVPictureInPictureControllerDelegate' in scope
 12 |                                        AVPictureInPictureSampleBufferPlaybackDelegate {
 13 |
/Users/admin/builder/spi-builder-workspace/Sources/PipifyController.swift:12:40: error: cannot find type 'AVPictureInPictureSampleBufferPlaybackDelegate' in scope
 10 |
 11 | public final class PipifyController: NSObject, ObservableObject, AVPictureInPictureControllerDelegate,
 12 |                                        AVPictureInPictureSampleBufferPlaybackDelegate {
    |                                        `- error: cannot find type 'AVPictureInPictureSampleBufferPlaybackDelegate' in scope
 13 |
 14 |     public static var isSupported: Bool {
/Users/admin/builder/spi-builder-workspace/Sources/PipifyController.swift:40:32: error: cannot find type 'AVPictureInPictureController' in scope
 38 |
 39 |     internal let bufferLayer = AVSampleBufferDisplayLayer()
 40 |     private var pipController: AVPictureInPictureController?
    |                                `- error: cannot find type 'AVPictureInPictureController' in scope
 41 |     private var rendererSubscriptions = Set<AnyCancellable>()
 42 |     private var pipPossibleObservation: NSKeyValueObservation?
/Users/admin/builder/spi-builder-workspace/Sources/PipifyController.swift:39:32: error: cannot find 'AVSampleBufferDisplayLayer' in scope
 37 |     }
 38 |
 39 |     internal let bufferLayer = AVSampleBufferDisplayLayer()
    |                                `- error: cannot find 'AVSampleBufferDisplayLayer' in scope
 40 |     private var pipController: AVPictureInPictureController?
 41 |     private var rendererSubscriptions = Set<AnyCancellable>()
/Users/admin/builder/spi-builder-workspace/Sources/PipifyController.swift:115:33: error: cannot find type 'CMSampleBuffer' in scope
113 |     }
114 |
115 |     private func render(buffer: CMSampleBuffer) {
    |                                 `- error: cannot find type 'CMSampleBuffer' in scope
116 |         if bufferLayer.status == .failed {
117 |             bufferLayer.flush()
/Users/admin/builder/spi-builder-workspace/Sources/PipifyController.swift:179:98: error: cannot find type 'AVPictureInPictureController' in scope
177 |     // MARK: - AVPictureInPictureControllerDelegate
178 |
179 |     public func pictureInPictureControllerDidStartPictureInPicture(_ pictureInPictureController: AVPictureInPictureController) {
    |                                                                                                  `- error: cannot find type 'AVPictureInPictureController' in scope
180 |         logger.info("didStart")
181 |     }
/Users/admin/builder/spi-builder-workspace/Sources/PipifyController.swift:183:97: error: cannot find type 'AVPictureInPictureController' in scope
181 |     }
182 |
183 |     public func pictureInPictureControllerDidStopPictureInPicture(_ pictureInPictureController: AVPictureInPictureController) {
    |                                                                                                 `- error: cannot find type 'AVPictureInPictureController' in scope
184 |         logger.info("didStop")
185 |         enabled = false
/Users/admin/builder/spi-builder-workspace/Sources/PipifyController.swift:188:111: error: cannot find type 'AVPictureInPictureController' in scope
186 |     }
187 |
188 |     public func pictureInPictureControllerShouldProhibitBackgroundAudioPlayback(_ pictureInPictureController: AVPictureInPictureController) -> Bool {
    |                                                                                                               `- error: cannot find type 'AVPictureInPictureController' in scope
189 |         // We do not support audio through the pipify controller, as such we will allow other background audio to
190 |         // continue playing
/Users/admin/builder/spi-builder-workspace/Sources/PipifyController.swift:194:74: error: cannot find type 'AVPictureInPictureController' in scope
192 |     }
193 |
194 |     public func pictureInPictureController(_ pictureInPictureController: AVPictureInPictureController, failedToStartPictureInPictureWithError error: Error) {
    |                                                                          `- error: cannot find type 'AVPictureInPictureController' in scope
195 |         logger.error("failed to start: \(error.localizedDescription)")
196 |         enabled = false
/Users/admin/builder/spi-builder-workspace/Sources/PipifyController.swift:200:39: error: cannot find type 'AVPictureInPictureController' in scope
198 |
199 |     public func pictureInPictureController(
200 |         _ pictureInPictureController: AVPictureInPictureController,
    |                                       `- error: cannot find type 'AVPictureInPictureController' in scope
201 |         restoreUserInterfaceForPictureInPictureStopWithCompletionHandler completionHandler: @escaping (Bool) -> Void
202 |     ) {
/Users/admin/builder/spi-builder-workspace/Sources/PipifyController.swift:210:74: error: cannot find type 'AVPictureInPictureController' in scope
208 |     // MARK: - AVPictureInPictureSampleBufferPlaybackDelegate
209 |
210 |     public func pictureInPictureController(_ pictureInPictureController: AVPictureInPictureController, setPlaying playing: Bool) {
    |                                                                          `- error: cannot find type 'AVPictureInPictureController' in scope
211 |         if isPlayPauseEnabled {
212 |             DispatchQueue.main.async {
/Users/admin/builder/spi-builder-workspace/Sources/PipifyController.swift:220:90: error: cannot find type 'AVPictureInPictureController' in scope
218 |     }
219 |
220 |     public func pictureInPictureControllerIsPlaybackPaused(_ pictureInPictureController: AVPictureInPictureController) -> Bool {
    |                                                                                          `- error: cannot find type 'AVPictureInPictureController' in scope
221 |         return isPlayPauseEnabled && isPlaying == false
222 |     }
/Users/admin/builder/spi-builder-workspace/Sources/PipifyController.swift:224:127: error: cannot find type 'CMTimeRange' in scope
222 |     }
223 |
224 |     public func pictureInPictureControllerTimeRangeForPlayback(_ pictureInPictureController: AVPictureInPictureController) -> CMTimeRange {
    |                                                                                                                               `- error: cannot find type 'CMTimeRange' in scope
225 |         if onSkip == nil && progress == 1 {
226 |             // By returning a positive time range in conjunction with enabling `requiresLinearPlayback`
/Users/admin/builder/spi-builder-workspace/Sources/PipifyController.swift:224:94: error: cannot find type 'AVPictureInPictureController' in scope
222 |     }
223 |
224 |     public func pictureInPictureControllerTimeRangeForPlayback(_ pictureInPictureController: AVPictureInPictureController) -> CMTimeRange {
    |                                                                                              `- error: cannot find type 'AVPictureInPictureController' in scope
225 |         if onSkip == nil && progress == 1 {
226 |             // By returning a positive time range in conjunction with enabling `requiresLinearPlayback`
/Users/admin/builder/spi-builder-workspace/Sources/PipifyController.swift:258:74: error: cannot find type 'AVPictureInPictureController' in scope
256 |     }
257 |
258 |     public func pictureInPictureController(_ pictureInPictureController: AVPictureInPictureController, didTransitionToRenderSize newRenderSize: CMVideoDimensions) {
    |                                                                          `- error: cannot find type 'AVPictureInPictureController' in scope
259 |         logger.trace("window resize: \(newRenderSize.width)x\(newRenderSize.height)")
260 |         renderSize = .init(width: Int(newRenderSize.width), height: Int(newRenderSize.height))
/Users/admin/builder/spi-builder-workspace/Sources/PipifyController.swift:258:145: error: cannot find type 'CMVideoDimensions' in scope
256 |     }
257 |
258 |     public func pictureInPictureController(_ pictureInPictureController: AVPictureInPictureController, didTransitionToRenderSize newRenderSize: CMVideoDimensions) {
    |                                                                                                                                                 `- error: cannot find type 'CMVideoDimensions' in scope
259 |         logger.trace("window resize: \(newRenderSize.width)x\(newRenderSize.height)")
260 |         renderSize = .init(width: Int(newRenderSize.width), height: Int(newRenderSize.height))
/Users/admin/builder/spi-builder-workspace/Sources/PipifyController.swift:263:74: error: cannot find type 'AVPictureInPictureController' in scope
261 |     }
262 |
263 |     public func pictureInPictureController(_ pictureInPictureController: AVPictureInPictureController, skipByInterval skipInterval: CMTime) async {
    |                                                                          `- error: cannot find type 'AVPictureInPictureController' in scope
264 |         logger.info("skip by: \(skipInterval.seconds) seconds")
265 |         onSkip?(skipInterval.seconds)
SwiftCompile normal arm64 (in target 'Pipify' from project 'Pipify')
    cd /Users/admin/builder/spi-builder-workspace/.swiftpm/xcode

SwiftCompile normal arm64 Compiling\ PipifyController.swift /Users/admin/builder/spi-builder-workspace/Sources/PipifyController.swift (in target 'Pipify' from project 'Pipify')
/Users/admin/builder/spi-builder-workspace/Sources/PipifyController.swift:11:66: error: cannot find type 'AVPictureInPictureControllerDelegate' in scope
  9 | import os.log
 10 |
 11 | public final class PipifyController: NSObject, ObservableObject, AVPictureInPictureControllerDelegate,
    |                                                                  `- error: cannot find type 'AVPictureInPictureControllerDelegate' in scope
 12 |                                        AVPictureInPictureSampleBufferPlaybackDelegate {
 13 |
/Users/admin/builder/spi-builder-workspace/Sources/PipifyController.swift:12:40: error: cannot find type 'AVPictureInPictureSampleBufferPlaybackDelegate' in scope
 10 |
 11 | public final class PipifyController: NSObject, ObservableObject, AVPictureInPictureControllerDelegate,
 12 |                                        AVPictureInPictureSampleBufferPlaybackDelegate {
    |                                        `- error: cannot find type 'AVPictureInPictureSampleBufferPlaybackDelegate' in scope
 13 |
 14 |     public static var isSupported: Bool {
/Users/admin/builder/spi-builder-workspace/Sources/PipifyController.swift:40:32: error: cannot find type 'AVPictureInPictureController' in scope
 38 |
 39 |     internal let bufferLayer = AVSampleBufferDisplayLayer()
 40 |     private var pipController: AVPictureInPictureController?
    |                                `- error: cannot find type 'AVPictureInPictureController' in scope
 41 |     private var rendererSubscriptions = Set<AnyCancellable>()
 42 |     private var pipPossibleObservation: NSKeyValueObservation?
/Users/admin/builder/spi-builder-workspace/Sources/PipifyController.swift:39:32: error: cannot find 'AVSampleBufferDisplayLayer' in scope
 37 |     }
 38 |
 39 |     internal let bufferLayer = AVSampleBufferDisplayLayer()
    |                                `- error: cannot find 'AVSampleBufferDisplayLayer' in scope
 40 |     private var pipController: AVPictureInPictureController?
 41 |     private var rendererSubscriptions = Set<AnyCancellable>()
/Users/admin/builder/spi-builder-workspace/Sources/PipifyController.swift:115:33: error: cannot find type 'CMSampleBuffer' in scope
113 |     }
114 |
115 |     private func render(buffer: CMSampleBuffer) {
    |                                 `- error: cannot find type 'CMSampleBuffer' in scope
116 |         if bufferLayer.status == .failed {
117 |             bufferLayer.flush()
/Users/admin/builder/spi-builder-workspace/Sources/PipifyController.swift:179:98: error: cannot find type 'AVPictureInPictureController' in scope
177 |     // MARK: - AVPictureInPictureControllerDelegate
178 |
179 |     public func pictureInPictureControllerDidStartPictureInPicture(_ pictureInPictureController: AVPictureInPictureController) {
    |                                                                                                  `- error: cannot find type 'AVPictureInPictureController' in scope
180 |         logger.info("didStart")
181 |     }
/Users/admin/builder/spi-builder-workspace/Sources/PipifyController.swift:183:97: error: cannot find type 'AVPictureInPictureController' in scope
181 |     }
182 |
183 |     public func pictureInPictureControllerDidStopPictureInPicture(_ pictureInPictureController: AVPictureInPictureController) {
    |                                                                                                 `- error: cannot find type 'AVPictureInPictureController' in scope
184 |         logger.info("didStop")
185 |         enabled = false
/Users/admin/builder/spi-builder-workspace/Sources/PipifyController.swift:188:111: error: cannot find type 'AVPictureInPictureController' in scope
186 |     }
187 |
188 |     public func pictureInPictureControllerShouldProhibitBackgroundAudioPlayback(_ pictureInPictureController: AVPictureInPictureController) -> Bool {
    |                                                                                                               `- error: cannot find type 'AVPictureInPictureController' in scope
189 |         // We do not support audio through the pipify controller, as such we will allow other background audio to
190 |         // continue playing
/Users/admin/builder/spi-builder-workspace/Sources/PipifyController.swift:194:74: error: cannot find type 'AVPictureInPictureController' in scope
192 |     }
193 |
194 |     public func pictureInPictureController(_ pictureInPictureController: AVPictureInPictureController, failedToStartPictureInPictureWithError error: Error) {
    |                                                                          `- error: cannot find type 'AVPictureInPictureController' in scope
195 |         logger.error("failed to start: \(error.localizedDescription)")
196 |         enabled = false
/Users/admin/builder/spi-builder-workspace/Sources/PipifyController.swift:200:39: error: cannot find type 'AVPictureInPictureController' in scope
198 |
199 |     public func pictureInPictureController(
200 |         _ pictureInPictureController: AVPictureInPictureController,
    |                                       `- error: cannot find type 'AVPictureInPictureController' in scope
201 |         restoreUserInterfaceForPictureInPictureStopWithCompletionHandler completionHandler: @escaping (Bool) -> Void
202 |     ) {
/Users/admin/builder/spi-builder-workspace/Sources/PipifyController.swift:210:74: error: cannot find type 'AVPictureInPictureController' in scope
208 |     // MARK: - AVPictureInPictureSampleBufferPlaybackDelegate
209 |
210 |     public func pictureInPictureController(_ pictureInPictureController: AVPictureInPictureController, setPlaying playing: Bool) {
    |                                                                          `- error: cannot find type 'AVPictureInPictureController' in scope
211 |         if isPlayPauseEnabled {
212 |             DispatchQueue.main.async {
/Users/admin/builder/spi-builder-workspace/Sources/PipifyController.swift:220:90: error: cannot find type 'AVPictureInPictureController' in scope
218 |     }
219 |
220 |     public func pictureInPictureControllerIsPlaybackPaused(_ pictureInPictureController: AVPictureInPictureController) -> Bool {
    |                                                                                          `- error: cannot find type 'AVPictureInPictureController' in scope
221 |         return isPlayPauseEnabled && isPlaying == false
222 |     }
/Users/admin/builder/spi-builder-workspace/Sources/PipifyController.swift:224:127: error: cannot find type 'CMTimeRange' in scope
222 |     }
223 |
224 |     public func pictureInPictureControllerTimeRangeForPlayback(_ pictureInPictureController: AVPictureInPictureController) -> CMTimeRange {
    |                                                                                                                               `- error: cannot find type 'CMTimeRange' in scope
225 |         if onSkip == nil && progress == 1 {
226 |             // By returning a positive time range in conjunction with enabling `requiresLinearPlayback`
/Users/admin/builder/spi-builder-workspace/Sources/PipifyController.swift:224:94: error: cannot find type 'AVPictureInPictureController' in scope
222 |     }
223 |
224 |     public func pictureInPictureControllerTimeRangeForPlayback(_ pictureInPictureController: AVPictureInPictureController) -> CMTimeRange {
    |                                                                                              `- error: cannot find type 'AVPictureInPictureController' in scope
225 |         if onSkip == nil && progress == 1 {
226 |             // By returning a positive time range in conjunction with enabling `requiresLinearPlayback`
/Users/admin/builder/spi-builder-workspace/Sources/PipifyController.swift:258:74: error: cannot find type 'AVPictureInPictureController' in scope
256 |     }
257 |
258 |     public func pictureInPictureController(_ pictureInPictureController: AVPictureInPictureController, didTransitionToRenderSize newRenderSize: CMVideoDimensions) {
    |                                                                          `- error: cannot find type 'AVPictureInPictureController' in scope
259 |         logger.trace("window resize: \(newRenderSize.width)x\(newRenderSize.height)")
260 |         renderSize = .init(width: Int(newRenderSize.width), height: Int(newRenderSize.height))
/Users/admin/builder/spi-builder-workspace/Sources/PipifyController.swift:258:145: error: cannot find type 'CMVideoDimensions' in scope
256 |     }
257 |
258 |     public func pictureInPictureController(_ pictureInPictureController: AVPictureInPictureController, didTransitionToRenderSize newRenderSize: CMVideoDimensions) {
    |                                                                                                                                                 `- error: cannot find type 'CMVideoDimensions' in scope
259 |         logger.trace("window resize: \(newRenderSize.width)x\(newRenderSize.height)")
260 |         renderSize = .init(width: Int(newRenderSize.width), height: Int(newRenderSize.height))
/Users/admin/builder/spi-builder-workspace/Sources/PipifyController.swift:263:74: error: cannot find type 'AVPictureInPictureController' in scope
261 |     }
262 |
263 |     public func pictureInPictureController(_ pictureInPictureController: AVPictureInPictureController, skipByInterval skipInterval: CMTime) async {
    |                                                                          `- error: cannot find type 'AVPictureInPictureController' in scope
264 |         logger.info("skip by: \(skipInterval.seconds) seconds")
265 |         onSkip?(skipInterval.seconds)
/Users/admin/builder/spi-builder-workspace/Sources/PipifyController.swift:263:133: error: cannot find type 'CMTime' in scope
261 |     }
262 |
263 |     public func pictureInPictureController(_ pictureInPictureController: AVPictureInPictureController, skipByInterval skipInterval: CMTime) async {
    |                                                                                                                                     `- error: cannot find type 'CMTime' in scope
264 |         logger.info("skip by: \(skipInterval.seconds) seconds")
265 |         onSkip?(skipInterval.seconds)
/Users/admin/builder/spi-builder-workspace/Sources/PipifyController.swift:15:9: error: cannot find 'AVPictureInPictureController' in scope
 13 |
 14 |     public static var isSupported: Bool {
 15 |         AVPictureInPictureController.isPictureInPictureSupported()
    |         `- error: cannot find 'AVPictureInPictureController' in scope
 16 |     }
 17 |
SwiftCompile normal arm64 /Users/admin/builder/spi-builder-workspace/Sources/PipifyController.swift (in target 'Pipify' from project 'Pipify')
    cd /Users/admin/builder/spi-builder-workspace/.swiftpm/xcode
    builtin-SwiftPerFileCompile PipifyController.swift
SwiftCompile normal arm64 Compiling\ View+Buffer.swift /Users/admin/builder/spi-builder-workspace/Sources/View+Buffer.swift (in target 'Pipify' from project 'Pipify')
SwiftCompile normal arm64 /Users/admin/builder/spi-builder-workspace/Sources/View+Buffer.swift (in target 'Pipify' from project 'Pipify')
    cd /Users/admin/builder/spi-builder-workspace/.swiftpm/xcode
    builtin-SwiftPerFileCompile View+Buffer.swift
PruneExplicitPrecompiledModules /Users/admin/builder/spi-builder-workspace/.derivedData/Build/Intermediates.noindex/SwiftExplicitPrecompiledModules
PruneExplicitPrecompiledModules /Users/admin/builder/spi-builder-workspace/.derivedData/SDKExplicitPrecompiledModules
PruneExplicitPrecompiledModules /Users/admin/builder/spi-builder-workspace/.derivedData/Build/Intermediates.noindex/ExplicitPrecompiledModules
2026-09-21 09:03:15.674 xcodebuild[654:4189] [MT] IDERunDestination: Supported platforms for the buildables in the current scheme is empty.
** BUILD FAILED **
The following build commands failed:
	SwiftEmitModule normal arm64_32 Emitting\ module\ for\ Pipify (in target 'Pipify' from project 'Pipify')
	SwiftCompile normal arm64_32 (in target 'Pipify' from project 'Pipify')
	Building workspace Pipify with scheme Pipify
(3 failures)
Command line invocation:
    /Applications/Xcode-27.0.0-Release.Candidate.app/Contents/Developer/usr/bin/xcodebuild -IDEClonedSourcePackagesDirPathOverride=/Users/admin/builder/spi-builder-workspace/.dependencies -resolvePackageDependencies
Resolve Package Graph
Resolved source packages:
  Pipify: /Users/admin/builder/spi-builder-workspace
resolved source packages: Pipify
2026-09-21 09:03:22.433 xcodebuild[811:4776] [MT] IDERunDestination: Supported platforms for the buildables in the current scheme is empty.
{
  "dependencies" : [
  ],
  "manifest_display_name" : "Pipify",
  "name" : "Pipify",
  "path" : "/Users/admin/builder/spi-builder-workspace",
  "platforms" : [
    {
      "name" : "ios",
      "version" : "16.0.0"
    },
    {
      "name" : "macos",
      "version" : "13.0.0"
    },
    {
      "name" : "tvos",
      "version" : "16.0.0"
    },
    {
      "name" : "maccatalyst",
      "version" : "16.0.0"
    }
  ],
  "products" : [
    {
      "name" : "Pipify",
      "targets" : [
        "Pipify"
      ],
      "type" : {
        "library" : [
          "automatic"
        ]
      }
    }
  ],
  "targets" : [
    {
      "c99name" : "Pipify",
      "module_type" : "SwiftTarget",
      "name" : "Pipify",
      "path" : "Sources",
      "product_memberships" : [
        "Pipify"
      ],
      "sources" : [
        "LayerView.swift",
        "PipifyController.swift",
        "PipifyViewModifier.swift",
        "View+Buffer.swift",
        "View+Changes.swift",
        "View+Pipify.swift"
      ],
      "type" : "library"
    }
  ],
  "tools_version" : "5.6"
}
{
  "workspace" : {
    "name" : "Pipify",
    "schemes" : [
      "Pipify"
    ]
  }
}
2026-09-21 09:03:23.653 xcodebuild[819:4845] [MT] IDERunDestination: Supported platforms for the buildables in the current scheme is empty.
Running build ...
env DEVELOPER_DIR=/Applications/Xcode-27.0.0-Release.Candidate.app xcrun xcodebuild -IDEClonedSourcePackagesDirPathOverride=$PWD/.dependencies -skipMacroValidation -skipPackagePluginValidation -derivedDataPath $PWD/.derivedData build -scheme Pipify -destination generic/platform=watchOS
Command line invocation:
    /Applications/Xcode-27.0.0-Release.Candidate.app/Contents/Developer/usr/bin/xcodebuild -IDEClonedSourcePackagesDirPathOverride=/Users/admin/builder/spi-builder-workspace/.dependencies -skipMacroValidation -skipPackagePluginValidation -derivedDataPath /Users/admin/builder/spi-builder-workspace/.derivedData build -scheme Pipify -destination generic/platform=watchOS
Resolve Package Graph
Resolved source packages:
  Pipify: /Users/admin/builder/spi-builder-workspace
ComputePackagePrebuildTargetDependencyGraph
Prepare packages
CreateBuildRequest
SendProjectDescription
CreateBuildOperation
ComputeTargetDependencyGraph
note: Building targets in dependency order
note: Target dependency graph (2 targets)
    Target 'Pipify-product' in project 'Pipify'
        ➜ Explicit dependency on target 'Pipify' in project 'Pipify'
    Target 'Pipify' in project 'Pipify' (no dependencies)
GatherProvisioningInputs
CreateBuildDescription
ClangStatCache /Applications/Xcode-27.0.0-Release.Candidate.app/Contents/Developer/Toolchains/XcodeDefault.xctoolchain/usr/bin/clang-stat-cache /Applications/Xcode-27.0.0-Release.Candidate.app/Contents/Developer/Platforms/WatchOS.platform/Developer/SDKs/WatchOS27.0.sdk /Users/admin/builder/spi-builder-workspace/.derivedData/SDKStatCaches.noindex/watchos27.0-24R360-e829b21a6f8c9b70876ba0858053c04477534ef55a1706bf4c1112bbb242f0a2.sdkstatcache
    cd /Users/admin/builder/spi-builder-workspace/.swiftpm/xcode
    /Applications/Xcode-27.0.0-Release.Candidate.app/Contents/Developer/Toolchains/XcodeDefault.xctoolchain/usr/bin/clang-stat-cache /Applications/Xcode-27.0.0-Release.Candidate.app/Contents/Developer/Platforms/WatchOS.platform/Developer/SDKs/WatchOS27.0.sdk -o /Users/admin/builder/spi-builder-workspace/.derivedData/SDKStatCaches.noindex/watchos27.0-24R360-e829b21a6f8c9b70876ba0858053c04477534ef55a1706bf4c1112bbb242f0a2.sdkstatcache
SwiftDriver Pipify normal arm64_32 com.apple.xcode.tools.swift.compiler (in target 'Pipify' from project 'Pipify')
    cd /Users/admin/builder/spi-builder-workspace/.swiftpm/xcode
    builtin-SwiftDriver -- /Applications/Xcode-27.0.0-Release.Candidate.app/Contents/Developer/Toolchains/XcodeDefault.xctoolchain/usr/bin/swiftc -parse-as-library -module-name Pipify -Onone @/Users/admin/builder/spi-builder-workspace/.derivedData/Build/Intermediates.noindex/Pipify.build/Debug-watchos/Pipify-t.build/Objects-normal/arm64_32/Pipify.SwiftFileList -DSWIFT_PACKAGE -DDEBUG -DSWIFT_MODULE_RESOURCE_BUNDLE_UNAVAILABLE -DXcode -plugin-path /Applications/Xcode-27.0.0-Release.Candidate.app/Contents/Developer/Toolchains/XcodeDefault.xctoolchain/usr/lib/swift/host/plugins/testing -enable-experimental-feature DebugDescriptionMacro -sdk /Applications/Xcode-27.0.0-Release.Candidate.app/Contents/Developer/Platforms/WatchOS.platform/Developer/SDKs/WatchOS27.0.sdk -target arm64_32-apple-watchos9.0 -g -module-cache-path /Users/admin/builder/spi-builder-workspace/.derivedData/ModuleCache.noindex -Xfrontend -serialize-debugging-options -enable-testing -index-store-path /Users/admin/builder/spi-builder-workspace/.derivedData/Index.noindex/DataStore -Xcc -D_LIBCPP_HARDENING_MODE\=_LIBCPP_HARDENING_MODE_DEBUG -swift-version 5 -I /Users/admin/builder/spi-builder-workspace/.derivedData/Build/Products/Debug-watchos -Isystem /Applications/Xcode-27.0.0-Release.Candidate.app/Contents/Developer/Platforms/WatchOS.platform/Developer/usr/lib -F /Users/admin/builder/spi-builder-workspace/.derivedData/Build/Products/Debug-watchos -F /Applications/Xcode-27.0.0-Release.Candidate.app/Contents/Developer/Platforms/WatchOS.platform/Developer/Library/Frameworks -F /Applications/Xcode-27.0.0-Release.Candidate.app/Contents/Developer/Platforms/WatchOS.platform/Developer/SDKs/WatchOS27.0.sdk/Developer/Library/Frameworks -c -j10 -enable-batch-mode -incremental -Xcc -ivfsstatcache -Xcc /Users/admin/builder/spi-builder-workspace/.derivedData/SDKStatCaches.noindex/watchos27.0-24R360-e829b21a6f8c9b70876ba0858053c04477534ef55a1706bf4c1112bbb242f0a2.sdkstatcache -output-file-map /Users/admin/builder/spi-builder-workspace/.derivedData/Build/Intermediates.noindex/Pipify.build/Debug-watchos/Pipify-t.build/Objects-normal/arm64_32/Pipify-OutputFileMap.json -save-temps -no-color-diagnostics -explicit-module-build -module-cache-path /Users/admin/builder/spi-builder-workspace/.derivedData/Build/Intermediates.noindex/SwiftExplicitPrecompiledModules -clang-scanner-module-cache-path /Users/admin/builder/spi-builder-workspace/.derivedData/ModuleCache.noindex -sdk-module-cache-path /Users/admin/builder/spi-builder-workspace/.derivedData/SDKExplicitPrecompiledModules -emit-dependencies -emit-module -emit-module-path /Users/admin/builder/spi-builder-workspace/.derivedData/Build/Intermediates.noindex/Pipify.build/Debug-watchos/Pipify-t.build/Objects-normal/arm64_32/Pipify.swiftmodule -serialize-diagnostics -dependency-scan-serialize-diagnostics-path /Users/admin/builder/spi-builder-workspace/.derivedData/Build/Intermediates.noindex/Pipify.build/Debug-watchos/Pipify-t.build/Objects-normal/arm64_32/Pipify-dependency-scan.dia -validate-clang-modules-once -clang-build-session-file /Users/admin/builder/spi-builder-workspace/.derivedData/ModuleCache.noindex/Session.modulevalidation -Xcc -fmodules-prune-interval\=86400 -Xcc -fmodules-prune-after\=345600 -emit-const-values -const-gather-protocols-list /Users/admin/builder/spi-builder-workspace/.derivedData/Build/Intermediates.noindex/Pipify.build/Debug-watchos/Pipify-t.build/Objects-normal/arm64_32/Pipify_const_extract_protocols.json -Xcc -I/Users/admin/builder/spi-builder-workspace/.derivedData/Build/Products/Debug-watchos/include -Xcc -I/Users/admin/builder/spi-builder-workspace/.derivedData/Build/Intermediates.noindex/Pipify.build/Debug-watchos/Pipify-t.build/DerivedSources-normal/arm64_32 -Xcc -I/Users/admin/builder/spi-builder-workspace/.derivedData/Build/Intermediates.noindex/Pipify.build/Debug-watchos/Pipify-t.build/DerivedSources/arm64_32 -Xcc -I/Users/admin/builder/spi-builder-workspace/.derivedData/Build/Intermediates.noindex/Pipify.build/Debug-watchos/Pipify-t.build/DerivedSources -Xcc -DSWIFT_PACKAGE -Xcc -DDEBUG\=1 -emit-objc-header -emit-objc-header-path /Users/admin/builder/spi-builder-workspace/.derivedData/Build/Intermediates.noindex/Pipify.build/Debug-watchos/Pipify-t.build/Objects-normal/arm64_32/Pipify-Swift.h -working-directory /Users/admin/builder/spi-builder-workspace/.swiftpm/xcode -experimental-emit-module-separately -disable-cmo
SwiftDriver Pipify normal arm64 com.apple.xcode.tools.swift.compiler (in target 'Pipify' from project 'Pipify')
    cd /Users/admin/builder/spi-builder-workspace/.swiftpm/xcode
    builtin-SwiftDriver -- /Applications/Xcode-27.0.0-Release.Candidate.app/Contents/Developer/Toolchains/XcodeDefault.xctoolchain/usr/bin/swiftc -parse-as-library -module-name Pipify -Onone @/Users/admin/builder/spi-builder-workspace/.derivedData/Build/Intermediates.noindex/Pipify.build/Debug-watchos/Pipify-t.build/Objects-normal/arm64/Pipify.SwiftFileList -DSWIFT_PACKAGE -DDEBUG -DSWIFT_MODULE_RESOURCE_BUNDLE_UNAVAILABLE -DXcode -plugin-path /Applications/Xcode-27.0.0-Release.Candidate.app/Contents/Developer/Toolchains/XcodeDefault.xctoolchain/usr/lib/swift/host/plugins/testing -enable-experimental-feature DebugDescriptionMacro -sdk /Applications/Xcode-27.0.0-Release.Candidate.app/Contents/Developer/Platforms/WatchOS.platform/Developer/SDKs/WatchOS27.0.sdk -target arm64-apple-watchos9.0 -g -module-cache-path /Users/admin/builder/spi-builder-workspace/.derivedData/ModuleCache.noindex -Xfrontend -serialize-debugging-options -enable-testing -index-store-path /Users/admin/builder/spi-builder-workspace/.derivedData/Index.noindex/DataStore -Xcc -D_LIBCPP_HARDENING_MODE\=_LIBCPP_HARDENING_MODE_DEBUG -swift-version 5 -I /Users/admin/builder/spi-builder-workspace/.derivedData/Build/Products/Debug-watchos -Isystem /Applications/Xcode-27.0.0-Release.Candidate.app/Contents/Developer/Platforms/WatchOS.platform/Developer/usr/lib -F /Users/admin/builder/spi-builder-workspace/.derivedData/Build/Products/Debug-watchos -F /Applications/Xcode-27.0.0-Release.Candidate.app/Contents/Developer/Platforms/WatchOS.platform/Developer/Library/Frameworks -F /Applications/Xcode-27.0.0-Release.Candidate.app/Contents/Developer/Platforms/WatchOS.platform/Developer/SDKs/WatchOS27.0.sdk/Developer/Library/Frameworks -c -j10 -enable-batch-mode -incremental -Xcc -ivfsstatcache -Xcc /Users/admin/builder/spi-builder-workspace/.derivedData/SDKStatCaches.noindex/watchos27.0-24R360-e829b21a6f8c9b70876ba0858053c04477534ef55a1706bf4c1112bbb242f0a2.sdkstatcache -output-file-map /Users/admin/builder/spi-builder-workspace/.derivedData/Build/Intermediates.noindex/Pipify.build/Debug-watchos/Pipify-t.build/Objects-normal/arm64/Pipify-OutputFileMap.json -save-temps -no-color-diagnostics -explicit-module-build -module-cache-path /Users/admin/builder/spi-builder-workspace/.derivedData/Build/Intermediates.noindex/SwiftExplicitPrecompiledModules -clang-scanner-module-cache-path /Users/admin/builder/spi-builder-workspace/.derivedData/ModuleCache.noindex -sdk-module-cache-path /Users/admin/builder/spi-builder-workspace/.derivedData/SDKExplicitPrecompiledModules -emit-dependencies -emit-module -emit-module-path /Users/admin/builder/spi-builder-workspace/.derivedData/Build/Intermediates.noindex/Pipify.build/Debug-watchos/Pipify-t.build/Objects-normal/arm64/Pipify.swiftmodule -serialize-diagnostics -dependency-scan-serialize-diagnostics-path /Users/admin/builder/spi-builder-workspace/.derivedData/Build/Intermediates.noindex/Pipify.build/Debug-watchos/Pipify-t.build/Objects-normal/arm64/Pipify-dependency-scan.dia -validate-clang-modules-once -clang-build-session-file /Users/admin/builder/spi-builder-workspace/.derivedData/ModuleCache.noindex/Session.modulevalidation -Xcc -fmodules-prune-interval\=86400 -Xcc -fmodules-prune-after\=345600 -emit-const-values -const-gather-protocols-list /Users/admin/builder/spi-builder-workspace/.derivedData/Build/Intermediates.noindex/Pipify.build/Debug-watchos/Pipify-t.build/Objects-normal/arm64/Pipify_const_extract_protocols.json -Xcc -I/Users/admin/builder/spi-builder-workspace/.derivedData/Build/Products/Debug-watchos/include -Xcc -I/Users/admin/builder/spi-builder-workspace/.derivedData/Build/Intermediates.noindex/Pipify.build/Debug-watchos/Pipify-t.build/DerivedSources-normal/arm64 -Xcc -I/Users/admin/builder/spi-builder-workspace/.derivedData/Build/Intermediates.noindex/Pipify.build/Debug-watchos/Pipify-t.build/DerivedSources/arm64 -Xcc -I/Users/admin/builder/spi-builder-workspace/.derivedData/Build/Intermediates.noindex/Pipify.build/Debug-watchos/Pipify-t.build/DerivedSources -Xcc -DSWIFT_PACKAGE -Xcc -DDEBUG\=1 -emit-objc-header -emit-objc-header-path /Users/admin/builder/spi-builder-workspace/.derivedData/Build/Intermediates.noindex/Pipify.build/Debug-watchos/Pipify-t.build/Objects-normal/arm64/Pipify-Swift.h -working-directory /Users/admin/builder/spi-builder-workspace/.swiftpm/xcode -experimental-emit-module-separately -disable-cmo
SwiftEmitModule normal arm64_32 Emitting\ module\ for\ Pipify (in target 'Pipify' from project 'Pipify')
/Users/admin/builder/spi-builder-workspace/Sources/PipifyController.swift:11:66: error: cannot find type 'AVPictureInPictureControllerDelegate' in scope
  9 | import os.log
 10 |
 11 | public final class PipifyController: NSObject, ObservableObject, AVPictureInPictureControllerDelegate,
    |                                                                  `- error: cannot find type 'AVPictureInPictureControllerDelegate' in scope
 12 |                                        AVPictureInPictureSampleBufferPlaybackDelegate {
 13 |
/Users/admin/builder/spi-builder-workspace/Sources/PipifyController.swift:12:40: error: cannot find type 'AVPictureInPictureSampleBufferPlaybackDelegate' in scope
 10 |
 11 | public final class PipifyController: NSObject, ObservableObject, AVPictureInPictureControllerDelegate,
 12 |                                        AVPictureInPictureSampleBufferPlaybackDelegate {
    |                                        `- error: cannot find type 'AVPictureInPictureSampleBufferPlaybackDelegate' in scope
 13 |
 14 |     public static var isSupported: Bool {
/Users/admin/builder/spi-builder-workspace/Sources/PipifyController.swift:40:32: error: cannot find type 'AVPictureInPictureController' in scope
 38 |
 39 |     internal let bufferLayer = AVSampleBufferDisplayLayer()
 40 |     private var pipController: AVPictureInPictureController?
    |                                `- error: cannot find type 'AVPictureInPictureController' in scope
 41 |     private var rendererSubscriptions = Set<AnyCancellable>()
 42 |     private var pipPossibleObservation: NSKeyValueObservation?
/Users/admin/builder/spi-builder-workspace/Sources/PipifyController.swift:39:32: error: cannot find 'AVSampleBufferDisplayLayer' in scope
 37 |     }
 38 |
 39 |     internal let bufferLayer = AVSampleBufferDisplayLayer()
    |                                `- error: cannot find 'AVSampleBufferDisplayLayer' in scope
 40 |     private var pipController: AVPictureInPictureController?
 41 |     private var rendererSubscriptions = Set<AnyCancellable>()
/Users/admin/builder/spi-builder-workspace/Sources/PipifyController.swift:115:33: error: cannot find type 'CMSampleBuffer' in scope
113 |     }
114 |
115 |     private func render(buffer: CMSampleBuffer) {
    |                                 `- error: cannot find type 'CMSampleBuffer' in scope
116 |         if bufferLayer.status == .failed {
117 |             bufferLayer.flush()
/Users/admin/builder/spi-builder-workspace/Sources/PipifyController.swift:179:98: error: cannot find type 'AVPictureInPictureController' in scope
177 |     // MARK: - AVPictureInPictureControllerDelegate
178 |
179 |     public func pictureInPictureControllerDidStartPictureInPicture(_ pictureInPictureController: AVPictureInPictureController) {
    |                                                                                                  `- error: cannot find type 'AVPictureInPictureController' in scope
180 |         logger.info("didStart")
181 |     }
/Users/admin/builder/spi-builder-workspace/Sources/PipifyController.swift:183:97: error: cannot find type 'AVPictureInPictureController' in scope
181 |     }
182 |
183 |     public func pictureInPictureControllerDidStopPictureInPicture(_ pictureInPictureController: AVPictureInPictureController) {
    |                                                                                                 `- error: cannot find type 'AVPictureInPictureController' in scope
184 |         logger.info("didStop")
185 |         enabled = false
/Users/admin/builder/spi-builder-workspace/Sources/PipifyController.swift:188:111: error: cannot find type 'AVPictureInPictureController' in scope
186 |     }
187 |
188 |     public func pictureInPictureControllerShouldProhibitBackgroundAudioPlayback(_ pictureInPictureController: AVPictureInPictureController) -> Bool {
    |                                                                                                               `- error: cannot find type 'AVPictureInPictureController' in scope
189 |         // We do not support audio through the pipify controller, as such we will allow other background audio to
190 |         // continue playing
/Users/admin/builder/spi-builder-workspace/Sources/PipifyController.swift:194:74: error: cannot find type 'AVPictureInPictureController' in scope
192 |     }
193 |
194 |     public func pictureInPictureController(_ pictureInPictureController: AVPictureInPictureController, failedToStartPictureInPictureWithError error: Error) {
    |                                                                          `- error: cannot find type 'AVPictureInPictureController' in scope
195 |         logger.error("failed to start: \(error.localizedDescription)")
196 |         enabled = false
/Users/admin/builder/spi-builder-workspace/Sources/PipifyController.swift:200:39: error: cannot find type 'AVPictureInPictureController' in scope
198 |
199 |     public func pictureInPictureController(
200 |         _ pictureInPictureController: AVPictureInPictureController,
    |                                       `- error: cannot find type 'AVPictureInPictureController' in scope
201 |         restoreUserInterfaceForPictureInPictureStopWithCompletionHandler completionHandler: @escaping (Bool) -> Void
202 |     ) {
/Users/admin/builder/spi-builder-workspace/Sources/PipifyController.swift:210:74: error: cannot find type 'AVPictureInPictureController' in scope
208 |     // MARK: - AVPictureInPictureSampleBufferPlaybackDelegate
209 |
210 |     public func pictureInPictureController(_ pictureInPictureController: AVPictureInPictureController, setPlaying playing: Bool) {
    |                                                                          `- error: cannot find type 'AVPictureInPictureController' in scope
211 |         if isPlayPauseEnabled {
212 |             DispatchQueue.main.async {
/Users/admin/builder/spi-builder-workspace/Sources/PipifyController.swift:220:90: error: cannot find type 'AVPictureInPictureController' in scope
218 |     }
219 |
220 |     public func pictureInPictureControllerIsPlaybackPaused(_ pictureInPictureController: AVPictureInPictureController) -> Bool {
    |                                                                                          `- error: cannot find type 'AVPictureInPictureController' in scope
221 |         return isPlayPauseEnabled && isPlaying == false
222 |     }
/Users/admin/builder/spi-builder-workspace/Sources/PipifyController.swift:224:127: error: cannot find type 'CMTimeRange' in scope
222 |     }
223 |
224 |     public func pictureInPictureControllerTimeRangeForPlayback(_ pictureInPictureController: AVPictureInPictureController) -> CMTimeRange {
    |                                                                                                                               `- error: cannot find type 'CMTimeRange' in scope
225 |         if onSkip == nil && progress == 1 {
226 |             // By returning a positive time range in conjunction with enabling `requiresLinearPlayback`
/Users/admin/builder/spi-builder-workspace/Sources/PipifyController.swift:224:94: error: cannot find type 'AVPictureInPictureController' in scope
222 |     }
223 |
224 |     public func pictureInPictureControllerTimeRangeForPlayback(_ pictureInPictureController: AVPictureInPictureController) -> CMTimeRange {
    |                                                                                              `- error: cannot find type 'AVPictureInPictureController' in scope
225 |         if onSkip == nil && progress == 1 {
226 |             // By returning a positive time range in conjunction with enabling `requiresLinearPlayback`
/Users/admin/builder/spi-builder-workspace/Sources/PipifyController.swift:258:74: error: cannot find type 'AVPictureInPictureController' in scope
256 |     }
257 |
258 |     public func pictureInPictureController(_ pictureInPictureController: AVPictureInPictureController, didTransitionToRenderSize newRenderSize: CMVideoDimensions) {
    |                                                                          `- error: cannot find type 'AVPictureInPictureController' in scope
259 |         logger.trace("window resize: \(newRenderSize.width)x\(newRenderSize.height)")
260 |         renderSize = .init(width: Int(newRenderSize.width), height: Int(newRenderSize.height))
/Users/admin/builder/spi-builder-workspace/Sources/PipifyController.swift:258:145: error: cannot find type 'CMVideoDimensions' in scope
256 |     }
257 |
258 |     public func pictureInPictureController(_ pictureInPictureController: AVPictureInPictureController, didTransitionToRenderSize newRenderSize: CMVideoDimensions) {
    |                                                                                                                                                 `- error: cannot find type 'CMVideoDimensions' in scope
259 |         logger.trace("window resize: \(newRenderSize.width)x\(newRenderSize.height)")
260 |         renderSize = .init(width: Int(newRenderSize.width), height: Int(newRenderSize.height))
/Users/admin/builder/spi-builder-workspace/Sources/PipifyController.swift:263:74: error: cannot find type 'AVPictureInPictureController' in scope
261 |     }
262 |
263 |     public func pictureInPictureController(_ pictureInPictureController: AVPictureInPictureController, skipByInterval skipInterval: CMTime) async {
    |                                                                          `- error: cannot find type 'AVPictureInPictureController' in scope
264 |         logger.info("skip by: \(skipInterval.seconds) seconds")
265 |         onSkip?(skipInterval.seconds)
SwiftCompile normal arm64_32 (in target 'Pipify' from project 'Pipify')
    cd /Users/admin/builder/spi-builder-workspace/.swiftpm/xcode

/Users/admin/builder/spi-builder-workspace/Sources/PipifyController.swift:263:133: error: cannot find type 'CMTime' in scope
261 |     }
262 |
263 |     public func pictureInPictureController(_ pictureInPictureController: AVPictureInPictureController, skipByInterval skipInterval: CMTime) async {
    |                                                                                                                                     `- error: cannot find type 'CMTime' in scope
264 |         logger.info("skip by: \(skipInterval.seconds) seconds")
265 |         onSkip?(skipInterval.seconds)
Failed frontend command:
/Applications/Xcode-27.0.0-Release.Candidate.app/Contents/Developer/Toolchains/XcodeDefault.xctoolchain/usr/bin/swift-frontend -frontend -emit-module -experimental-skip-non-inlinable-function-bodies-without-types /Users/admin/builder/spi-builder-workspace/Sources/LayerView.swift /Users/admin/builder/spi-builder-workspace/Sources/PipifyController.swift /Users/admin/builder/spi-builder-workspace/Sources/PipifyViewModifier.swift /Users/admin/builder/spi-builder-workspace/Sources/View+Buffer.swift /Users/admin/builder/spi-builder-workspace/Sources/View+Changes.swift /Users/admin/builder/spi-builder-workspace/Sources/View+Pipify.swift -target arm64_32-apple-watchos9.0 -module-can-import-version UIKit 9127.0.84.1 9127.0.84 -disable-cross-import-overlay-search -swift-module-cross-import AVKit /Applications/Xcode-27.0.0-Release.Candidate.app/Contents/Developer/Platforms/WatchOS.platform/Developer/SDKs/WatchOS.sdk/System/Library/Frameworks/AVKit.framework/Modules/AVKit.swiftcrossimport/SwiftUI.swiftoverlay -load-resolved-plugin /Applications/Xcode-27.0.0-Release.Candidate.app/Contents/Developer/Platforms/WatchOS.platform/Developer/usr/lib/swift/host/plugins/libFoundationMacros.dylib\#/Applications/Xcode-27.0.0-Release.Candidate.app/Contents/Developer/Platforms/WatchOS.platform/Developer/usr/bin/swift-plugin-server\#FoundationMacros -load-resolved-plugin /Applications/Xcode-27.0.0-Release.Candidate.app/Contents/Developer/Platforms/WatchOS.platform/Developer/usr/lib/swift/host/plugins/libObservationMacros.dylib\#/Applications/Xcode-27.0.0-Release.Candidate.app/Contents/Developer/Platforms/WatchOS.platform/Developer/usr/bin/swift-plugin-server\#ObservationMacros -load-resolved-plugin /Applications/Xcode-27.0.0-Release.Candidate.app/Contents/Developer/Platforms/WatchOS.platform/Developer/usr/lib/swift/host/plugins/libPreviewsMacros.dylib\#/Applications/Xcode-27.0.0-Release.Candidate.app/Contents/Developer/Platforms/WatchOS.platform/Developer/usr/bin/swift-plugin-server\#PreviewsMacros -load-resolved-plugin /Applications/Xcode-27.0.0-Release.Candidate.app/Contents/Developer/Platforms/WatchOS.platform/Developer/usr/lib/swift/host/plugins/libSwiftMacros.dylib\#/Applications/Xcode-27.0.0-Release.Candidate.app/Contents/Developer/Platforms/WatchOS.platform/Developer/usr/bin/swift-plugin-server\#SwiftMacros -load-resolved-plugin /Applications/Xcode-27.0.0-Release.Candidate.app/Contents/Developer/Platforms/WatchOS.platform/Developer/usr/lib/swift/host/plugins/libSwiftUIMacros.dylib\#/Applications/Xcode-27.0.0-Release.Candidate.app/Contents/Developer/Platforms/WatchOS.platform/Developer/usr/bin/swift-plugin-server\#SwiftUIMacros -disable-implicit-swift-modules -Xcc -fno-implicit-modules -Xcc -fno-implicit-module-maps -explicit-swift-module-map-file /Users/admin/builder/spi-builder-workspace/.derivedData/Build/Intermediates.noindex/Pipify.build/Debug-watchos/Pipify-t.build/Objects-normal/arm64_32/Pipify-dependencies-1.json -enable-objc-interop -sdk /Applications/Xcode-27.0.0-Release.Candidate.app/Contents/Developer/Platforms/WatchOS.platform/Developer/SDKs/WatchOS27.0.sdk -I /Users/admin/builder/spi-builder-workspace/.derivedData/Build/Products/Debug-watchos -Isystem /Applications/Xcode-27.0.0-Release.Candidate.app/Contents/Developer/Platforms/WatchOS.platform/Developer/usr/lib -F /Users/admin/builder/spi-builder-workspace/.derivedData/Build/Products/Debug-watchos -F /Applications/Xcode-27.0.0-Release.Candidate.app/Contents/Developer/Platforms/WatchOS.platform/Developer/Library/Frameworks -F /Applications/Xcode-27.0.0-Release.Candidate.app/Contents/Developer/Platforms/WatchOS.platform/Developer/SDKs/WatchOS27.0.sdk/Developer/Library/Frameworks -module-cache-path /Users/admin/builder/spi-builder-workspace/.derivedData/Build/Intermediates.noindex/SwiftExplicitPrecompiledModules -no-color-diagnostics -Xcc -fno-color-diagnostics -enable-testing -g -debug-info-format\=dwarf -dwarf-version\=4 -swift-version 5 -Onone -D SWIFT_PACKAGE -D DEBUG -D SWIFT_MODULE_RESOURCE_BUNDLE_UNAVAILABLE -D Xcode -serialize-debugging-options -enable-experimental-feature DebugDescriptionMacro -empty-abi-descriptor -validate-clang-modules-once -clang-build-session-file /Users/admin/builder/spi-builder-workspace/.derivedData/ModuleCache.noindex/Session.modulevalidation -Xcc -working-directory -Xcc /Users/admin/builder/spi-builder-workspace/.swiftpm/xcode -enable-anonymous-context-mangled-names -file-compilation-dir /Users/admin/builder/spi-builder-workspace/.swiftpm/xcode -Xcc -D_LIBCPP_HARDENING_MODE\=_LIBCPP_HARDENING_MODE_DEBUG -Xcc -ivfsstatcache -Xcc /Users/admin/builder/spi-builder-workspace/.derivedData/SDKStatCaches.noindex/watchos27.0-24R360-e829b21a6f8c9b70876ba0858053c04477534ef55a1706bf4c1112bbb242f0a2.sdkstatcache -Xcc -fmodules-prune-interval\=86400 -Xcc -fmodules-prune-after\=345600 -Xcc -I/Users/admin/builder/spi-builder-workspace/.derivedData/Build/Products/Debug-watchos/include -Xcc -I/Users/admin/builder/spi-builder-workspace/.derivedData/Build/Intermediates.noindex/Pipify.build/Debug-watchos/Pipify-t.build/DerivedSources-normal/arm64_32 -Xcc -I/Users/admin/builder/spi-builder-workspace/.derivedData/Build/Intermediates.noindex/Pipify.build/Debug-watchos/Pipify-t.build/DerivedSources/arm64_32 -Xcc -I/Users/admin/builder/spi-builder-workspace/.derivedData/Build/Intermediates.noindex/Pipify.build/Debug-watchos/Pipify-t.build/DerivedSources -Xcc -DSWIFT_PACKAGE -Xcc -DDEBUG\=1 -no-auto-bridging-header-chaining -module-name Pipify -const-gather-protocols-file /Users/admin/builder/spi-builder-workspace/.derivedData/Build/Intermediates.noindex/Pipify.build/Debug-watchos/Pipify-t.build/Objects-normal/arm64_32/Pipify_const_extract_protocols.json -disable-clang-spi -clang-target arm64_32-apple-watchos27.0 -target-sdk-version 27.0 -target-sdk-name watchos27.0 -in-process-plugin-server-path /Applications/Xcode-27.0.0-Release.Candidate.app/Contents/Developer/Toolchains/XcodeDefault.xctoolchain/usr/lib/swift/host/libSwiftInProcPluginServer.dylib -emit-module-doc-path /Users/admin/builder/spi-builder-workspace/.derivedData/Build/Intermediates.noindex/Pipify.build/Debug-watchos/Pipify-t.build/Objects-normal/arm64_32/Pipify.swiftdoc -emit-module-source-info-path /Users/admin/builder/spi-builder-workspace/.derivedData/Build/Intermediates.noindex/Pipify.build/Debug-watchos/Pipify-t.build/Objects-normal/arm64_32/Pipify.swiftsourceinfo -emit-objc-header-path /Users/admin/builder/spi-builder-workspace/.derivedData/Build/Intermediates.noindex/Pipify.build/Debug-watchos/Pipify-t.build/Objects-normal/arm64_32/Pipify-Swift.h -serialize-diagnostics-path /Users/admin/builder/spi-builder-workspace/.derivedData/Build/Intermediates.noindex/Pipify.build/Debug-watchos/Pipify-t.build/Objects-normal/arm64_32/Pipify-primary-emit-module.dia -emit-dependencies-path /Users/admin/builder/spi-builder-workspace/.derivedData/Build/Intermediates.noindex/Pipify.build/Debug-watchos/Pipify-t.build/Objects-normal/arm64_32/Pipify-primary-emit-module.d -parse-as-library -o /Users/admin/builder/spi-builder-workspace/.derivedData/Build/Intermediates.noindex/Pipify.build/Debug-watchos/Pipify-t.build/Objects-normal/arm64_32/Pipify.swiftmodule -emit-abi-descriptor-path /Users/admin/builder/spi-builder-workspace/.derivedData/Build/Intermediates.noindex/Pipify.build/Debug-watchos/Pipify-t.build/Objects-normal/arm64_32/Pipify.abi.json
SwiftCompile normal arm64_32 Compiling\ LayerView.swift /Users/admin/builder/spi-builder-workspace/Sources/LayerView.swift (in target 'Pipify' from project 'Pipify')
SwiftCompile normal arm64_32 /Users/admin/builder/spi-builder-workspace/Sources/LayerView.swift (in target 'Pipify' from project 'Pipify')
    cd /Users/admin/builder/spi-builder-workspace/.swiftpm/xcode
    builtin-SwiftPerFileCompile LayerView.swift
SwiftCompile normal arm64_32 Compiling\ View+Buffer.swift /Users/admin/builder/spi-builder-workspace/Sources/View+Buffer.swift (in target 'Pipify' from project 'Pipify')
SwiftCompile normal arm64_32 /Users/admin/builder/spi-builder-workspace/Sources/View+Buffer.swift (in target 'Pipify' from project 'Pipify')
    cd /Users/admin/builder/spi-builder-workspace/.swiftpm/xcode
    builtin-SwiftPerFileCompile View+Buffer.swift
/Users/admin/builder/spi-builder-workspace/Sources/View+Buffer.swift:16:27: error: 'UIScreen' is unavailable in watchOS
 14 |
 15 |         #if canImport(UIKit)
 16 |         let scale = await UIScreen.main.scale * 2
    |                           `- error: 'UIScreen' is unavailable in watchOS
 17 |         #else
 18 |         let scale: CGFloat = 1
/Applications/Xcode-27.0.0-Release.Candidate.app/Contents/Developer/Platforms/WatchOS.platform/Developer/SDKs/WatchOS27.0.sdk/System/Library/Frameworks/UIKit.framework/Headers/UIScreen.h:54:12: note: 'UIScreen' has been explicitly marked unavailable here
 52 |
 53 | UIKIT_EXTERN API_AVAILABLE(ios(2.0)) API_UNAVAILABLE(visionos, watchos) NS_SWIFT_UI_ACTOR
 54 | @interface UIScreen : NSObject <UITraitEnvironment>
    |            `- note: 'UIScreen' has been explicitly marked unavailable here
 55 |
 56 | @property(class, nonatomic, readonly) NSArray<UIScreen *> *screens API_DEPRECATED("Use UIApplication.shared.openSessions to find open sessions with scenes from other screens", ios(3.2, 16.0), visionos(1.0, 1.0)) API_UNAVAILABLE(watchos); // all screens currently attached to the device
/Users/admin/builder/spi-builder-workspace/Sources/View+Buffer.swift:16:36: error: 'main' is unavailable in watchOS
 14 |
 15 |         #if canImport(UIKit)
 16 |         let scale = await UIScreen.main.scale * 2
    |                                    `- error: 'main' is unavailable in watchOS
 17 |         #else
 18 |         let scale: CGFloat = 1
/Applications/Xcode-27.0.0-Release.Candidate.app/Contents/Developer/Platforms/WatchOS.platform/Developer/SDKs/WatchOS27.0.sdk/System/Library/Frameworks/UIKit.framework/Headers/UIScreen.h:57:49: note: 'main' has been explicitly marked unavailable here
 55 |
 56 | @property(class, nonatomic, readonly) NSArray<UIScreen *> *screens API_DEPRECATED("Use UIApplication.shared.openSessions to find open sessions with scenes from other screens", ios(3.2, 16.0), visionos(1.0, 1.0)) API_UNAVAILABLE(watchos); // all screens currently attached to the device
 57 | @property(class, nonatomic, readonly) UIScreen *mainScreen API_DEPRECATED("Use a UIScreen instance found through context instead (i.e, view.window.windowScene.screen), or for properties like UIScreen.scale with trait equivalents, use a traitCollection found through context.", ios(2.0, 26.0), tvos(9.0, 26.0), visionos(1.0, 26.0)) API_UNAVAILABLE(watchos);
    |                                                 `- note: 'main' has been explicitly marked unavailable here
 58 |
 59 | @property(nonatomic,readonly) CGRect  bounds;                // Bounds of entire screen in points
/Users/admin/builder/spi-builder-workspace/Sources/View+Buffer.swift:86:22: error: 'CACurrentMediaTime()' is unavailable in watchOS
 84 |         // Timing Info
 85 |         let now = CMTime(
 86 |             seconds: CACurrentMediaTime(),
    |                      `- error: 'CACurrentMediaTime()' is unavailable in watchOS
 87 |             preferredTimescale: 120
 88 |         )
/Applications/Xcode-27.0.0-Release.Candidate.app/Contents/Developer/Platforms/WatchOS.platform/Developer/SDKs/WatchOS27.0.sdk/System/Library/Frameworks/QuartzCore.framework/Headers/CABase.h:127:26: note: 'CACurrentMediaTime()' has been explicitly marked unavailable here
125 |  * calling mach_absolute_time () and converting the units to seconds. */
126 |
127 | CA_EXTERN CFTimeInterval CACurrentMediaTime (void)
    |                          `- note: 'CACurrentMediaTime()' has been explicitly marked unavailable here
128 |     API_AVAILABLE(macos(10.5), ios(2.0)) API_UNAVAILABLE(watchos);
129 |
/Users/admin/builder/spi-builder-workspace/Sources/View+Buffer.swift:16:21: warning: no 'async' operations occur within 'await' expression [#UnnecessaryEffectMarker]
 14 |
 15 |         #if canImport(UIKit)
 16 |         let scale = await UIScreen.main.scale * 2
    |                     `- warning: no 'async' operations occur within 'await' expression [#UnnecessaryEffectMarker]
 17 |         #else
 18 |         let scale: CGFloat = 1
SwiftCompile normal arm64_32 Compiling\ PipifyController.swift /Users/admin/builder/spi-builder-workspace/Sources/PipifyController.swift (in target 'Pipify' from project 'Pipify')
/Users/admin/builder/spi-builder-workspace/Sources/PipifyController.swift:11:66: error: cannot find type 'AVPictureInPictureControllerDelegate' in scope
  9 | import os.log
 10 |
 11 | public final class PipifyController: NSObject, ObservableObject, AVPictureInPictureControllerDelegate,
    |                                                                  `- error: cannot find type 'AVPictureInPictureControllerDelegate' in scope
 12 |                                        AVPictureInPictureSampleBufferPlaybackDelegate {
 13 |
/Users/admin/builder/spi-builder-workspace/Sources/PipifyController.swift:12:40: error: cannot find type 'AVPictureInPictureSampleBufferPlaybackDelegate' in scope
 10 |
 11 | public final class PipifyController: NSObject, ObservableObject, AVPictureInPictureControllerDelegate,
 12 |                                        AVPictureInPictureSampleBufferPlaybackDelegate {
    |                                        `- error: cannot find type 'AVPictureInPictureSampleBufferPlaybackDelegate' in scope
 13 |
 14 |     public static var isSupported: Bool {
/Users/admin/builder/spi-builder-workspace/Sources/PipifyController.swift:40:32: error: cannot find type 'AVPictureInPictureController' in scope
 38 |
 39 |     internal let bufferLayer = AVSampleBufferDisplayLayer()
 40 |     private var pipController: AVPictureInPictureController?
    |                                `- error: cannot find type 'AVPictureInPictureController' in scope
 41 |     private var rendererSubscriptions = Set<AnyCancellable>()
 42 |     private var pipPossibleObservation: NSKeyValueObservation?
/Users/admin/builder/spi-builder-workspace/Sources/PipifyController.swift:39:32: error: cannot find 'AVSampleBufferDisplayLayer' in scope
 37 |     }
 38 |
 39 |     internal let bufferLayer = AVSampleBufferDisplayLayer()
    |                                `- error: cannot find 'AVSampleBufferDisplayLayer' in scope
 40 |     private var pipController: AVPictureInPictureController?
 41 |     private var rendererSubscriptions = Set<AnyCancellable>()
/Users/admin/builder/spi-builder-workspace/Sources/PipifyController.swift:115:33: error: cannot find type 'CMSampleBuffer' in scope
113 |     }
114 |
115 |     private func render(buffer: CMSampleBuffer) {
    |                                 `- error: cannot find type 'CMSampleBuffer' in scope
116 |         if bufferLayer.status == .failed {
117 |             bufferLayer.flush()
/Users/admin/builder/spi-builder-workspace/Sources/PipifyController.swift:179:98: error: cannot find type 'AVPictureInPictureController' in scope
177 |     // MARK: - AVPictureInPictureControllerDelegate
178 |
179 |     public func pictureInPictureControllerDidStartPictureInPicture(_ pictureInPictureController: AVPictureInPictureController) {
    |                                                                                                  `- error: cannot find type 'AVPictureInPictureController' in scope
180 |         logger.info("didStart")
181 |     }
/Users/admin/builder/spi-builder-workspace/Sources/PipifyController.swift:183:97: error: cannot find type 'AVPictureInPictureController' in scope
181 |     }
182 |
183 |     public func pictureInPictureControllerDidStopPictureInPicture(_ pictureInPictureController: AVPictureInPictureController) {
    |                                                                                                 `- error: cannot find type 'AVPictureInPictureController' in scope
184 |         logger.info("didStop")
185 |         enabled = false
/Users/admin/builder/spi-builder-workspace/Sources/PipifyController.swift:188:111: error: cannot find type 'AVPictureInPictureController' in scope
186 |     }
187 |
188 |     public func pictureInPictureControllerShouldProhibitBackgroundAudioPlayback(_ pictureInPictureController: AVPictureInPictureController) -> Bool {
    |                                                                                                               `- error: cannot find type 'AVPictureInPictureController' in scope
189 |         // We do not support audio through the pipify controller, as such we will allow other background audio to
190 |         // continue playing
/Users/admin/builder/spi-builder-workspace/Sources/PipifyController.swift:194:74: error: cannot find type 'AVPictureInPictureController' in scope
192 |     }
193 |
194 |     public func pictureInPictureController(_ pictureInPictureController: AVPictureInPictureController, failedToStartPictureInPictureWithError error: Error) {
    |                                                                          `- error: cannot find type 'AVPictureInPictureController' in scope
195 |         logger.error("failed to start: \(error.localizedDescription)")
196 |         enabled = false
/Users/admin/builder/spi-builder-workspace/Sources/PipifyController.swift:200:39: error: cannot find type 'AVPictureInPictureController' in scope
198 |
199 |     public func pictureInPictureController(
200 |         _ pictureInPictureController: AVPictureInPictureController,
    |                                       `- error: cannot find type 'AVPictureInPictureController' in scope
201 |         restoreUserInterfaceForPictureInPictureStopWithCompletionHandler completionHandler: @escaping (Bool) -> Void
202 |     ) {
/Users/admin/builder/spi-builder-workspace/Sources/PipifyController.swift:210:74: error: cannot find type 'AVPictureInPictureController' in scope
208 |     // MARK: - AVPictureInPictureSampleBufferPlaybackDelegate
209 |
210 |     public func pictureInPictureController(_ pictureInPictureController: AVPictureInPictureController, setPlaying playing: Bool) {
    |                                                                          `- error: cannot find type 'AVPictureInPictureController' in scope
211 |         if isPlayPauseEnabled {
212 |             DispatchQueue.main.async {
/Users/admin/builder/spi-builder-workspace/Sources/PipifyController.swift:220:90: error: cannot find type 'AVPictureInPictureController' in scope
218 |     }
219 |
220 |     public func pictureInPictureControllerIsPlaybackPaused(_ pictureInPictureController: AVPictureInPictureController) -> Bool {
    |                                                                                          `- error: cannot find type 'AVPictureInPictureController' in scope
221 |         return isPlayPauseEnabled && isPlaying == false
222 |     }
/Users/admin/builder/spi-builder-workspace/Sources/PipifyController.swift:224:127: error: cannot find type 'CMTimeRange' in scope
222 |     }
223 |
224 |     public func pictureInPictureControllerTimeRangeForPlayback(_ pictureInPictureController: AVPictureInPictureController) -> CMTimeRange {
    |                                                                                                                               `- error: cannot find type 'CMTimeRange' in scope
225 |         if onSkip == nil && progress == 1 {
226 |             // By returning a positive time range in conjunction with enabling `requiresLinearPlayback`
/Users/admin/builder/spi-builder-workspace/Sources/PipifyController.swift:224:94: error: cannot find type 'AVPictureInPictureController' in scope
222 |     }
223 |
224 |     public func pictureInPictureControllerTimeRangeForPlayback(_ pictureInPictureController: AVPictureInPictureController) -> CMTimeRange {
    |                                                                                              `- error: cannot find type 'AVPictureInPictureController' in scope
225 |         if onSkip == nil && progress == 1 {
226 |             // By returning a positive time range in conjunction with enabling `requiresLinearPlayback`
/Users/admin/builder/spi-builder-workspace/Sources/PipifyController.swift:258:74: error: cannot find type 'AVPictureInPictureController' in scope
256 |     }
257 |
258 |     public func pictureInPictureController(_ pictureInPictureController: AVPictureInPictureController, didTransitionToRenderSize newRenderSize: CMVideoDimensions) {
    |                                                                          `- error: cannot find type 'AVPictureInPictureController' in scope
259 |         logger.trace("window resize: \(newRenderSize.width)x\(newRenderSize.height)")
260 |         renderSize = .init(width: Int(newRenderSize.width), height: Int(newRenderSize.height))
/Users/admin/builder/spi-builder-workspace/Sources/PipifyController.swift:258:145: error: cannot find type 'CMVideoDimensions' in scope
256 |     }
257 |
258 |     public func pictureInPictureController(_ pictureInPictureController: AVPictureInPictureController, didTransitionToRenderSize newRenderSize: CMVideoDimensions) {
    |                                                                                                                                                 `- error: cannot find type 'CMVideoDimensions' in scope
259 |         logger.trace("window resize: \(newRenderSize.width)x\(newRenderSize.height)")
260 |         renderSize = .init(width: Int(newRenderSize.width), height: Int(newRenderSize.height))
/Users/admin/builder/spi-builder-workspace/Sources/PipifyController.swift:263:74: error: cannot find type 'AVPictureInPictureController' in scope
261 |     }
262 |
263 |     public func pictureInPictureController(_ pictureInPictureController: AVPictureInPictureController, skipByInterval skipInterval: CMTime) async {
    |                                                                          `- error: cannot find type 'AVPictureInPictureController' in scope
264 |         logger.info("skip by: \(skipInterval.seconds) seconds")
265 |         onSkip?(skipInterval.seconds)
/Users/admin/builder/spi-builder-workspace/Sources/PipifyController.swift:263:133: error: cannot find type 'CMTime' in scope
261 |     }
262 |
263 |     public func pictureInPictureController(_ pictureInPictureController: AVPictureInPictureController, skipByInterval skipInterval: CMTime) async {
    |                                                                                                                                     `- error: cannot find type 'CMTime' in scope
264 |         logger.info("skip by: \(skipInterval.seconds) seconds")
265 |         onSkip?(skipInterval.seconds)
/Users/admin/builder/spi-builder-workspace/Sources/PipifyController.swift:15:9: error: cannot find 'AVPictureInPictureController' in scope
 13 |
 14 |     public static var isSupported: Bool {
 15 |         AVPictureInPictureController.isPictureInPictureSupported()
    |         `- error: cannot find 'AVPictureInPictureController' in scope
 16 |     }
 17 |
SwiftCompile normal arm64_32 /Users/admin/builder/spi-builder-workspace/Sources/PipifyController.swift (in target 'Pipify' from project 'Pipify')
    cd /Users/admin/builder/spi-builder-workspace/.swiftpm/xcode
    builtin-SwiftPerFileCompile PipifyController.swift
SwiftCompile normal arm64_32 Compiling\ View+Pipify.swift /Users/admin/builder/spi-builder-workspace/Sources/View+Pipify.swift (in target 'Pipify' from project 'Pipify')
SwiftCompile normal arm64_32 /Users/admin/builder/spi-builder-workspace/Sources/View+Pipify.swift (in target 'Pipify' from project 'Pipify')
    cd /Users/admin/builder/spi-builder-workspace/.swiftpm/xcode
    builtin-SwiftPerFileCompile View+Pipify.swift
SwiftCompile normal arm64 Compiling\ LayerView.swift /Users/admin/builder/spi-builder-workspace/Sources/LayerView.swift (in target 'Pipify' from project 'Pipify')
SwiftCompile normal arm64 /Users/admin/builder/spi-builder-workspace/Sources/LayerView.swift (in target 'Pipify' from project 'Pipify')
    cd /Users/admin/builder/spi-builder-workspace/.swiftpm/xcode
    builtin-SwiftPerFileCompile LayerView.swift
SwiftCompile normal arm64_32 Compiling\ PipifyViewModifier.swift /Users/admin/builder/spi-builder-workspace/Sources/PipifyViewModifier.swift (in target 'Pipify' from project 'Pipify')
/Users/admin/builder/spi-builder-workspace/Sources/PipifyViewModifier.swift:54:9: error: cannot find 'LayerView' in scope
52 |     @ViewBuilder
53 |     func generateLayerView(size: CGSize?) -> some View {
54 |         LayerView(layer: controller.bufferLayer, size: size)
   |         `- error: cannot find 'LayerView' in scope
55 |             // layer needs to be in the hierarchy, doesn't actually need to be visible
56 |             .opacity(0)
/Users/admin/builder/spi-builder-workspace/Sources/PipifyController.swift:39:32: error: cannot find 'AVSampleBufferDisplayLayer' in scope
 37 |     }
 38 |
 39 |     internal let bufferLayer = AVSampleBufferDisplayLayer()
    |                                `- error: cannot find 'AVSampleBufferDisplayLayer' in scope
 40 |     private var pipController: AVPictureInPictureController?
 41 |     private var rendererSubscriptions = Set<AnyCancellable>()
SwiftCompile normal arm64_32 /Users/admin/builder/spi-builder-workspace/Sources/PipifyViewModifier.swift (in target 'Pipify' from project 'Pipify')
    cd /Users/admin/builder/spi-builder-workspace/.swiftpm/xcode
    builtin-SwiftPerFileCompile PipifyViewModifier.swift
SwiftCompile normal arm64 Compiling\ PipifyController.swift /Users/admin/builder/spi-builder-workspace/Sources/PipifyController.swift (in target 'Pipify' from project 'Pipify')
/Users/admin/builder/spi-builder-workspace/Sources/PipifyController.swift:11:66: error: cannot find type 'AVPictureInPictureControllerDelegate' in scope
  9 | import os.log
 10 |
 11 | public final class PipifyController: NSObject, ObservableObject, AVPictureInPictureControllerDelegate,
    |                                                                  `- error: cannot find type 'AVPictureInPictureControllerDelegate' in scope
 12 |                                        AVPictureInPictureSampleBufferPlaybackDelegate {
 13 |
/Users/admin/builder/spi-builder-workspace/Sources/PipifyController.swift:12:40: error: cannot find type 'AVPictureInPictureSampleBufferPlaybackDelegate' in scope
 10 |
 11 | public final class PipifyController: NSObject, ObservableObject, AVPictureInPictureControllerDelegate,
 12 |                                        AVPictureInPictureSampleBufferPlaybackDelegate {
    |                                        `- error: cannot find type 'AVPictureInPictureSampleBufferPlaybackDelegate' in scope
 13 |
 14 |     public static var isSupported: Bool {
/Users/admin/builder/spi-builder-workspace/Sources/PipifyController.swift:40:32: error: cannot find type 'AVPictureInPictureController' in scope
 38 |
 39 |     internal let bufferLayer = AVSampleBufferDisplayLayer()
 40 |     private var pipController: AVPictureInPictureController?
    |                                `- error: cannot find type 'AVPictureInPictureController' in scope
 41 |     private var rendererSubscriptions = Set<AnyCancellable>()
 42 |     private var pipPossibleObservation: NSKeyValueObservation?
/Users/admin/builder/spi-builder-workspace/Sources/PipifyController.swift:39:32: error: cannot find 'AVSampleBufferDisplayLayer' in scope
 37 |     }
 38 |
 39 |     internal let bufferLayer = AVSampleBufferDisplayLayer()
    |                                `- error: cannot find 'AVSampleBufferDisplayLayer' in scope
 40 |     private var pipController: AVPictureInPictureController?
 41 |     private var rendererSubscriptions = Set<AnyCancellable>()
/Users/admin/builder/spi-builder-workspace/Sources/PipifyController.swift:115:33: error: cannot find type 'CMSampleBuffer' in scope
113 |     }
114 |
115 |     private func render(buffer: CMSampleBuffer) {
    |                                 `- error: cannot find type 'CMSampleBuffer' in scope
116 |         if bufferLayer.status == .failed {
117 |             bufferLayer.flush()
/Users/admin/builder/spi-builder-workspace/Sources/PipifyController.swift:179:98: error: cannot find type 'AVPictureInPictureController' in scope
177 |     // MARK: - AVPictureInPictureControllerDelegate
178 |
179 |     public func pictureInPictureControllerDidStartPictureInPicture(_ pictureInPictureController: AVPictureInPictureController) {
    |                                                                                                  `- error: cannot find type 'AVPictureInPictureController' in scope
180 |         logger.info("didStart")
181 |     }
/Users/admin/builder/spi-builder-workspace/Sources/PipifyController.swift:183:97: error: cannot find type 'AVPictureInPictureController' in scope
181 |     }
182 |
183 |     public func pictureInPictureControllerDidStopPictureInPicture(_ pictureInPictureController: AVPictureInPictureController) {
    |                                                                                                 `- error: cannot find type 'AVPictureInPictureController' in scope
184 |         logger.info("didStop")
185 |         enabled = false
/Users/admin/builder/spi-builder-workspace/Sources/PipifyController.swift:188:111: error: cannot find type 'AVPictureInPictureController' in scope
186 |     }
187 |
188 |     public func pictureInPictureControllerShouldProhibitBackgroundAudioPlayback(_ pictureInPictureController: AVPictureInPictureController) -> Bool {
    |                                                                                                               `- error: cannot find type 'AVPictureInPictureController' in scope
189 |         // We do not support audio through the pipify controller, as such we will allow other background audio to
190 |         // continue playing
/Users/admin/builder/spi-builder-workspace/Sources/PipifyController.swift:194:74: error: cannot find type 'AVPictureInPictureController' in scope
192 |     }
193 |
194 |     public func pictureInPictureController(_ pictureInPictureController: AVPictureInPictureController, failedToStartPictureInPictureWithError error: Error) {
    |                                                                          `- error: cannot find type 'AVPictureInPictureController' in scope
195 |         logger.error("failed to start: \(error.localizedDescription)")
196 |         enabled = false
/Users/admin/builder/spi-builder-workspace/Sources/PipifyController.swift:200:39: error: cannot find type 'AVPictureInPictureController' in scope
198 |
199 |     public func pictureInPictureController(
200 |         _ pictureInPictureController: AVPictureInPictureController,
    |                                       `- error: cannot find type 'AVPictureInPictureController' in scope
201 |         restoreUserInterfaceForPictureInPictureStopWithCompletionHandler completionHandler: @escaping (Bool) -> Void
202 |     ) {
/Users/admin/builder/spi-builder-workspace/Sources/PipifyController.swift:210:74: error: cannot find type 'AVPictureInPictureController' in scope
208 |     // MARK: - AVPictureInPictureSampleBufferPlaybackDelegate
209 |
210 |     public func pictureInPictureController(_ pictureInPictureController: AVPictureInPictureController, setPlaying playing: Bool) {
    |                                                                          `- error: cannot find type 'AVPictureInPictureController' in scope
211 |         if isPlayPauseEnabled {
212 |             DispatchQueue.main.async {
/Users/admin/builder/spi-builder-workspace/Sources/PipifyController.swift:220:90: error: cannot find type 'AVPictureInPictureController' in scope
218 |     }
219 |
220 |     public func pictureInPictureControllerIsPlaybackPaused(_ pictureInPictureController: AVPictureInPictureController) -> Bool {
    |                                                                                          `- error: cannot find type 'AVPictureInPictureController' in scope
221 |         return isPlayPauseEnabled && isPlaying == false
222 |     }
/Users/admin/builder/spi-builder-workspace/Sources/PipifyController.swift:224:127: error: cannot find type 'CMTimeRange' in scope
222 |     }
223 |
224 |     public func pictureInPictureControllerTimeRangeForPlayback(_ pictureInPictureController: AVPictureInPictureController) -> CMTimeRange {
    |                                                                                                                               `- error: cannot find type 'CMTimeRange' in scope
225 |         if onSkip == nil && progress == 1 {
226 |             // By returning a positive time range in conjunction with enabling `requiresLinearPlayback`
/Users/admin/builder/spi-builder-workspace/Sources/PipifyController.swift:224:94: error: cannot find type 'AVPictureInPictureController' in scope
222 |     }
223 |
224 |     public func pictureInPictureControllerTimeRangeForPlayback(_ pictureInPictureController: AVPictureInPictureController) -> CMTimeRange {
    |                                                                                              `- error: cannot find type 'AVPictureInPictureController' in scope
225 |         if onSkip == nil && progress == 1 {
226 |             // By returning a positive time range in conjunction with enabling `requiresLinearPlayback`
/Users/admin/builder/spi-builder-workspace/Sources/PipifyController.swift:258:74: error: cannot find type 'AVPictureInPictureController' in scope
256 |     }
257 |
258 |     public func pictureInPictureController(_ pictureInPictureController: AVPictureInPictureController, didTransitionToRenderSize newRenderSize: CMVideoDimensions) {
    |                                                                          `- error: cannot find type 'AVPictureInPictureController' in scope
259 |         logger.trace("window resize: \(newRenderSize.width)x\(newRenderSize.height)")
260 |         renderSize = .init(width: Int(newRenderSize.width), height: Int(newRenderSize.height))
/Users/admin/builder/spi-builder-workspace/Sources/PipifyController.swift:258:145: error: cannot find type 'CMVideoDimensions' in scope
256 |     }
257 |
258 |     public func pictureInPictureController(_ pictureInPictureController: AVPictureInPictureController, didTransitionToRenderSize newRenderSize: CMVideoDimensions) {
    |                                                                                                                                                 `- error: cannot find type 'CMVideoDimensions' in scope
259 |         logger.trace("window resize: \(newRenderSize.width)x\(newRenderSize.height)")
260 |         renderSize = .init(width: Int(newRenderSize.width), height: Int(newRenderSize.height))
/Users/admin/builder/spi-builder-workspace/Sources/PipifyController.swift:263:74: error: cannot find type 'AVPictureInPictureController' in scope
261 |     }
262 |
263 |     public func pictureInPictureController(_ pictureInPictureController: AVPictureInPictureController, skipByInterval skipInterval: CMTime) async {
    |                                                                          `- error: cannot find type 'AVPictureInPictureController' in scope
264 |         logger.info("skip by: \(skipInterval.seconds) seconds")
265 |         onSkip?(skipInterval.seconds)
SwiftCompile normal arm64 /Users/admin/builder/spi-builder-workspace/Sources/PipifyController.swift (in target 'Pipify' from project 'Pipify')
    cd /Users/admin/builder/spi-builder-workspace/.swiftpm/xcode
    builtin-SwiftPerFileCompile PipifyController.swift
/Users/admin/builder/spi-builder-workspace/Sources/PipifyController.swift:263:133: error: cannot find type 'CMTime' in scope
261 |     }
262 |
263 |     public func pictureInPictureController(_ pictureInPictureController: AVPictureInPictureController, skipByInterval skipInterval: CMTime) async {
    |                                                                                                                                     `- error: cannot find type 'CMTime' in scope
264 |         logger.info("skip by: \(skipInterval.seconds) seconds")
265 |         onSkip?(skipInterval.seconds)
/Users/admin/builder/spi-builder-workspace/Sources/PipifyController.swift:15:9: error: cannot find 'AVPictureInPictureController' in scope
 13 |
 14 |     public static var isSupported: Bool {
 15 |         AVPictureInPictureController.isPictureInPictureSupported()
    |         `- error: cannot find 'AVPictureInPictureController' in scope
 16 |     }
 17 |
SwiftEmitModule normal arm64 Emitting\ module\ for\ Pipify (in target 'Pipify' from project 'Pipify')
/Users/admin/builder/spi-builder-workspace/Sources/PipifyController.swift:11:66: error: cannot find type 'AVPictureInPictureControllerDelegate' in scope
  9 | import os.log
 10 |
 11 | public final class PipifyController: NSObject, ObservableObject, AVPictureInPictureControllerDelegate,
    |                                                                  `- error: cannot find type 'AVPictureInPictureControllerDelegate' in scope
 12 |                                        AVPictureInPictureSampleBufferPlaybackDelegate {
 13 |
/Users/admin/builder/spi-builder-workspace/Sources/PipifyController.swift:12:40: error: cannot find type 'AVPictureInPictureSampleBufferPlaybackDelegate' in scope
 10 |
 11 | public final class PipifyController: NSObject, ObservableObject, AVPictureInPictureControllerDelegate,
 12 |                                        AVPictureInPictureSampleBufferPlaybackDelegate {
    |                                        `- error: cannot find type 'AVPictureInPictureSampleBufferPlaybackDelegate' in scope
 13 |
 14 |     public static var isSupported: Bool {
/Users/admin/builder/spi-builder-workspace/Sources/PipifyController.swift:40:32: error: cannot find type 'AVPictureInPictureController' in scope
 38 |
 39 |     internal let bufferLayer = AVSampleBufferDisplayLayer()
 40 |     private var pipController: AVPictureInPictureController?
    |                                `- error: cannot find type 'AVPictureInPictureController' in scope
 41 |     private var rendererSubscriptions = Set<AnyCancellable>()
 42 |     private var pipPossibleObservation: NSKeyValueObservation?
/Users/admin/builder/spi-builder-workspace/Sources/PipifyController.swift:39:32: error: cannot find 'AVSampleBufferDisplayLayer' in scope
 37 |     }
 38 |
 39 |     internal let bufferLayer = AVSampleBufferDisplayLayer()
    |                                `- error: cannot find 'AVSampleBufferDisplayLayer' in scope
 40 |     private var pipController: AVPictureInPictureController?
 41 |     private var rendererSubscriptions = Set<AnyCancellable>()
/Users/admin/builder/spi-builder-workspace/Sources/PipifyController.swift:115:33: error: cannot find type 'CMSampleBuffer' in scope
113 |     }
114 |
115 |     private func render(buffer: CMSampleBuffer) {
    |                                 `- error: cannot find type 'CMSampleBuffer' in scope
116 |         if bufferLayer.status == .failed {
117 |             bufferLayer.flush()
/Users/admin/builder/spi-builder-workspace/Sources/PipifyController.swift:179:98: error: cannot find type 'AVPictureInPictureController' in scope
177 |     // MARK: - AVPictureInPictureControllerDelegate
178 |
179 |     public func pictureInPictureControllerDidStartPictureInPicture(_ pictureInPictureController: AVPictureInPictureController) {
    |                                                                                                  `- error: cannot find type 'AVPictureInPictureController' in scope
180 |         logger.info("didStart")
181 |     }
/Users/admin/builder/spi-builder-workspace/Sources/PipifyController.swift:183:97: error: cannot find type 'AVPictureInPictureController' in scope
181 |     }
182 |
183 |     public func pictureInPictureControllerDidStopPictureInPicture(_ pictureInPictureController: AVPictureInPictureController) {
    |                                                                                                 `- error: cannot find type 'AVPictureInPictureController' in scope
184 |         logger.info("didStop")
185 |         enabled = false
/Users/admin/builder/spi-builder-workspace/Sources/PipifyController.swift:188:111: error: cannot find type 'AVPictureInPictureController' in scope
186 |     }
187 |
188 |     public func pictureInPictureControllerShouldProhibitBackgroundAudioPlayback(_ pictureInPictureController: AVPictureInPictureController) -> Bool {
    |                                                                                                               `- error: cannot find type 'AVPictureInPictureController' in scope
189 |         // We do not support audio through the pipify controller, as such we will allow other background audio to
190 |         // continue playing
/Users/admin/builder/spi-builder-workspace/Sources/PipifyController.swift:194:74: error: cannot find type 'AVPictureInPictureController' in scope
192 |     }
193 |
194 |     public func pictureInPictureController(_ pictureInPictureController: AVPictureInPictureController, failedToStartPictureInPictureWithError error: Error) {
    |                                                                          `- error: cannot find type 'AVPictureInPictureController' in scope
195 |         logger.error("failed to start: \(error.localizedDescription)")
196 |         enabled = false
/Users/admin/builder/spi-builder-workspace/Sources/PipifyController.swift:200:39: error: cannot find type 'AVPictureInPictureController' in scope
198 |
199 |     public func pictureInPictureController(
200 |         _ pictureInPictureController: AVPictureInPictureController,
    |                                       `- error: cannot find type 'AVPictureInPictureController' in scope
201 |         restoreUserInterfaceForPictureInPictureStopWithCompletionHandler completionHandler: @escaping (Bool) -> Void
202 |     ) {
/Users/admin/builder/spi-builder-workspace/Sources/PipifyController.swift:210:74: error: cannot find type 'AVPictureInPictureController' in scope
208 |     // MARK: - AVPictureInPictureSampleBufferPlaybackDelegate
209 |
210 |     public func pictureInPictureController(_ pictureInPictureController: AVPictureInPictureController, setPlaying playing: Bool) {
    |                                                                          `- error: cannot find type 'AVPictureInPictureController' in scope
211 |         if isPlayPauseEnabled {
212 |             DispatchQueue.main.async {
/Users/admin/builder/spi-builder-workspace/Sources/PipifyController.swift:220:90: error: cannot find type 'AVPictureInPictureController' in scope
218 |     }
219 |
220 |     public func pictureInPictureControllerIsPlaybackPaused(_ pictureInPictureController: AVPictureInPictureController) -> Bool {
    |                                                                                          `- error: cannot find type 'AVPictureInPictureController' in scope
221 |         return isPlayPauseEnabled && isPlaying == false
222 |     }
/Users/admin/builder/spi-builder-workspace/Sources/PipifyController.swift:224:127: error: cannot find type 'CMTimeRange' in scope
222 |     }
223 |
224 |     public func pictureInPictureControllerTimeRangeForPlayback(_ pictureInPictureController: AVPictureInPictureController) -> CMTimeRange {
    |                                                                                                                               `- error: cannot find type 'CMTimeRange' in scope
225 |         if onSkip == nil && progress == 1 {
226 |             // By returning a positive time range in conjunction with enabling `requiresLinearPlayback`
/Users/admin/builder/spi-builder-workspace/Sources/PipifyController.swift:224:94: error: cannot find type 'AVPictureInPictureController' in scope
222 |     }
223 |
224 |     public func pictureInPictureControllerTimeRangeForPlayback(_ pictureInPictureController: AVPictureInPictureController) -> CMTimeRange {
    |                                                                                              `- error: cannot find type 'AVPictureInPictureController' in scope
225 |         if onSkip == nil && progress == 1 {
226 |             // By returning a positive time range in conjunction with enabling `requiresLinearPlayback`
/Users/admin/builder/spi-builder-workspace/Sources/PipifyController.swift:258:74: error: cannot find type 'AVPictureInPictureController' in scope
256 |     }
257 |
258 |     public func pictureInPictureController(_ pictureInPictureController: AVPictureInPictureController, didTransitionToRenderSize newRenderSize: CMVideoDimensions) {
    |                                                                          `- error: cannot find type 'AVPictureInPictureController' in scope
259 |         logger.trace("window resize: \(newRenderSize.width)x\(newRenderSize.height)")
260 |         renderSize = .init(width: Int(newRenderSize.width), height: Int(newRenderSize.height))
/Users/admin/builder/spi-builder-workspace/Sources/PipifyController.swift:258:145: error: cannot find type 'CMVideoDimensions' in scope
256 |     }
257 |
258 |     public func pictureInPictureController(_ pictureInPictureController: AVPictureInPictureController, didTransitionToRenderSize newRenderSize: CMVideoDimensions) {
    |                                                                                                                                                 `- error: cannot find type 'CMVideoDimensions' in scope
259 |         logger.trace("window resize: \(newRenderSize.width)x\(newRenderSize.height)")
260 |         renderSize = .init(width: Int(newRenderSize.width), height: Int(newRenderSize.height))
/Users/admin/builder/spi-builder-workspace/Sources/PipifyController.swift:263:74: error: cannot find type 'AVPictureInPictureController' in scope
261 |     }
262 |
263 |     public func pictureInPictureController(_ pictureInPictureController: AVPictureInPictureController, skipByInterval skipInterval: CMTime) async {
    |                                                                          `- error: cannot find type 'AVPictureInPictureController' in scope
264 |         logger.info("skip by: \(skipInterval.seconds) seconds")
265 |         onSkip?(skipInterval.seconds)
/Users/admin/builder/spi-builder-workspace/Sources/PipifyController.swift:263:133: error: cannot find type 'CMTime' in scope
261 |     }
262 |
263 |     public func pictureInPictureController(_ pictureInPictureController: AVPictureInPictureController, skipByInterval skipInterval: CMTime) async {
    |                                                                                                                                     `- error: cannot find type 'CMTime' in scope
264 |         logger.info("skip by: \(skipInterval.seconds) seconds")
265 |         onSkip?(skipInterval.seconds)
Failed frontend command:
/Applications/Xcode-27.0.0-Release.Candidate.app/Contents/Developer/Toolchains/XcodeDefault.xctoolchain/usr/bin/swift-frontend -frontend -emit-module -experimental-skip-non-inlinable-function-bodies-without-types /Users/admin/builder/spi-builder-workspace/Sources/LayerView.swift /Users/admin/builder/spi-builder-workspace/Sources/PipifyController.swift /Users/admin/builder/spi-builder-workspace/Sources/PipifyViewModifier.swift /Users/admin/builder/spi-builder-workspace/Sources/View+Buffer.swift /Users/admin/builder/spi-builder-workspace/Sources/View+Changes.swift /Users/admin/builder/spi-builder-workspace/Sources/View+Pipify.swift -target arm64-apple-watchos9.0 -module-can-import-version UIKit 9127.0.84.1 9127.0.84 -disable-cross-import-overlay-search -swift-module-cross-import AVKit /Applications/Xcode-27.0.0-Release.Candidate.app/Contents/Developer/Platforms/WatchOS.platform/Developer/SDKs/WatchOS.sdk/System/Library/Frameworks/AVKit.framework/Modules/AVKit.swiftcrossimport/SwiftUI.swiftoverlay -load-resolved-plugin /Applications/Xcode-27.0.0-Release.Candidate.app/Contents/Developer/Platforms/WatchOS.platform/Developer/usr/lib/swift/host/plugins/libFoundationMacros.dylib\#/Applications/Xcode-27.0.0-Release.Candidate.app/Contents/Developer/Platforms/WatchOS.platform/Developer/usr/bin/swift-plugin-server\#FoundationMacros -load-resolved-plugin /Applications/Xcode-27.0.0-Release.Candidate.app/Contents/Developer/Platforms/WatchOS.platform/Developer/usr/lib/swift/host/plugins/libObservationMacros.dylib\#/Applications/Xcode-27.0.0-Release.Candidate.app/Contents/Developer/Platforms/WatchOS.platform/Developer/usr/bin/swift-plugin-server\#ObservationMacros -load-resolved-plugin /Applications/Xcode-27.0.0-Release.Candidate.app/Contents/Developer/Platforms/WatchOS.platform/Developer/usr/lib/swift/host/plugins/libPreviewsMacros.dylib\#/Applications/Xcode-27.0.0-Release.Candidate.app/Contents/Developer/Platforms/WatchOS.platform/Developer/usr/bin/swift-plugin-server\#PreviewsMacros -load-resolved-plugin /Applications/Xcode-27.0.0-Release.Candidate.app/Contents/Developer/Platforms/WatchOS.platform/Developer/usr/lib/swift/host/plugins/libSwiftMacros.dylib\#/Applications/Xcode-27.0.0-Release.Candidate.app/Contents/Developer/Platforms/WatchOS.platform/Developer/usr/bin/swift-plugin-server\#SwiftMacros -load-resolved-plugin /Applications/Xcode-27.0.0-Release.Candidate.app/Contents/Developer/Platforms/WatchOS.platform/Developer/usr/lib/swift/host/plugins/libSwiftUIMacros.dylib\#/Applications/Xcode-27.0.0-Release.Candidate.app/Contents/Developer/Platforms/WatchOS.platform/Developer/usr/bin/swift-plugin-server\#SwiftUIMacros -disable-implicit-swift-modules -Xcc -fno-implicit-modules -Xcc -fno-implicit-module-maps -explicit-swift-module-map-file /Users/admin/builder/spi-builder-workspace/.derivedData/Build/Intermediates.noindex/Pipify.build/Debug-watchos/Pipify-t.build/Objects-normal/arm64/Pipify-dependencies-2.json -Xllvm -aarch64-use-tbi -enable-objc-interop -stack-check -sdk /Applications/Xcode-27.0.0-Release.Candidate.app/Contents/Developer/Platforms/WatchOS.platform/Developer/SDKs/WatchOS27.0.sdk -I /Users/admin/builder/spi-builder-workspace/.derivedData/Build/Products/Debug-watchos -Isystem /Applications/Xcode-27.0.0-Release.Candidate.app/Contents/Developer/Platforms/WatchOS.platform/Developer/usr/lib -F /Users/admin/builder/spi-builder-workspace/.derivedData/Build/Products/Debug-watchos -F /Applications/Xcode-27.0.0-Release.Candidate.app/Contents/Developer/Platforms/WatchOS.platform/Developer/Library/Frameworks -F /Applications/Xcode-27.0.0-Release.Candidate.app/Contents/Developer/Platforms/WatchOS.platform/Developer/SDKs/WatchOS27.0.sdk/Developer/Library/Frameworks -module-cache-path /Users/admin/builder/spi-builder-workspace/.derivedData/Build/Intermediates.noindex/SwiftExplicitPrecompiledModules -no-color-diagnostics -Xcc -fno-color-diagnostics -enable-testing -g -debug-info-format\=dwarf -dwarf-version\=4 -swift-version 5 -Onone -D SWIFT_PACKAGE -D DEBUG -D SWIFT_MODULE_RESOURCE_BUNDLE_UNAVAILABLE -D Xcode -serialize-debugging-options -enable-experimental-feature DebugDescriptionMacro -empty-abi-descriptor -validate-clang-modules-once -clang-build-session-file /Users/admin/builder/spi-builder-workspace/.derivedData/ModuleCache.noindex/Session.modulevalidation -Xcc -working-directory -Xcc /Users/admin/builder/spi-builder-workspace/.swiftpm/xcode -enable-anonymous-context-mangled-names -file-compilation-dir /Users/admin/builder/spi-builder-workspace/.swiftpm/xcode -Xcc -D_LIBCPP_HARDENING_MODE\=_LIBCPP_HARDENING_MODE_DEBUG -Xcc -ivfsstatcache -Xcc /Users/admin/builder/spi-builder-workspace/.derivedData/SDKStatCaches.noindex/watchos27.0-24R360-e829b21a6f8c9b70876ba0858053c04477534ef55a1706bf4c1112bbb242f0a2.sdkstatcache -Xcc -fmodules-prune-interval\=86400 -Xcc -fmodules-prune-after\=345600 -Xcc -I/Users/admin/builder/spi-builder-workspace/.derivedData/Build/Products/Debug-watchos/include -Xcc -I/Users/admin/builder/spi-builder-workspace/.derivedData/Build/Intermediates.noindex/Pipify.build/Debug-watchos/Pipify-t.build/DerivedSources-normal/arm64 -Xcc -I/Users/admin/builder/spi-builder-workspace/.derivedData/Build/Intermediates.noindex/Pipify.build/Debug-watchos/Pipify-t.build/DerivedSources/arm64 -Xcc -I/Users/admin/builder/spi-builder-workspace/.derivedData/Build/Intermediates.noindex/Pipify.build/Debug-watchos/Pipify-t.build/DerivedSources -Xcc -DSWIFT_PACKAGE -Xcc -DDEBUG\=1 -no-auto-bridging-header-chaining -module-name Pipify -const-gather-protocols-file /Users/admin/builder/spi-builder-workspace/.derivedData/Build/Intermediates.noindex/Pipify.build/Debug-watchos/Pipify-t.build/Objects-normal/arm64/Pipify_const_extract_protocols.json -disable-clang-spi -clang-target arm64-apple-watchos27.0 -target-sdk-version 27.0 -target-sdk-name watchos27.0 -in-process-plugin-server-path /Applications/Xcode-27.0.0-Release.Candidate.app/Contents/Developer/Toolchains/XcodeDefault.xctoolchain/usr/lib/swift/host/libSwiftInProcPluginServer.dylib -emit-module-doc-path /Users/admin/builder/spi-builder-workspace/.derivedData/Build/Intermediates.noindex/Pipify.build/Debug-watchos/Pipify-t.build/Objects-normal/arm64/Pipify.swiftdoc -emit-module-source-info-path /Users/admin/builder/spi-builder-workspace/.derivedData/Build/Intermediates.noindex/Pipify.build/Debug-watchos/Pipify-t.build/Objects-normal/arm64/Pipify.swiftsourceinfo -emit-objc-header-path /Users/admin/builder/spi-builder-workspace/.derivedData/Build/Intermediates.noindex/Pipify.build/Debug-watchos/Pipify-t.build/Objects-normal/arm64/Pipify-Swift.h -serialize-diagnostics-path /Users/admin/builder/spi-builder-workspace/.derivedData/Build/Intermediates.noindex/Pipify.build/Debug-watchos/Pipify-t.build/Objects-normal/arm64/Pipify-primary-emit-module.dia -emit-dependencies-path /Users/admin/builder/spi-builder-workspace/.derivedData/Build/Intermediates.noindex/Pipify.build/Debug-watchos/Pipify-t.build/Objects-normal/arm64/Pipify-primary-emit-module.d -parse-as-library -o /Users/admin/builder/spi-builder-workspace/.derivedData/Build/Intermediates.noindex/Pipify.build/Debug-watchos/Pipify-t.build/Objects-normal/arm64/Pipify.swiftmodule -emit-abi-descriptor-path /Users/admin/builder/spi-builder-workspace/.derivedData/Build/Intermediates.noindex/Pipify.build/Debug-watchos/Pipify-t.build/Objects-normal/arm64/Pipify.abi.json
SwiftCompile normal arm64 (in target 'Pipify' from project 'Pipify')
    cd /Users/admin/builder/spi-builder-workspace/.swiftpm/xcode

SwiftCompile normal arm64 Compiling\ View+Buffer.swift /Users/admin/builder/spi-builder-workspace/Sources/View+Buffer.swift (in target 'Pipify' from project 'Pipify')
/Users/admin/builder/spi-builder-workspace/Sources/View+Buffer.swift:16:27: error: 'UIScreen' is unavailable in watchOS
 14 |
 15 |         #if canImport(UIKit)
 16 |         let scale = await UIScreen.main.scale * 2
    |                           `- error: 'UIScreen' is unavailable in watchOS
 17 |         #else
 18 |         let scale: CGFloat = 1
/Applications/Xcode-27.0.0-Release.Candidate.app/Contents/Developer/Platforms/WatchOS.platform/Developer/SDKs/WatchOS27.0.sdk/System/Library/Frameworks/UIKit.framework/Headers/UIScreen.h:54:12: note: 'UIScreen' has been explicitly marked unavailable here
 52 |
 53 | UIKIT_EXTERN API_AVAILABLE(ios(2.0)) API_UNAVAILABLE(visionos, watchos) NS_SWIFT_UI_ACTOR
 54 | @interface UIScreen : NSObject <UITraitEnvironment>
    |            `- note: 'UIScreen' has been explicitly marked unavailable here
 55 |
 56 | @property(class, nonatomic, readonly) NSArray<UIScreen *> *screens API_DEPRECATED("Use UIApplication.shared.openSessions to find open sessions with scenes from other screens", ios(3.2, 16.0), visionos(1.0, 1.0)) API_UNAVAILABLE(watchos); // all screens currently attached to the device
/Users/admin/builder/spi-builder-workspace/Sources/View+Buffer.swift:16:36: error: 'main' is unavailable in watchOS
 14 |
 15 |         #if canImport(UIKit)
 16 |         let scale = await UIScreen.main.scale * 2
    |                                    `- error: 'main' is unavailable in watchOS
 17 |         #else
 18 |         let scale: CGFloat = 1
/Applications/Xcode-27.0.0-Release.Candidate.app/Contents/Developer/Platforms/WatchOS.platform/Developer/SDKs/WatchOS27.0.sdk/System/Library/Frameworks/UIKit.framework/Headers/UIScreen.h:57:49: note: 'main' has been explicitly marked unavailable here
 55 |
 56 | @property(class, nonatomic, readonly) NSArray<UIScreen *> *screens API_DEPRECATED("Use UIApplication.shared.openSessions to find open sessions with scenes from other screens", ios(3.2, 16.0), visionos(1.0, 1.0)) API_UNAVAILABLE(watchos); // all screens currently attached to the device
 57 | @property(class, nonatomic, readonly) UIScreen *mainScreen API_DEPRECATED("Use a UIScreen instance found through context instead (i.e, view.window.windowScene.screen), or for properties like UIScreen.scale with trait equivalents, use a traitCollection found through context.", ios(2.0, 26.0), tvos(9.0, 26.0), visionos(1.0, 26.0)) API_UNAVAILABLE(watchos);
    |                                                 `- note: 'main' has been explicitly marked unavailable here
 58 |
 59 | @property(nonatomic,readonly) CGRect  bounds;                // Bounds of entire screen in points
/Users/admin/builder/spi-builder-workspace/Sources/View+Buffer.swift:86:22: error: 'CACurrentMediaTime()' is unavailable in watchOS
 84 |         // Timing Info
 85 |         let now = CMTime(
 86 |             seconds: CACurrentMediaTime(),
    |                      `- error: 'CACurrentMediaTime()' is unavailable in watchOS
 87 |             preferredTimescale: 120
 88 |         )
/Applications/Xcode-27.0.0-Release.Candidate.app/Contents/Developer/Platforms/WatchOS.platform/Developer/SDKs/WatchOS27.0.sdk/System/Library/Frameworks/QuartzCore.framework/Headers/CABase.h:127:26: note: 'CACurrentMediaTime()' has been explicitly marked unavailable here
125 |  * calling mach_absolute_time () and converting the units to seconds. */
126 |
127 | CA_EXTERN CFTimeInterval CACurrentMediaTime (void)
    |                          `- note: 'CACurrentMediaTime()' has been explicitly marked unavailable here
128 |     API_AVAILABLE(macos(10.5), ios(2.0)) API_UNAVAILABLE(watchos);
129 |
/Users/admin/builder/spi-builder-workspace/Sources/View+Buffer.swift:16:21: warning: no 'async' operations occur within 'await' expression [#UnnecessaryEffectMarker]
 14 |
 15 |         #if canImport(UIKit)
 16 |         let scale = await UIScreen.main.scale * 2
    |                     `- warning: no 'async' operations occur within 'await' expression [#UnnecessaryEffectMarker]
 17 |         #else
 18 |         let scale: CGFloat = 1
SwiftCompile normal arm64 /Users/admin/builder/spi-builder-workspace/Sources/View+Buffer.swift (in target 'Pipify' from project 'Pipify')
    cd /Users/admin/builder/spi-builder-workspace/.swiftpm/xcode
    builtin-SwiftPerFileCompile View+Buffer.swift
SwiftCompile normal arm64 Compiling\ View+Pipify.swift /Users/admin/builder/spi-builder-workspace/Sources/View+Pipify.swift (in target 'Pipify' from project 'Pipify')
SwiftCompile normal arm64 /Users/admin/builder/spi-builder-workspace/Sources/View+Pipify.swift (in target 'Pipify' from project 'Pipify')
    cd /Users/admin/builder/spi-builder-workspace/.swiftpm/xcode
    builtin-SwiftPerFileCompile View+Pipify.swift
PruneExplicitPrecompiledModules /Users/admin/builder/spi-builder-workspace/.derivedData/Build/Intermediates.noindex/SwiftExplicitPrecompiledModules
PruneExplicitPrecompiledModules /Users/admin/builder/spi-builder-workspace/.derivedData/Build/Intermediates.noindex/ExplicitPrecompiledModules
PruneExplicitPrecompiledModules /Users/admin/builder/spi-builder-workspace/.derivedData/SDKExplicitPrecompiledModules
2026-09-21 09:03:24.585 xcodebuild[820:4873] [MT] IDERunDestination: Supported platforms for the buildables in the current scheme is empty.
** BUILD FAILED **
The following build commands failed:
	SwiftCompile normal arm64_32 (in target 'Pipify' from project 'Pipify')
	SwiftEmitModule normal arm64_32 Emitting\ module\ for\ Pipify (in target 'Pipify' from project 'Pipify')
	SwiftEmitModule normal arm64 Emitting\ module\ for\ Pipify (in target 'Pipify' from project 'Pipify')
	SwiftCompile normal arm64 (in target 'Pipify' from project 'Pipify')
	Building workspace Pipify with scheme Pipify
(5 failures)
BUILD FAILURE 6.4 watchOS