The Swift Package Index logo.Swift Package Index

Build Information

Failed to build GoogleAPIClientForREST, reference v5.5.0 (fca2dd), with Swift 6.4 for Wasm on 14 Oct 2026 04:28:56 UTC.

Build Command

bash -c docker run --pull=always --rm -v "checkouts-54344847-1":/host -w "$PWD" -e JAVA_HOME="/root/.sdkman/candidates/java/current" -e SPI_BUILD="1" -e SPI_PROCESSING="1" registry.gitlab.com/saguaro1/spi-images:wasm-6.4-latest swift build --swift-sdk swift-6.4.0-RELEASE_wasm 2>&1

Build Log

========================================
RunAll
========================================
Builder version: 5.1.2
Interrupt handler set up.
========================================
Checkout
========================================
Clone URL: https://github.com/google/google-api-objectivec-client-for-rest.git
Reference: v5.5.0
Initialized empty Git repository in /host/spi-builder-workspace/.git/
hint: Using 'master' as the name for the initial branch. This default branch name
hint: is subject to change. To configure the initial branch name to use in all
hint: of your new repositories, which will suppress this warning, call:
hint:
hint: 	git config --global init.defaultBranch <name>
hint:
hint: Names commonly chosen instead of 'master' are 'main', 'trunk' and
hint: 'development'. The just-created branch can be renamed via this command:
hint:
hint: 	git branch -m <name>
From https://github.com/google/google-api-objectivec-client-for-rest
 * tag               v5.5.0     -> FETCH_HEAD
HEAD is now at fca2ddc Version bump for a release
Cloned https://github.com/google/google-api-objectivec-client-for-rest.git
Revision (git rev-parse @):
fca2ddc892173d82edf10cefe079d3697ecf4fc9
SUCCESS checkout https://github.com/google/google-api-objectivec-client-for-rest.git at v5.5.0
========================================
Build
========================================
Selected platform:         wasm
Swift version:             6.4
Building package at path:  $PWD
https://github.com/google/google-api-objectivec-client-for-rest.git
Running build ...
bash -c docker run --pull=always --rm -v "checkouts-54344847-1":/host -w "$PWD" -e JAVA_HOME="/root/.sdkman/candidates/java/current" -e SPI_BUILD="1" -e SPI_PROCESSING="1" registry.gitlab.com/saguaro1/spi-images:wasm-6.4-latest swift build --swift-sdk swift-6.4.0-RELEASE_wasm 2>&1
wasm-6.4-latest: Pulling from saguaro1/spi-images
Digest: sha256:d8610b27563fbed4643ddaec8e9397319e3b3e1372fc54686db2dacb952c1b8f
Status: Image is up to date for registry.gitlab.com/saguaro1/spi-images:wasm-6.4-latest
Fetching https://github.com/google/gtm-session-fetcher.git
[1/5076] Fetching gtm-session-fetcher
Fetched https://github.com/google/gtm-session-fetcher.git (0.65s)
Computing version for https://github.com/google/gtm-session-fetcher.git
Computed https://github.com/google/gtm-session-fetcher.git at 5.3.1 (0.81s)
Creating working copy for https://github.com/google/gtm-session-fetcher.git
Working copy of https://github.com/google/gtm-session-fetcher.git resolved at 5.3.1
warning: 'spi-builder-workspace': ignoring target 'objc-import-test' in package 'spi-builder-workspace'; C language in tests is not yet supported
warning: 'spi-builder-workspace': ignoring target 'GoogleAPIClientForRESTTests' in package 'spi-builder-workspace'; C language in tests is not yet supported
warning: 'spi-builder-workspace': ignoring target 'objc-import-test' in package 'spi-builder-workspace'; C language in tests is not yet supported
warning: 'spi-builder-workspace': ignoring target 'GoogleAPIClientForRESTTests' in package 'spi-builder-workspace'; C language in tests is not yet supported
Building for debugging...
[Computing dependencies]
[Provisioning 9 / 640]
[Constructing description]
[Pre-planning 1 / 18801]
[Planning 1 / 18801]
[Planning 2145 / 18801]
[Planning 4709 / 18801]
[Planning 7250 / 18801]
[Planning 9774 / 18801]
[Planning 12299 / 18801]
[Planning 14819 / 18801]
[Planning 17361 / 18801]
[Creating build graph]
[Constructing 104 / 33194]
[Constructing 3005 / 33194]
[Constructing 11831 / 33194]
[Constructing 20782 / 33194]
[Constructing 28052 / 33194]
[Starting]
[49 / 2905] GoogleAPIClientForREST_Webfonts
[439 / 2905] GoogleAPIClientForREST_ManagedKafka-product
[834 / 2905] GoogleAPIClientForREST_Clouderrorreporting
[1226 / 2905] GoogleAPIClientForREST_AdSensePlatform-product
In file included from <built-in>:1:
/host/spi-builder-workspace/.build/out/Intermediates.noindex/GTMSessionFetcher.build/Debug-webassembly-wasm32/GTMSessionFetcherCore-t.build/DerivedSources/resource_bundle_accessor.h:1:9: fatal error: 'Foundation/Foundation.h' file not found
    1 | #import <Foundation/Foundation.h>
      |         ^~~~~~~~~~~~~~~~~~~~~~~~~
1 error generated.
error: CompileC /host/spi-builder-workspace/.build/out/Intermediates.noindex/GTMSessionFetcher.build/Debug-webassembly-wasm32/GTMSessionFetcherCore-t.build/Objects-normal/wasm32/resource_bundle_accessor.o /host/spi-builder-workspace/.build/out/Intermediates.noindex/GTMSessionFetcher.build/Debug-webassembly-wasm32/GTMSessionFetcherCore-t.build/DerivedSources/resource_bundle_accessor.m normal wasm32 objective-c com.apple.compilers.llvm.clang.1_0.compiler failed with a nonzero exit code. Command line:     cd /host

    Using response file: /host/spi-builder-workspace/.build/out/Intermediates.noindex/GTMSessionFetcher.build/Debug-webassembly-wasm32/GTMSessionFetcherCore-t.build/Objects-normal/wasm32/6f95552a3397ee1cec971b90cf334075d5f321c3a3b0689ad55c3d1e24702600-common-args.resp

    /usr/bin/clang -x objective-c -target wasm32-unknown-wasip1 -fmessage-length\=0 -fdiagnostics-show-note-include-stack -fmacro-backtrace-limit\=0 -fcolor-diagnostics -Wno-trigraphs -Wno-missing-field-initializers -Wno-missing-prototypes -Wno-return-type -Wno-implicit-atomic-properties -Wno-objc-interface-ivars -Wno-arc-repeated-use-of-weak -Wno-missing-braces -Wparentheses -Wswitch -Wno-unused-function -Wno-unused-label -Wno-unused-parameter -Wno-unused-variable -Wunused-value -Wno-empty-body -Wno-uninitialized -Wno-unknown-pragmas -w -Wno-shadow -Wno-four-char-constants -Wno-conversion -Wno-constant-conversion -Wno-int-conversion -Wno-bool-conversion -Wno-enum-conversion -Wno-float-conversion -Wno-non-literal-null-conversion -Wno-objc-literal-conversion -Wno-shorten-64-to-32 -Wpointer-sign -Wno-newline-eof -Wno-selector -Wno-strict-selector-match -Wno-undeclared-selector -Wno-deprecated-implementations -Wno-implicit-fallthrough -fstrict-aliasing -Wprotocol -Wdeprecated-declarations -Wno-sign-conversion -Wno-infinite-recursion -Wno-comma -Wno-block-capture-autoreleasing -Wno-strict-prototypes -Wno-semicolon-before-method-body --sysroot /root/.swiftpm/swift-sdks/swift-6.4.0-RELEASE_wasm.artifactbundle/swift-6.4.0-RELEASE_wasm/wasm32-unknown-wasip1/WASI.sdk @/host/spi-builder-workspace/.build/out/Intermediates.noindex/GTMSessionFetcher.build/Debug-webassembly-wasm32/GTMSessionFetcherCore-t.build/Objects-normal/wasm32/6f95552a3397ee1cec971b90cf334075d5f321c3a3b0689ad55c3d1e24702600-common-args.resp -include /host/spi-builder-workspace/.build/out/Intermediates.noindex/GTMSessionFetcher.build/Debug-webassembly-wasm32/GTMSessionFetcherCore-t.build/DerivedSources/resource_bundle_accessor.h -MMD -MT dependencies -MF /host/spi-builder-workspace/.build/out/Intermediates.noindex/GTMSessionFetcher.build/Debug-webassembly-wasm32/GTMSessionFetcherCore-t.build/Objects-normal/wasm32/resource_bundle_accessor.d --serialize-diagnostics /host/spi-builder-workspace/.build/out/Intermediates.noindex/GTMSessionFetcher.build/Debug-webassembly-wasm32/GTMSessionFetcherCore-t.build/Objects-normal/wasm32/resource_bundle_accessor.dia -c /host/spi-builder-workspace/.build/out/Intermediates.noindex/GTMSessionFetcher.build/Debug-webassembly-wasm32/GTMSessionFetcherCore-t.build/DerivedSources/resource_bundle_accessor.m -o /host/spi-builder-workspace/.build/out/Intermediates.noindex/GTMSessionFetcher.build/Debug-webassembly-wasm32/GTMSessionFetcherCore-t.build/Objects-normal/wasm32/resource_bundle_accessor.o
In file included from <built-in>:1:
/host/spi-builder-workspace/.build/out/Intermediates.noindex/GTMSessionFetcher.build/Debug-webassembly-wasm32/GTMSessionFetcherCore-t.build/DerivedSources/resource_bundle_accessor.h:1:9: fatal error: 'Foundation/Foundation.h' file not found
    1 | #import <Foundation/Foundation.h>
      |         ^~~~~~~~~~~~~~~~~~~~~~~~~
1 error generated.
error: CompileC /host/spi-builder-workspace/.build/out/Intermediates.noindex/GTMSessionFetcher.build/Debug-webassembly-wasm32/GTMSessionFetcherCore-t.build/Objects-normal/wasm32/GTMSessionFetcherLogging.o /host/spi-builder-workspace/.build/checkouts/gtm-session-fetcher/Sources/Core/GTMSessionFetcherLogging.m normal wasm32 objective-c com.apple.compilers.llvm.clang.1_0.compiler failed with a nonzero exit code. Command line:     cd /host

    Using response file: /host/spi-builder-workspace/.build/out/Intermediates.noindex/GTMSessionFetcher.build/Debug-webassembly-wasm32/GTMSessionFetcherCore-t.build/Objects-normal/wasm32/6f95552a3397ee1cec971b90cf334075d5f321c3a3b0689ad55c3d1e24702600-common-args.resp

    /usr/bin/clang -x objective-c -target wasm32-unknown-wasip1 -fmessage-length\=0 -fdiagnostics-show-note-include-stack -fmacro-backtrace-limit\=0 -fcolor-diagnostics -Wno-trigraphs -Wno-missing-field-initializers -Wno-missing-prototypes -Wno-return-type -Wno-implicit-atomic-properties -Wno-objc-interface-ivars -Wno-arc-repeated-use-of-weak -Wno-missing-braces -Wparentheses -Wswitch -Wno-unused-function -Wno-unused-label -Wno-unused-parameter -Wno-unused-variable -Wunused-value -Wno-empty-body -Wno-uninitialized -Wno-unknown-pragmas -w -Wno-shadow -Wno-four-char-constants -Wno-conversion -Wno-constant-conversion -Wno-int-conversion -Wno-bool-conversion -Wno-enum-conversion -Wno-float-conversion -Wno-non-literal-null-conversion -Wno-objc-literal-conversion -Wno-shorten-64-to-32 -Wpointer-sign -Wno-newline-eof -Wno-selector -Wno-strict-selector-match -Wno-undeclared-selector -Wno-deprecated-implementations -Wno-implicit-fallthrough -fstrict-aliasing -Wprotocol -Wdeprecated-declarations -Wno-sign-conversion -Wno-infinite-recursion -Wno-comma -Wno-block-capture-autoreleasing -Wno-strict-prototypes -Wno-semicolon-before-method-body --sysroot /root/.swiftpm/swift-sdks/swift-6.4.0-RELEASE_wasm.artifactbundle/swift-6.4.0-RELEASE_wasm/wasm32-unknown-wasip1/WASI.sdk @/host/spi-builder-workspace/.build/out/Intermediates.noindex/GTMSessionFetcher.build/Debug-webassembly-wasm32/GTMSessionFetcherCore-t.build/Objects-normal/wasm32/6f95552a3397ee1cec971b90cf334075d5f321c3a3b0689ad55c3d1e24702600-common-args.resp -include /host/spi-builder-workspace/.build/out/Intermediates.noindex/GTMSessionFetcher.build/Debug-webassembly-wasm32/GTMSessionFetcherCore-t.build/DerivedSources/resource_bundle_accessor.h -MMD -MT dependencies -MF /host/spi-builder-workspace/.build/out/Intermediates.noindex/GTMSessionFetcher.build/Debug-webassembly-wasm32/GTMSessionFetcherCore-t.build/Objects-normal/wasm32/GTMSessionFetcherLogging.d --serialize-diagnostics /host/spi-builder-workspace/.build/out/Intermediates.noindex/GTMSessionFetcher.build/Debug-webassembly-wasm32/GTMSessionFetcherCore-t.build/Objects-normal/wasm32/GTMSessionFetcherLogging.dia -c /host/spi-builder-workspace/.build/checkouts/gtm-session-fetcher/Sources/Core/GTMSessionFetcherLogging.m -o /host/spi-builder-workspace/.build/out/Intermediates.noindex/GTMSessionFetcher.build/Debug-webassembly-wasm32/GTMSessionFetcherCore-t.build/Objects-normal/wasm32/GTMSessionFetcherLogging.o
In file included from <built-in>:1:
/host/spi-builder-workspace/.build/out/Intermediates.noindex/GTMSessionFetcher.build/Debug-webassembly-wasm32/GTMSessionFetcherCore-t.build/DerivedSources/resource_bundle_accessor.h:1:9: fatal error: 'Foundation/Foundation.h' file not found
    1 | #import <Foundation/Foundation.h>
      |         ^~~~~~~~~~~~~~~~~~~~~~~~~
1 error generated.
error: CompileC /host/spi-builder-workspace/.build/out/Intermediates.noindex/GTMSessionFetcher.build/Debug-webassembly-wasm32/GTMSessionFetcherCore-t.build/Objects-normal/wasm32/GTMSessionFetcherService.o /host/spi-builder-workspace/.build/checkouts/gtm-session-fetcher/Sources/Core/GTMSessionFetcherService.m normal wasm32 objective-c com.apple.compilers.llvm.clang.1_0.compiler failed with a nonzero exit code. Command line:     cd /host

    Using response file: /host/spi-builder-workspace/.build/out/Intermediates.noindex/GTMSessionFetcher.build/Debug-webassembly-wasm32/GTMSessionFetcherCore-t.build/Objects-normal/wasm32/6f95552a3397ee1cec971b90cf334075d5f321c3a3b0689ad55c3d1e24702600-common-args.resp

    /usr/bin/clang -x objective-c -target wasm32-unknown-wasip1 -fmessage-length\=0 -fdiagnostics-show-note-include-stack -fmacro-backtrace-limit\=0 -fcolor-diagnostics -Wno-trigraphs -Wno-missing-field-initializers -Wno-missing-prototypes -Wno-return-type -Wno-implicit-atomic-properties -Wno-objc-interface-ivars -Wno-arc-repeated-use-of-weak -Wno-missing-braces -Wparentheses -Wswitch -Wno-unused-function -Wno-unused-label -Wno-unused-parameter -Wno-unused-variable -Wunused-value -Wno-empty-body -Wno-uninitialized -Wno-unknown-pragmas -w -Wno-shadow -Wno-four-char-constants -Wno-conversion -Wno-constant-conversion -Wno-int-conversion -Wno-bool-conversion -Wno-enum-conversion -Wno-float-conversion -Wno-non-literal-null-conversion -Wno-objc-literal-conversion -Wno-shorten-64-to-32 -Wpointer-sign -Wno-newline-eof -Wno-selector -Wno-strict-selector-match -Wno-undeclared-selector -Wno-deprecated-implementations -Wno-implicit-fallthrough -fstrict-aliasing -Wprotocol -Wdeprecated-declarations -Wno-sign-conversion -Wno-infinite-recursion -Wno-comma -Wno-block-capture-autoreleasing -Wno-strict-prototypes -Wno-semicolon-before-method-body --sysroot /root/.swiftpm/swift-sdks/swift-6.4.0-RELEASE_wasm.artifactbundle/swift-6.4.0-RELEASE_wasm/wasm32-unknown-wasip1/WASI.sdk @/host/spi-builder-workspace/.build/out/Intermediates.noindex/GTMSessionFetcher.build/Debug-webassembly-wasm32/GTMSessionFetcherCore-t.build/Objects-normal/wasm32/6f95552a3397ee1cec971b90cf334075d5f321c3a3b0689ad55c3d1e24702600-common-args.resp -include /host/spi-builder-workspace/.build/out/Intermediates.noindex/GTMSessionFetcher.build/Debug-webassembly-wasm32/GTMSessionFetcherCore-t.build/DerivedSources/resource_bundle_accessor.h -MMD -MT dependencies -MF /host/spi-builder-workspace/.build/out/Intermediates.noindex/GTMSessionFetcher.build/Debug-webassembly-wasm32/GTMSessionFetcherCore-t.build/Objects-normal/wasm32/GTMSessionFetcherService.d --serialize-diagnostics /host/spi-builder-workspace/.build/out/Intermediates.noindex/GTMSessionFetcher.build/Debug-webassembly-wasm32/GTMSessionFetcherCore-t.build/Objects-normal/wasm32/GTMSessionFetcherService.dia -c /host/spi-builder-workspace/.build/checkouts/gtm-session-fetcher/Sources/Core/GTMSessionFetcherService.m -o /host/spi-builder-workspace/.build/out/Intermediates.noindex/GTMSessionFetcher.build/Debug-webassembly-wasm32/GTMSessionFetcherCore-t.build/Objects-normal/wasm32/GTMSessionFetcherService.o
error: Build failed
BUILD FAILURE 6.4 wasm