Build Information
Failed to build AppUpdater, reference master (a2b898), with Swift 6.3 for Wasm on 10 Oct 2026 01:59:42 UTC.
Build Command
bash -c docker run --pull=always --rm -v "checkouts-54344843-1":/host -w "$PWD" -e JAVA_HOME="/root/.sdkman/candidates/java/current" -e SPI_BUILD="1" -e SPI_PROCESSING="1" registry.gitlab.com/saguaro1/spi-images:wasm-6.3-latest swift build --swift-sdk swift-6.3.2-RELEASE_wasm 2>&1Build Log
========================================
RunAll
========================================
Builder version: 5.1.1
Interrupt handler set up.
========================================
Checkout
========================================
Clone URL: https://github.com/mxcl/AppUpdater.git
Reference: master
Initialized empty Git repository in /host/spi-builder-workspace/.git/
hint: Using 'master' as the name for the initial branch. This default branch name
hint: is subject to change. To configure the initial branch name to use in all
hint: of your new repositories, which will suppress this warning, call:
hint:
hint: git config --global init.defaultBranch <name>
hint:
hint: Names commonly chosen instead of 'master' are 'main', 'trunk' and
hint: 'development'. The just-created branch can be renamed via this command:
hint:
hint: git branch -m <name>
From https://github.com/mxcl/AppUpdater
* branch master -> FETCH_HEAD
* [new branch] master -> origin/master
HEAD is now at a2b8989 Merge pull request #29 from mxcl/preserve-asset-prerelease-case
Cloned https://github.com/mxcl/AppUpdater.git
Revision (git rev-parse @):
a2b89896ebc6c5194b67d38a0481b13b3a311901
SUCCESS checkout https://github.com/mxcl/AppUpdater.git at master
========================================
Build
========================================
Selected platform: wasm
Swift version: 6.3
Building package at path: $PWD
https://github.com/mxcl/AppUpdater.git
Running build ...
bash -c docker run --pull=always --rm -v "checkouts-54344843-1":/host -w "$PWD" -e JAVA_HOME="/root/.sdkman/candidates/java/current" -e SPI_BUILD="1" -e SPI_PROCESSING="1" registry.gitlab.com/saguaro1/spi-images:wasm-6.3-latest swift build --swift-sdk swift-6.3.2-RELEASE_wasm 2>&1
wasm-6.3-latest: Pulling from saguaro1/spi-images
Digest: sha256:df2e9038ff906af397ec7b7e13902ccb183f8867606bc33419e44453a9abdb4b
Status: Image is up to date for registry.gitlab.com/saguaro1/spi-images:wasm-6.3-latest
Fetching https://github.com/mxcl/Version
[1/311] Fetching version
Fetched https://github.com/mxcl/Version from cache (0.34s)
Computing version for https://github.com/mxcl/Version
Computed https://github.com/mxcl/Version at 2.2.1 (1.30s)
Creating working copy for https://github.com/mxcl/Version
Working copy of https://github.com/mxcl/Version resolved at 2.2.1
Building for debugging...
[0/6] Copying trusted-root.json
[0/6] Copying tuf-root.json
[2/6] Copying README.txt
[3/6] Write sources
[5/6] Write swift-version-24593BA9C3E375BF.txt
[7/12] Emitting module Version
[8/12] Compiling Version Version+Range.swift
[9/12] Compiling Version Version.swift
[10/12] Compiling Version Version+Comparable.swift
[11/12] Compiling Version Version+Codable.swift
[12/12] Compiling Version Version+Foundation.swift
[14/21] Compiling AppUpdater TUF.swift
/host/spi-builder-workspace/AppUpdater.swift:1:8: error: no such module 'AppKit'
1 | import AppKit
| `- error: no such module 'AppKit'
2 | import Darwin
3 | import Foundation
[15/21] Compiling AppUpdater resource_bundle_accessor.swift
/host/spi-builder-workspace/AppUpdater.swift:1:8: error: no such module 'AppKit'
1 | import AppKit
| `- error: no such module 'AppKit'
2 | import Darwin
3 | import Foundation
error: emit-module command failed with exit code 1 (use -v to see invocation)
[16/21] Emitting module AppUpdater
/host/spi-builder-workspace/AppUpdater.swift:1:8: error: no such module 'AppKit'
1 | import AppKit
| `- error: no such module 'AppKit'
2 | import Darwin
3 | import Foundation
[17/21] Compiling AppUpdater Sigstore.swift
/host/spi-builder-workspace/AppUpdater.swift:1:8: error: no such module 'AppKit'
1 | import AppKit
| `- error: no such module 'AppKit'
2 | import Darwin
3 | import Foundation
[18/21] Compiling AppUpdater Primitives.swift
/host/spi-builder-workspace/AppUpdater.swift:1:8: error: no such module 'AppKit'
1 | import AppKit
| `- error: no such module 'AppKit'
2 | import Darwin
3 | import Foundation
[19/21] Compiling AppUpdater Verification.swift
/host/spi-builder-workspace/AppUpdater.swift:1:8: error: no such module 'AppKit'
1 | import AppKit
| `- error: no such module 'AppKit'
2 | import Darwin
3 | import Foundation
[20/21] Compiling AppUpdater AppUpdater.swift
/host/spi-builder-workspace/AppUpdater.swift:1:8: error: no such module 'AppKit'
1 | import AppKit
| `- error: no such module 'AppKit'
2 | import Darwin
3 | import Foundation
[21/21] Compiling AppUpdater X509.swift
/host/spi-builder-workspace/AppUpdater.swift:1:8: error: no such module 'AppKit'
1 | import AppKit
| `- error: no such module 'AppKit'
2 | import Darwin
3 | import Foundation
BUILD FAILURE 6.3 wasm