Build Information
Failed to build GoogleCloudContentWarehouseV1, reference main (de0ffb), with Swift 6.2 for Android on 11 Oct 2026 03:08:29 UTC.
Build Command
bash -c docker run --pull=always --rm -v "checkouts-54344847-0":/host -w "$PWD" -e JAVA_HOME="/root/.sdkman/candidates/java/current" -e SPI_BUILD="1" -e SPI_PROCESSING="1" registry.gitlab.com/saguaro1/spi-images:android-6.2-latest swift build --swift-sdk aarch64-unknown-linux-android28 2>&1Build Log
========================================
RunAll
========================================
Builder version: 5.1.1
Interrupt handler set up.
========================================
Checkout
========================================
Clone URL: https://github.com/googleapis/swift-google-cloud-contentwarehouse-v1.git
Reference: main
Initialized empty Git repository in /host/spi-builder-workspace/.git/
hint: Using 'master' as the name for the initial branch. This default branch name
hint: is subject to change. To configure the initial branch name to use in all
hint: of your new repositories, which will suppress this warning, call:
hint:
hint: git config --global init.defaultBranch <name>
hint:
hint: Names commonly chosen instead of 'master' are 'main', 'trunk' and
hint: 'development'. The just-created branch can be renamed via this command:
hint:
hint: git branch -m <name>
From https://github.com/googleapis/swift-google-cloud-contentwarehouse-v1
* branch main -> FETCH_HEAD
* [new branch] main -> origin/main
HEAD is now at de0ffbd chore: release circa 2026-10-07 (#1382)
Cloned https://github.com/googleapis/swift-google-cloud-contentwarehouse-v1.git
Revision (git rev-parse @):
de0ffbdb562d7eb85a40352803c2aef4e9d35a3f
SPI manifest file found: $PWD/.spi.yml
SUCCESS checkout https://github.com/googleapis/swift-google-cloud-contentwarehouse-v1.git at main
========================================
Build
========================================
Selected platform: android
Swift version: 6.2
Building package at path: $PWD
https://github.com/googleapis/swift-google-cloud-contentwarehouse-v1.git
Running build ...
bash -c docker run --pull=always --rm -v "checkouts-54344847-0":/host -w "$PWD" -e JAVA_HOME="/root/.sdkman/candidates/java/current" -e SPI_BUILD="1" -e SPI_PROCESSING="1" registry.gitlab.com/saguaro1/spi-images:android-6.2-latest swift build --swift-sdk aarch64-unknown-linux-android28 2>&1
android-6.2-latest: Pulling from saguaro1/spi-images
Digest: sha256:a839c9ce201f1dacc8eb056626ec7ab0a1c6d53d7b77c83feda395f4507c51be
Status: Image is up to date for registry.gitlab.com/saguaro1/spi-images:android-6.2-latest
Fetching https://github.com/apple/swift-log
Fetching https://github.com/googleapis/swift-google-wkt
Fetching https://github.com/googleapis/swift-google-iam-v1
Fetching https://github.com/googleapis/swift-google-type
Fetching https://github.com/googleapis/swift-google-rpc
Fetching https://github.com/googleapis/swift-google-longrunning
[1/619] Fetching swift-google-longrunning
[70/1325] Fetching swift-google-longrunning, swift-google-iam-v1
[141/1762] Fetching swift-google-longrunning, swift-google-iam-v1, swift-google-type
[142/2184] Fetching swift-google-longrunning, swift-google-iam-v1, swift-google-type, swift-google-rpc
[534/3207] Fetching swift-google-longrunning, swift-google-iam-v1, swift-google-type, swift-google-rpc, swift-google-wkt
[971/11464] Fetching swift-google-longrunning, swift-google-iam-v1, swift-google-type, swift-google-rpc, swift-google-wkt, swift-log
Fetched https://github.com/googleapis/swift-google-iam-v1 from cache (0.35s)
[2752/10758] Fetching swift-google-longrunning, swift-google-type, swift-google-rpc, swift-google-wkt, swift-log
Fetched https://github.com/googleapis/swift-google-rpc from cache (0.35s)
Fetching https://github.com/googleapis/swift-google-cloud-documentai-v1
[2657/10336] Fetching swift-google-longrunning, swift-google-type, swift-google-wkt, swift-log
Fetched https://github.com/googleapis/swift-google-type from cache (0.47s)
Fetched https://github.com/googleapis/swift-google-wkt from cache (0.47s)
Fetched https://github.com/googleapis/swift-google-longrunning from cache (0.47s)
Fetched https://github.com/apple/swift-log from cache (0.47s)
Fetching https://github.com/googleapis/swift-google-gax
[1/1206] Fetching swift-google-cloud-documentai-v1
Fetching https://github.com/googleapis/swift-google-auth
Fetched https://github.com/googleapis/swift-google-cloud-documentai-v1 from cache (0.40s)
[1/1748] Fetching swift-google-gax
Fetched https://github.com/googleapis/swift-google-gax from cache (0.43s)
[1/1023] Fetching swift-google-auth
Fetched https://github.com/googleapis/swift-google-auth from cache (0.37s)
Computing version for https://github.com/googleapis/swift-google-wkt
Computed https://github.com/googleapis/swift-google-wkt at 0.5.0 (1.27s)
Fetching https://github.com/swift-extras/swift-extras-base64
[1/954] Fetching swift-extras-base64
Fetched https://github.com/swift-extras/swift-extras-base64 from cache (0.40s)
Computing version for https://github.com/googleapis/swift-google-type
Computed https://github.com/googleapis/swift-google-type at 0.5.0 (0.56s)
Computing version for https://github.com/googleapis/swift-google-rpc
Computed https://github.com/googleapis/swift-google-rpc at 0.5.0 (0.14s)
Computing version for https://github.com/googleapis/swift-google-longrunning
Computed https://github.com/googleapis/swift-google-longrunning at 0.5.0 (0.15s)
Computing version for https://github.com/googleapis/swift-google-iam-v1
Computed https://github.com/googleapis/swift-google-iam-v1 at 0.5.0 (0.15s)
Computing version for https://github.com/googleapis/swift-google-gax
Computed https://github.com/googleapis/swift-google-gax at 0.5.0 (0.15s)
Fetching https://github.com/swift-server/async-http-client.git
Fetching https://github.com/apple/swift-nio
[1/16464] Fetching async-http-client
[16465/102838] Fetching async-http-client, swift-nio
Fetched https://github.com/swift-server/async-http-client.git from cache (0.98s)
[5183/86374] Fetching swift-nio
Fetched https://github.com/apple/swift-nio from cache (5.05s)
Computing version for https://github.com/googleapis/swift-google-cloud-documentai-v1
Computed https://github.com/googleapis/swift-google-cloud-documentai-v1 at 0.5.0 (5.21s)
Fetching https://github.com/googleapis/swift-google-api
Fetching https://github.com/googleapis/swift-google-cloud-location
[1/552] Fetching swift-google-cloud-location
Fetched https://github.com/googleapis/swift-google-cloud-location from cache (0.35s)
[1/1063] Fetching swift-google-api
Fetched https://github.com/googleapis/swift-google-api from cache (0.44s)
Computing version for https://github.com/googleapis/swift-google-auth
Computed https://github.com/googleapis/swift-google-auth at 0.5.0 (0.59s)
Fetching https://github.com/vapor/jwt-kit.git
Fetching https://github.com/apple/swift-system.git
[1/7241] Fetching swift-system
[3839/17495] Fetching swift-system, jwt-kit
Fetched https://github.com/apple/swift-system.git from cache (0.62s)
[1334/10254] Fetching jwt-kit
Fetched https://github.com/vapor/jwt-kit.git from cache (0.86s)
Computing version for https://github.com/googleapis/swift-google-cloud-location
Computed https://github.com/googleapis/swift-google-cloud-location at 0.5.0 (1.01s)
Computing version for https://github.com/googleapis/swift-google-api
Computed https://github.com/googleapis/swift-google-api at 0.5.0 (0.14s)
Computing version for https://github.com/swift-extras/swift-extras-base64
Computed https://github.com/swift-extras/swift-extras-base64 at 1.2.0 (0.13s)
Computing version for https://github.com/swift-server/async-http-client.git
Computed https://github.com/swift-server/async-http-client.git at 1.36.2 (0.17s)
Fetching https://github.com/apple/swift-configuration.git
Fetching https://github.com/apple/swift-nio-transport-services.git
Fetching https://github.com/apple/swift-distributed-tracing.git
Fetching https://github.com/apple/swift-nio-extras.git
Fetching https://github.com/apple/swift-service-context.git
Fetching https://github.com/apple/swift-atomics.git
[1/1500] Fetching swift-service-context
[16/4367] Fetching swift-service-context, swift-nio-transport-services
[77/8295] Fetching swift-service-context, swift-nio-transport-services, swift-configuration
[387/10184] Fetching swift-service-context, swift-nio-transport-services, swift-configuration, swift-atomics
[4562/16887] Fetching swift-service-context, swift-nio-transport-services, swift-configuration, swift-atomics, swift-nio-extras
[10554/23438] Fetching swift-service-context, swift-nio-transport-services, swift-configuration, swift-atomics, swift-nio-extras, swift-distributed-tracing
Fetched https://github.com/apple/swift-nio-transport-services.git from cache (0.55s)
Fetched https://github.com/apple/swift-configuration.git from cache (0.55s)
Fetching https://github.com/apple/swift-nio-http2.git
Fetching https://github.com/apple/swift-algorithms.git
Fetched https://github.com/apple/swift-service-context.git from cache (0.59s)
Fetched https://github.com/apple/swift-atomics.git from cache (0.59s)
Fetched https://github.com/apple/swift-nio-extras.git from cache (0.59s)
Fetched https://github.com/apple/swift-distributed-tracing.git from cache (0.59s)
Fetching https://github.com/apple/swift-nio-ssl.git
[1/6164] Fetching swift-algorithms
[618/23025] Fetching swift-algorithms, swift-nio-ssl
[4839/35319] Fetching swift-algorithms, swift-nio-ssl, swift-nio-http2
Fetched https://github.com/apple/swift-algorithms.git from cache (0.54s)
[3640/29155] Fetching swift-nio-ssl, swift-nio-http2
Fetched https://github.com/apple/swift-nio-http2.git from cache (0.93s)
Fetched https://github.com/apple/swift-nio-ssl.git from cache (1.17s)
Computing version for https://github.com/apple/swift-service-context.git
Computed https://github.com/apple/swift-service-context.git at 1.3.0 (1.90s)
Computing version for https://github.com/apple/swift-algorithms.git
Computed https://github.com/apple/swift-algorithms.git at 1.2.1 (0.86s)
Fetching https://github.com/apple/swift-numerics.git
[1/6728] Fetching swift-numerics
Fetched https://github.com/apple/swift-numerics.git from cache (0.52s)
Computing version for https://github.com/apple/swift-log
Computed https://github.com/apple/swift-log at 1.16.1 (0.68s)
Computing version for https://github.com/apple/swift-distributed-tracing.git
Computed https://github.com/apple/swift-distributed-tracing.git at 1.5.0 (0.14s)
Computing version for https://github.com/apple/swift-atomics.git
Computed https://github.com/apple/swift-atomics.git at 1.3.1 (0.15s)
Computing version for https://github.com/apple/swift-numerics.git
Computed https://github.com/apple/swift-numerics.git at 1.1.1 (0.13s)
Computing version for https://github.com/apple/swift-nio
Computed https://github.com/apple/swift-nio at 2.104.0 (0.34s)
Fetching https://github.com/apple/swift-collections.git
[1/28703] Fetching swift-collections
Fetched https://github.com/apple/swift-collections.git from cache (1.24s)
Computing version for https://github.com/apple/swift-configuration.git
Computed https://github.com/apple/swift-configuration.git at 1.2.2 (2.03s)
Fetching https://github.com/swift-server/swift-service-lifecycle
[1/2867] Fetching swift-service-lifecycle
Fetched https://github.com/swift-server/swift-service-lifecycle from cache (0.44s)
Computing version for https://github.com/apple/swift-nio-transport-services.git
Computed https://github.com/apple/swift-nio-transport-services.git at 1.28.0 (0.60s)
Computing version for https://github.com/swift-server/swift-service-lifecycle
Computed https://github.com/swift-server/swift-service-lifecycle at 2.12.1 (0.14s)
Fetching https://github.com/apple/swift-async-algorithms.git
[1/6820] Fetching swift-async-algorithms
Fetched https://github.com/apple/swift-async-algorithms.git from cache (0.56s)
Computing version for https://github.com/apple/swift-async-algorithms.git
Computed https://github.com/apple/swift-async-algorithms.git at 1.1.7 (0.76s)
Computing version for https://github.com/apple/swift-collections.git
Computed https://github.com/apple/swift-collections.git at 1.7.2 (0.23s)
Computing version for https://github.com/apple/swift-nio-http2.git
Computed https://github.com/apple/swift-nio-http2.git at 1.46.0 (0.15s)
Computing version for https://github.com/vapor/jwt-kit.git
Computed https://github.com/vapor/jwt-kit.git at 5.7.1 (0.13s)
Fetching https://github.com/apple/swift-certificates.git
Fetching https://github.com/apple/swift-crypto.git
[1/18629] Fetching swift-crypto
[188/26238] Fetching swift-crypto, swift-certificates
Fetched https://github.com/apple/swift-certificates.git from cache (1.22s)
Fetched https://github.com/apple/swift-crypto.git from cache (1.23s)
Computing version for https://github.com/apple/swift-crypto.git
Computed https://github.com/apple/swift-crypto.git at 4.5.2 (1.83s)
Fetching https://github.com/apple/swift-asn1.git
[1/2009] Fetching swift-asn1
Fetched https://github.com/apple/swift-asn1.git from cache (0.43s)
Computing version for https://github.com/apple/swift-asn1.git
Computed https://github.com/apple/swift-asn1.git at 1.7.3 (0.61s)
Computing version for https://github.com/apple/swift-certificates.git
Computed https://github.com/apple/swift-certificates.git at 1.21.0 (0.19s)
Computing version for https://github.com/apple/swift-nio-ssl.git
Computed https://github.com/apple/swift-nio-ssl.git at 2.37.5 (0.17s)
Computing version for https://github.com/apple/swift-system.git
Computed https://github.com/apple/swift-system.git at 1.8.1 (0.17s)
Computing version for https://github.com/apple/swift-nio-extras.git
Computed https://github.com/apple/swift-nio-extras.git at 1.35.1 (0.26s)
Fetching https://github.com/apple/swift-http-types.git
Fetching https://github.com/apple/swift-http-structured-headers.git
[1/1253] Fetching swift-http-structured-headers
[152/3192] Fetching swift-http-structured-headers, swift-http-types
Fetched https://github.com/apple/swift-http-structured-headers.git from cache (0.42s)
Fetched https://github.com/apple/swift-http-types.git from cache (0.42s)
Computing version for https://github.com/apple/swift-http-structured-headers.git
Computed https://github.com/apple/swift-http-structured-headers.git at 1.7.0 (0.57s)
Computing version for https://github.com/apple/swift-http-types.git
Computed https://github.com/apple/swift-http-types.git at 1.8.0 (0.16s)
Creating working copy for https://github.com/apple/swift-atomics.git
Working copy of https://github.com/apple/swift-atomics.git resolved at 1.3.1
Creating working copy for https://github.com/apple/swift-http-types.git
Working copy of https://github.com/apple/swift-http-types.git resolved at 1.8.0
Creating working copy for https://github.com/apple/swift-distributed-tracing.git
Working copy of https://github.com/apple/swift-distributed-tracing.git resolved at 1.5.0
Creating working copy for https://github.com/apple/swift-nio-extras.git
Working copy of https://github.com/apple/swift-nio-extras.git resolved at 1.35.1
Creating working copy for https://github.com/apple/swift-asn1.git
Working copy of https://github.com/apple/swift-asn1.git resolved at 1.7.3
Creating working copy for https://github.com/apple/swift-nio-transport-services.git
Working copy of https://github.com/apple/swift-nio-transport-services.git resolved at 1.28.0
Creating working copy for https://github.com/googleapis/swift-google-cloud-documentai-v1
Working copy of https://github.com/googleapis/swift-google-cloud-documentai-v1 resolved at 0.5.0
Creating working copy for https://github.com/googleapis/swift-google-rpc
Working copy of https://github.com/googleapis/swift-google-rpc resolved at 0.5.0
Creating working copy for https://github.com/apple/swift-log
Working copy of https://github.com/apple/swift-log resolved at 1.16.1
Creating working copy for https://github.com/apple/swift-system.git
Working copy of https://github.com/apple/swift-system.git resolved at 1.8.1
Creating working copy for https://github.com/apple/swift-configuration.git
Working copy of https://github.com/apple/swift-configuration.git resolved at 1.2.2
Creating working copy for https://github.com/vapor/jwt-kit.git
Working copy of https://github.com/vapor/jwt-kit.git resolved at 5.7.1
Creating working copy for https://github.com/apple/swift-async-algorithms.git
Working copy of https://github.com/apple/swift-async-algorithms.git resolved at 1.1.7
Creating working copy for https://github.com/apple/swift-numerics.git
Working copy of https://github.com/apple/swift-numerics.git resolved at 1.1.1
Creating working copy for https://github.com/swift-server/async-http-client.git
Working copy of https://github.com/swift-server/async-http-client.git resolved at 1.36.2
Creating working copy for https://github.com/googleapis/swift-google-longrunning
Working copy of https://github.com/googleapis/swift-google-longrunning resolved at 0.5.0
Creating working copy for https://github.com/googleapis/swift-google-gax
Working copy of https://github.com/googleapis/swift-google-gax resolved at 0.5.0
Creating working copy for https://github.com/apple/swift-http-structured-headers.git
Working copy of https://github.com/apple/swift-http-structured-headers.git resolved at 1.7.0
Creating working copy for https://github.com/apple/swift-service-context.git
Working copy of https://github.com/apple/swift-service-context.git resolved at 1.3.0
Creating working copy for https://github.com/apple/swift-collections.git
Working copy of https://github.com/apple/swift-collections.git resolved at 1.7.2
Creating working copy for https://github.com/googleapis/swift-google-auth
Working copy of https://github.com/googleapis/swift-google-auth resolved at 0.5.0
Creating working copy for https://github.com/apple/swift-nio-http2.git
Working copy of https://github.com/apple/swift-nio-http2.git resolved at 1.46.0
Creating working copy for https://github.com/googleapis/swift-google-api
Working copy of https://github.com/googleapis/swift-google-api resolved at 0.5.0
Creating working copy for https://github.com/googleapis/swift-google-type
Working copy of https://github.com/googleapis/swift-google-type resolved at 0.5.0
Creating working copy for https://github.com/swift-server/swift-service-lifecycle
Working copy of https://github.com/swift-server/swift-service-lifecycle resolved at 2.12.1
Creating working copy for https://github.com/googleapis/swift-google-iam-v1
Working copy of https://github.com/googleapis/swift-google-iam-v1 resolved at 0.5.0
Creating working copy for https://github.com/apple/swift-certificates.git
Working copy of https://github.com/apple/swift-certificates.git resolved at 1.21.0
Creating working copy for https://github.com/apple/swift-crypto.git
Working copy of https://github.com/apple/swift-crypto.git resolved at 4.5.2
Creating working copy for https://github.com/googleapis/swift-google-cloud-location
Working copy of https://github.com/googleapis/swift-google-cloud-location resolved at 0.5.0
Creating working copy for https://github.com/apple/swift-algorithms.git
Working copy of https://github.com/apple/swift-algorithms.git resolved at 1.2.1
Creating working copy for https://github.com/swift-extras/swift-extras-base64
Working copy of https://github.com/swift-extras/swift-extras-base64 resolved at 1.2.0
Creating working copy for https://github.com/googleapis/swift-google-wkt
Working copy of https://github.com/googleapis/swift-google-wkt resolved at 0.5.0
Creating working copy for https://github.com/apple/swift-nio-ssl.git
Working copy of https://github.com/apple/swift-nio-ssl.git resolved at 2.37.5
Creating working copy for https://github.com/apple/swift-nio
Working copy of https://github.com/apple/swift-nio resolved at 2.104.0
Building for debugging...
[0/1034] Compiling poly1305_arm_asm.S
[1/1034] Write swift-version--11D90AFD9DD3AB2.txt
[2/1034] Compiling _NumericsShims _NumericsShims.c
[3/1034] Write sources
[5/1038] Compiling poly1305_arm.cc
[6/1040] Compiling tasn_enc.cc
[7/1040] Write sources
[9/1040] Compiling _AtomicsShims.c
[10/1042] Compiling a_strnid.cc
[10/1042] Write sources
[87/1042] Compiling a_utctm.cc
[88/1042] Compiling a_time.cc
[89/1042] Compiling CXKCPShims shims.c
[90/1045] Compiling a_type.cc
[91/1062] Compiling tasn_dec.cc
[93/1112] Emitting module _CertificateInternals
[94/1112] Emitting module RealModule
[95/1113] Compiling InternalCollectionsUtilities Iterable+CopyContents.swift
[96/1113] Compiling InternalCollectionsUtilities Iterable+Equality.swift
[97/1115] Compiling InternalCollectionsUtilities LifetimeOverride.swift
[98/1115] Compiling InternalCollectionsUtilities MutableRef.swift
[99/1115] Compiling InternalCollectionsUtilities FixedWidthInteger+roundUpToPowerOfTwo.swift
[100/1115] Compiling InternalCollectionsUtilities Integer rank.swift
[101/1115] Compiling InternalCollectionsUtilities UInt+first and last set bit.swift
[102/1115] Compiling InternalCollectionsUtilities UInt+reversed.swift
[103/1115] Compiling InternalCollectionsUtilities BorrowingIteratorProtocol+Equality.swift
[104/1115] Compiling InternalCollectionsUtilities BorrowingIteratorProtocol+Extras.swift
[105/1115] Emitting module InternalCollectionsUtilities
[108/1115] Compiling InternalCollectionsUtilities Debugging.swift
[109/1115] Compiling InternalCollectionsUtilities Descriptions.swift
[110/1118] Compiling _NIODataStructures _TinyArray.swift
[111/1118] Compiling InternalCollectionsUtilities UnsafeMutablePointer+Extras.swift
[112/1118] Compiling InternalCollectionsUtilities UnsafeMutableRawBufferPointer+Extras.swift
[113/1118] Compiling InternalCollectionsUtilities UnsafePointer+Extras.swift
[114/1118] Compiling RealModule RealFunctions.swift
[117/1118] Compiling RealModule Float80+Real.swift
[118/1118] Compiling SwiftASN1 DER.swift
[119/1118] Compiling SwiftASN1 Errors.swift
[120/1118] Compiling InternalCollectionsUtilities TemporaryAllocation.swift
[121/1118] Compiling InternalCollectionsUtilities _UnsafeBitSet+Index.swift
[122/1118] Compiling InternalCollectionsUtilities _UnsafeBitSet+_Word.swift
[123/1118] Compiling InternalCollectionsUtilities _UnsafeBitSet.swift
[124/1118] Compiling InternalCollectionsUtilities UnsafeBufferPointer+Extras.swift
[125/1118] Compiling InternalCollectionsUtilities UnsafeMutableBufferPointer+Extras.swift
[130/1118] Compiling ServiceContextModule ServiceContextKey.swift
[131/1118] Compiling InternalCollectionsUtilities MutableSpan+Extras.swift
[132/1118] Compiling InternalCollectionsUtilities OutputSpan+Extras.swift
[133/1118] Compiling InternalCollectionsUtilities RandomAccessCollection+Offsets.swift
[134/1118] Compiling InternalCollectionsUtilities Span+Extras.swift
[135/1118] Compiling _NIOBase64 Base64.swift
[136/1118] Emitting module _NIOBase64
[137/1118] Compiling Logging LoggingSystem.swift
[138/1120] Compiling RealModule RelaxedArithmetic.swift
[139/1120] Emitting module SwiftASN1
[151/1120] Compiling InternalCollectionsUtilities UnsafeRawBufferPointer+Extras.swift
[152/1120] Compiling InternalCollectionsUtilities _SortedCollection.swift
[153/1120] Compiling InternalCollectionsUtilities _UniqueCollection.swift
[154/1120] Compiling RealModule Float16+Real.swift
[155/1121] Compiling RealModule Real.swift
[156/1121] Compiling ServiceContextModule ServiceContext.swift
[157/1122] Emitting module ServiceContextModule
[158/1123] Compiling _NIODataStructures PriorityQueue.swift
[159/1123] Compiling _NIODataStructures Heap.swift
[160/1123] Emitting module _NIODataStructures
[161/1123] Compiling Logging Logger+Attributes.swift
[166/1124] Compiling _CertificateInternals _TinyArray.swift
[169/1130] Compiling Logging Logger.swift
[170/1130] Compiling Logging Logger+With.swift
[170/1130] Wrapping AST for RealModule for debugging
[172/1130] Wrapping AST for _NIOBase64 for debugging
[172/1130] Wrapping AST for _NIODataStructures for debugging
[174/1140] Wrapping AST for ServiceContextModule for debugging
[175/1140] Compiling SimpleFIPS202.c
[176/1140] Wrapping AST for InternalCollectionsUtilities for debugging
[177/1140] Compiling KeccakSponge.c
[178/1140] Wrapping AST for _CertificateInternals for debugging
[180/1140] Compiling SpanPreview MutableSpan+InputSpanHelpers.swift
[181/1140] Compiling SpanPreview OutputSpan+InputSpanHelpers.swift
[182/1140] Compiling SpanPreview InputSpan.swift
[183/1140] Emitting module SpanPreview
[183/1141] Compiling KeccakHash.c
[185/1141] Compiling CSystem shims.c
[186/1141] Compiling CNIOWindows shim.c
[187/1141] Compiling CNIOWindows WSAStartup.c
[189/1141] Compiling Instrumentation NoOpInstrument.swift
[189/1141] Compiling CNIOWASI CNIOWASI.c
[191/1141] Compiling Instrumentation MultiplexInstrument.swift
[191/1141] Wrapping AST for SpanPreview for debugging
[192/1141] Compiling CNIOPosix event_loop_id.c
[194/1163] Compiling SystemPackage IOCompletion.swift
[195/1163] Compiling SystemPackage IORequest.swift
[195/1187] Compiling CNIOOpenBSD shim.c
[197/1220] Compiling Instrumentation Instrument.swift
[197/1220] Compiling CNIOLinux shim.c
[199/1220] Compiling DequeModule RigidDeque.swift
[200/1220] Compiling DequeModule UniqueDeque+Append.swift
[201/1220] Compiling DequeModule _DequeBuffer.swift
[202/1220] Compiling DequeModule _DequeBufferHeader.swift
[203/1220] Compiling DequeModule RigidDeque+Append.swift
[203/1225] Compiling CNIOLinux liburing_shims.c
[204/1225] Compiling KeccakP-1600-opt64.c
[205/1225] Compiling CNIOLLHTTP c_nio_http.c
[207/1225] Compiling DequeModule UniqueDeque+Consumption.swift
[208/1225] Compiling DequeModule UniqueDeque+ContainerOperations.swift
[209/1225] Compiling DequeModule UniqueDeque+Deprecations.swift
[210/1225] Compiling DequeModule UniqueDeque+Descriptions.swift
[211/1225] Compiling DequeModule UniqueDeque+Equatable.swift
[212/1225] Compiling DequeModule UniqueDeque+Hashable.swift
[212/1230] Compiling CNIOLLHTTP c_nio_api.c
[213/1230] Compiling CNIOFreeBSD shim.c
[214/1230] Compiling CNIOLLHTTP c_nio_llhttp.c
[215/1230] Compiling CNIOExtrasZlib zutil.c
[217/1230] Compiling SystemPackage SystemString.swift
[218/1230] Compiling SystemPackage Util+StringArray.swift
[219/1230] Compiling SystemPackage Util.swift
[220/1230] Compiling SystemPackage UtilConsumers.swift
[221/1230] Compiling SystemPackage WinSDK+Overlay.swift
[221/1230] Compiling CNIOExtrasZlib inftrees.c
[222/1230] Compiling CNIOExtrasZlib trees.c
[223/1230] Compiling CNIOExtrasZlib inffast.c
[224/1230] Compiling CNIOExtrasZlib inflate.c
[229/1230] Compiling DequeModule RigidDeque+Consumption.swift
[230/1230] Compiling DequeModule RigidDeque+ContainerOperations.swift
[231/1230] Compiling DequeModule RigidDeque+Deprecations.swift
[232/1230] Compiling DequeModule RigidDeque+Descriptions.swift
[233/1230] Compiling DequeModule RigidDeque+Equatable.swift
[234/1230] Compiling DequeModule RigidDeque+Hashable.swift
[235/1230] Compiling DequeModule RigidDeque+Initializers.swift
[236/1230] Compiling DequeModule RigidDeque+Insertions.swift
[237/1230] Compiling DequeModule RigidDeque+Iterable.swift
[238/1230] Compiling DequeModule RigidDeque+Prepend.swift
[239/1230] Compiling DequeModule RigidDeque+Removals.swift
[240/1230] Compiling DequeModule RigidDeque+Replacements.swift
[241/1230] Compiling DequeModule RigidDeque+Testing.swift
[243/1230] Compiling CNIOExtrasZlib crc32.c
[244/1230] Compiling CNIOExtrasZlib adler32.c
[245/1230] Compiling CNIODarwin shim.c
[246/1230] Compiling CNIOExtrasZlib deflate.c
[247/1230] Compiling fiat_p256_adx_sqr.S
[248/1230] Compiling fiat_p256_adx_mul.S
[249/1230] Compiling fiat_curve25519_adx_square.S
[250/1230] Compiling CNIOBoringSSLShims shims.c
[251/1230] Compiling fiat_curve25519_adx_mul.S
[253/1230] Compiling ExtrasBase64 Base32.swift
[254/1230] Compiling DequeModule Deque+Codable.swift
[255/1230] Compiling DequeModule Deque+Collection.swift
[256/1230] Compiling DequeModule Deque+CustomReflectable.swift
[257/1230] Compiling DequeModule Deque+Descriptions.swift
[258/1230] Compiling DequeModule Deque+Equatable.swift
[259/1230] Compiling DequeModule Deque+ExpressibleByArrayLiteral.swift
[260/1230] Compiling DequeModule Deque+Extras.swift
[261/1230] Compiling DequeModule Deque+Hashable.swift
[262/1230] Compiling DequeModule Deque+Testing.swift
[263/1230] Compiling DequeModule Deque._Storage.swift
[264/1230] Compiling DequeModule Deque._UnsafeHandle.swift
[265/1230] Compiling DequeModule Deque.swift
[273/1230] Compiling Instrumentation Locks.swift
[274/1230] Emitting module Instrumentation
[275/1230] Compiling Instrumentation InstrumentationSystem.swift
[284/1231] Emitting module Logging
[300/1231] Emitting module SystemPackage
[316/1232] Compiling Logging MetadataProvider.swift
[319/1239] Wrapping AST for SwiftASN1 for debugging
[320/1242] Wrapping AST for SystemPackage for debugging
[321/1242] Wrapping AST for Logging for debugging
[322/1242] Wrapping AST for Instrumentation for debugging
[324/1242] Compiling Tracing InstrumentationSystem+Tracing.swift
[325/1243] Emitting module Tracing
[326/1243] Compiling Tracing TracingTime.swift
[327/1243] Compiling Tracing TracerProtocol.swift
[328/1243] Compiling Tracing Tracer.swift
[328/1243] Compiling tls_method.cc
[330/1243] Compiling Tracing WithTracer.swift
[330/1243] Compiling tls_record.cc
[332/1243] Compiling Tracing TracerProtocol+Legacy.swift
[333/1243] Compiling Tracing SpanProtocol.swift
[334/1243] Compiling Tracing NoOpTracer.swift
[336/1244] Emitting module DequeModule
[336/1244] Compiling tls13_server.cc
[337/1244] Wrapping AST for Tracing for debugging
[338/1244] Compiling t1_enc.cc
[339/1244] Compiling tls13_both.cc
[340/1244] Compiling tls13_enc.cc
[342/1244] Compiling DequeModule UniqueDeque+Replacements.swift
[343/1244] Compiling DequeModule UniqueDeque.swift
[344/1244] Compiling DequeModule _DequeSlot.swift
[345/1244] Compiling DequeModule _UnsafeDequeHandle.swift
[346/1244] Compiling DequeModule _UnsafeDequeSegments.swift
[346/1245] Compiling tls13_client.cc
[348/1245] Compiling ssl_versions.cc
[349/1287] Compiling ssl_x509.cc
[350/1288] Wrapping AST for DequeModule for debugging
[351/1288] Compiling ssl_stat.cc
[352/1288] Compiling ssl_transcript.cc
[354/1288] Compiling Configuration JSONSnapshot.swift
[355/1288] Compiling Configuration PropertyListSnapshot.swift
[356/1288] Compiling Configuration ReloadingFileProvider.swift
[357/1288] Compiling Configuration ReloadingFileProviderMetrics.swift
[358/1288] Compiling Configuration YAMLSnapshot.swift
[359/1288] Compiling Configuration InMemoryProvider.swift
[360/1293] Compiling Configuration Deprecations.swift
[361/1293] Compiling Configuration ExpressibleByConfigInt.swift
[362/1293] Compiling Configuration ExpressibleByConfigString.swift
[363/1293] Compiling Configuration CLIKeyEncoder.swift
[364/1293] Compiling Configuration ConfigKeyEncoder.swift
[365/1293] Compiling Configuration DotSeparatorKeyDecoder.swift
[365/1293] Compiling ssl_session.cc
[366/1293] Compiling ssl_privkey.cc
[368/1293] Emitting module ExtrasBase64
[369/1293] Compiling ExtrasBase64 Base32+Span.swift
[370/1293] Compiling Configuration EnvironmentKeyEncoder.swift
[371/1293] Compiling Configuration EnvironmentVariablesProvider.swift
[372/1293] Compiling Configuration CommonProviderFileSystem.swift
[373/1293] Compiling Configuration DirectoryFilesProvider.swift
[374/1293] Compiling Configuration FileProvider.swift
[375/1293] Compiling Configuration FileProviderSnapshot.swift
[375/1293] Compiling ssl_lib.cc
[376/1293] Compiling ssl_file.cc
[377/1293] Compiling ssl_credential.cc
[379/1293] Compiling ExtrasBase64 Base64.swift
[380/1293] Compiling ExtrasBase64 Base64+Span.swift
[381/1294] Compiling ssl_key_share.cc
[382/1325] Compiling ssl_cipher.cc
[383/1325] Wrapping AST for ExtrasBase64 for debugging
[384/1325] Compiling ssl_cert.cc
[386/1325] Emitting module Configuration
[387/1325] Compiling GoogleWKT UnknownFields.swift
[388/1325] Compiling GoogleWKT WKTAny.swift
[389/1325] Compiling GoogleWKT WKTAnyError.swift
[390/1325] Compiling GoogleWKT WKTBoolValue.swift
[391/1325] Compiling GoogleWKT WKTBytesValue.swift
[392/1325] Compiling GoogleWKT WKTDoubleValue.swift
[393/1325] Compiling GoogleWKT WKTDuration.swift
[394/1325] Compiling GoogleWKT WKTEmpty.swift
[395/1325] Compiling GoogleWKT WKTFieldMask.swift
[396/1325] Compiling GoogleWKT AnyPackable.swift
[397/1325] Compiling GoogleWKT DecodeToDefault.swift
[398/1325] Compiling GoogleWKT DiscoveryBase64.swift
[398/1325] Compiling ssl_aead_ctx.cc
[399/1325] Compiling ssl_buffer.cc
[401/1325] Compiling GoogleWKT WKTUInt32Value.swift
[402/1325] Compiling GoogleWKT WKTUInt64Value.swift
[403/1325] Compiling GoogleWKT WKTField.swift
[404/1325] Compiling GoogleWKT WKTMethod.swift
[405/1325] Compiling GoogleWKT WKTMixin.swift
[406/1325] Compiling GoogleWKT WKTOption.swift
[407/1325] Compiling Configuration CombineLatestManyStorage.swift
[408/1325] Compiling Configuration AsyncSequences.swift
[409/1325] Compiling Configuration FoundationExtensions.swift
[410/1325] Compiling Configuration Span.swift
[411/1325] Compiling Configuration ConfigBytesFromStringDecoder.swift
[420/1329] Compiling s3_pkt.cc
[422/1329] Compiling GoogleWKT WKTFloatValue.swift
[423/1329] Compiling GoogleWKT WKTInt32Value.swift
[424/1329] Compiling GoogleWKT WKTInt64Value.swift
[425/1329] Compiling GoogleWKT WKTRecursive.swift
[425/1329] Compiling ssl_asn1.cc
[426/1329] Compiling s3_lib.cc
[428/1329] Compiling GoogleWKT WKTValue.swift
[429/1329] Compiling GoogleWKT WKTApi.swift
[430/1329] Compiling GoogleWKT WKTEnum.swift
[431/1329] Compiling GoogleWKT WKTEnumValue.swift
[432/1329] Compiling GoogleWKT WKTStringValue.swift
[433/1329] Compiling GoogleWKT WKTTimestamp.swift
[439/1329] Compiling s3_both.cc
[441/1329] Compiling GoogleWKT WKTSourceContext.swift
[442/1329] Compiling GoogleWKT WKTSyntax.swift
[443/1329] Compiling GoogleWKT WKTType.swift
[444/1329] Compiling GoogleWKT PackageVersion.swift
[448/1329] Compiling GoogleWKT ProtoJSONDecoder.swift
[449/1329] Compiling GoogleWKT ProtoJSONEncoder.swift
[450/1329] Emitting module GoogleWKT
[451/1348] Compiling handshake_server.cc
[459/1364] Compiling handoff.cc
[460/1405] Wrapping AST for GoogleWKT for debugging
[461/1434] Compiling handshake_client.cc
[462/1434] Wrapping AST for Configuration for debugging
[464/1434] Emitting module GoogleRpc
[465/1436] Compiling GoogleApi Authentication.swift
[466/1436] Compiling GoogleApi AuthenticationRule.swift
[466/1436] Compiling handshake.cc
[468/1438] Compiling GoogleApi ChangeType.swift
[469/1438] Compiling GoogleApi ClientLibraryDestination.swift
[470/1438] Emitting module GoogleType
[471/1438] Compiling GoogleRpc Status.swift
[472/1438] Compiling GoogleApi ConfigChange.swift
[473/1438] Compiling GoogleApi ClientLibraryOrganization.swift
[474/1438] Compiling GoogleRpc RetryInfo.swift
[475/1438] Compiling GoogleApi BatchingDescriptorProto.swift
[476/1438] Compiling GoogleApi BatchingSettingsProto.swift
[477/1438] Compiling GoogleApi Billing.swift
[478/1438] Compiling GoogleApi Advice.swift
[479/1438] Compiling GoogleApi AuthProvider.swift
[483/1438] Compiling GoogleApi Backend.swift
[484/1438] Compiling GoogleApi AuthRequirement.swift
[487/1438] Compiling encrypted_client_hello.cc
[490/1438] Compiling GoogleApi BackendRule.swift
[491/1438] Compiling GoogleApi BatchingConfigProto.swift
[494/1438] Compiling extensions.cc
[496/1438] Compiling GoogleType TimeOfDay.swift
[497/1438] Compiling GoogleType TimeZone.swift
[505/1440] Wrapping AST for GoogleType for debugging
[506/1440] Wrapping AST for GoogleRpc for debugging
[507/1440] Compiling dtls_method.cc
[508/1440] Compiling md5-x86_64-linux.S
[509/1440] Compiling md5-x86_64-apple.S
[510/1440] Compiling md5-586-linux.S
[511/1440] Compiling md5-586-apple.S
[512/1440] Compiling d1_srtp.cc
[513/1440] Compiling chacha20_poly1305_x86_64-linux.S
[514/1440] Compiling bio_ssl.cc
[515/1440] Compiling chacha20_poly1305_x86_64-apple.S
[516/1440] Compiling chacha20_poly1305_armv8-win.S
[517/1440] Compiling chacha20_poly1305_armv8-apple.S
[518/1440] Compiling chacha20_poly1305_armv8-linux.S
[519/1440] Compiling dtls_record.cc
[520/1440] Compiling chacha-x86_64-apple.S
[521/1440] Compiling chacha-x86_64-linux.S
[522/1440] Compiling chacha-x86-linux.S
[523/1440] Compiling chacha-armv8-win.S
[524/1440] Compiling chacha-x86-apple.S
[525/1440] Compiling d1_pkt.cc
[526/1440] Compiling chacha-armv4-linux.S
[527/1440] Compiling chacha-armv8-apple.S
[528/1440] Compiling chacha-armv8-linux.S
[529/1440] Compiling aes128gcmsiv-x86_64-apple.S
[530/1440] Compiling aes128gcmsiv-x86_64-linux.S
[531/1440] Compiling x86_64-mont5-linux.S
[532/1440] Compiling x86_64-mont5-apple.S
[533/1440] Compiling x86-mont-linux.S
[534/1440] Compiling x86_64-mont-linux.S
[535/1440] Compiling x86_64-mont-apple.S
[536/1440] Compiling x86-mont-apple.S
[537/1440] Compiling vpaes-x86_64-linux.S
[538/1440] Compiling vpaes-x86_64-apple.S
[539/1440] Compiling vpaes-x86-linux.S
[540/1440] Compiling d1_lib.cc
[541/1440] Compiling vpaes-x86-apple.S
[542/1440] Compiling vpaes-armv8-win.S
[543/1440] Compiling vpaes-armv8-apple.S
[544/1440] Compiling vpaes-armv8-linux.S
[545/1440] Compiling sha512-x86_64-linux.S
[546/1440] Compiling vpaes-armv7-linux.S
[547/1440] Compiling sha512-x86_64-apple.S
[548/1440] Compiling sha512-armv8-win.S
[549/1440] Compiling sha512-armv8-apple.S
[550/1440] Compiling err_data.cc
[551/1440] Compiling sha512-armv4-linux.S
[553/1440] Compiling GoogleApi Quota.swift
[554/1440] Compiling GoogleApi QuotaLimit.swift
[555/1440] Compiling GoogleApi ResourceDescriptor.swift
[556/1440] Compiling GoogleApi ResourceReference.swift
[557/1440] Compiling GoogleApi RoutingParameter.swift
[558/1440] Compiling GoogleApi RoutingRule.swift
[559/1440] Compiling GoogleApi RubySettings.swift
[560/1440] Compiling GoogleApi SelectiveGapicGeneration.swift
[561/1440] Compiling GoogleApi Service.swift
[561/1446] Compiling sha512-armv8-linux.S
[562/1449] Compiling sha512-586-apple.S
[563/1449] Compiling sha512-586-linux.S
[564/1449] Compiling sha256-armv8-win.S
[565/1449] Compiling sha256-x86_64-linux.S
[566/1449] Compiling sha256-x86_64-apple.S
[567/1449] Compiling sha256-armv4-linux.S
[568/1449] Compiling sha256-armv8-apple.S
[569/1449] Compiling sha256-586-linux.S
[570/1449] Compiling sha256-armv8-linux.S
[570/1449] Compiling sha1-x86_64-linux.S
[572/1449] Compiling sha256-586-apple.S
[574/1449] Compiling GoogleApi Monitoring.swift
[575/1449] Compiling GoogleApi NodeSettings.swift
[576/1449] Compiling GoogleApi OAuthRequirements.swift
[577/1449] Compiling GoogleApi PackageVersion.swift
[578/1449] Compiling GoogleApi Page.swift
[579/1449] Compiling GoogleApi PhpSettings.swift
[580/1449] Compiling GoogleApi ProjectProperties.swift
[581/1449] Compiling GoogleApi Property.swift
[582/1449] Compiling GoogleApi Publishing.swift
[583/1449] Compiling GoogleApi PythonSettings.swift
[583/1449] Compiling sha1-x86_64-apple.S
[584/1449] Compiling sha1-armv8-win.S
[586/1449] Compiling GoogleApi LogDescriptor.swift
[587/1449] Compiling GoogleApi Logging.swift
[588/1449] Compiling GoogleApi MethodPolicy.swift
[589/1449] Compiling GoogleApi MethodSettings.swift
[590/1449] Compiling GoogleApi Metric.swift
[591/1449] Compiling GoogleApi MetricDescriptor.swift
[592/1449] Compiling GoogleApi MetricRule.swift
[593/1449] Compiling GoogleApi MonitoredResource.swift
[594/1449] Compiling GoogleApi MonitoredResourceDescriptor.swift
[595/1449] Compiling GoogleApi MonitoredResourceMetadata.swift
[595/1449] Compiling sha1-armv8-apple.S
[596/1449] Compiling sha1-armv4-large-linux.S
[597/1449] Compiling d1_both.cc
[598/1449] Compiling sha1-586-linux.S
[599/1449] Compiling sha1-armv8-linux.S
[600/1449] Compiling sha1-586-apple.S
[601/1449] Compiling rsaz-avx2-linux.S
[602/1449] Compiling rsaz-avx2-apple.S
[603/1449] Compiling rdrand-x86_64-linux.S
[604/1449] Compiling rdrand-x86_64-apple.S
[605/1449] Compiling p256_beeu-x86_64-asm-linux.S
[606/1449] Compiling p256_beeu-armv8-asm-win.S
[607/1449] Compiling p256_beeu-x86_64-asm-apple.S
[608/1449] Compiling p256-x86_64-asm-linux.S
[609/1449] Compiling p256-x86_64-asm-apple.S
[610/1449] Compiling p256-armv8-asm-win.S
[611/1449] Compiling p256_beeu-armv8-asm-linux.S
[612/1449] Compiling p256_beeu-armv8-asm-apple.S
[624/1449] Emitting module GoogleApi
[624/1449] Compiling p256-armv8-asm-apple.S
[625/1449] Compiling ghashv8-armv8-linux.S
[626/1449] Compiling ghashv8-armv8-win.S
[627/1449] Compiling ghashv8-armv7-linux.S
[628/1449] Compiling ghashv8-armv8-apple.S
[629/1449] Compiling ghash-x86_64-linux.S
[630/1449] Compiling p256-armv8-asm-linux.S
[631/1449] Compiling ghash-x86_64-apple.S
[633/1449] Compiling GoogleApi FieldPolicy.swift
[634/1449] Compiling GoogleApi FlowControlLimitExceededBehaviorProto.swift
[635/1449] Compiling GoogleApi GoSettings.swift
[636/1449] Compiling GoogleApi Http.swift
[637/1449] Compiling GoogleApi HttpBody.swift
[638/1449] Compiling GoogleApi HttpRule.swift
[639/1449] Compiling GoogleApi JavaSettings.swift
[640/1449] Compiling GoogleApi JwtLocation.swift
[641/1449] Compiling GoogleApi LabelDescriptor.swift
[642/1449] Compiling GoogleApi LaunchStage.swift
[642/1449] Compiling ghash-x86-linux.S
[643/1449] Compiling ghash-x86-apple.S
[644/1449] Compiling ghash-ssse3-x86_64-linux.S
[645/1449] Compiling ghash-ssse3-x86-linux.S
[646/1449] Compiling ghash-ssse3-x86-apple.S
[647/1449] Compiling ghash-ssse3-x86_64-apple.S
[648/1449] Compiling ghash-neon-armv8-win.S
[649/1449] Compiling ghash-neon-armv8-linux.S
[650/1449] Compiling co-586-linux.S
[651/1449] Compiling ghash-neon-armv8-apple.S
[652/1449] Compiling ghash-armv4-linux.S
[653/1449] Compiling bsaes-armv7-linux.S
[654/1449] Compiling co-586-apple.S
[655/1449] Compiling bn-armv8-win.S
[656/1449] Compiling bn-586-apple.S
[657/1449] Compiling bn-armv8-linux.S
[658/1449] Compiling bn-586-linux.S
[659/1449] Compiling bn-armv8-apple.S
[660/1449] Compiling armv8-mont-win.S
[660/1449] Compiling armv8-mont-apple.S
[662/1449] Compiling armv4-mont-linux.S
[663/1449] Compiling armv8-mont-linux.S
[664/1449] Compiling aesv8-gcm-armv8-apple.S
[664/1449] Compiling aesv8-gcm-armv8-win.S
[666/1449] Compiling aesv8-gcm-armv8-linux.S
[667/1449] Compiling aesv8-armv8-linux.S
[668/1449] Compiling aesv8-armv8-win.S
[669/1449] Compiling aesni-x86_64-linux.S
[670/1449] Compiling aesv8-armv8-apple.S
[670/1449] Compiling aesni-x86_64-apple.S
[672/1449] Compiling aesv8-armv7-linux.S
[673/1449] Compiling aesni-x86-linux.S
[674/1449] Compiling aesni-gcm-x86_64-linux.S
[675/1449] Compiling aesni-x86-apple.S
[676/1449] Compiling aesni-gcm-x86_64-apple.S
[676/1449] Compiling aes-gcm-avx10-x86_64-linux.S
[678/1449] Compiling aes-gcm-avx2-x86_64-apple.S
[678/1449] Compiling aes-gcm-avx2-x86_64-linux.S
[680/1449] Compiling aes-gcm-avx10-x86_64-apple.S
[682/1449] Compiling GoogleApi CppSettings.swift
[683/1449] Compiling GoogleApi CustomHttpPattern.swift
[684/1449] Compiling GoogleApi Distribution.swift
[685/1449] Compiling GoogleApi Documentation.swift
[686/1449] Compiling GoogleApi DocumentationRule.swift
[687/1449] Compiling GoogleApi DotnetSettings.swift
[688/1449] Compiling GoogleApi Endpoint.swift
[689/1449] Compiling GoogleApi ErrorReason.swift
[690/1449] Compiling GoogleApi FieldBehavior.swift
[691/1449] Compiling GoogleApi FieldInfo.swift
[701/1449] Compiling GoogleApi Control.swift
[702/1449] Compiling GoogleApi SourceInfo.swift
[703/1449] Compiling GoogleApi SystemParameter.swift
[704/1449] Compiling GoogleApi SystemParameterRule.swift
[705/1449] Compiling GoogleApi SystemParameters.swift
[706/1449] Compiling GoogleApi TypeReference.swift
[707/1449] Compiling GoogleApi Usage.swift
[708/1449] Compiling GoogleApi UsageRule.swift
[709/1449] Compiling GoogleApi Visibility.swift
[710/1449] Compiling GoogleApi VisibilityRule.swift
[711/1450] Compiling x_val.cc
[712/1450] Compiling x_spki.cc
[713/1450] Compiling x_x509.cc
[714/1450] Compiling x_req.cc
[714/1450] Compiling x_x509a.cc
[716/1450] Compiling x_sig.cc
[717/1450] Wrapping AST for GoogleApi for debugging
[718/1450] Compiling x_pubkey.cc
[719/1450] Compiling x_name.cc
[720/1450] Compiling x_exten.cc
[721/1450] Compiling x_attrib.cc
[721/1450] Compiling x509spki.cc
[723/1450] Compiling x_crl.cc
[723/1450] Compiling x_algor.cc
[725/1450] Compiling x509rset.cc
[726/1450] Compiling x_all.cc
[727/1450] Compiling x509name.cc
[728/1450] Compiling x509_txt.cc
[729/1450] Compiling x509_v3.cc
[729/1450] Compiling x509cset.cc
[731/1450] Compiling x509_vpm.cc
[732/1450] Compiling x509_trs.cc
[733/1450] Compiling x509_set.cc
[734/1450] Compiling x509_vfy.cc
[735/1450] Compiling x509_req.cc
[736/1450] Compiling x509_def.cc
[737/1450] Compiling x509_obj.cc
[738/1450] Compiling x509_ext.cc
[739/1450] Compiling x509_d2.cc
[740/1450] Compiling x509_lu.cc
[741/1450] Compiling x509_att.cc
[742/1450] Compiling x509_cmp.cc
[743/1450] Compiling x509.cc
[744/1450] Compiling v3_prn.cc
[745/1450] Compiling v3_skey.cc
[746/1450] Compiling v3_pmaps.cc
[747/1450] Compiling v3_purp.cc
[748/1450] Compiling v3_ocsp.cc
[749/1450] Compiling v3_utl.cc
[750/1450] Compiling v3_pcons.cc
[751/1450] Compiling v3_ncons.cc
[752/1450] Compiling v3_int.cc
[753/1450] Compiling v3_ia5.cc
[754/1450] Compiling v3_info.cc
[755/1450] Compiling v3_lib.cc
[756/1450] Compiling v3_extku.cc
[757/1450] Compiling v3_enum.cc
[758/1450] Compiling v3_genn.cc
[759/1450] Compiling v3_crld.cc
[760/1450] Compiling v3_conf.cc
[761/1450] Compiling v3_cpols.cc
[762/1450] Compiling v3_bitst.cc
[763/1450] Compiling v3_bcons.cc
[764/1450] Compiling v3_akeya.cc
[765/1450] Compiling v3_akey.cc
[766/1450] Compiling v3_alt.cc
[767/1450] Compiling i2d_pr.cc
[768/1450] Compiling t_x509a.cc
[769/1450] Compiling t_crl.cc
[770/1450] Compiling t_x509.cc
[771/1450] Compiling t_req.cc
[772/1450] Compiling rsa_pss.cc
[773/1450] Compiling name_print.cc
[774/1450] Compiling policy.cc
[775/1450] Compiling by_file.cc
[776/1450] Compiling by_dir.cc
[777/1450] Compiling voprf.cc
[778/1450] Compiling asn1_gen.cc
[779/1450] Compiling a_digest.cc
[780/1450] Compiling a_sign.cc
[781/1450] Compiling a_verify.cc
[782/1450] Compiling algorithm.cc
[783/1450] Compiling thread_win.cc
[784/1450] Compiling thread.cc
[785/1450] Compiling thread_none.cc
[786/1450] Compiling thread_pthread.cc
[787/1450] Compiling stack.cc
[788/1450] Compiling trust_token.cc
[789/1450] Compiling pmbtoken.cc
[790/1450] Compiling spake2plus.cc
[791/1450] Compiling sha512.cc
[792/1450] Compiling siphash.cc
[793/1450] Compiling sha256.cc
[794/1450] Compiling sha1.cc
[795/1450] Compiling rsa_print.cc
[796/1450] Compiling rsa_extra.cc
[797/1450] Compiling slhdsa.cc
[798/1450] Compiling rc4.cc
[799/1450] Compiling rsa_crypt.cc
[800/1450] Compiling refcount.cc
[801/1450] Compiling windows.cc
[802/1450] Compiling urandom.cc
[803/1450] Compiling trusty.cc
[804/1450] Compiling rand.cc
[805/1450] Compiling rsa_asn1.cc
[806/1450] Compiling passive.cc
[807/1450] Compiling ios.cc
[808/1450] Compiling getentropy.cc
[809/1450] Compiling poly1305_arm_asm.S
[810/1450] Compiling forkunsafe.cc
[811/1450] Compiling deterministic.cc
[812/1450] Compiling fork_detect.cc
[813/1450] Compiling poly1305_vec.cc
[814/1450] Compiling pool.cc
[815/1450] Compiling poly1305_arm.cc
[816/1450] Compiling poly1305.cc
[817/1450] Compiling pkcs7.cc
[818/1450] Compiling pkcs8.cc
[819/1450] Compiling pkcs8_x509.cc
[820/1450] Compiling p5_pbev2.cc
[821/1450] Compiling pkcs7_x509.cc
[822/1450] Compiling pem_xaux.cc
[823/1450] Compiling pem_x509.cc
[824/1450] Compiling pem_pkey.cc
[825/1450] Compiling pem_oth.cc
[826/1450] Compiling pem_pk8.cc
[827/1450] Compiling pem_info.cc
[828/1450] Compiling mlkem.cc
[829/1450] Compiling pem_lib.cc
[830/1450] Compiling pem_all.cc
[831/1450] Compiling obj_xref.cc
[832/1450] Compiling obj.cc
[833/1450] Compiling poly_rq_mul.S
[834/1450] Compiling mldsa.cc
[835/1450] Compiling fips_shared_support.cc
[836/1450] Compiling md5.cc
[837/1450] Compiling md4.cc
[837/1450] Compiling mem.cc
[839/1450] Compiling lhash.cc
[840/1450] Compiling kyber.cc
[841/1450] Compiling hrss.cc
[842/1450] Compiling ex_data.cc
[843/1450] Compiling sign.cc
[844/1450] Compiling scrypt.cc
[845/1450] Compiling print.cc
[846/1450] Compiling hpke.cc
[847/1450] Compiling pbkdf.cc
[848/1450] Compiling p_x25519.cc
[849/1450] Compiling p_x25519_asn1.cc
[850/1450] Compiling p_rsa_asn1.cc
[851/1450] Compiling p_rsa.cc
[852/1450] Compiling p_ed25519.cc
[853/1450] Compiling p_hkdf.cc
[854/1450] Compiling p_ed25519_asn1.cc
[855/1450] Compiling p_ec.cc
[856/1450] Compiling p_ec_asn1.cc
[857/1450] Compiling p_dh_asn1.cc
[858/1450] Compiling p_dh.cc
[859/1450] Compiling evp_ctx.cc
[860/1450] Compiling p_dsa_asn1.cc
[861/1450] Compiling evp_asn1.cc
[862/1450] Compiling evp.cc
[863/1450] Compiling err.cc
[864/1450] Compiling engine.cc
[865/1450] Compiling ecdh.cc
[866/1450] Compiling hash_to_curve.cc
[866/1450] Compiling ecdsa_asn1.cc
[868/1450] Compiling ec_derive.cc
[869/1450] Compiling dsa.cc
[870/1450] Compiling ec_asn1.cc
[871/1450] Compiling dsa_asn1.cc
[872/1450] Compiling params.cc
[873/1450] Compiling x25519-asm-arm.S
[874/1450] Compiling bcm.cc
[875/1450] Compiling digest_extra.cc
[876/1450] Compiling dh_asn1.cc
[877/1450] Compiling des.cc
[878/1450] Compiling curve25519_64_adx.cc
[879/1450] Compiling spake25519.cc
[880/1450] Compiling crypto.cc
[881/1450] Compiling cpu_intel.cc
[882/1450] Compiling cpu_arm_linux.cc
[883/1450] Compiling curve25519.cc
[884/1450] Compiling cpu_arm_freebsd.cc
[885/1450] Compiling cpu_aarch64_win.cc
[886/1450] Compiling cpu_aarch64_sysreg.cc
[887/1450] Compiling cpu_aarch64_openbsd.cc
[888/1450] Compiling cpu_aarch64_linux.cc
[889/1450] Compiling cpu_aarch64_fuchsia.cc
[890/1450] Compiling cpu_aarch64_apple.cc
[891/1450] Compiling get_cipher.cc
[892/1450] Compiling conf.cc
[892/1450] Compiling tls_cbc.cc
[894/1450] Compiling e_tls.cc
[895/1450] Compiling e_rc4.cc
[896/1450] Compiling e_null.cc
[896/1450] Compiling e_rc2.cc
[898/1450] Compiling e_des.cc
[899/1450] Compiling e_chacha20poly1305.cc
[900/1450] Compiling e_aesgcmsiv.cc
[901/1450] Compiling e_aesctrhmac.cc
[902/1450] Compiling derive_key.cc
[903/1450] Compiling chacha.cc
[904/1450] Compiling buf.cc
[905/1450] Compiling unicode.cc
[906/1450] Compiling ber.cc
[907/1450] Compiling cbs.cc
[908/1450] Compiling cbb.cc
[909/1450] Compiling asn1_compat.cc
[910/1450] Compiling bn_asn1.cc
[911/1450] Compiling convert.cc
[912/1450] Compiling blake2.cc
[913/1450] Compiling socket_helper.cc
[914/1450] Compiling socket.cc
[915/1450] Compiling printf.cc
[916/1450] Compiling hexdump.cc
[917/1450] Compiling pair.cc
[918/1450] Compiling file.cc
[919/1450] Compiling fd.cc
[920/1450] Compiling errno.cc
[921/1450] Compiling connect.cc
[922/1450] Compiling bio_mem.cc
[923/1450] Compiling base64.cc
[924/1450] Compiling bio.cc
[925/1450] Compiling tasn_typ.cc
[926/1450] Compiling tasn_utl.cc
[927/1450] Compiling tasn_fre.cc
[928/1450] Compiling tasn_enc.cc
[929/1450] Compiling posix_time.cc
[930/1450] Compiling tasn_new.cc
[931/1450] Compiling f_string.cc
[932/1450] Compiling f_int.cc
[933/1450] Compiling asn_pack.cc
[934/1450] Compiling asn1_par.cc
[935/1450] Compiling asn1_lib.cc
[936/1450] Compiling a_utctm.cc
[937/1450] Compiling a_type.cc
[938/1450] Compiling a_time.cc
[939/1450] Compiling a_octet.cc
[940/1450] Compiling a_strnid.cc
[941/1450] Compiling a_strex.cc
[942/1450] Compiling a_object.cc
[943/1450] Compiling a_i2d_fp.cc
[944/1450] Compiling a_dup.cc
[945/1450] Compiling a_d2i_fp.cc
[946/1450] Compiling a_mbstr.cc
[947/1450] Compiling CGoogleGaxCRC32C CGoogleGaxCRC32C.c
[948/1450] Compiling fiat_p256_adx_sqr.S
[949/1450] Compiling a_int.cc
[950/1450] Compiling fiat_p256_adx_mul.S
[951/1450] Compiling a_gentm.cc
[952/1450] Compiling fiat_curve25519_adx_square.S
[953/1450] Compiling md5-x86_64-linux.S
[954/1450] Compiling fiat_curve25519_adx_mul.S
[955/1450] Compiling md5-x86_64-apple.S
[956/1450] Compiling md5-586-linux.S
[957/1450] Compiling md5-586-apple.S
[958/1450] Compiling a_bool.cc
[959/1450] Compiling chacha20_poly1305_x86_64-linux.S
[960/1450] Compiling chacha20_poly1305_armv8-win.S
[961/1450] Compiling chacha20_poly1305_x86_64-apple.S
[962/1450] Compiling a_bitstr.cc
[963/1450] Compiling chacha20_poly1305_armv8-apple.S
[964/1450] Compiling CCryptoBoringSSLShims shims.c
[965/1450] Compiling chacha-x86_64-linux.S
[966/1450] Compiling chacha20_poly1305_armv8-linux.S
[967/1450] Compiling chacha-x86_64-apple.S
[968/1450] Compiling chacha-x86-linux.S
[969/1450] Compiling chacha-x86-apple.S
[970/1450] Compiling chacha-armv8-win.S
[971/1450] Compiling chacha-armv8-apple.S
[972/1450] Compiling chacha-armv4-linux.S
[973/1450] Compiling aes128gcmsiv-x86_64-linux.S
[974/1450] Compiling aes128gcmsiv-x86_64-apple.S
[975/1450] Compiling chacha-armv8-linux.S
[976/1450] Compiling x86_64-mont5-linux.S
[977/1450] Compiling x86_64-mont5-apple.S
[978/1450] Compiling x86_64-mont-apple.S
[978/1450] Compiling x86_64-mont-linux.S
[980/1450] Compiling x86-mont-linux.S
[981/1450] Compiling x86-mont-apple.S
[982/1450] Compiling vpaes-x86_64-linux.S
[983/1450] Compiling vpaes-x86-apple.S
[984/1450] Compiling vpaes-x86_64-apple.S
[985/1450] Compiling vpaes-x86-linux.S
[986/1450] Compiling vpaes-armv8-win.S
[987/1450] Compiling vpaes-armv8-linux.S
[988/1450] Compiling vpaes-armv7-linux.S
[989/1450] Compiling vpaes-armv8-apple.S
[990/1450] Compiling sha512-x86_64-linux.S
[991/1450] Compiling sha512-x86_64-apple.S
[992/1450] Compiling sha512-armv8-win.S
[993/1450] Compiling sha512-armv4-linux.S
[994/1450] Compiling sha512-armv8-apple.S
[995/1450] Compiling sha512-armv8-linux.S
[996/1450] Compiling sha512-586-apple.S
[996/1450] Compiling sha512-586-linux.S
[998/1450] Compiling sha256-x86_64-linux.S
[999/1450] Compiling err_data.cc
[1000/1450] Compiling sha256-armv8-win.S
[1001/1450] Compiling sha256-armv8-apple.S
[1002/1450] Compiling sha256-x86_64-apple.S
[1003/1450] Compiling sha256-armv8-linux.S
[1004/1450] Compiling sha256-586-linux.S
[1005/1450] Compiling sha256-586-apple.S
[1006/1450] Compiling sha256-armv4-linux.S
[1006/1450] Compiling sha1-x86_64-linux.S
[1008/1450] Compiling sha1-x86_64-apple.S
[1009/1450] Compiling sha1-armv8-win.S
[1010/1450] Compiling sha1-armv4-large-linux.S
[1011/1450] Compiling sha1-armv8-apple.S
[1012/1450] Compiling sha1-586-apple.S
[1013/1450] Compiling sha1-586-linux.S
[1014/1450] Compiling sha1-armv8-linux.S
[1015/1450] Compiling rsaz-avx2-linux.S
[1016/1450] Compiling rsaz-avx2-apple.S
[1017/1450] Compiling rdrand-x86_64-linux.S
[1018/1450] Compiling rdrand-x86_64-apple.S
[1019/1450] Compiling p256_beeu-x86_64-asm-linux.S
[1020/1450] Compiling p256_beeu-x86_64-asm-apple.S
[1021/1450] Compiling p256_beeu-armv8-asm-win.S
[1022/1450] Compiling p256_beeu-armv8-asm-linux.S
[1023/1450] Compiling p256_beeu-armv8-asm-apple.S
[1024/1450] Compiling p256-x86_64-asm-linux.S
[1024/1450] Compiling p256-x86_64-asm-apple.S
[1026/1450] Compiling p256-armv8-asm-win.S
[1027/1450] Compiling ghashv8-armv8-win.S
[1028/1450] Compiling p256-armv8-asm-apple.S
[1029/1450] Compiling p256-armv8-asm-linux.S
[1030/1450] Compiling ghashv8-armv8-apple.S
[1031/1450] Compiling ghashv8-armv8-linux.S
[1032/1450] Compiling ghashv8-armv7-linux.S
[1033/1450] Compiling ghash-x86_64-linux.S
[1034/1450] Compiling ghash-x86_64-apple.S
[1035/1450] Compiling ghash-x86-linux.S
[1036/1450] Compiling ghash-x86-apple.S
[1037/1450] Compiling ghash-ssse3-x86_64-linux.S
[1038/1450] Compiling ghash-ssse3-x86-linux.S
[1039/1450] Compiling ghash-ssse3-x86_64-apple.S
[1040/1450] Compiling ghash-ssse3-x86-apple.S
[1041/1450] Compiling ghash-neon-armv8-win.S
[1042/1450] Compiling ghash-neon-armv8-linux.S
[1043/1450] Compiling ghash-neon-armv8-apple.S
[1044/1450] Compiling ghash-armv4-linux.S
[1045/1450] Compiling co-586-apple.S
[1046/1450] Compiling bsaes-armv7-linux.S
[1047/1450] Compiling co-586-linux.S
[1048/1450] Compiling bn-armv8-win.S
[1049/1450] Compiling bn-armv8-linux.S
[1050/1450] Compiling bn-armv8-apple.S
[1051/1450] Compiling bn-586-apple.S
[1052/1450] Compiling armv8-mont-win.S
[1053/1450] Compiling bn-586-linux.S
[1054/1450] Compiling armv8-mont-apple.S
[1055/1450] Compiling aesv8-gcm-armv8-win.S
[1056/1450] Compiling armv4-mont-linux.S
[1057/1450] Compiling aesv8-gcm-armv8-apple.S
[1057/1450] Compiling armv8-mont-linux.S
[1059/1450] Compiling aesv8-armv8-win.S
[1060/1450] Compiling aesv8-armv8-apple.S
[1060/1450] Compiling aesv8-gcm-armv8-linux.S
[1062/1450] Compiling aesv8-armv8-linux.S
[1063/1450] Compiling aesni-x86_64-linux.S
[1064/1450] Compiling aesv8-armv7-linux.S
[1065/1450] Compiling aesni-x86_64-apple.S
[1066/1450] Compiling aesni-x86-linux.S
[1067/1450] Compiling aesni-x86-apple.S
[1068/1450] Compiling aesni-gcm-x86_64-linux.S
[1069/1450] Compiling aesni-gcm-x86_64-apple.S
[1070/1450] Compiling aes-gcm-avx512-x86_64-linux.S
[1071/1450] Compiling aes-gcm-avx512-x86_64-apple.S
[1072/1450] Compiling aes-gcm-avx2-x86_64-apple.S
[1073/1450] Compiling aes-gcm-avx2-x86_64-linux.S
[1074/1450] Compiling xwing.cc
[1075/1450] Compiling x_sig.cc
[1076/1450] Compiling x_spki.cc
[1077/1450] Compiling x_x509a.cc
[1078/1450] Compiling x_req.cc
[1079/1450] Compiling x_x509.cc
[1080/1450] Compiling c-nioatomics.c
[1081/1450] Compiling x_pubkey.cc
[1082/1450] Compiling x_exten.cc
[1083/1450] Compiling x_name.cc
[1084/1450] Compiling x_crl.cc
[1085/1450] Compiling x_attrib.cc
[1086/1450] Compiling x_all.cc
[1087/1450] Compiling c-atomics.c
[1088/1450] Compiling x_algor.cc
[1089/1450] Compiling x509spki.cc
[1091/1457] Compiling NIOConcurrencyHelpers NIOLockedValueBox.swift
[1091/1457] Compiling x509cset.cc
[1092/1457] Compiling x509rset.cc
[1093/1457] Compiling x509name.cc
[1095/1457] Compiling NIOConcurrencyHelpers NIOThreadPoolWorkAvailable.swift
[1096/1457] Compiling NIOConcurrencyHelpers NIOLock.swift
[1096/1457] Compiling x509_v3.cc
[1098/1457] Compiling NIOConcurrencyHelpers NIOAtomic.swift
[1098/1457] Compiling x509_vfy.cc
[1100/1457] Emitting module NIOConcurrencyHelpers
[1101/1457] Compiling NIOConcurrencyHelpers atomics.swift
[1101/1457] Compiling x509_vpm.cc
[1103/1457] Compiling NIOConcurrencyHelpers lock.swift
[1104/1458] Wrapping AST for NIOConcurrencyHelpers for debugging
[1105/1458] Compiling x509_txt.cc
[1106/1458] Compiling x509_trs.cc
[1107/1458] Compiling x509_set.cc
[1108/1458] Compiling x509_req.cc
[1109/1458] Compiling x509_obj.cc
[1110/1458] Compiling x509_lu.cc
[1111/1458] Compiling x509_ext.cc
[1112/1458] Compiling x509_def.cc
[1113/1458] Compiling x509_d2.cc
[1114/1458] Compiling x509_cmp.cc
[1115/1458] Compiling x509.cc
[1116/1458] Compiling x509_att.cc
[1117/1458] Compiling v3_utl.cc
[1118/1458] Compiling v3_skey.cc
[1119/1458] Compiling v3_purp.cc
[1120/1458] Compiling v3_prn.cc
[1121/1458] Compiling v3_pmaps.cc
[1122/1458] Compiling v3_pcons.cc
[1123/1458] Compiling v3_ocsp.cc
[1124/1458] Compiling v3_ncons.cc
[1125/1458] Compiling v3_int.cc
[1126/1458] Compiling v3_lib.cc
[1127/1458] Compiling v3_ia5.cc
[1128/1458] Compiling v3_info.cc
[1129/1458] Compiling v3_genn.cc
[1130/1458] Compiling v3_enum.cc
[1130/1458] Compiling v3_extku.cc
[1132/1458] Compiling v3_crld.cc
[1133/1458] Compiling v3_cpols.cc
[1134/1458] Compiling v3_conf.cc
[1135/1458] Compiling v3_bitst.cc
[1136/1458] Compiling v3_bcons.cc
[1137/1458] Compiling v3_alt.cc
[1138/1458] Compiling v3_akeya.cc
[1139/1458] Compiling v3_akey.cc
[1140/1458] Compiling t_x509a.cc
[1141/1458] Compiling t_x509.cc
[1142/1458] Compiling t_crl.cc
[1143/1458] Compiling t_req.cc
[1144/1458] Compiling rsa_pss.cc
[1145/1458] Compiling policy.cc
[1146/1458] Compiling i2d_pr.cc
[1147/1458] Compiling name_print.cc
[1148/1458] Compiling by_file.cc
[1149/1458] Compiling by_dir.cc
[1150/1458] Compiling algorithm.cc
[1151/1458] Compiling asn1_gen.cc
[1152/1458] Compiling a_verify.cc
[1153/1458] Compiling a_digest.cc
[1154/1458] Compiling a_sign.cc
[1155/1458] Compiling thread_win.cc
[1156/1458] Compiling thread_pthread.cc
[1157/1458] Compiling voprf.cc
[1158/1458] Compiling thread_none.cc
[1159/1458] Compiling trust_token.cc
[1160/1458] Compiling pmbtoken.cc
[1161/1458] Compiling thread.cc
[1162/1458] Compiling stack.cc
[1163/1458] Compiling siphash.cc
[1164/1458] Compiling sha512.cc
[1165/1458] Compiling sha256.cc
[1166/1458] Compiling slhdsa.cc
[1167/1458] Compiling sha1.cc
[1168/1458] Compiling rsa_print.cc
[1169/1458] Compiling spake2plus.cc
[1170/1458] Compiling rsa_extra.cc
[1171/1458] Compiling rsa_crypt.cc
[1172/1458] Compiling rc4.cc
[1173/1458] Compiling refcount.cc
[1174/1458] Compiling windows.cc
[1175/1458] Compiling urandom.cc
[1176/1458] Compiling trusty.cc
[1177/1458] Compiling rand.cc
[1178/1458] Compiling rsa_asn1.cc
[1179/1458] Compiling ios.cc
[1180/1458] Compiling getentropy.cc
[1181/1458] Compiling passive.cc
[1182/1458] Compiling forkunsafe.cc
[1183/1458] Compiling deterministic.cc
[1184/1458] Compiling fork_detect.cc
[1185/1458] Compiling poly1305_vec.cc
[1186/1458] Compiling pool.cc
[1187/1458] Compiling poly1305.cc
[1188/1458] Compiling pkcs7.cc
[1189/1458] Compiling pkcs8.cc
[1190/1458] Compiling p5_pbev2.cc
[1191/1458] Compiling pkcs8_x509.cc
[1192/1458] Compiling pkcs7_x509.cc
[1193/1458] Compiling pem_xaux.cc
[1194/1458] Compiling pem_x509.cc
[1195/1458] Compiling pem_pkey.cc
[1196/1458] Compiling pem_oth.cc
[1196/1458] Compiling pem_pk8.cc
[1198/1458] Compiling mlkem.cc
[1199/1458] Compiling pem_info.cc
[1200/1458] Compiling pem_lib.cc
[1201/1458] Compiling obj_xref.cc
[1202/1458] Compiling pem_all.cc
[1203/1458] Compiling obj.cc
[1204/1458] Compiling poly_rq_mul.S
[1205/1458] Compiling mldsa.cc
[1206/1458] Compiling mem.cc
[1207/1458] Compiling fips_shared_support.cc
[1208/1458] Compiling lhash.cc
[1209/1458] Compiling md5.cc
[1210/1458] Compiling md4.cc
[1211/1458] Compiling kyber.cc
[1212/1458] Compiling fuzzer_mode.cc
[1213/1458] Compiling ex_data.cc
[1214/1458] Compiling hrss.cc
[1215/1458] Compiling hpke.cc
[1216/1458] Compiling scrypt.cc
[1217/1458] Compiling print.cc
[1218/1458] Compiling pbkdf.cc
[1219/1458] Compiling sign.cc
[1220/1458] Compiling p_x25519_asn1.cc
[1221/1458] Compiling p_x25519.cc
[1222/1458] Compiling p_rsa_asn1.cc
[1223/1458] Compiling p_hkdf.cc
[1224/1458] Compiling p_ed25519_asn1.cc
[1225/1458] Compiling p_rsa.cc
[1226/1458] Compiling p_ed25519.cc
[1227/1458] Compiling p_ec_asn1.cc
[1228/1458] Compiling p_ec.cc
[1229/1458] Compiling p_dsa_asn1.cc
[1230/1458] Compiling p_dh.cc
[1231/1458] Compiling p_dh_asn1.cc
[1232/1458] Compiling evp_ctx.cc
[1233/1458] Compiling engine.cc
[1234/1458] Compiling err.cc
[1235/1458] Compiling evp_asn1.cc
[1236/1458] Compiling ecdsa_p1363.cc
[1237/1458] Compiling evp.cc
[1238/1458] Compiling ecdh.cc
[1239/1458] Compiling ecdsa_asn1.cc
[1240/1458] Compiling ec_derive.cc
[1241/1458] Compiling dsa_asn1.cc
[1242/1458] Compiling dsa.cc
[1243/1458] Compiling hash_to_curve.cc
[1244/1458] Compiling ec_asn1.cc
[1245/1458] Compiling digest_extra.cc
[1246/1458] Compiling x25519-asm-arm.S
[1247/1458] Compiling des.cc
[1248/1458] Compiling curve25519_64_adx.cc
[1249/1458] Compiling params.cc
[1250/1458] Compiling dh_asn1.cc
[1251/1458] Compiling spake25519.cc
[1252/1458] Compiling curve25519.cc
[1253/1458] Compiling crypto.cc
[1254/1458] Compiling cpu_intel.cc
[1255/1458] Compiling cpu_arm_freebsd.cc
[1256/1458] Compiling cpu_arm_linux.cc
[1257/1458] Compiling cpu_aarch64_win.cc
[1258/1458] Compiling cpu_aarch64_sysreg.cc
[1259/1458] Compiling cpu_aarch64_fuchsia.cc
[1260/1458] Compiling cpu_aarch64_openbsd.cc
[1261/1458] Compiling cpu_aarch64_linux.cc
[1262/1458] Compiling cpu_aarch64_apple.cc
[1263/1458] Compiling conf.cc
[1264/1458] Compiling get_cipher.cc
[1265/1458] Compiling tls_cbc.cc
[1266/1458] Compiling e_tls.cc
[1267/1458] Compiling e_rc4.cc
[1268/1458] Compiling cms.cc
[1269/1458] Compiling e_rc2.cc
[1270/1458] Compiling e_null.cc
[1271/1458] Compiling e_des.cc
[1272/1458] Compiling e_chacha20poly1305.cc
[1273/1458] Compiling e_aesgcmsiv.cc
[1274/1458] Compiling e_aeseax.cc
[1275/1458] Compiling e_aesctrhmac.cc
[1276/1458] Compiling derive_key.cc
[1277/1458] Compiling chacha.cc
[1278/1458] Compiling unicode.cc
[1279/1458] Compiling buf.cc
[1280/1458] Compiling sqrt.cc
[1281/1458] Compiling cbs.cc
[1282/1458] Compiling cbb.cc
[1283/1458] Compiling asn1_compat.cc
[1284/1458] Compiling ber.cc
[1285/1458] Compiling exponentiation.cc
[1286/1458] Compiling div.cc
[1287/1458] Compiling blake2.cc
[1288/1458] Compiling printf.cc
[1289/1458] Compiling hexdump.cc
[1290/1458] Compiling pair.cc
[1291/1458] Compiling bn_asn1.cc
[1292/1458] Compiling convert.cc
[1293/1458] Compiling file.cc
[1294/1458] Compiling errno.cc
[1295/1458] Compiling fd.cc
[1296/1458] Compiling bio_mem.cc
[1297/1458] Compiling bio.cc
[1298/1458] Compiling base64.cc
[1299/1458] Compiling tasn_typ.cc
[1300/1458] Compiling tasn_utl.cc
[1301/1458] Compiling tasn_fre.cc
[1302/1458] Compiling posix_time.cc
[1303/1458] Compiling f_string.cc
[1304/1458] Compiling tasn_new.cc
[1305/1458] Compiling tasn_dec.cc
[1306/1458] Compiling f_int.cc
[1307/1458] Compiling asn_pack.cc
[1308/1458] Compiling asn1_par.cc
[1309/1458] Compiling a_octet.cc
[1310/1458] Compiling asn1_lib.cc
[1311/1458] Compiling a_strex.cc
[1312/1458] Compiling a_i2d_fp.cc
[1313/1458] Compiling a_object.cc
[1314/1458] Compiling bcm.cc
[1315/1458] Compiling a_mbstr.cc
[1316/1458] Compiling CAsyncHTTPClient CAsyncHTTPClient.c
[1317/1458] Write sources
[1318/1458] Compiling a_int.cc
[1319/1458] Write sources
[1321/1501] Compiling a_dup.cc
[1322/1501] Compiling a_d2i_fp.cc
[1323/1501] Compiling a_gentm.cc
[1325/1501] Compiling Algorithms Joined.swift
[1326/1501] Compiling Algorithms Keyed.swift
[1327/1503] Compiling Algorithms Combinations.swift
[1328/1503] Compiling Algorithms RandomSample.swift
[1328/1503] Compiling aes.cc
[1330/1503] Compiling Algorithms Reductions.swift
[1331/1503] Compiling Algorithms Rotate.swift
[1332/1503] Compiling Algorithms EitherSequence.swift
[1333/1503] Compiling Algorithms FirstNonNil.swift
[1333/1503] Compiling a_bitstr.cc
[1335/1503] Compiling Atomics IntegerOperations.swift
[1336/1503] Compiling Atomics Unmanaged extensions.swift
[1337/1503] Compiling Algorithms AdjacentPairs.swift
[1338/1503] Compiling Algorithms Chain.swift
[1339/1503] Compiling Algorithms Chunked.swift
[1339/1503] Compiling a_bool.cc
[1344/1514] Compiling Algorithms Split.swift
[1345/1514] Compiling Algorithms Stride.swift
[1346/1514] Compiling Algorithms Suffix.swift
[1347/1514] Compiling Algorithms Trim.swift
[1348/1514] Compiling Algorithms Unique.swift
[1349/1514] Compiling Algorithms Windows.swift
[1350/1514] Compiling Algorithms FlattenCollection.swift
[1351/1514] Compiling Algorithms Grouped.swift
[1352/1514] Compiling Algorithms Indexed.swift
[1353/1514] Compiling Algorithms Intersperse.swift
[1354/1514] Compiling Algorithms Compacted.swift
[1355/1514] Compiling Algorithms Cycle.swift
[1359/1514] Compiling Algorithms Permutations.swift
[1360/1514] Compiling Algorithms Product.swift
[1364/1514] Emitting module Atomics
[1365/1514] Compiling CryptoBoringWrapper RandomBytes.swift
[1366/1514] Compiling CryptoBoringWrapper CryptoKitErrors_boring.swift
[1367/1514] Compiling CryptoBoringWrapper EllipticCurvePoint.swift
[1368/1514] Compiling CryptoBoringWrapper EllipticCurve.swift
[1369/1514] Compiling CryptoBoringWrapper FiniteFieldArithmeticContext.swift
[1370/1514] Compiling CryptoBoringWrapper ArbitraryPrecisionInteger.swift
[1371/1514] Compiling CryptoBoringWrapper BoringSSLAEAD.swift
[1372/1514] Emitting module CryptoBoringWrapper
[1373/1515] Wrapping AST for CryptoBoringWrapper for debugging
[1385/1600] Wrapping AST for Atomics for debugging
[1387/1600] Emitting module Algorithms
[1388/1665] Wrapping AST for Algorithms for debugging
[1390/1665] Compiling NIOCore NIOCoreSendableMetatype.swift
[1391/1665] Compiling NIOCore NIODecodedAsyncSequence.swift
[1392/1665] Compiling NIOCore NIOLoopBound.swift
[1393/1665] Compiling NIOCore NIOPooledRecvBufferAllocator.swift
[1394/1665] Compiling NIOCore NIOScheduledCallback.swift
[1395/1665] Compiling NIOCore NIOSendable.swift
[1396/1665] Compiling NIOCore NIOSplitLinesMessageDecoder.swift
[1397/1665] Compiling NIOCore NIOTransportAccessibleChannelCore.swift
[1398/1665] Compiling NIOCore RecvByteBufferAllocator.swift
[1399/1673] Compiling NIOCore CircularBuffer.swift
[1400/1673] Compiling NIOCore Codec.swift
[1401/1673] Compiling NIOCore ConvenienceOptionSupport.swift
[1402/1673] Compiling NIOCore DeadChannel.swift
[1403/1673] Compiling NIOCore DispatchQueue+WithFuture.swift
[1404/1673] Compiling NIOCore EventLoop+Deprecated.swift
[1405/1673] Compiling NIOCore EventLoop+SerialExecutor.swift
[1406/1673] Compiling NIOCore EventLoop.swift
[1407/1673] Compiling NIOCore EventLoopFuture+AssumeIsolated.swift
[1408/1673] Compiling NIOCore NIOThrowingAsyncSequenceProducer.swift
[1409/1673] Compiling NIOCore BSDSocketAPI.swift
[1410/1673] Compiling NIOCore ByteBuffer-aux.swift
[1411/1684] Compiling NIOCore EventLoopFuture+Deprecated.swift
[1412/1684] Compiling NIOCore EventLoopFuture+WithEventLoop.swift
[1413/1684] Compiling NIOCore EventLoopFuture.swift
[1414/1684] Compiling NIOCore FileDescriptor.swift
[1415/1684] Compiling NIOCore FileHandle.swift
[1416/1684] Compiling NIOCore FileRegion.swift
[1417/1684] Compiling NIOCore GlobalSingletons.swift
[1418/1684] Compiling NIOCore IO.swift
[1419/1684] Compiling NIOCore IOData.swift
[1420/1684] Compiling NIOCore IPProtocol.swift
[1421/1684] Compiling NIOCore IntegerBitPacking.swift
[1422/1684] Compiling NIOCore IntegerTypes.swift
[1423/1684] Compiling NIOCore Interfaces.swift
[1424/1684] Compiling NIOCore Linux.swift
[1425/1684] Compiling NIOCore MarkedCircularBuffer.swift
[1426/1684] Compiling NIOCore MulticastChannel.swift
[1427/1684] Compiling NIOCore NIOAny.swift
[1428/1684] Compiling NIOCore NIOCloseOnErrorHandler.swift
[1429/1684] Emitting module Crypto
[1430/1684] Compiling NIOCore ByteBuffer-binaryEncodedLengthPrefix.swift
[1431/1684] Compiling NIOCore ByteBuffer-conversions.swift
[1432/1684] Compiling NIOCore ByteBuffer-core.swift
[1433/1684] Compiling NIOCore ByteBuffer-hex.swift
[1434/1684] Compiling NIOCore ByteBuffer-int.swift
[1435/1684] Compiling NIOCore ByteBuffer-lengthPrefix.swift
[1436/1684] Compiling NIOCore AddressedEnvelope.swift
[1437/1684] Compiling NIOCore AsyncAwaitSupport.swift
[1438/1684] Compiling NIOCore AsyncChannel.swift
[1439/1684] Compiling NIOCore AsyncChannelHandler.swift
[1440/1684] Compiling NIOCore AsyncChannelInboundStream.swift
[1441/1684] Compiling NIOCore AsyncChannelOutboundWriter.swift
[1442/1684] Compiling NIOCore NIOAsyncSequenceProducer.swift
[1443/1684] Compiling NIOCore NIOAsyncSequenceProducerStrategies.swift
[1444/1684] Compiling NIOCore NIOAsyncWriter.swift
[1445/1684] Compiling NIOCore ByteBuffer-multi-int.swift
[1446/1684] Compiling NIOCore ByteBuffer-quicBinaryEncodingStrategy.swift
[1447/1684] Compiling NIOCore ByteBuffer-views.swift
[1448/1684] Compiling NIOCore Channel.swift
[1449/1684] Compiling NIOCore ChannelHandler.swift
[1450/1684] Compiling NIOCore ChannelHandlers.swift
[1451/1684] Compiling NIOCore ChannelInvoker.swift
[1452/1684] Compiling NIOCore ChannelOption.swift
[1453/1684] Compiling NIOCore ChannelPipeline.swift
[1469/1684] Compiling NIOCore SingleStepByteToMessageDecoder.swift
[1470/1684] Compiling NIOCore SocketAddresses.swift
[1471/1684] Compiling NIOCore SocketOptionProvider.swift
[1472/1684] Compiling NIOCore SystemCallHelpers.swift
[1473/1684] Compiling NIOCore TimeAmount+Duration.swift
[1474/1684] Compiling NIOCore TypeAssistedChannelHandler.swift
[1475/1684] Compiling NIOCore UniversalBootstrapSupport.swift
[1476/1684] Compiling NIOCore Utilities.swift
[1489/1684] Compiling Crypto HPKE-LabeledExtract.swift
[1490/1684] Compiling Crypto HPKE-Utils.swift
[1491/1684] Compiling Crypto DHKEM.swift
[1492/1684] Compiling Crypto HPKE-KEM-Curve25519.swift
[1493/1684] Compiling Crypto HPKE-NIST-EC-KEMs.swift
[1494/1684] Compiling Crypto HPKE-KEM.swift
[1495/1684] Compiling Crypto HPKE-Errors.swift
[1496/1684] Compiling Crypto HPKE.swift
[1497/1684] Compiling Crypto HPKE-Context.swift
[1498/1684] Compiling Crypto HPKE-KeySchedule.swift
[1499/1684] Compiling Crypto HPKE-Modes.swift
[1500/1684] Compiling Crypto Insecure.swift
[1501/1684] Compiling Crypto Signature.swift
[1502/1684] Compiling Crypto CryptoKitErrors_boring.swift
[1503/1684] Compiling Crypto Optional+withUnsafeBytes_boring.swift
[1504/1684] Compiling Crypto RNG_boring.swift
[1505/1684] Compiling Crypto SafeCompare_boring.swift
[1506/1684] Compiling Crypto Zeroization_boring.swift
[1507/1684] Compiling Crypto _CryptoModuleAnchor.swift
[1508/1684] Compiling Crypto PrettyBytes.swift
[1509/1684] Compiling Crypto SafeCompare.swift
[1510/1684] Compiling Crypto SecureBytes.swift
[1511/1684] Compiling Crypto Zeroization.swift
[1520/1685] Wrapping AST for Crypto for debugging
[1522/1747] Compiling CryptoExtras PKCS8DERRepresentation.swift
[1523/1747] Compiling CryptoExtras PKCS8PrivateKey.swift
[1524/1747] Compiling CryptoExtras RFC8410AlgorithmIdentifier.swift
[1525/1747] Compiling CryptoExtras ECToolbox_boring.swift
[1526/1747] Compiling CryptoExtras ECToolbox.swift
[1527/1747] Compiling CryptoExtras HashToField.swift
[1528/1747] Compiling CryptoExtras KDF.swift
[1529/1747] Compiling CryptoExtras PBKDF2_boring.swift
[1530/1747] Compiling CryptoExtras PBKDF2_commoncrypto.swift
[1531/1755] Compiling CryptoExtras ARCServer.swift
[1532/1755] Compiling CryptoExtras ChaCha20CTR_boring.swift
[1533/1755] Compiling CryptoExtras ChaCha20CTR.swift
[1534/1755] Compiling CryptoExtras BoringSSLSHA512256Context.swift
[1535/1755] Compiling CryptoExtras BoringSSLSHA512256HashFunction.swift
[1536/1755] Compiling CryptoExtras SHA512256.swift
[1537/1755] Compiling CryptoExtras SHA512256Digest.swift
[1538/1755] Compiling CryptoExtras Curve25519+PEM.swift
[1539/1755] Compiling CryptoExtras ObjectIdentifier.swift
[1540/1755] Compiling CryptoExtras PBKDF2.swift
[1541/1755] Compiling CryptoExtras Scrypt_boring.swift
[1542/1755] Compiling CryptoExtras Scrypt.swift
[1543/1755] Compiling CryptoExtras OPRF.swift
[1544/1755] Compiling CryptoExtras OPRFClient.swift
[1545/1755] Compiling CryptoExtras OPRFServer.swift
[1546/1755] Compiling CryptoExtras VOPRF+API.swift
[1547/1755] Compiling CryptoExtras VOPRFClient.swift
[1548/1755] Compiling CryptoExtras VOPRFServer.swift
[1549/1755] Emitting module CryptoExtras
[1550/1755] Compiling CryptoExtras ThreadOps.swift
[1551/1755] Compiling CryptoExtras ThreadPosix.swift
[1552/1755] Compiling CryptoExtras ThreadSpecific.swift
[1553/1755] Compiling CryptoExtras ThreadWindows.swift
[1554/1755] Compiling CryptoExtras DLEQ.swift
[1555/1755] Compiling CryptoExtras Prover.swift
[1556/1755] Compiling CryptoExtras Verifier.swift
[1557/1755] Compiling CryptoExtras ZKPToolbox.swift
[1558/1755] Compiling CryptoExtras BoringSSLPassphraseCallbackManager.swift
[1559/1755] Compiling CryptoExtras RSA+BlindSigning.swift
[1560/1755] Compiling CryptoExtras RSA.swift
[1561/1755] Compiling CryptoExtras RSA_boring.swift
[1562/1755] Compiling CryptoExtras Reexport.swift
[1563/1755] Compiling CryptoExtras Zeroization_boring.swift
[1564/1755] Compiling CryptoExtras BoringSSLHelpers.swift
[1565/1755] Compiling CryptoExtras CryptoKitErrors_boring.swift
[1566/1755] Compiling CryptoExtras AES_CBC.swift
[1567/1755] Compiling CryptoExtras AES_CFB.swift
[1568/1755] Compiling CryptoExtras AES_CTR.swift
[1569/1755] Compiling CryptoExtras AES_GCM_SIV.swift
[1570/1755] Compiling CryptoExtras Block Function.swift
[1571/1755] Compiling CryptoExtras AES_CBC_boring.swift
[1572/1755] Compiling CryptoExtras AES_CFB_boring.swift
[1573/1755] Compiling CryptoExtras AES_CTR_boring.swift
[1574/1755] Compiling CryptoExtras AES_GCM_SIV_boring.swift
[1575/1755] Compiling CryptoExtras CMAC.swift
[1576/1755] Compiling CryptoExtras ARC+API.swift
[1577/1755] Compiling CryptoExtras ARC.swift
[1578/1755] Compiling CryptoExtras ARCCredential.swift
[1579/1755] Compiling CryptoExtras ARCEncoding.swift
[1580/1755] Compiling CryptoExtras ARCPrecredential.swift
[1581/1755] Compiling CryptoExtras ARCPresentation.swift
[1582/1755] Compiling CryptoExtras ARCRequest.swift
[1583/1755] Compiling CryptoExtras ARCResponse.swift
[1584/1755] Compiling CryptoExtras Data+Extensions.swift
[1585/1755] Compiling CryptoExtras DigestType.swift
[1586/1755] Compiling CryptoExtras Error.swift
[1587/1755] Compiling CryptoExtras I2OSP.swift
[1588/1755] Compiling CryptoExtras IntegerEncoding.swift
[1589/1755] Compiling CryptoExtras PEMDocument.swift
[1590/1755] Compiling CryptoExtras PrettyBytes.swift
[1591/1755] Compiling CryptoExtras SubjectPublicKeyInfo.swift
[1593/1756] Emitting module NIOCore
[1593/1756] Wrapping AST for CryptoExtras for debugging
[1595/1758] Compiling _CryptoExtras Exports.swift
[1596/1758] Emitting module _CryptoExtras
[1597/1759] Wrapping AST for _CryptoExtras for debugging
[1599/1854] Compiling X509 DNBuilder.swift
[1600/1854] Compiling X509 NameConstraints.swift
[1601/1854] Compiling X509 SubjectAlternativeName.swift
[1602/1854] Compiling X509 SubjectKeyIdentifier.swift
[1603/1854] Compiling X509 Extension.swift
[1604/1854] Compiling X509 Extensions.swift
[1605/1854] Compiling X509 ExtensionsBuilder.swift
[1606/1854] Compiling X509 GeneralName.swift
[1607/1854] Compiling X509 Lock.swift
[1608/1854] Compiling X509 CertificateSerialNumber.swift
[1609/1854] Compiling X509 CertificateVersion.swift
[1610/1854] Compiling X509 CMSAttribute.swift
[1611/1854] Compiling X509 CMSContentInfo.swift
[1612/1854] Compiling X509 CMSEncapsulatedContentInfo.swift
[1613/1854] Compiling X509 CMSIssuerAndSerialNumber.swift
[1614/1854] Compiling X509 CMSOperations.swift
[1615/1854] Compiling X509 CMSSignature.swift
[1616/1854] Compiling X509 CMSSignedData.swift
[1617/1854] Compiling X509 CSRAttribute.swift
[1618/1854] Compiling X509 CSRAttributes.swift
[1619/1854] Compiling X509 CSRVersion.swift
[1620/1854] Compiling X509 CertificateSigningRequest.swift
[1621/1854] Compiling X509 CertificationRequestInfo.swift
[1622/1854] Compiling X509 ExtensionRequest.swift
[1623/1854] Compiling X509 Certificate.swift
[1624/1854] Compiling X509 CertificatePrivateKey.swift
[1625/1854] Compiling X509 CertificatePublicKey.swift
[1626/1854] Compiling X509 CMSSignerIdentifier.swift
[1627/1854] Compiling X509 CMSSignerInfo.swift
[1628/1854] Compiling X509 CMSVersion.swift
[1629/1854] Compiling X509 Curve25519+DER.swift
[1630/1854] Compiling X509 CustomPrivateKey.swift
[1631/1854] Compiling X509 Digests.swift
[1632/1854] Compiling X509 DistinguishedName.swift
[1633/1854] Compiling X509 CommonName.swift
[1634/1854] Compiling X509 CountryName.swift
[1635/1862] Wrapping AST for NIOCore for debugging
[1637/1912] Compiling NIOFoundationEssentialsCompat Codable+ByteBuffer.swift
[1638/1912] Compiling NIOEmbedded AsyncTestingEventLoop.swift
[1639/1912] Compiling NIOEmbedded AsyncTestingChannel.swift
[1640/1912] Emitting module NIOEmbedded
[1641/1912] Compiling NIOFoundationEssentialsCompat ByteBuffer-foundation.swift
[1642/1912] Emitting module NIOFoundationEssentialsCompat
[1643/1913] Wrapping AST for NIOFoundationEssentialsCompat for debugging
[1645/1913] Compiling NIOEmbedded Embedded.swift
[1646/1914] Wrapping AST for NIOEmbedded for debugging
[1648/1914] Compiling NIOPosix MultiThreadedEventLoopGroup.swift
[1649/1914] Compiling NIOPosix NIOPosixSendableMetatype.swift
[1650/1914] Compiling NIOPosix NIORandomizedDNSResolver.swift
[1651/1914] Compiling NIOPosix NIOThreadPool.swift
[1652/1914] Compiling NIOPosix NonBlockingFileIO.swift
[1653/1914] Compiling NIOPosix PendingDatagramWritesManager.swift
[1654/1914] Compiling NIOPosix PendingWritesManager.swift
[1655/1914] Compiling NIOPosix PipeChannel.swift
[1656/1914] Compiling NIOPosix PipePair.swift
[1657/1914] Compiling NIOPosix Pool.swift
[1658/1914] Compiling NIOPosix PosixSingletons+ConcurrencyTakeOver.swift
[1659/1914] Compiling NIOPosix PosixSingletons.swift
[1660/1914] Compiling NIOPosix RawSocketBootstrap.swift
[1661/1914] Compiling NIOPosix Resolver.swift
[1662/1927] Compiling X509 OneOfPolicies.swift
[1663/1927] Compiling X509 PolicyBuilder.swift
[1664/1927] Compiling X509 BasicConstraintsPolicy.swift
[1665/1927] Compiling X509 DNSNames.swift
[1666/1927] Compiling X509 ExpiryPolicy.swift
[1667/1927] Compiling X509 IPConstraints.swift
[1668/1927] Compiling X509 NameConstraintsPolicy.swift
[1669/1927] Compiling X509 RFC5280Policy.swift
[1670/1927] Compiling X509 URIConstraints.swift
[1671/1927] Compiling X509 VersionPolicy.swift
[1672/1927] Compiling X509 ServerIdentityPolicy.swift
[1673/1927] Compiling X509 TrustRootLoading.swift
[1674/1927] Compiling X509 UnverifiedChain.swift
[1675/1927] Compiling NIOPosix BaseStreamSocketChannel.swift
[1676/1927] Compiling NIOPosix Bootstrap.swift
[1677/1927] Compiling NIOPosix ControlMessage.swift
[1678/1927] Compiling NIOPosix DatagramVectorReadManager.swift
[1679/1927] Compiling NIOPosix Errors+Any.swift
[1680/1927] Compiling NIOPosix FileDescriptor.swift
[1681/1927] Compiling NIOPosix GetaddrinfoResolver.swift
[1682/1927] Compiling NIOPosix BSDSocketAPICommon.swift
[1683/1927] Compiling NIOPosix BSDSocketAPIPosix.swift
[1684/1927] Compiling NIOPosix BSDSocketAPIWindows.swift
[1685/1927] Compiling NIOPosix BaseSocket.swift
[1686/1927] Compiling NIOPosix BaseSocketChannel+AccessibleTransport.swift
[1687/1927] Compiling NIOPosix BaseSocketChannel+SocketOptionProvider.swift
[1688/1927] Compiling NIOPosix BaseSocketChannel.swift
[1689/1927] Compiling NIOPosix HappyEyeballs.swift
[1690/1927] Compiling NIOPosix IO.swift
[1691/1927] Compiling NIOPosix IntegerBitPacking.swift
[1692/1927] Compiling NIOPosix IntegerTypes.swift
[1693/1927] Compiling NIOPosix Linux.swift
[1694/1927] Compiling NIOPosix LinuxCPUSet.swift
[1695/1927] Compiling NIOPosix LinuxUring.swift
[1696/1927] Compiling NIOPosix SelectorWSAPoll.swift
[1697/1927] Compiling NIOPosix ServerSocket.swift
[1698/1927] Compiling NIOPosix Socket.swift
[1699/1927] Compiling NIOPosix SocketChannel.swift
[1700/1927] Compiling NIOPosix SocketProtocols.swift
[1701/1927] Compiling NIOPosix StructuredConcurrencyHelpers.swift
[1702/1927] Emitting module NIOPosix
[1703/1934] Compiling NIOPosix Windows.swift
[1704/1934] Compiling X509 PromiseAndFuture.swift
[1705/1934] Compiling X509 RDNAttribute.swift
[1706/1934] Compiling X509 RandomNumberGenerator+bytes.swift
[1707/1934] Compiling X509 RelativeDistinguishedName.swift
[1708/1934] Compiling X509 SEC1PrivateKey.swift
[1709/1934] Compiling X509 SecKeyWrapper.swift
[1710/1934] Compiling X509 Signature.swift
[1711/1934] Compiling X509 SignatureAlgorithm.swift
[1712/1934] Compiling X509 AllOfPolicies.swift
[1713/1934] Compiling X509 AnyPolicy.swift
[1714/1934] Compiling X509 CertificateStore.swift
[1715/1934] Compiling X509 CustomCertificateStore.swift
[1716/1934] Compiling NIOPosix System.swift
[1717/1934] Compiling NIOPosix Selectable.swift
[1718/1934] Compiling NIOPosix SelectableChannel.swift
[1719/1934] Compiling NIOPosix SelectableEventLoop.swift
[1720/1934] Compiling NIOPosix SelectorEpoll.swift
[1721/1934] Compiling NIOPosix SelectorGeneric.swift
[1722/1934] Compiling NIOPosix SelectorKqueue.swift
[1723/1934] Compiling NIOPosix SelectorUring.swift
[1724/1934] Compiling NIOPosix Thread.swift
[1725/1934] Compiling NIOPosix ThreadPosix.swift
[1726/1934] Compiling NIOPosix ThreadWindows.swift
[1727/1934] Compiling NIOPosix Utilities.swift
[1728/1934] Compiling NIOPosix VsockAddress.swift
[1729/1934] Compiling NIOPosix VsockChannelEvents.swift
[1730/1934] Compiling X509 OCSPExtensionID.swift
[1731/1934] Compiling X509 OCSPNonce.swift
[1732/1934] Compiling X509 OCSPPolicy.swift
[1733/1934] Compiling X509 OCSPRequest.swift
[1734/1934] Compiling X509 OCSPResponse.swift
[1735/1934] Compiling X509 OCSPResponseBytes.swift
[1736/1934] Compiling X509 OCSPResponseData.swift
[1737/1934] Compiling X509 OCSPResponseStatus.swift
[1738/1934] Compiling X509 OCSPSignature.swift
[1739/1934] Compiling X509 OCSPSingleRequest.swift
[1740/1934] Compiling X509 OCSPSingleResponse.swift
[1741/1934] Compiling X509 OCSPTBSRequest.swift
[1742/1934] Compiling X509 OCSPVersion.swift
[1757/1934] Emitting module X509
[1800/1935] Wrapping AST for NIOPosix for debugging
[1802/1937] Emitting module NIO
[1803/1937] Compiling NIO Exports.swift
[1804/1938] Wrapping AST for NIO for debugging
[1806/1977] Compiling NIOTLS TLSEvents.swift
[1807/1977] Emitting module NIOTLS
[1808/1977] Compiling NIOFoundationCompat JSONSerialization+ByteBuffer.swift
[1809/1977] Emitting module NIOFoundationCompat
[1810/1977] Compiling NIOFoundationCompat WaitSpinningRunLoop.swift
[1811/1977] Compiling NIOFoundationCompat Exports.swift
[1812/1977] Compiling NIOSOCKS SOCKSResponse.swift
[1813/1977] Compiling NIOSOCKS SelectedAuthenticationMethod.swift
[1814/1977] Compiling NIOSOCKS ClientStateMachine.swift
[1815/1979] Compiling NIOTLS NIOTypedApplicationProtocolNegotiationHandler.swift
[1816/1979] Compiling NIOTLS ApplicationProtocolNegotiationHandler.swift
[1818/1979] Compiling NIOSOCKS ServerStateMachine.swift
[1818/1979] Wrapping AST for NIOFoundationCompat for debugging
[1820/1979] Compiling NIOSOCKS AuthenticationMethod.swift
[1821/1979] Compiling NIOSOCKS ClientGreeting.swift
[1822/1979] Emitting module NIOSOCKS
[1823/1979] Compiling NIOSOCKS SOCKSClientHandler.swift
[1824/1979] Compiling NIOSOCKS SOCKSServerHandshakeHandler.swift
[1825/1979] Compiling NIOSOCKS Messages.swift
[1826/1979] Compiling NIOSOCKS SOCKSRequest.swift
[1827/1979] Compiling NIOSOCKS Errors.swift
[1828/1979] Compiling NIOSOCKS Helpers.swift
[1829/1980] Compiling NIOTLS ProtocolNegotiationHandlerStateMachine.swift
[1830/1980] Compiling NIOTLS SNIHandler.swift
[1832/1981] Compiling NIOHTTP1 HTTPHeaderValidator.swift
[1833/1981] Compiling NIOHTTP1 HTTPHeaders+Validation.swift
[1834/1981] Compiling NIOHTTP1 HTTPPipelineSetup.swift
[1837/1983] Wrapping AST for NIOSOCKS for debugging
[1839/1983] Compiling NIOHTTP1 HTTPServerPipelineHandler.swift
[1840/1983] Compiling NIOHTTP1 HTTPServerProtocolErrorHandler.swift
[1841/1983] Compiling NIOHTTP1 NIOTypedHTTPClientUpgradeHandler.swift
[1842/1983] Compiling NIOHTTP1 NIOTypedHTTPClientUpgraderStateMachine.swift
[1842/1983] Wrapping AST for NIOTLS for debugging
[1844/2013] Compiling X509 ValidatedCertificateChain.swift
[1845/2013] Compiling X509 VerificationDiagnostic.swift
[1846/2013] Compiling X509 Verifier.swift
[1847/2013] Compiling X509 VerifierPolicy.swift
[1848/2013] Compiling X509 AlgorithmIdentifier.swift
[1849/2013] Compiling X509 ECDSASignature.swift
[1850/2013] Compiling X509 RSAPKCS1PublicKey.swift
[1851/2013] Compiling X509 SubjectPublicKeyInfo.swift
[1852/2013] Compiling X509 TBSCertificate.swift
[1853/2013] Compiling X509 Time.swift
[1854/2013] Compiling X509 TimeCalculations.swift
[1855/2013] Compiling X509 Validity.swift
[1856/2013] Compiling X509 X509SendableMetatype.swift
[1858/2014] Compiling NIOSSL SSLCertificate.swift
[1859/2014] Compiling NIOSSL SSLCertificateExtensions.swift
[1860/2014] Compiling NIOSSL String+unsafeUninitializedCapacity.swift
[1861/2014] Compiling NIOSSL LinuxCABundle.swift
[1861/2014] Wrapping AST for X509 for debugging
[1863/2081] Emitting module NIOHTTP1
[1864/2081] Compiling JWTKit IDClaim.swift
[1865/2081] Compiling JWTKit IssuedAtClaim.swift
[1866/2081] Compiling JWTKit IssuerClaim.swift
[1867/2081] Compiling JWTKit ECDSACurveType.swift
[1868/2081] Compiling JWTKit ECDSAError.swift
[1869/2088] Wrapping AST for NIOHTTP1 for debugging
[1871/2099] Compiling JWTKit JWTSerializer.swift
[1872/2099] Compiling JWTKit JWTSigner.swift
[1873/2099] Compiling JWTKit JWTKeyCollection+MLDSA.swift
[1874/2099] Compiling JWTKit MLDSA.swift
[1875/2099] Compiling JWTKit MLDSA65+MLDSAKey.swift
[1876/2099] Compiling JWTKit MLDSA87+MLDSAKey.swift
[1877/2099] Compiling JWTKit MLDSAError.swift
[1878/2099] Compiling JWTKit MLDSAKey.swift
[1879/2099] Compiling JWTKit MLDSASigner.swift
[1880/2108] Compiling NIOHTTPCompression HTTPResponseCompressor.swift
[1881/2108] Compiling NIOHTTPCompression HTTPRequestCompressor.swift
[1882/2108] Emitting module JWTKit
[1883/2108] Compiling NIOHPACK IndexedHeaderTable.swift
[1884/2109] Compiling NIOHPACK IntegerCoding.swift
[1885/2109] Emitting module NIOHTTPCompression
[1886/2109] Compiling NIOHTTPCompression HTTPDecompression.swift
[1887/2109] Compiling NIOHTTPCompression HTTPDecompressor.swift
[1888/2109] Compiling NIOHTTPCompression HTTPCompression.swift
[1889/2110] Wrapping AST for NIOHTTPCompression for debugging
[1891/2110] Compiling NIOHPACK StaticHeaderTable.swift
[1892/2110] Compiling NIOHPACK HuffmanTables.swift
[1893/2110] Compiling NIOHPACK HuffmanCoding.swift
[1894/2110] Compiling NIOHPACK DynamicHeaderTable.swift
[1895/2110] Compiling NIOHPACK HPACKDecoder.swift
[1897/2110] Compiling JWTKit JWTClaim.swift
[1898/2114] Emitting module NIOHPACK
[1899/2114] Compiling NIOHPACK HPACKEncoder.swift
[1900/2114] Compiling NIOHPACK HPACKErrors.swift
[1901/2114] Compiling NIOHPACK HPACKHeader.swift
[1902/2114] Compiling NIOHPACK HeaderTables.swift
[1907/2114] Compiling JWTKit JWTMultiValueClaim.swift
[1908/2114] Compiling JWTKit JWTUnixEpochClaim.swift
[1909/2114] Compiling JWTKit LocaleClaim.swift
[1910/2114] Compiling JWTKit NotBeforeClaim.swift
[1911/2114] Compiling JWTKit SubjectClaim.swift
[1912/2114] Compiling JWTKit TenantIDClaim.swift
[1913/2114] Compiling JWTKit ECDSA.swift
[1914/2114] Compiling JWTKit ECDSACurve.swift
[1917/2114] Compiling JWTKit ECDSAKeyTypes.swift
[1918/2114] Compiling JWTKit ECDSASigner.swift
[1919/2114] Compiling JWTKit JWTAlgorithm.swift
[1920/2114] Compiling JWTKit JWTError.swift
[1921/2114] Compiling JWTKit JWTHeader+CommonFields.swift
[1922/2114] Compiling JWTKit JWTHeader.swift
[1923/2114] Compiling JWTKit JWTHeaderField.swift
[1924/2114] Compiling JWTKit JWTKeyCollection.swift
[1925/2114] Compiling JWTKit JWTParser+MandatoryVerificationFields.swift
[1926/2114] Compiling JWTKit JWTParser.swift
[1927/2114] Compiling JWTKit JWTPayload.swift
[1928/2114] Compiling JWTKit MLDSAType.swift
[1929/2114] Compiling JWTKit JWTKeyCollection+UnsecuredNone.swift
[1930/2114] Compiling JWTKit UnsecuredNoneSigner.swift
[1931/2114] Compiling JWTKit JWTKeyCollection+RSA.swift
[1932/2114] Compiling JWTKit RSA.swift
[1933/2114] Compiling JWTKit RSAError.swift
[1934/2114] Compiling JWTKit RSASigner.swift
[1935/2114] Compiling JWTKit Base64URL.swift
[1936/2114] Compiling JWTKit CryptoSigner.swift
[1937/2114] Compiling JWTKit ECDSASigningAlgorithm.swift
[1938/2114] Compiling JWTKit JWTKeyCollection+ECDSA.swift
[1939/2114] Compiling JWTKit P256+CurveType.swift
[1940/2114] Compiling JWTKit P384+CurveType.swift
[1941/2114] Compiling JWTKit P521+CurveType.swift
[1942/2114] Compiling JWTKit EdDSA.swift
[1943/2114] Compiling JWTKit EdDSACurve.swift
[1944/2114] Compiling JWTKit EdDSAError.swift
[1945/2114] Compiling JWTKit EdDSASigner.swift
[1946/2114] Compiling JWTKit JWTKeyCollection+EdDSA.swift
[1947/2114] Compiling JWTKit HMAC.swift
[1948/2114] Compiling JWTKit HMACError.swift
[1949/2114] Compiling JWTKit HMACSigner.swift
[1950/2114] Compiling JWTKit JWTKeyCollection+HMAC.swift
[1951/2114] Compiling JWTKit Insecure.swift
[1952/2114] Compiling JWTKit JWK.swift
[1953/2114] Compiling JWTKit JWKIdentifier.swift
[1954/2114] Compiling JWTKit JWKS.swift
[1955/2114] Compiling JWTKit JWKSigner.swift
[1962/2115] Wrapping AST for NIOHPACK for debugging
[1964/2151] Compiling NIOHTTP2 ContentLengthVerifier.swift
[1965/2151] Compiling NIOHTTP2 DOSHeuristics.swift
[1966/2151] Compiling NIOHTTP2 Error+Any.swift
[1967/2151] Compiling NIOHTTP2 ConcurrentStreamBuffer.swift
[1968/2151] Compiling NIOHTTP2 LocallyQuiescingState.swift
[1969/2151] Compiling NIOHTTP2 QuiescingState.swift
[1970/2151] Compiling NIOHTTP2 RemotelyQuiescingState.swift
[1971/2151] Compiling NIOHTTP2 SendAndReceiveGoawayState.swift
[1972/2151] Compiling NIOHTTP2 StateMachineResult.swift
[1973/2152] Compiling NIOHTTP2 ControlFrameBuffer.swift
[1974/2161] Compiling NIOHTTP2 OutboundFlowControlBuffer.swift
[1975/2161] Compiling NIOHTTP2 OutboundFrameBuffer.swift
[1976/2161] Compiling NIOHTTP2 GlitchesMonitor.swift
[1977/2161] Compiling NIOHTTP2 HPACKHeaders+Validation.swift
[1978/2161] Compiling NIOHTTP2 HTTP2ChannelHandler+InboundStreamMultiplexer.swift
[1979/2161] Compiling NIOHTTP2 HTTP2ChannelHandler+InlineStreamMultiplexer.swift
[1980/2161] Compiling NIOHTTP2 HTTP2ChannelHandler.swift
[1981/2178] Emitting module NIOSSL
[1982/2178] Compiling NIOHTTP2 ReceivingWindowUpdateState.swift
[1983/2178] Compiling NIOHTTP2 HasFlowControlWindows.swift
[1984/2178] Compiling NIOHTTP2 HasLocalSettings.swift
[1985/2178] Compiling NIOHTTP2 HasRemoteSettings.swift
[1986/2178] Compiling NIOHTTP2 ConnectionStateMachine.swift
[1987/2178] Compiling NIOHTTP2 ConnectionStreamsState.swift
[1988/2178] Compiling NIOHTTP2 MayReceiveFrames.swift
[1989/2178] Compiling NIOHTTP2 ReceivingDataState.swift
[1990/2178] Compiling NIOHTTP2 MaySendFrames.swift
[1991/2178] Compiling NIOHTTP2 SendingDataState.swift
[1992/2178] Compiling NIOHTTP2 SendingGoawayState.swift
[1993/2178] Compiling NIOHTTP2 SendingHeadersState.swift
[1994/2178] Compiling NIOHTTP2 SendingPushPromiseState.swift
[1995/2178] Compiling NIOHTTP2 SendingRstStreamState.swift
[1996/2178] Compiling NIOHTTP2 SendingWindowUpdateState.swift
[1997/2178] Compiling NIOHTTP2 HTTP2SettingsState.swift
[1998/2178] Compiling NIOHTTP2 HasExtendedConnectSettings.swift
[1999/2186] Compiling NIOHTTP2 StreamStateMachine.swift
[2000/2186] Compiling NIOHTTP2 Timer.swift
[2001/2186] Compiling NIOHTTP2 UnsafeTransfer.swift
[2002/2186] Compiling NIOHTTP2 WatermarkedFlowController.swift
[2003/2186] Compiling JWTKit GoogleIdentityToken.swift
[2004/2186] Compiling JWTKit MicrosoftIdentityToken.swift
[2005/2186] Compiling JWTKit EmptyPolicy.swift
[2006/2186] Compiling JWTKit ValidationTimePayload.swift
[2007/2186] Compiling JWTKit X5CVerifier.swift
[2008/2187] Wrapping AST for JWTKit for debugging
[2010/2187] Compiling NIOHTTP2 HTTP2CommonInboundStreamMultiplexer.swift
[2011/2187] Compiling NIOHTTP2 HTTP2ConnectionStateChange.swift
[2012/2187] Compiling NIOHTTP2 HTTP2Error.swift
[2013/2187] Compiling NIOHTTP2 HTTP2ErrorCode.swift
[2014/2188] Wrapping AST for NIOSSL for debugging
[2016/2188] Emitting module NIOHTTP2
[2026/2188] Compiling NIOHTTP2 NIOHTTP2ServerConnectionManagementHandler.swift
[2027/2188] Compiling NIOHTTP2 StreamChannelFlowController.swift
[2028/2188] Compiling NIOHTTP2 StreamChannelList.swift
[2029/2188] Compiling NIOHTTP2 StreamMap.swift
[2038/2188] Compiling NIOHTTP2 ReceivingGoAwayState.swift
[2039/2188] Compiling NIOHTTP2 ReceivingHeadersState.swift
[2040/2188] Compiling NIOHTTP2 ReceivingPushPromiseState.swift
[2041/2188] Compiling NIOHTTP2 ReceivingRstStreamState.swift
[2043/2188] Compiling NIOHTTP2 HTTP2FrameParser.swift
[2044/2188] Compiling NIOHTTP2 HTTP2PingData.swift
[2045/2188] Compiling NIOHTTP2 HTTP2PipelineHelpers.swift
[2046/2188] Compiling NIOHTTP2 HTTP2Settings.swift
[2047/2188] Compiling NIOHTTP2 HTTP2Stream.swift
[2048/2188] Compiling NIOHTTP2 HTTP2StreamChannel+OutboundStreamMultiplexer.swift
[2049/2188] Compiling NIOHTTP2 HTTP2StreamChannel.swift
[2050/2188] Compiling NIOHTTP2 HTTP2StreamDelegate.swift
[2051/2188] Compiling NIOHTTP2 HTTP2StreamID.swift
[2052/2188] Compiling NIOHTTP2 HTTP2StreamMultiplexer.swift
[2053/2188] Compiling NIOHTTP2 HTTP2ToHTTP1Codec.swift
[2054/2188] Compiling NIOHTTP2 HTTP2UserEvents.swift
[2055/2188] Compiling NIOHTTP2 InboundEventBuffer.swift
[2056/2188] Compiling NIOHTTP2 InboundWindowManager.swift
[2057/2188] Compiling NIOHTTP2 MultiplexerAbstractChannel.swift
[2058/2188] Compiling NIOHTTP2 NIOHTTP2FrameDelegate.swift
[2059/2188] Compiling NIOHTTP2 NIOHTTP2ServerConnectionManagementHandler+StateMachine.swift
[2075/2188] Compiling NIOHTTP2 HTTP2FlowControlWindow.swift
[2076/2188] Compiling NIOHTTP2 HTTP2Frame.swift
[2077/2188] Compiling NIOHTTP2 HTTP2FrameEncoder.swift
[2078/2189] Wrapping AST for NIOHTTP2 for debugging
[2080/2253] Emitting module AsyncHTTPClient
[2081/2261] Compiling AsyncHTTPClient AnyAsyncSequence.swift
[2082/2261] Compiling AsyncHTTPClient AnyAsyncSequenceProucerDelete.swift
[2083/2261] Compiling AsyncHTTPClient AsyncLazySequence.swift
[2084/2261] Compiling AsyncHTTPClient HTTPClient+execute.swift
[2085/2261] Compiling AsyncHTTPClient HTTPClient+shutdown.swift
[2086/2261] Compiling AsyncHTTPClient HTTPClient+tracing.swift
[2087/2261] Compiling AsyncHTTPClient HTTPClientRequest+Prepared.swift
[2088/2261] Compiling AsyncHTTPClient HTTPClientRequest+auth.swift
[2089/2261] Compiling AsyncHTTPClient HTTPClientRequest.swift
[2090/2261] Compiling AsyncHTTPClient RequestValidation.swift
[2091/2261] Compiling AsyncHTTPClient SSLContextCache.swift
[2092/2261] Compiling AsyncHTTPClient Scheme.swift
[2093/2261] Compiling AsyncHTTPClient Singleton.swift
[2094/2261] Compiling AsyncHTTPClient StringConvertibleInstances.swift
[2095/2261] Compiling AsyncHTTPClient StructuredConcurrencyHelpers.swift
[2096/2261] Compiling AsyncHTTPClient TracingSupport.swift
[2097/2261] Compiling AsyncHTTPClient Utils.swift
[2098/2261] Compiling AsyncHTTPClient HTTP1ProxyConnectHandler.swift
[2099/2261] Compiling AsyncHTTPClient SOCKSEventsHandler.swift
[2100/2261] Compiling AsyncHTTPClient TLSEventsHandler.swift
[2101/2261] Compiling AsyncHTTPClient HTTP1ClientChannelHandler.swift
[2102/2261] Compiling AsyncHTTPClient HTTP1Connection.swift
[2103/2261] Compiling AsyncHTTPClient HTTP1ConnectionStateMachine.swift
[2104/2261] Compiling AsyncHTTPClient HTTP2ClientRequestHandler.swift
[2105/2261] Compiling AsyncHTTPClient HTTP2Connection.swift
[2106/2261] Compiling AsyncHTTPClient HTTP2IdleHandler.swift
[2107/2261] Compiling AsyncHTTPClient LRUCache.swift
[2108/2261] Compiling AsyncHTTPClient NIOLoopBound+Execute.swift
[2109/2261] Compiling AsyncHTTPClient NWErrorHandler.swift
[2110/2261] Compiling AsyncHTTPClient NWWaitingHandler.swift
[2111/2261] Compiling AsyncHTTPClient TLSConfiguration.swift
[2112/2261] Compiling AsyncHTTPClient RedirectState.swift
[2113/2261] Compiling AsyncHTTPClient RequestBag+StateMachine.swift
[2114/2261] Compiling AsyncHTTPClient RequestBag+Tracing.swift
[2115/2261] Compiling AsyncHTTPClient RequestBag.swift
[2116/2261] Compiling AsyncHTTPClient HTTPConnectionEvent.swift
[2117/2261] Compiling AsyncHTTPClient HTTPConnectionPool+Factory.swift
[2118/2261] Compiling AsyncHTTPClient HTTPConnectionPool+Manager.swift
[2119/2261] Compiling AsyncHTTPClient HTTPConnectionPool.swift
[2120/2261] Compiling AsyncHTTPClient HTTPExecutableRequest.swift
[2121/2261] Compiling AsyncHTTPClient HTTPRequestStateMachine+Demand.swift
[2122/2261] Compiling AsyncHTTPClient HTTPRequestStateMachine.swift
[2123/2261] Compiling AsyncHTTPClient RequestBodyLength.swift
[2124/2261] Compiling AsyncHTTPClient RequestFramingMetadata.swift
[2125/2261] Compiling AsyncHTTPClient RequestOptions.swift
[2126/2261] Compiling AsyncHTTPClient HTTPConnectionPool+Backoff.swift
[2127/2261] Compiling AsyncHTTPClient HTTPConnectionPool+HTTP1Connections.swift
[2128/2261] Compiling AsyncHTTPClient HTTPConnectionPool+HTTP1StateMachine.swift
[2129/2261] Compiling AsyncHTTPClient HTTPConnectionPool+HTTP2Connections.swift
[2130/2261] Compiling AsyncHTTPClient HTTPConnectionPool+HTTP2StateMachine.swift
[2131/2261] Compiling AsyncHTTPClient HTTPConnectionPool+RequestQueue.swift
[2132/2261] Compiling AsyncHTTPClient HTTPConnectionPool+StateMachine.swift
[2133/2261] Compiling AsyncHTTPClient ConnectionTarget.swift
[2134/2261] Compiling AsyncHTTPClient HTTPClientResponse.swift
[2135/2261] Compiling AsyncHTTPClient SingleIteratorPrecondition.swift
[2136/2261] Compiling AsyncHTTPClient Transaction+StateMachine.swift
[2137/2261] Compiling AsyncHTTPClient Transaction.swift
[2138/2261] Compiling AsyncHTTPClient Base64.swift
[2139/2261] Compiling AsyncHTTPClient BasicAuth.swift
[2140/2261] Compiling AsyncHTTPClient BestEffortHashableTLSConfiguration.swift
[2141/2261] Compiling AsyncHTTPClient Configuration+BrowserLike.swift
[2142/2261] Compiling AsyncHTTPClient ConnectionPool.swift
[2143/2261] Compiling AsyncHTTPClient DeconstructedURL.swift
[2144/2261] Compiling AsyncHTTPClient FileDownloadDelegate.swift
[2145/2261] Compiling AsyncHTTPClient FoundationExtensions.swift
[2146/2261] Compiling AsyncHTTPClient HTTPClient+HTTPCookie.swift
[2147/2261] Compiling AsyncHTTPClient HTTPClient+Proxy.swift
[2148/2261] Compiling AsyncHTTPClient HTTPClient+StructuredConcurrency.swift
[2149/2261] Compiling AsyncHTTPClient HTTPClient.swift
[2150/2261] Compiling AsyncHTTPClient HTTPClientConfiguration+SwiftConfiguration.swift
[2151/2261] Compiling AsyncHTTPClient HTTPHandler.swift
[2152/2262] Wrapping AST for AsyncHTTPClient for debugging
[2154/2285] Emitting module GoogleAuth
[2155/2288] Compiling GoogleAuth ADC.swift
[2156/2288] Compiling GoogleAuth ADCPath.swift
[2157/2288] Compiling GoogleAuth ADCResolver.swift
[2158/2288] Compiling GoogleAuth AuthHeaders.swift
[2159/2288] Compiling GoogleAuth CredentialParserRegistry.swift
[2160/2288] Compiling GoogleAuth Credentials.swift
[2161/2288] Compiling GoogleAuth CredentialsError.swift
[2162/2288] Compiling GoogleAuth ServiceAccountCredentials.swift
[2163/2288] Compiling GoogleAuth ServiceAccountData.swift
[2164/2288] Compiling GoogleAuth ServiceAccountTokenProvider.swift
[2165/2288] Compiling GoogleAuth UserAccountData.swift
[2166/2288] Compiling GoogleAuth UserAccountTokenProvider.swift
[2167/2288] Compiling GoogleAuth UserCredentials.swift
[2168/2288] Compiling GoogleAuth SubjectTokenProvider.swift
[2169/2288] Compiling GoogleAuth MDSAccessTokenProvider.swift
[2170/2288] Compiling GoogleAuth MDSCredentials.swift
[2171/2288] Compiling GoogleAuth AuthHTTPClient.swift
[2172/2288] Compiling GoogleAuth AuthHTTPError.swift
[2173/2288] Compiling GoogleAuth RetryEngine.swift
[2174/2288] Compiling GoogleAuth AnonymousCredentials.swift
[2175/2288] Compiling GoogleAuth ApiKeyCredentials.swift
[2176/2288] Compiling GoogleAuth ExternalAccountCredentials.swift
[2177/2288] Compiling GoogleAuth STSHandler.swift
[2178/2288] Compiling GoogleAuth TokenCache.swift
[2179/2288] Compiling GoogleAuth PackageVersion.swift
[2180/2289] Wrapping AST for GoogleAuth for debugging
[2182/2347] Compiling GoogleGax Pagination.swift
/host/spi-builder-workspace/.build/checkouts/swift-google-gax/Sources/GoogleGax/Pagination.swift:44:22: error: cannot convert '@Sendable (String) async throws -> (response: ResponseType, items: [Item], nextToken: String)' to 'nonisolated(nonsending) @Sendable (String) async throws -> (response: ResponseType, items: [Item], nextToken: String)' because crossing of an isolation boundary requires parameter and result types to conform to 'Sendable' protocol
42 | ) where ResponseType: _PaginatedResponse<Item> {
43 | self.initialPageToken = initialPageToken ?? ""
44 | self.fetchPage = { token in
| |- error: cannot convert '@Sendable (String) async throws -> (response: ResponseType, items: [Item], nextToken: String)' to 'nonisolated(nonsending) @Sendable (String) async throws -> (response: ResponseType, items: [Item], nextToken: String)' because crossing of an isolation boundary requires parameter and result types to conform to 'Sendable' protocol
| `- note: type 'Item' does not conform to 'Sendable' protocol
45 | let response = try await listRpc(token)
46 | return (response, response._getPaginatedItems(), response._nextPageToken())
[2183/2347] Compiling GoogleGax PollingBackoffPolicy.swift
/host/spi-builder-workspace/.build/checkouts/swift-google-gax/Sources/GoogleGax/Pagination.swift:44:22: error: cannot convert '@Sendable (String) async throws -> (response: ResponseType, items: [Item], nextToken: String)' to 'nonisolated(nonsending) @Sendable (String) async throws -> (response: ResponseType, items: [Item], nextToken: String)' because crossing of an isolation boundary requires parameter and result types to conform to 'Sendable' protocol
42 | ) where ResponseType: _PaginatedResponse<Item> {
43 | self.initialPageToken = initialPageToken ?? ""
44 | self.fetchPage = { token in
| |- error: cannot convert '@Sendable (String) async throws -> (response: ResponseType, items: [Item], nextToken: String)' to 'nonisolated(nonsending) @Sendable (String) async throws -> (response: ResponseType, items: [Item], nextToken: String)' because crossing of an isolation boundary requires parameter and result types to conform to 'Sendable' protocol
| `- note: type 'Item' does not conform to 'Sendable' protocol
45 | let response = try await listRpc(token)
46 | return (response, response._getPaginatedItems(), response._nextPageToken())
[2184/2347] Compiling GoogleGax PollingErrorPolicy.swift
/host/spi-builder-workspace/.build/checkouts/swift-google-gax/Sources/GoogleGax/Pagination.swift:44:22: error: cannot convert '@Sendable (String) async throws -> (response: ResponseType, items: [Item], nextToken: String)' to 'nonisolated(nonsending) @Sendable (String) async throws -> (response: ResponseType, items: [Item], nextToken: String)' because crossing of an isolation boundary requires parameter and result types to conform to 'Sendable' protocol
42 | ) where ResponseType: _PaginatedResponse<Item> {
43 | self.initialPageToken = initialPageToken ?? ""
44 | self.fetchPage = { token in
| |- error: cannot convert '@Sendable (String) async throws -> (response: ResponseType, items: [Item], nextToken: String)' to 'nonisolated(nonsending) @Sendable (String) async throws -> (response: ResponseType, items: [Item], nextToken: String)' because crossing of an isolation boundary requires parameter and result types to conform to 'Sendable' protocol
| `- note: type 'Item' does not conform to 'Sendable' protocol
45 | let response = try await listRpc(token)
46 | return (response, response._getPaginatedItems(), response._nextPageToken())
[2185/2347] Compiling GoogleGax PollingResult.swift
/host/spi-builder-workspace/.build/checkouts/swift-google-gax/Sources/GoogleGax/Pagination.swift:44:22: error: cannot convert '@Sendable (String) async throws -> (response: ResponseType, items: [Item], nextToken: String)' to 'nonisolated(nonsending) @Sendable (String) async throws -> (response: ResponseType, items: [Item], nextToken: String)' because crossing of an isolation boundary requires parameter and result types to conform to 'Sendable' protocol
42 | ) where ResponseType: _PaginatedResponse<Item> {
43 | self.initialPageToken = initialPageToken ?? ""
44 | self.fetchPage = { token in
| |- error: cannot convert '@Sendable (String) async throws -> (response: ResponseType, items: [Item], nextToken: String)' to 'nonisolated(nonsending) @Sendable (String) async throws -> (response: ResponseType, items: [Item], nextToken: String)' because crossing of an isolation boundary requires parameter and result types to conform to 'Sendable' protocol
| `- note: type 'Item' does not conform to 'Sendable' protocol
45 | let response = try await listRpc(token)
46 | return (response, response._getPaginatedItems(), response._nextPageToken())
[2186/2347] Compiling GoogleGax PollingState.swift
/host/spi-builder-workspace/.build/checkouts/swift-google-gax/Sources/GoogleGax/Pagination.swift:44:22: error: cannot convert '@Sendable (String) async throws -> (response: ResponseType, items: [Item], nextToken: String)' to 'nonisolated(nonsending) @Sendable (String) async throws -> (response: ResponseType, items: [Item], nextToken: String)' because crossing of an isolation boundary requires parameter and result types to conform to 'Sendable' protocol
42 | ) where ResponseType: _PaginatedResponse<Item> {
43 | self.initialPageToken = initialPageToken ?? ""
44 | self.fetchPage = { token in
| |- error: cannot convert '@Sendable (String) async throws -> (response: ResponseType, items: [Item], nextToken: String)' to 'nonisolated(nonsending) @Sendable (String) async throws -> (response: ResponseType, items: [Item], nextToken: String)' because crossing of an isolation boundary requires parameter and result types to conform to 'Sendable' protocol
| `- note: type 'Item' does not conform to 'Sendable' protocol
45 | let response = try await listRpc(token)
46 | return (response, response._getPaginatedItems(), response._nextPageToken())
[2187/2347] Compiling GoogleGax ProtobufConversionError.swift
/host/spi-builder-workspace/.build/checkouts/swift-google-gax/Sources/GoogleGax/Pagination.swift:44:22: error: cannot convert '@Sendable (String) async throws -> (response: ResponseType, items: [Item], nextToken: String)' to 'nonisolated(nonsending) @Sendable (String) async throws -> (response: ResponseType, items: [Item], nextToken: String)' because crossing of an isolation boundary requires parameter and result types to conform to 'Sendable' protocol
42 | ) where ResponseType: _PaginatedResponse<Item> {
43 | self.initialPageToken = initialPageToken ?? ""
44 | self.fetchPage = { token in
| |- error: cannot convert '@Sendable (String) async throws -> (response: ResponseType, items: [Item], nextToken: String)' to 'nonisolated(nonsending) @Sendable (String) async throws -> (response: ResponseType, items: [Item], nextToken: String)' because crossing of an isolation boundary requires parameter and result types to conform to 'Sendable' protocol
| `- note: type 'Item' does not conform to 'Sendable' protocol
45 | let response = try await listRpc(token)
46 | return (response, response._getPaginatedItems(), response._nextPageToken())
[2188/2347] Compiling GoogleGax QueryParameter.swift
/host/spi-builder-workspace/.build/checkouts/swift-google-gax/Sources/GoogleGax/Pagination.swift:44:22: error: cannot convert '@Sendable (String) async throws -> (response: ResponseType, items: [Item], nextToken: String)' to 'nonisolated(nonsending) @Sendable (String) async throws -> (response: ResponseType, items: [Item], nextToken: String)' because crossing of an isolation boundary requires parameter and result types to conform to 'Sendable' protocol
42 | ) where ResponseType: _PaginatedResponse<Item> {
43 | self.initialPageToken = initialPageToken ?? ""
44 | self.fetchPage = { token in
| |- error: cannot convert '@Sendable (String) async throws -> (response: ResponseType, items: [Item], nextToken: String)' to 'nonisolated(nonsending) @Sendable (String) async throws -> (response: ResponseType, items: [Item], nextToken: String)' because crossing of an isolation boundary requires parameter and result types to conform to 'Sendable' protocol
| `- note: type 'Item' does not conform to 'Sendable' protocol
45 | let response = try await listRpc(token)
46 | return (response, response._getPaginatedItems(), response._nextPageToken())
[2189/2347] Compiling GoogleGax RequestError.swift
/host/spi-builder-workspace/.build/checkouts/swift-google-gax/Sources/GoogleGax/Pagination.swift:44:22: error: cannot convert '@Sendable (String) async throws -> (response: ResponseType, items: [Item], nextToken: String)' to 'nonisolated(nonsending) @Sendable (String) async throws -> (response: ResponseType, items: [Item], nextToken: String)' because crossing of an isolation boundary requires parameter and result types to conform to 'Sendable' protocol
42 | ) where ResponseType: _PaginatedResponse<Item> {
43 | self.initialPageToken = initialPageToken ?? ""
44 | self.fetchPage = { token in
| |- error: cannot convert '@Sendable (String) async throws -> (response: ResponseType, items: [Item], nextToken: String)' to 'nonisolated(nonsending) @Sendable (String) async throws -> (response: ResponseType, items: [Item], nextToken: String)' because crossing of an isolation boundary requires parameter and result types to conform to 'Sendable' protocol
| `- note: type 'Item' does not conform to 'Sendable' protocol
45 | let response = try await listRpc(token)
46 | return (response, response._getPaginatedItems(), response._nextPageToken())
[2190/2355] Compiling GoogleGax AIP194+PollingErrorPolicy.swift
[2191/2355] Compiling GoogleGax AIP194+RetryPolicy.swift
[2192/2355] Compiling GoogleGax AIP194.swift
[2193/2355] Compiling GoogleGax AdaptiveThrottler.swift
[2194/2355] Compiling GoogleGax AlwaysPoll.swift
[2195/2355] Compiling GoogleGax AlwaysRetry.swift
[2196/2355] Compiling GoogleGax ApiClientHeader.swift
[2197/2355] Compiling GoogleGax BackoffPolicy.swift
[2198/2355] Compiling GoogleGax BasePollingErrorPolicy.swift
[2199/2355] Compiling GoogleGax LimitedAttemptCount+PollingErrorPolicy.swift
[2200/2355] Compiling GoogleGax LimitedAttemptCount+RetryPolicy.swift
[2201/2355] Compiling GoogleGax LimitedAttemptCount.swift
[2202/2355] Compiling GoogleGax LimitedElapsedTime+PollingErrorPolicy.swift
[2203/2355] Compiling GoogleGax LimitedElapsedTime+RetryPolicy.swift
[2204/2355] Compiling GoogleGax LimitedElapsedTime.swift
[2205/2355] Compiling GoogleGax LongRunningOperations.swift
[2206/2355] Compiling GoogleGax NeverRetry.swift
[2207/2355] Emitting module GoogleGax
[2208/2355] Compiling GoogleGax RequestOptions.swift
[2209/2355] Compiling GoogleGax RetryLoop.swift
[2210/2355] Compiling GoogleGax RetryPolicy.swift
[2211/2355] Compiling GoogleGax RetryResult.swift
[2212/2355] Compiling GoogleGax RetryState.swift
[2213/2355] Compiling GoogleGax RetryThrottler.swift
[2214/2355] Compiling GoogleGax RetryThrottlerError.swift
[2215/2355] Compiling GoogleGax RoutingMatcher.swift
[2216/2355] Compiling GoogleGax ContinueOnIO.swift
[2217/2355] Compiling GoogleGax CredentialsProtocol.swift
[2218/2355] Compiling GoogleGax ErrorWrapper.swift
[2219/2355] Compiling GoogleGax ExponentialBackoff+BackoffPolicy.swift
[2220/2355] Compiling GoogleGax ExponentialBackoff+PollingBackoffPolicy.swift
[2221/2355] Compiling GoogleGax ExponentialBackoff.swift
[2222/2355] Compiling GoogleGax HTTPClient.swift
[2223/2355] Compiling GoogleGax HTTPClientHolder.swift
[2224/2355] Compiling GoogleGax HTTPClientProtocol.swift
[2225/2355] Compiling GoogleGax HTTPClientRequest.swift
[2226/2355] Compiling GoogleGax HTTPClientResponse.swift
[2227/2355] Compiling GoogleGax HTTPHeaders.swift
[2228/2355] Compiling GoogleGax HTTPResponseBody.swift
[2229/2355] Compiling GoogleGax HeaderNames.swift
[2230/2355] Compiling GoogleGax Host.swift
[2231/2355] Compiling GoogleGax InProgressResult.swift
[2232/2355] Compiling GoogleGax BaseRetryPolicy.swift
[2233/2355] Compiling GoogleGax BindingError.swift
[2234/2355] Compiling GoogleGax CRC32C.swift
[2235/2355] Compiling GoogleGax CircuitBreaker.swift
[2236/2355] Compiling GoogleGax ClientError.swift
[2237/2355] Compiling GoogleGax ClientOptions.swift
[2238/2355] Compiling GoogleGax ContinueOnIO+PollingErrorPolicy.swift
[2239/2355] Compiling GoogleGax ContinueOnIO+RetryPolicy.swift
[2240/2355] Compiling GoogleGax ServiceError.swift
[2241/2355] Compiling GoogleGax StatusDetail.swift
[2242/2355] Compiling GoogleGax StrictIdempotency.swift
[2243/2355] Compiling GoogleGax ThrottleResult.swift
[2244/2355] Compiling GoogleGax TooManyRequests+PollingErrorPolicy.swift
[2245/2355] Compiling GoogleGax TooManyRequests+RetryPolicy.swift
[2246/2355] Compiling GoogleGax TooManyRequests.swift
[2247/2355] Compiling GoogleGax PackageVersion.swift
BUILD FAILURE 6.2 android