The Swift Package Index logo.Swift Package Index

Build Information

Failed to build Reblog, reference main (ea91f8), with Swift 6.4 for Wasm on 27 Sep 2026 09:30:02 UTC.

Build Command

bash -c docker run --pull=always --rm -v "checkouts-54344844-1":/host -w "$PWD" -e JAVA_HOME="/root/.sdkman/candidates/java/current" -e SPI_BUILD="1" -e SPI_PROCESSING="1" registry.gitlab.com/saguaro1/spi-images:wasm-6.4-latest swift build --swift-sdk swift-6.4.x-DEVELOPMENT-SNAPSHOT-2026-09-04-a_wasm 2>&1

Build Log

========================================
RunAll
========================================
Builder version: 5.1.0
Interrupt handler set up.
========================================
Checkout
========================================
Clone URL: https://github.com/mattmassicotte/Reblog.git
Reference: main
Initialized empty Git repository in /host/spi-builder-workspace/.git/
hint: Using 'master' as the name for the initial branch. This default branch name
hint: is subject to change. To configure the initial branch name to use in all
hint: of your new repositories, which will suppress this warning, call:
hint:
hint: 	git config --global init.defaultBranch <name>
hint:
hint: Names commonly chosen instead of 'master' are 'main', 'trunk' and
hint: 'development'. The just-created branch can be renamed via this command:
hint:
hint: 	git branch -m <name>
From https://github.com/mattmassicotte/Reblog
 * branch            main       -> FETCH_HEAD
 * [new branch]      main       -> origin/main
HEAD is now at ea91f88 Simplify readme, remove funding
Cloned https://github.com/mattmassicotte/Reblog.git
Revision (git rev-parse @):
ea91f8863094f421c58f6b37711920944ce8d664
SUCCESS checkout https://github.com/mattmassicotte/Reblog.git at main
========================================
Build
========================================
Selected platform:         wasm
Swift version:             6.4
Building package at path:  $PWD
https://github.com/mattmassicotte/Reblog.git
Running build ...
bash -c docker run --pull=always --rm -v "checkouts-54344844-1":/host -w "$PWD" -e JAVA_HOME="/root/.sdkman/candidates/java/current" -e SPI_BUILD="1" -e SPI_PROCESSING="1" registry.gitlab.com/saguaro1/spi-images:wasm-6.4-latest swift build --swift-sdk swift-6.4.x-DEVELOPMENT-SNAPSHOT-2026-09-04-a_wasm 2>&1
wasm-6.4-latest: Pulling from saguaro1/spi-images
Digest: sha256:4328fdb43c680d205c1d6761b1e3267aa38277eefdda9ddfb17b6a0f1a77857a
Status: Image is up to date for registry.gitlab.com/saguaro1/spi-images:wasm-6.4-latest
Building for debugging...
[Planning deferred tasks]
error: SwiftCompile normal wasm32 failed with a nonzero exit code. Command line:     cd /host

/host/spi-builder-workspace/Sources/Reblog/ContentParser.swift:25:33: error: cannot find type 'XMLParserDelegate' in scope
 23 | }
 24 |
 25 | class ParserDelegate: NSObject, XMLParserDelegate {
    |                                 `- error: cannot find type 'XMLParserDelegate' in scope
 26 | 	public var elementHandler: ((HTMLComponent) -> Void)?
 27 | 	private var activeComponent: HTMLComponent? = nil
/host/spi-builder-workspace/Sources/Reblog/ContentParser.swift:40:24: error: 'XMLParser' is unavailable: This type has moved to the FoundationXML module. Import that module to use it.
 38 | 	}
 39 |
 40 | 	func parser(_ parser: XMLParser, didStartElement elementName: String, namespaceURI: String?, qualifiedName qName: String?, attributes attributeDict: [String : String] = [:]) {
    |                        `- error: 'XMLParser' is unavailable: This type has moved to the FoundationXML module. Import that module to use it.
 41 | 		switch elementName {
 42 | 		case "p":
Foundation.XMLParser:2:18: note: 'XMLParser' has been explicitly marked unavailable here
1 | @available(*, unavailable, message: "This type has moved to the FoundationXML module. Import that module to use it.")
2 | public typealias XMLParser = AnyObject
  |                  `- note: 'XMLParser' has been explicitly marked unavailable here
/host/spi-builder-workspace/Sources/Reblog/ContentParser.swift:66:24: error: 'XMLParser' is unavailable: This type has moved to the FoundationXML module. Import that module to use it.
 64 | 	}
 65 |
 66 | 	func parser(_ parser: XMLParser, didEndElement elementName: String, namespaceURI: String?, qualifiedName qName: String?) {
    |                        `- error: 'XMLParser' is unavailable: This type has moved to the FoundationXML module. Import that module to use it.
 67 | 		switch elementName {
 68 | 		case "a":
Foundation.XMLParser:2:18: note: 'XMLParser' has been explicitly marked unavailable here
1 | @available(*, unavailable, message: "This type has moved to the FoundationXML module. Import that module to use it.")
2 | public typealias XMLParser = AnyObject
  |                  `- note: 'XMLParser' has been explicitly marked unavailable here
/host/spi-builder-workspace/Sources/Reblog/ContentParser.swift:76:24: error: 'XMLParser' is unavailable: This type has moved to the FoundationXML module. Import that module to use it.
 74 | 	}
 75 |
 76 | 	func parser(_ parser: XMLParser, foundCharacters string: String) {
    |                        `- error: 'XMLParser' is unavailable: This type has moved to the FoundationXML module. Import that module to use it.
 77 | 		switch activeComponent {
 78 | 		case let .link(url, text):
Foundation.XMLParser:2:18: note: 'XMLParser' has been explicitly marked unavailable here
1 | @available(*, unavailable, message: "This type has moved to the FoundationXML module. Import that module to use it.")
2 | public typealias XMLParser = AnyObject
  |                  `- note: 'XMLParser' has been explicitly marked unavailable here
/host/spi-builder-workspace/Sources/Reblog/ContentParser.swift:88:38: error: 'XMLParser' is unavailable: This type has moved to the FoundationXML module. Import that module to use it.
 86 | 	}
 87 |
 88 | 	func parserDidEndDocument(_ parser: XMLParser) {
    |                                      `- error: 'XMLParser' is unavailable: This type has moved to the FoundationXML module. Import that module to use it.
 89 | 		commitActive()
 90 | 	}
Foundation.XMLParser:2:18: note: 'XMLParser' has been explicitly marked unavailable here
1 | @available(*, unavailable, message: "This type has moved to the FoundationXML module. Import that module to use it.")
2 | public typealias XMLParser = AnyObject
  |                  `- note: 'XMLParser' has been explicitly marked unavailable here
Failed frontend command:
/usr/bin/swift-frontend -frontend -emit-module -experimental-skip-non-inlinable-function-bodies-without-types /host/spi-builder-workspace/Sources/Reblog/Account.swift /host/spi-builder-workspace/Sources/Reblog/ContentParser.swift /host/spi-builder-workspace/Sources/Reblog/Marker.swift /host/spi-builder-workspace/Sources/Reblog/MediaAttachment.swift /host/spi-builder-workspace/Sources/Reblog/ReblogStatus.swift /host/spi-builder-workspace/Sources/Reblog/Status.swift -target wasm32-unknown-wasip1 -disable-objc-interop -sdk /root/.swiftpm/swift-sdks/swift-6.4.x-DEVELOPMENT-SNAPSHOT-2026-09-04-a_wasm.artifactbundle/swift-6.4.x-DEVELOPMENT-SNAPSHOT-2026-09-04-a_wasm/wasm32-unknown-wasip1/WASI.sdk -sysroot /root/.swiftpm/swift-sdks/swift-6.4.x-DEVELOPMENT-SNAPSHOT-2026-09-04-a_wasm.artifactbundle/swift-6.4.x-DEVELOPMENT-SNAPSHOT-2026-09-04-a_wasm/wasm32-unknown-wasip1/WASI.sdk -I /host/spi-builder-workspace/.build/out/Products/Debug-webassembly-wasm32 -module-cache-path /host/spi-builder-workspace/.build/out/ModuleCache.noindex -color-diagnostics -Xcc -fcolor-diagnostics -enable-testing -g -debug-info-format\=dwarf -dwarf-version\=4 -swift-version 6 -Onone -D SWIFT_PACKAGE -D DEBUG -D SWIFT_MODULE_RESOURCE_BUNDLE_UNAVAILABLE -D Xcode -serialize-debugging-options -enable-experimental-feature DebugDescriptionMacro -empty-abi-descriptor -external-plugin-path /usr/lib/swift/host/plugins/testing\#/usr/bin/swift-plugin-server -validate-clang-modules-once -clang-build-session-file /host/spi-builder-workspace/.build/out/ModuleCache.noindex/Session.modulevalidation -Xcc -working-directory -Xcc /host -resource-dir /root/.swiftpm/swift-sdks/swift-6.4.x-DEVELOPMENT-SNAPSHOT-2026-09-04-a_wasm.artifactbundle/swift-6.4.x-DEVELOPMENT-SNAPSHOT-2026-09-04-a_wasm/wasm32-unknown-wasip1/swift.xctoolchain/usr/lib/swift_static -use-static-resource-dir -enable-anonymous-context-mangled-names -file-compilation-dir /host -Xcc -resource-dir -Xcc /root/.swiftpm/swift-sdks/swift-6.4.x-DEVELOPMENT-SNAPSHOT-2026-09-04-a_wasm.artifactbundle/swift-6.4.x-DEVELOPMENT-SNAPSHOT-2026-09-04-a_wasm/wasm32-unknown-wasip1/swift.xctoolchain/usr/lib/swift_static/clang -Xcc -D_LIBCPP_HARDENING_MODE\=_LIBCPP_HARDENING_MODE_DEBUG -Xcc -fmodules-prune-interval\=86400 -Xcc -fmodules-prune-after\=345600 -Xcc -I/host/spi-builder-workspace/.build/out/Products/Debug-webassembly-wasm32/include -Xcc -I/host/spi-builder-workspace/.build/out/Intermediates.noindex/Reblog.build/Debug-webassembly-wasm32/Reblog-t.build/DerivedSources-normal/wasm32 -Xcc -I/host/spi-builder-workspace/.build/out/Intermediates.noindex/Reblog.build/Debug-webassembly-wasm32/Reblog-t.build/DerivedSources/wasm32 -Xcc -I/host/spi-builder-workspace/.build/out/Intermediates.noindex/Reblog.build/Debug-webassembly-wasm32/Reblog-t.build/DerivedSources -Xcc -DSWIFT_PACKAGE -Xcc -DDEBUG\=1 -no-auto-bridging-header-chaining -module-name Reblog -package-name spi_builder_workspace -const-gather-protocols-file /host/spi-builder-workspace/.build/out/Intermediates.noindex/Reblog.build/Debug-webassembly-wasm32/Reblog-t.build/Objects-normal/wasm32/Reblog_const_extract_protocols.json -in-process-plugin-server-path /usr/lib/swift/host/libSwiftInProcPluginServer.so -plugin-path /usr/lib/swift/host/plugins -plugin-path /usr/local/lib/swift/host/plugins -emit-module-doc-path /host/spi-builder-workspace/.build/out/Intermediates.noindex/Reblog.build/Debug-webassembly-wasm32/Reblog-t.build/Objects-normal/wasm32/Modules/Reblog.swiftdoc -emit-module-source-info-path /host/spi-builder-workspace/.build/out/Intermediates.noindex/Reblog.build/Debug-webassembly-wasm32/Reblog-t.build/Objects-normal/wasm32/Modules/Reblog.swiftsourceinfo -emit-objc-header-path /host/spi-builder-workspace/.build/out/Intermediates.noindex/Reblog.build/Debug-webassembly-wasm32/Reblog-t.build/Objects-normal/wasm32/Reblog-Swift.h -serialize-diagnostics-path /host/spi-builder-workspace/.build/out/Intermediates.noindex/Reblog.build/Debug-webassembly-wasm32/Reblog-t.build/Objects-normal/wasm32/Reblog-primary-emit-module.dia -emit-dependencies-path /host/spi-builder-workspace/.build/out/Intermediates.noindex/Reblog.build/Debug-webassembly-wasm32/Reblog-t.build/Objects-normal/wasm32/Reblog-primary-emit-module.d -parse-as-library -o /host/spi-builder-workspace/.build/out/Intermediates.noindex/Reblog.build/Debug-webassembly-wasm32/Reblog-t.build/Objects-normal/wasm32/Modules/Reblog.swiftmodule
error: Build failed
BUILD FAILURE 6.4 wasm