Build Information
Failed to build Yoga-SwiftUI, reference main (698e08), with Swift 6.1 for Wasm on 29 Sep 2026 22:18:49 UTC.
Build Command
bash -c docker run --pull=always --rm -v "checkouts-54344843-2":/host -w "$PWD" -e JAVA_HOME="/root/.sdkman/candidates/java/current" -e SPI_BUILD="1" -e SPI_PROCESSING="1" registry.gitlab.com/saguaro1/spi-images:wasm-6.1-latest swift build --swift-sdk wasm32-unknown-wasi 2>&1Build Log
========================================
RunAll
========================================
Builder version: 5.1.0
Interrupt handler set up.
========================================
Checkout
========================================
Clone URL: https://github.com/tiepvuvan/Yoga-SwiftUI.git
Reference: main
Initialized empty Git repository in /host/spi-builder-workspace/.git/
hint: Using 'master' as the name for the initial branch. This default branch name
hint: is subject to change. To configure the initial branch name to use in all
hint: of your new repositories, which will suppress this warning, call:
hint:
hint: git config --global init.defaultBranch <name>
hint:
hint: Names commonly chosen instead of 'master' are 'main', 'trunk' and
hint: 'development'. The just-created branch can be renamed via this command:
hint:
hint: git branch -m <name>
From https://github.com/tiepvuvan/Yoga-SwiftUI
* branch main -> FETCH_HEAD
* [new branch] main -> origin/main
HEAD is now at 698e082 Declare Swift Package Index compatibility
Cloned https://github.com/tiepvuvan/Yoga-SwiftUI.git
Revision (git rev-parse @):
698e082bc50f33fec785675009cbdc41a75458bb
SPI manifest file found: $PWD/.spi.yml
SUCCESS checkout https://github.com/tiepvuvan/Yoga-SwiftUI.git at main
========================================
Build
========================================
Selected platform: wasm
Swift version: 6.1
Building package at path: $PWD
https://github.com/tiepvuvan/Yoga-SwiftUI.git
https://github.com/tiepvuvan/Yoga-SwiftUI.git
WARNING: environment variable SUPPRESS_SWIFT_6_FLAGS is not set
Running build ...
bash -c docker run --pull=always --rm -v "checkouts-54344843-2":/host -w "$PWD" -e JAVA_HOME="/root/.sdkman/candidates/java/current" -e SPI_BUILD="1" -e SPI_PROCESSING="1" registry.gitlab.com/saguaro1/spi-images:wasm-6.1-latest swift build --swift-sdk wasm32-unknown-wasi -Xswiftc -Xfrontend -Xswiftc -stats-output-dir -Xswiftc -Xfrontend -Xswiftc .stats -Xswiftc -strict-concurrency=complete -Xswiftc -enable-upcoming-feature -Xswiftc StrictConcurrency -Xswiftc -enable-upcoming-feature -Xswiftc DisableOutwardActorInference -Xswiftc -enable-upcoming-feature -Xswiftc GlobalActorIsolatedTypesUsability -Xswiftc -enable-upcoming-feature -Xswiftc InferSendableFromCaptures 2>&1
wasm-6.1-latest: Pulling from saguaro1/spi-images
Digest: sha256:beceeede496da67681f4fa220a6b97cc098a0178841a413735f598dc6bbaf4c8
Status: Image is up to date for registry.gitlab.com/saguaro1/spi-images:wasm-6.1-latest
Fetching https://github.com/react/yoga.git
[1/45616] Fetching yoga
Fetched https://github.com/react/yoga.git from cache (2.58s)
Computing version for https://github.com/react/yoga.git
Computed https://github.com/react/yoga.git at 3.2.1 (3.63s)
Creating working copy for https://github.com/react/yoga.git
Working copy of https://github.com/react/yoga.git resolved at 3.2.1
Building for debugging...
[0/3] Write sources
In file included from /host/spi-builder-workspace/Sources/YogaBridge/YogaBridge.cpp:1:
/host/spi-builder-workspace/Sources/YogaBridge/include/YogaBridge.h:3:10: fatal error: module 'core' is needed but has not been provided, and implicit use of module files is disabled
3 | #include <yoga/Yoga.h>
| ^
1 error generated.
[1/3] Compiling YogaBridge YogaBridge.cpp
[1/3] Write swift-version-24593BA9C3E375BF.txt
Running build ...
bash -c docker run --pull=always --rm -v "checkouts-54344843-2":/host -w "$PWD" -e JAVA_HOME="/root/.sdkman/candidates/java/current" -e SPI_BUILD="1" -e SPI_PROCESSING="1" registry.gitlab.com/saguaro1/spi-images:wasm-6.1-latest swift build --swift-sdk wasm32-unknown-wasi 2>&1
wasm-6.1-latest: Pulling from saguaro1/spi-images
Digest: sha256:beceeede496da67681f4fa220a6b97cc098a0178841a413735f598dc6bbaf4c8
Status: Image is up to date for registry.gitlab.com/saguaro1/spi-images:wasm-6.1-latest
[0/1] Planning build
Building for debugging...
In file included from /host/spi-builder-workspace/Sources/YogaBridge/YogaBridge.cpp:1:
/host/spi-builder-workspace/Sources/YogaBridge/include/YogaBridge.h:3:10: fatal error: module 'core' is needed but has not been provided, and implicit use of module files is disabled
3 | #include <yoga/Yoga.h>
| ^
1 error generated.
[0/2] Compiling YogaBridge YogaBridge.cpp
[0/2] Write swift-version-24593BA9C3E375BF.txt
BUILD FAILURE 6.1 wasm