Build Information
Failed to build NBUQRCode, reference main (cb58f3), with Swift 6.1 for Linux on 4 Oct 2026 14:42:22 UTC.
Build Command
bash -c docker run --pull=always --rm -v "checkouts-54344843-0":/host -w "$PWD" -e JAVA_HOME="/root/.sdkman/candidates/java/current" -e SPI_BUILD="1" -e SPI_PROCESSING="1" registry.gitlab.com/saguaro1/spi-images:basic-6.1-latest swift build --triple x86_64-unknown-linux-gnu 2>&1Build Log
========================================
RunAll
========================================
Builder version: 5.1.1
Interrupt handler set up.
========================================
Checkout
========================================
Clone URL: https://github.com/skules777/nbu-qr-code-swift.git
Reference: main
Initialized empty Git repository in /host/spi-builder-workspace/.git/
hint: Using 'master' as the name for the initial branch. This default branch name
hint: is subject to change. To configure the initial branch name to use in all
hint: of your new repositories, which will suppress this warning, call:
hint:
hint: git config --global init.defaultBranch <name>
hint:
hint: Names commonly chosen instead of 'master' are 'main', 'trunk' and
hint: 'development'. The just-created branch can be renamed via this command:
hint:
hint: git branch -m <name>
From https://github.com/skules777/nbu-qr-code-swift
* branch main -> FETCH_HEAD
* [new branch] main -> origin/main
HEAD is now at cb58f3e Add Swift Package Index badges to README
Cloned https://github.com/skules777/nbu-qr-code-swift.git
Revision (git rev-parse @):
cb58f3e394024369a645944fee4e2dd6ec05ab54
SPI manifest file found: $PWD/.spi.yml
SUCCESS checkout https://github.com/skules777/nbu-qr-code-swift.git at main
========================================
Build
========================================
Selected platform: linux
Swift version: 6.1
Building package at path: $PWD
https://github.com/skules777/nbu-qr-code-swift.git
https://github.com/skules777/nbu-qr-code-swift.git
WARNING: environment variable SUPPRESS_SWIFT_6_FLAGS is not set
Running build ...
bash -c docker run --pull=always --rm -v "checkouts-54344843-0":/host -w "$PWD" -e JAVA_HOME="/root/.sdkman/candidates/java/current" -e SPI_BUILD="1" -e SPI_PROCESSING="1" registry.gitlab.com/saguaro1/spi-images:basic-6.1-latest swift build --triple x86_64-unknown-linux-gnu -Xswiftc -Xfrontend -Xswiftc -stats-output-dir -Xswiftc -Xfrontend -Xswiftc .stats -Xswiftc -strict-concurrency=complete -Xswiftc -enable-upcoming-feature -Xswiftc StrictConcurrency -Xswiftc -enable-upcoming-feature -Xswiftc DisableOutwardActorInference -Xswiftc -enable-upcoming-feature -Xswiftc GlobalActorIsolatedTypesUsability -Xswiftc -enable-upcoming-feature -Xswiftc InferSendableFromCaptures 2>&1
basic-6.1-latest: Pulling from saguaro1/spi-images
Digest: sha256:bebe373f64586285d153a73cebf57004d534988a7110464fd581e50dd24c756b
Status: Image is up to date for registry.gitlab.com/saguaro1/spi-images:basic-6.1-latest
Building for debugging...
[0/3] Write sources
[2/3] Write swift-version-24593BA9C3E375BF.txt
[4/11] Emitting module NBUQRCode
[5/11] Compiling NBUQRCode NBUQRFormat.swift
[6/11] Compiling NBUQRCode NBUQRValidation.swift
[7/11] Compiling NBUQRCode NBUQRBank.swift
[8/11] Compiling NBUQRCode NBUQRPayment.swift
[9/11] Compiling NBUQRCode NBUQRPayload.swift
[10/11] Compiling NBUQRCode NBUQREditableField.swift
[11/11] Compiling NBUQRCode NBUQRError.swift
error: emit-module command failed with exit code 1 (use -v to see invocation)
[13/16] Emitting module NBUQRCodeImage
/host/spi-builder-workspace/Sources/NBUQRCodeImage/NBUHryvniaSign.swift:1:8: error: no such module 'CoreGraphics'
1 | import CoreGraphics
| `- error: no such module 'CoreGraphics'
2 |
3 | /// Контур знака гривні (₴), який `NBUQRImageRenderer` ставить у центр QR-коду
[14/16] Compiling NBUQRCodeImage NBUQRColor.swift
/host/spi-builder-workspace/Sources/NBUQRCodeImage/NBUHryvniaSign.swift:1:8: error: no such module 'CoreGraphics'
1 | import CoreGraphics
| `- error: no such module 'CoreGraphics'
2 |
3 | /// Контур знака гривні (₴), який `NBUQRImageRenderer` ставить у центр QR-коду
[15/16] Compiling NBUQRCodeImage NBUHryvniaSign.swift
/host/spi-builder-workspace/Sources/NBUQRCodeImage/NBUHryvniaSign.swift:1:8: error: no such module 'CoreGraphics'
1 | import CoreGraphics
| `- error: no such module 'CoreGraphics'
2 |
3 | /// Контур знака гривні (₴), який `NBUQRImageRenderer` ставить у центр QR-коду
[16/16] Compiling NBUQRCodeImage NBUQRImageRenderer.swift
/host/spi-builder-workspace/Sources/NBUQRCodeImage/NBUHryvniaSign.swift:1:8: error: no such module 'CoreGraphics'
1 | import CoreGraphics
| `- error: no such module 'CoreGraphics'
2 |
3 | /// Контур знака гривні (₴), який `NBUQRImageRenderer` ставить у центр QR-коду
Running build ...
bash -c docker run --pull=always --rm -v "checkouts-54344843-0":/host -w "$PWD" -e JAVA_HOME="/root/.sdkman/candidates/java/current" -e SPI_BUILD="1" -e SPI_PROCESSING="1" registry.gitlab.com/saguaro1/spi-images:basic-6.1-latest swift build --triple x86_64-unknown-linux-gnu 2>&1
basic-6.1-latest: Pulling from saguaro1/spi-images
Digest: sha256:bebe373f64586285d153a73cebf57004d534988a7110464fd581e50dd24c756b
Status: Image is up to date for registry.gitlab.com/saguaro1/spi-images:basic-6.1-latest
[0/1] Planning build
Building for debugging...
[0/1] Write swift-version-24593BA9C3E375BF.txt
[2/9] Compiling NBUQRCode NBUQRError.swift
[3/9] Compiling NBUQRCode NBUQREditableField.swift
[4/9] Emitting module NBUQRCode
[5/9] Compiling NBUQRCode NBUQRBank.swift
[6/9] Compiling NBUQRCode NBUQRPayment.swift
[7/9] Compiling NBUQRCode NBUQRValidation.swift
[8/9] Compiling NBUQRCode NBUQRFormat.swift
[9/9] Compiling NBUQRCode NBUQRPayload.swift
[11/14] Compiling NBUQRCodeImage NBUQRImageRenderer.swift
/host/spi-builder-workspace/Sources/NBUQRCodeImage/NBUHryvniaSign.swift:1:8: error: no such module 'CoreGraphics'
1 | import CoreGraphics
| `- error: no such module 'CoreGraphics'
2 |
3 | /// Контур знака гривні (₴), який `NBUQRImageRenderer` ставить у центр QR-коду
[12/14] Compiling NBUQRCodeImage NBUQRColor.swift
/host/spi-builder-workspace/Sources/NBUQRCodeImage/NBUHryvniaSign.swift:1:8: error: no such module 'CoreGraphics'
1 | import CoreGraphics
| `- error: no such module 'CoreGraphics'
2 |
3 | /// Контур знака гривні (₴), який `NBUQRImageRenderer` ставить у центр QR-коду
[13/14] Compiling NBUQRCodeImage NBUHryvniaSign.swift
/host/spi-builder-workspace/Sources/NBUQRCodeImage/NBUHryvniaSign.swift:1:8: error: no such module 'CoreGraphics'
1 | import CoreGraphics
| `- error: no such module 'CoreGraphics'
2 |
3 | /// Контур знака гривні (₴), який `NBUQRImageRenderer` ставить у центр QR-коду
error: emit-module command failed with exit code 1 (use -v to see invocation)
[14/14] Emitting module NBUQRCodeImage
/host/spi-builder-workspace/Sources/NBUQRCodeImage/NBUHryvniaSign.swift:1:8: error: no such module 'CoreGraphics'
1 | import CoreGraphics
| `- error: no such module 'CoreGraphics'
2 |
3 | /// Контур знака гривні (₴), який `NBUQRImageRenderer` ставить у центр QR-коду
BUILD FAILURE 6.1 linux