The Swift Package Index logo.Swift Package Index

Build Information

Failed to build Slate, reference master (8ef81f), with Swift 6.4 for Linux on 26 Sep 2026 00:54:11 UTC.

Build Command

bash -c docker run --pull=always --rm -v "checkouts-54344845-0":/host -w "$PWD" -e JAVA_HOME="/root/.sdkman/candidates/java/current" -e SPI_BUILD="1" -e SPI_PROCESSING="1" registry.gitlab.com/saguaro1/spi-images:basic-6.4-latest swift build --triple x86_64-unknown-linux-gnu 2>&1

Build Log

========================================
RunAll
========================================
Builder version: 5.1.0
Interrupt handler set up.
========================================
Checkout
========================================
Clone URL: https://github.com/jmfieldman/Slate.git
Reference: master
Initialized empty Git repository in /host/spi-builder-workspace/.git/
hint: Using 'master' as the name for the initial branch. This default branch name
hint: is subject to change. To configure the initial branch name to use in all
hint: of your new repositories, which will suppress this warning, call:
hint:
hint: 	git config --global init.defaultBranch <name>
hint:
hint: Names commonly chosen instead of 'master' are 'main', 'trunk' and
hint: 'development'. The just-created branch can be renamed via this command:
hint:
hint: 	git branch -m <name>
From https://github.com/jmfieldman/Slate
 * branch            master     -> FETCH_HEAD
 * [new branch]      master     -> origin/master
HEAD is now at 8ef81fb sharing demo
Cloned https://github.com/jmfieldman/Slate.git
Revision (git rev-parse @):
8ef81fbf526f2e3b2665f149053eb73805e5b75f
SUCCESS checkout https://github.com/jmfieldman/Slate.git at master
========================================
Build
========================================
Selected platform:         linux
Swift version:             6.4
Building package at path:  $PWD
https://github.com/jmfieldman/Slate.git
Running build ...
bash -c docker run --pull=always --rm -v "checkouts-54344845-0":/host -w "$PWD" -e JAVA_HOME="/root/.sdkman/candidates/java/current" -e SPI_BUILD="1" -e SPI_PROCESSING="1" registry.gitlab.com/saguaro1/spi-images:basic-6.4-latest swift build --triple x86_64-unknown-linux-gnu 2>&1
basic-6.4-latest: Pulling from saguaro1/spi-images
Digest: sha256:c77fcce225e223ac0fafed844619173fc6de8d62dd560eeb28db3182af6a282b
Status: Image is up to date for registry.gitlab.com/saguaro1/spi-images:basic-6.4-latest
Fetching https://github.com/apple/swift-syntax.git
Fetching https://github.com/apple/swift-argument-parser.git
[1/18945] Fetching swift-argument-parser
[18946/99013] Fetching swift-argument-parser, swift-syntax
Fetched https://github.com/apple/swift-argument-parser.git (2.95s)
Fetched https://github.com/apple/swift-syntax.git (2.97s)
Computing version for https://github.com/apple/swift-syntax.git
Computed https://github.com/apple/swift-syntax.git at 603.0.0 (4.18s)
Computing version for https://github.com/apple/swift-argument-parser.git
Computed https://github.com/apple/swift-argument-parser.git at 1.8.2 (0.19s)
Creating working copy for https://github.com/apple/swift-syntax.git
Working copy of https://github.com/apple/swift-syntax.git resolved at 603.0.0
Creating working copy for https://github.com/apple/swift-argument-parser.git
Working copy of https://github.com/apple/swift-argument-parser.git resolved at 1.8.2
Building for debugging...
[Computing dependencies]
[Pre-planning 1 / 886]
[Planning deferred tasks]
[185 / 381] SwiftSyntax510
[222 / 381] SwiftSyntax
[230 / 391] SwiftSyntax
[232 / 393] SwiftSyntax602
[244 / 396] SwiftSyntax601
[253 / 398] SwiftSyntax509
[254 / 398] SwiftSyntax
[256 / 398] ArgumentParserToolInfo
[259 / 399] ArgumentParser
[262 / 408] ArgumentParser
[263 / 408] ArgumentParser
[264 / 408] ArgumentParser
[266 / 408] ArgumentParser
[270 / 408] ArgumentParser
[271 / 408] ArgumentParser
[272 / 408] ArgumentParser-product
[273 / 408] ArgumentParser-product
[273 / 408] ArgumentParser
[273 / 408] SwiftSyntax
[284 / 428] SwiftParser
[285 / 436] SwiftParser
[296 / 436] ArgumentParser
[298 / 437] SwiftParser
[299 / 437] SwiftParser
[301 / 437] SwiftParser
[302 / 437] SwiftParser
[306 / 437] SwiftParser
[307 / 437] SwiftParser-product
[309 / 437] SwiftParser-product
[311 / 437] SwiftDiagnostics
[313 / 437] SwiftDiagnostics
[314 / 437] SwiftOperators
[315 / 437] SwiftOperators
[316 / 437] SwiftDiagnostics
[317 / 437] SwiftParserDiagnostics
[319 / 438] SwiftParserDiagnostics
[323 / 438] SwiftDiagnostics
[328 / 449] SwiftOperators
[331 / 459] SwiftOperators
[331 / 460] SwiftParserDiagnostics
[333 / 460] SwiftParserDiagnostics
[343 / 460] SwiftSyntaxBuilder
[344 / 460] SwiftSyntaxBuilder
[346 / 460] SwiftParserDiagnostics
[349 / 460] SwiftParser
[351 / 460] SwiftOperators
[352 / 460] SwiftOperators
[354 / 460] SwiftOperators
[357 / 460] SwiftParserDiagnostics
[362 / 461] ArgumentParser
[369 / 481] SwiftOperators
[370 / 481] SwiftSyntaxBuilder
[371 / 481] SwiftSyntax
[374 / 481] SwiftSyntaxBuilder
[388 / 481] SwiftIfConfig
[389 / 481] slate-generator-product
[392 / 481] SlateGeneratorLib
[393 / 481] SlateGeneratorLib
[400 / 495] SwiftIfConfig
[401 / 495] SwiftIfConfig
[402 / 495] slate-generator-product
[404 / 495] SwiftIfConfig
[408 / 495] SwiftIfConfig
[412 / 495] SwiftIfConfig
[413 / 495] SwiftSyntaxMacros
[419 / 506] SwiftSyntaxMacros
[425 / 506] SwiftSyntaxMacros
[431 / 506] SwiftIfConfig
[438 / 518] SwiftSyntaxMacros
[445 / 519] SwiftSyntaxMacroExpansion
[450 / 519] SwiftSyntaxMacroExpansion
[457 / 529] SwiftCompilerPluginMessageHandling
[460 / 529] SwiftCompilerPluginMessageHandling
[463 / 529] SwiftCompilerPluginMessageHandling
[464 / 529] SwiftCompilerPluginMessageHandling
[471 / 532] SwiftCompilerPlugin
[476 / 532] SwiftCompilerPlugin
[479 / 534] SwiftSyntaxMacroExpansion
[480 / 534] SwiftCompilerPluginMessageHandling
[482 / 535] SwiftSyntax
[485 / 536] SwiftSyntax
[493 / 536] SwiftSyntaxBuilder
[503 / 537] SlateSchemaMacros
[506 / 539] slate-generator-product
[506 / 539] SlateSchemaMacros
[510 / 540] SlateSchemaMacros
error: SwiftCompile normal x86_64 /host/spi-builder-workspace/Sources/SlateSchema/Annotations.swift failed with a nonzero exit code. Command line:     cd /host
    builtin-SwiftPerFileCompile Annotations.swift
[514 / 544] SlateSchema
/host/spi-builder-workspace/Sources/SlateSchema/SlateSchema.swift:1:35: error: no such module 'CoreData'
  1 | @preconcurrency @_exported import CoreData
    |                                   `- error: no such module 'CoreData'
  2 | import Foundation
  3 |
Failed frontend command:
/usr/bin/swift-frontend -frontend -c -primary-file /host/spi-builder-workspace/Sources/SlateSchema/Annotations.swift /host/spi-builder-workspace/Sources/SlateSchema/SlateSchema.swift -emit-dependencies-path /host/spi-builder-workspace/.build/out/Intermediates.noindex/Slate.build/Debug-linux-x86_64/SlateSchema-t.build/Objects-normal/x86_64/Annotations.d -emit-const-values-path /host/spi-builder-workspace/.build/out/Intermediates.noindex/Slate.build/Debug-linux-x86_64/SlateSchema-t.build/Objects-normal/x86_64/Annotations.swiftconstvalues -emit-reference-dependencies-path /host/spi-builder-workspace/.build/out/Intermediates.noindex/Slate.build/Debug-linux-x86_64/SlateSchema-t.build/Objects-normal/x86_64/Annotations.swiftdeps -serialize-diagnostics-path /host/spi-builder-workspace/.build/out/Intermediates.noindex/Slate.build/Debug-linux-x86_64/SlateSchema-t.build/Objects-normal/x86_64/Annotations.dia -target x86_64-unknown-linux-gnu -disable-objc-interop -I /host/spi-builder-workspace/.build/out/Products/Debug-linux-x86_64 -module-cache-path /host/spi-builder-workspace/.build/out/ModuleCache.noindex -color-diagnostics -Xcc -fcolor-diagnostics -enable-testing -g -debug-info-format\=dwarf -dwarf-version\=4 -swift-version 6 -Onone -D SWIFT_PACKAGE -D DEBUG -D SWIFT_MODULE_RESOURCE_BUNDLE_UNAVAILABLE -D Xcode -serialize-debugging-options -load-plugin-executable /host/spi-builder-workspace/.build/out/Products/Debug-linux-x86_64/SlateSchemaMacros\#SlateSchemaMacros -enable-upcoming-feature StrictConcurrency -enable-experimental-feature DebugDescriptionMacro -empty-abi-descriptor -external-plugin-path /usr/lib/swift/host/plugins/testing\#/usr/bin/swift-plugin-server -validate-clang-modules-once -clang-build-session-file /host/spi-builder-workspace/.build/out/ModuleCache.noindex/Session.modulevalidation -Xcc -working-directory -Xcc /host -enable-anonymous-context-mangled-names -file-compilation-dir /host -Xcc -fno-omit-frame-pointer -Xcc -D_LIBCPP_HARDENING_MODE\=_LIBCPP_HARDENING_MODE_DEBUG -Xcc -fmodules-prune-interval\=86400 -Xcc -fmodules-prune-after\=345600 -Xcc -I/host/spi-builder-workspace/.build/out/Products/Debug-linux-x86_64/include -Xcc -I/host/spi-builder-workspace/.build/out/Intermediates.noindex/Slate.build/Debug-linux-x86_64/SlateSchema-t.build/DerivedSources-normal/x86_64 -Xcc -I/host/spi-builder-workspace/.build/out/Intermediates.noindex/Slate.build/Debug-linux-x86_64/SlateSchema-t.build/DerivedSources/x86_64 -Xcc -I/host/spi-builder-workspace/.build/out/Intermediates.noindex/Slate.build/Debug-linux-x86_64/SlateSchema-t.build/DerivedSources -Xcc -DSWIFT_PACKAGE -Xcc -DDEBUG\=1 -no-auto-bridging-header-chaining -module-name SlateSchema -package-name spi_builder_workspace -const-gather-protocols-file /host/spi-builder-workspace/.build/out/Intermediates.noindex/Slate.build/Debug-linux-x86_64/SlateSchema-t.build/Objects-normal/x86_64/SlateSchema_const_extract_protocols.json -in-process-plugin-server-path /usr/lib/swift/host/libSwiftInProcPluginServer.so -plugin-path /usr/lib/swift/host/plugins -plugin-path /usr/local/lib/swift/host/plugins -parse-as-library -o /host/spi-builder-workspace/.build/out/Intermediates.noindex/Slate.build/Debug-linux-x86_64/SlateSchema-t.build/Objects-normal/x86_64/Annotations.o -index-unit-output-path /Slate.build/Debug-linux-x86_64/SlateSchema-t.build/Objects-normal/x86_64/Annotations.o -index-store-path /host/spi-builder-workspace/.build/out -index-system-modules
error: SwiftCompile normal x86_64 failed with a nonzero exit code. Command line:     cd /host

/host/spi-builder-workspace/Sources/SlateSchema/SlateSchema.swift:1:35: error: no such module 'CoreData'
  1 | @preconcurrency @_exported import CoreData
    |                                   `- error: no such module 'CoreData'
  2 | import Foundation
  3 |
Failed frontend command:
/usr/bin/swift-frontend -frontend -emit-module -experimental-skip-non-inlinable-function-bodies-without-types /host/spi-builder-workspace/Sources/SlateSchema/Annotations.swift /host/spi-builder-workspace/Sources/SlateSchema/SlateSchema.swift -target x86_64-unknown-linux-gnu -disable-objc-interop -I /host/spi-builder-workspace/.build/out/Products/Debug-linux-x86_64 -module-cache-path /host/spi-builder-workspace/.build/out/ModuleCache.noindex -color-diagnostics -Xcc -fcolor-diagnostics -enable-testing -g -debug-info-format\=dwarf -dwarf-version\=4 -swift-version 6 -Onone -D SWIFT_PACKAGE -D DEBUG -D SWIFT_MODULE_RESOURCE_BUNDLE_UNAVAILABLE -D Xcode -serialize-debugging-options -load-plugin-executable /host/spi-builder-workspace/.build/out/Products/Debug-linux-x86_64/SlateSchemaMacros\#SlateSchemaMacros -enable-upcoming-feature StrictConcurrency -enable-experimental-feature DebugDescriptionMacro -empty-abi-descriptor -external-plugin-path /usr/lib/swift/host/plugins/testing\#/usr/bin/swift-plugin-server -validate-clang-modules-once -clang-build-session-file /host/spi-builder-workspace/.build/out/ModuleCache.noindex/Session.modulevalidation -Xcc -working-directory -Xcc /host -enable-anonymous-context-mangled-names -file-compilation-dir /host -Xcc -fno-omit-frame-pointer -Xcc -D_LIBCPP_HARDENING_MODE\=_LIBCPP_HARDENING_MODE_DEBUG -Xcc -fmodules-prune-interval\=86400 -Xcc -fmodules-prune-after\=345600 -Xcc -I/host/spi-builder-workspace/.build/out/Products/Debug-linux-x86_64/include -Xcc -I/host/spi-builder-workspace/.build/out/Intermediates.noindex/Slate.build/Debug-linux-x86_64/SlateSchema-t.build/DerivedSources-normal/x86_64 -Xcc -I/host/spi-builder-workspace/.build/out/Intermediates.noindex/Slate.build/Debug-linux-x86_64/SlateSchema-t.build/DerivedSources/x86_64 -Xcc -I/host/spi-builder-workspace/.build/out/Intermediates.noindex/Slate.build/Debug-linux-x86_64/SlateSchema-t.build/DerivedSources -Xcc -DSWIFT_PACKAGE -Xcc -DDEBUG\=1 -no-auto-bridging-header-chaining -module-name SlateSchema -package-name spi_builder_workspace -const-gather-protocols-file /host/spi-builder-workspace/.build/out/Intermediates.noindex/Slate.build/Debug-linux-x86_64/SlateSchema-t.build/Objects-normal/x86_64/SlateSchema_const_extract_protocols.json -in-process-plugin-server-path /usr/lib/swift/host/libSwiftInProcPluginServer.so -plugin-path /usr/lib/swift/host/plugins -plugin-path /usr/local/lib/swift/host/plugins -emit-module-doc-path /host/spi-builder-workspace/.build/out/Intermediates.noindex/Slate.build/Debug-linux-x86_64/SlateSchema-t.build/Objects-normal/x86_64/Modules/SlateSchema.swiftdoc -emit-module-source-info-path /host/spi-builder-workspace/.build/out/Intermediates.noindex/Slate.build/Debug-linux-x86_64/SlateSchema-t.build/Objects-normal/x86_64/Modules/SlateSchema.swiftsourceinfo -emit-objc-header-path /host/spi-builder-workspace/.build/out/Intermediates.noindex/Slate.build/Debug-linux-x86_64/SlateSchema-t.build/Objects-normal/x86_64/SlateSchema-Swift.h -serialize-diagnostics-path /host/spi-builder-workspace/.build/out/Intermediates.noindex/Slate.build/Debug-linux-x86_64/SlateSchema-t.build/Objects-normal/x86_64/SlateSchema-primary-emit-module.dia -emit-dependencies-path /host/spi-builder-workspace/.build/out/Intermediates.noindex/Slate.build/Debug-linux-x86_64/SlateSchema-t.build/Objects-normal/x86_64/SlateSchema-primary-emit-module.d -parse-as-library -o /host/spi-builder-workspace/.build/out/Intermediates.noindex/Slate.build/Debug-linux-x86_64/SlateSchema-t.build/Objects-normal/x86_64/Modules/SlateSchema.swiftmodule
error: Build failed
BUILD FAILURE 6.4 linux