Build Information
Failed to build GoogleCloudVideoIntelligenceV1, reference 0.5.0 (1a3f7c), with Swift 6.2 for Android on 11 Oct 2026 22:35:22 UTC.
Build Command
bash -c docker run --pull=always --rm -v "checkouts-54344849-1":/host -w "$PWD" -e JAVA_HOME="/root/.sdkman/candidates/java/current" -e SPI_BUILD="1" -e SPI_PROCESSING="1" registry.gitlab.com/saguaro1/spi-images:android-6.2-latest swift build --swift-sdk aarch64-unknown-linux-android28 2>&1Build Log
========================================
RunAll
========================================
Builder version: 5.1.1
Interrupt handler set up.
========================================
Checkout
========================================
Clone URL: https://github.com/googleapis/swift-google-cloud-videointelligence-v1.git
Reference: 0.5.0
Initialized empty Git repository in /host/spi-builder-workspace/.git/
hint: Using 'master' as the name for the initial branch. This default branch name
hint: is subject to change. To configure the initial branch name to use in all
hint: of your new repositories, which will suppress this warning, call:
hint:
hint: git config --global init.defaultBranch <name>
hint:
hint: Names commonly chosen instead of 'master' are 'main', 'trunk' and
hint: 'development'. The just-created branch can be renamed via this command:
hint:
hint: git branch -m <name>
From https://github.com/googleapis/swift-google-cloud-videointelligence-v1
* tag 0.5.0 -> FETCH_HEAD
HEAD is now at 1a3f7c1 chore: release circa 2026-10-07 (#1382)
Cloned https://github.com/googleapis/swift-google-cloud-videointelligence-v1.git
Revision (git rev-parse @):
1a3f7c1b6e70b5542337f9716a452f864d459af6
SPI manifest file found: $PWD/.spi.yml
SUCCESS checkout https://github.com/googleapis/swift-google-cloud-videointelligence-v1.git at 0.5.0
========================================
Build
========================================
Selected platform: android
Swift version: 6.2
Building package at path: $PWD
https://github.com/googleapis/swift-google-cloud-videointelligence-v1.git
Running build ...
bash -c docker run --pull=always --rm -v "checkouts-54344849-1":/host -w "$PWD" -e JAVA_HOME="/root/.sdkman/candidates/java/current" -e SPI_BUILD="1" -e SPI_PROCESSING="1" registry.gitlab.com/saguaro1/spi-images:android-6.2-latest swift build --swift-sdk aarch64-unknown-linux-android28 2>&1
android-6.2-latest: Pulling from saguaro1/spi-images
Digest: sha256:a839c9ce201f1dacc8eb056626ec7ab0a1c6d53d7b77c83feda395f4507c51be
Status: Image is up to date for registry.gitlab.com/saguaro1/spi-images:android-6.2-latest
Fetching https://github.com/googleapis/swift-google-longrunning
Fetching https://github.com/googleapis/swift-google-rpc
Fetching https://github.com/googleapis/swift-google-auth
Fetching https://github.com/apple/swift-log
Fetching https://github.com/googleapis/swift-google-wkt
Fetching https://github.com/googleapis/swift-google-gax
[1/619] Fetching swift-google-longrunning
[620/8876] Fetching swift-google-longrunning, swift-log
[703/9899] Fetching swift-google-longrunning, swift-log, swift-google-auth
[714/10922] Fetching swift-google-longrunning, swift-log, swift-google-auth, swift-google-wkt
[879/11344] Fetching swift-google-longrunning, swift-log, swift-google-auth, swift-google-wkt, swift-google-rpc
[978/13092] Fetching swift-google-longrunning, swift-log, swift-google-auth, swift-google-wkt, swift-google-rpc, swift-google-gax
Fetched https://github.com/googleapis/swift-google-longrunning from cache (0.44s)
[11798/12473] Fetching swift-log, swift-google-auth, swift-google-wkt, swift-google-rpc, swift-google-gax
Fetched https://github.com/googleapis/swift-google-wkt from cache (0.51s)
Fetched https://github.com/googleapis/swift-google-gax from cache (0.52s)
Fetched https://github.com/googleapis/swift-google-rpc from cache (0.52s)
Fetched https://github.com/googleapis/swift-google-auth from cache (0.52s)
Fetched https://github.com/apple/swift-log from cache (0.52s)
Computing version for https://github.com/googleapis/swift-google-wkt
Computed https://github.com/googleapis/swift-google-wkt at 0.5.0 (0.67s)
Fetching https://github.com/swift-extras/swift-extras-base64
[1/954] Fetching swift-extras-base64
Fetched https://github.com/swift-extras/swift-extras-base64 from cache (0.36s)
Computing version for https://github.com/googleapis/swift-google-rpc
Computed https://github.com/googleapis/swift-google-rpc at 0.5.0 (0.52s)
Computing version for https://github.com/googleapis/swift-google-longrunning
Computed https://github.com/googleapis/swift-google-longrunning at 0.5.0 (0.14s)
Computing version for https://github.com/googleapis/swift-google-gax
Computed https://github.com/googleapis/swift-google-gax at 0.5.0 (0.15s)
Fetching https://github.com/apple/swift-nio
Fetching https://github.com/swift-server/async-http-client.git
[1/16464] Fetching async-http-client
[12679/102838] Fetching async-http-client, swift-nio
Fetched https://github.com/swift-server/async-http-client.git from cache (3.20s)
Fetched https://github.com/apple/swift-nio from cache (3.23s)
Computing version for https://github.com/googleapis/swift-google-auth
Computed https://github.com/googleapis/swift-google-auth at 0.5.0 (3.38s)
Fetching https://github.com/vapor/jwt-kit.git
Fetching https://github.com/apple/swift-system.git
[1/7241] Fetching swift-system
[1884/17495] Fetching swift-system, jwt-kit
Fetched https://github.com/apple/swift-system.git from cache (0.99s)
Fetched https://github.com/vapor/jwt-kit.git from cache (0.99s)
Computing version for https://github.com/swift-extras/swift-extras-base64
Computed https://github.com/swift-extras/swift-extras-base64 at 1.2.0 (1.17s)
Computing version for https://github.com/swift-server/async-http-client.git
Computed https://github.com/swift-server/async-http-client.git at 1.36.2 (0.20s)
Fetching https://github.com/apple/swift-algorithms.git
Fetching https://github.com/apple/swift-configuration.git
Fetching https://github.com/apple/swift-atomics.git
Fetching https://github.com/apple/swift-nio-transport-services.git
Fetching https://github.com/apple/swift-distributed-tracing.git
Fetching https://github.com/apple/swift-service-context.git
[1/1501] Fetching swift-service-context
[542/5429] Fetching swift-service-context, swift-configuration
[543/8296] Fetching swift-service-context, swift-configuration, swift-nio-transport-services
[1911/14847] Fetching swift-service-context, swift-configuration, swift-nio-transport-services, swift-distributed-tracing
[2227/16736] Fetching swift-service-context, swift-configuration, swift-nio-transport-services, swift-distributed-tracing, swift-atomics
Fetched https://github.com/apple/swift-service-context.git from cache (0.39s)
[2770/15235] Fetching swift-configuration, swift-nio-transport-services, swift-distributed-tracing, swift-atomics
Fetching https://github.com/apple/swift-nio-extras.git
[5186/21399] Fetching swift-configuration, swift-nio-transport-services, swift-distributed-tracing, swift-atomics, swift-algorithms
Fetched https://github.com/apple/swift-nio-transport-services.git from cache (0.59s)
Fetched https://github.com/apple/swift-distributed-tracing.git from cache (0.59s)
Fetching https://github.com/apple/swift-nio-http2.git
Fetching https://github.com/apple/swift-nio-ssl.git
[11942/11981] Fetching swift-configuration, swift-atomics, swift-algorithms
Fetched https://github.com/apple/swift-atomics.git from cache (0.65s)
Fetched https://github.com/apple/swift-algorithms.git from cache (0.65s)
Fetched https://github.com/apple/swift-configuration.git from cache (0.65s)
[1/6703] Fetching swift-nio-extras
Fetched https://github.com/apple/swift-nio-extras.git from cache (0.55s)
[1/16880] Fetching swift-nio-ssl
[1183/29174] Fetching swift-nio-ssl, swift-nio-http2
Fetched https://github.com/apple/swift-nio-http2.git from cache (0.93s)
Fetched https://github.com/apple/swift-nio-ssl.git from cache (1.28s)
Computing version for https://github.com/apple/swift-service-context.git
Computed https://github.com/apple/swift-service-context.git at 1.3.0 (2.01s)
Computing version for https://github.com/apple/swift-algorithms.git
Computed https://github.com/apple/swift-algorithms.git at 1.2.1 (0.88s)
Fetching https://github.com/apple/swift-numerics.git
[1/6742] Fetching swift-numerics
Fetched https://github.com/apple/swift-numerics.git from cache (0.49s)
Computing version for https://github.com/apple/swift-log
Computed https://github.com/apple/swift-log at 1.16.1 (0.65s)
Computing version for https://github.com/apple/swift-distributed-tracing.git
Computed https://github.com/apple/swift-distributed-tracing.git at 1.5.0 (0.14s)
Computing version for https://github.com/apple/swift-atomics.git
Computed https://github.com/apple/swift-atomics.git at 1.3.1 (0.14s)
Computing version for https://github.com/apple/swift-numerics.git
Computed https://github.com/apple/swift-numerics.git at 1.1.1 (0.13s)
Computing version for https://github.com/apple/swift-nio
Computed https://github.com/apple/swift-nio at 2.104.0 (0.35s)
Fetching https://github.com/apple/swift-collections.git
[1/28703] Fetching swift-collections
Fetched https://github.com/apple/swift-collections.git from cache (1.22s)
Computing version for https://github.com/apple/swift-configuration.git
Computed https://github.com/apple/swift-configuration.git at 1.2.2 (2.02s)
Fetching https://github.com/swift-server/swift-service-lifecycle
[1/2867] Fetching swift-service-lifecycle
Fetched https://github.com/swift-server/swift-service-lifecycle from cache (0.45s)
Computing version for https://github.com/apple/swift-nio-transport-services.git
Computed https://github.com/apple/swift-nio-transport-services.git at 1.28.0 (0.62s)
Computing version for https://github.com/swift-server/swift-service-lifecycle
Computed https://github.com/swift-server/swift-service-lifecycle at 2.12.1 (0.14s)
Fetching https://github.com/apple/swift-async-algorithms.git
[1/6820] Fetching swift-async-algorithms
Fetched https://github.com/apple/swift-async-algorithms.git from cache (0.57s)
Computing version for https://github.com/apple/swift-async-algorithms.git
Computed https://github.com/apple/swift-async-algorithms.git at 1.1.7 (0.78s)
Computing version for https://github.com/apple/swift-collections.git
Computed https://github.com/apple/swift-collections.git at 1.7.2 (0.24s)
Computing version for https://github.com/apple/swift-nio-http2.git
Computed https://github.com/apple/swift-nio-http2.git at 1.46.0 (0.17s)
Computing version for https://github.com/vapor/jwt-kit.git
Computed https://github.com/vapor/jwt-kit.git at 5.7.1 (0.14s)
Fetching https://github.com/apple/swift-crypto.git
Fetching https://github.com/apple/swift-certificates.git
[1/18629] Fetching swift-crypto
[374/26242] Fetching swift-crypto, swift-certificates
Fetched https://github.com/apple/swift-certificates.git from cache (0.59s)
[2050/18629] Fetching swift-crypto
Fetched https://github.com/apple/swift-crypto.git from cache (1.23s)
Computing version for https://github.com/apple/swift-crypto.git
Computed https://github.com/apple/swift-crypto.git at 4.5.2 (1.83s)
Fetching https://github.com/apple/swift-asn1.git
[1/2009] Fetching swift-asn1
Fetched https://github.com/apple/swift-asn1.git from cache (0.39s)
Computing version for https://github.com/apple/swift-asn1.git
Computed https://github.com/apple/swift-asn1.git at 1.7.3 (0.56s)
Computing version for https://github.com/apple/swift-certificates.git
Computed https://github.com/apple/swift-certificates.git at 1.21.0 (0.19s)
Computing version for https://github.com/apple/swift-nio-ssl.git
Computed https://github.com/apple/swift-nio-ssl.git at 2.37.5 (0.19s)
Computing version for https://github.com/apple/swift-system.git
Computed https://github.com/apple/swift-system.git at 1.8.1 (0.17s)
Computing version for https://github.com/apple/swift-nio-extras.git
Computed https://github.com/apple/swift-nio-extras.git at 1.35.1 (0.26s)
Fetching https://github.com/apple/swift-http-structured-headers.git
Fetching https://github.com/apple/swift-http-types.git
[1/1253] Fetching swift-http-structured-headers
[240/3192] Fetching swift-http-structured-headers, swift-http-types
Fetched https://github.com/apple/swift-http-structured-headers.git from cache (0.43s)
Fetched https://github.com/apple/swift-http-types.git from cache (0.43s)
Computing version for https://github.com/apple/swift-http-structured-headers.git
Computed https://github.com/apple/swift-http-structured-headers.git at 1.7.0 (0.58s)
Computing version for https://github.com/apple/swift-http-types.git
Computed https://github.com/apple/swift-http-types.git at 1.8.0 (0.17s)
Creating working copy for https://github.com/googleapis/swift-google-wkt
Working copy of https://github.com/googleapis/swift-google-wkt resolved at 0.5.0
Creating working copy for https://github.com/googleapis/swift-google-gax
Working copy of https://github.com/googleapis/swift-google-gax resolved at 0.5.0
Creating working copy for https://github.com/apple/swift-crypto.git
Working copy of https://github.com/apple/swift-crypto.git resolved at 4.5.2
Creating working copy for https://github.com/googleapis/swift-google-rpc
Working copy of https://github.com/googleapis/swift-google-rpc resolved at 0.5.0
Creating working copy for https://github.com/apple/swift-numerics.git
Working copy of https://github.com/apple/swift-numerics.git resolved at 1.1.1
Creating working copy for https://github.com/apple/swift-certificates.git
Working copy of https://github.com/apple/swift-certificates.git resolved at 1.21.0
Creating working copy for https://github.com/apple/swift-service-context.git
Working copy of https://github.com/apple/swift-service-context.git resolved at 1.3.0
Creating working copy for https://github.com/apple/swift-configuration.git
Working copy of https://github.com/apple/swift-configuration.git resolved at 1.2.2
Creating working copy for https://github.com/apple/swift-system.git
Working copy of https://github.com/apple/swift-system.git resolved at 1.8.1
Creating working copy for https://github.com/apple/swift-http-structured-headers.git
Working copy of https://github.com/apple/swift-http-structured-headers.git resolved at 1.7.0
Creating working copy for https://github.com/apple/swift-collections.git
Working copy of https://github.com/apple/swift-collections.git resolved at 1.7.2
Creating working copy for https://github.com/swift-extras/swift-extras-base64
Working copy of https://github.com/swift-extras/swift-extras-base64 resolved at 1.2.0
Creating working copy for https://github.com/googleapis/swift-google-longrunning
Working copy of https://github.com/googleapis/swift-google-longrunning resolved at 0.5.0
Creating working copy for https://github.com/apple/swift-atomics.git
Working copy of https://github.com/apple/swift-atomics.git resolved at 1.3.1
Creating working copy for https://github.com/apple/swift-log
Working copy of https://github.com/apple/swift-log resolved at 1.16.1
Creating working copy for https://github.com/vapor/jwt-kit.git
Working copy of https://github.com/vapor/jwt-kit.git resolved at 5.7.1
Creating working copy for https://github.com/swift-server/swift-service-lifecycle
Working copy of https://github.com/swift-server/swift-service-lifecycle resolved at 2.12.1
Creating working copy for https://github.com/apple/swift-nio-extras.git
Working copy of https://github.com/apple/swift-nio-extras.git resolved at 1.35.1
Creating working copy for https://github.com/googleapis/swift-google-auth
Working copy of https://github.com/googleapis/swift-google-auth resolved at 0.5.0
Creating working copy for https://github.com/apple/swift-algorithms.git
Working copy of https://github.com/apple/swift-algorithms.git resolved at 1.2.1
Creating working copy for https://github.com/apple/swift-asn1.git
Working copy of https://github.com/apple/swift-asn1.git resolved at 1.7.3
Creating working copy for https://github.com/apple/swift-nio-http2.git
Working copy of https://github.com/apple/swift-nio-http2.git resolved at 1.46.0
Creating working copy for https://github.com/apple/swift-async-algorithms.git
Working copy of https://github.com/apple/swift-async-algorithms.git resolved at 1.1.7
Creating working copy for https://github.com/apple/swift-nio-transport-services.git
Working copy of https://github.com/apple/swift-nio-transport-services.git resolved at 1.28.0
Creating working copy for https://github.com/apple/swift-nio
Working copy of https://github.com/apple/swift-nio resolved at 2.104.0
Creating working copy for https://github.com/apple/swift-distributed-tracing.git
Working copy of https://github.com/apple/swift-distributed-tracing.git resolved at 1.5.0
Creating working copy for https://github.com/apple/swift-nio-ssl.git
Working copy of https://github.com/apple/swift-nio-ssl.git resolved at 2.37.5
Creating working copy for https://github.com/swift-server/async-http-client.git
Working copy of https://github.com/swift-server/async-http-client.git resolved at 1.36.2
Creating working copy for https://github.com/apple/swift-http-types.git
Working copy of https://github.com/apple/swift-http-types.git resolved at 1.8.0
Building for debugging...
[0/908] Write sources
[46/908] Compiling _NumericsShims _NumericsShims.c
[47/908] Compiling _AtomicsShims.c
[48/908] Compiling SimpleFIPS202.c
[49/908] Compiling CXKCPShims shims.c
[50/908] Compiling CNIOWindows shim.c
[51/908] Compiling KeccakSponge.c
[52/908] Compiling KeccakHash.c
[53/908] Compiling CNIOWindows WSAStartup.c
[54/908] Write swift-version--11D90AFD9DD3AB2.txt
[55/908] Compiling CNIOWASI CNIOWASI.c
[56/908] Compiling CNIOOpenBSD shim.c
[57/908] Compiling CNIOPosix event_loop_id.c
[57/908] Compiling CSystem shims.c
[59/908] Compiling CNIOLinux liburing_shims.c
[60/961] Compiling CNIOLinux shim.c
[61/970] Compiling CNIOLLHTTP c_nio_llhttp.c
[63/973] Emitting module _NIOBase64
[64/984] Emitting module ServiceContextModule
[64/984] Compiling KeccakP-1600-opt64.c
[66/995] Emitting module Logging
[67/996] Compiling SystemPackage IOCompletion.swift
[68/996] Compiling SystemPackage IORequest.swift
[69/996] Compiling SystemPackage IORing+Util.swift
[70/996] Compiling SystemPackage IORing.swift
[71/996] Compiling SystemPackage RawIORequest.swift
[72/1001] Emitting module SwiftASN1
[73/1003] Compiling _NIODataStructures Heap.swift
[74/1003] Compiling SystemPackage FileOperations.swift
[75/1003] Compiling SystemPackage FilePath.swift
[76/1003] Compiling RealModule Float16+Real.swift
[77/1004] Compiling Logging LogEvent.swift
[78/1004] Compiling Logging LogHandler.swift
[79/1004] Compiling RealModule Float80+Real.swift
[80/1004] Compiling SystemPackage FilePathTempPosix.swift
[81/1004] Compiling SystemPackage FilePathTempWindows.swift
[82/1004] Compiling ServiceContextModule ServiceContextKey.swift
[83/1004] Compiling SystemPackage FilePathWindows.swift
[84/1004] Compiling SystemPackage FilePermissions.swift
[85/1004] Compiling SystemPackage Errno.swift
[86/1004] Compiling SystemPackage ErrnoWindows.swift
[87/1004] Compiling RealModule RelaxedArithmetic.swift
[88/1004] Compiling Logging MultiplexLogHandler.swift
[89/1004] Compiling Logging StreamLogHandler.swift
[90/1004] Compiling Logging SwiftLogNoOpLogHandler.swift
[91/1004] Emitting module RealModule
[93/1004] Compiling Logging Locks.swift
[94/1004] Compiling RealModule RealFunctions.swift
[95/1004] Compiling RealModule Real.swift
[98/1004] Emitting module _NIODataStructures
[99/1004] Compiling _NIODataStructures PriorityQueue.swift
[103/1005] Compiling ServiceContextModule ServiceContext.swift
[104/1006] Compiling _NIOBase64 Base64.swift
[105/1006] Compiling Logging Logger+Attributes.swift
[113/1007] Compiling Logging LoggingSystem.swift
[114/1007] Compiling Logging Logger+With.swift
[115/1007] Compiling Logging Logger.swift
[119/1011] Compiling _CertificateInternals _TinyArray.swift
[120/1012] Emitting module _CertificateInternals
[121/1014] Compiling _NIODataStructures _TinyArray.swift
[123/1023] Wrapping AST for _NIOBase64 for debugging
[125/1048] Compiling Instrumentation NoOpInstrument.swift
[125/1048] Wrapping AST for _NIODataStructures for debugging
[126/1048] Wrapping AST for _CertificateInternals for debugging
[127/1048] Wrapping AST for ServiceContextModule for debugging
[128/1048] Wrapping AST for RealModule for debugging
[130/1048] Compiling InternalCollectionsUtilities UnsafeMutablePointer+Extras.swift
[131/1048] Compiling InternalCollectionsUtilities UnsafeMutableRawBufferPointer+Extras.swift
[132/1048] Compiling InternalCollectionsUtilities UnsafePointer+Extras.swift
[132/1048] Compiling CNIOLLHTTP c_nio_http.c
[133/1051] Compiling CNIOFreeBSD shim.c
[135/1051] Compiling Instrumentation Instrument.swift
[135/1051] Compiling CNIOExtrasZlib zutil.c
[136/1051] Compiling CNIOLLHTTP c_nio_api.c
[138/1051] Compiling InternalCollectionsUtilities UnsafeRawBufferPointer+Extras.swift
[139/1051] Compiling InternalCollectionsUtilities _SortedCollection.swift
[140/1051] Compiling InternalCollectionsUtilities _UniqueCollection.swift
[140/1051] Compiling CNIOExtrasZlib inftrees.c
[141/1051] Compiling CNIOExtrasZlib trees.c
[142/1051] Compiling CNIOExtrasZlib inffast.c
[143/1051] Compiling CNIOExtrasZlib inflate.c
[145/1051] Compiling InternalCollectionsUtilities BorrowingIteratorProtocol+Equality.swift
[146/1051] Compiling InternalCollectionsUtilities BorrowingIteratorProtocol+Extras.swift
[147/1051] Compiling InternalCollectionsUtilities Debugging.swift
[148/1051] Compiling InternalCollectionsUtilities Descriptions.swift
[149/1051] Compiling InternalCollectionsUtilities Iterable+CopyContents.swift
[150/1051] Compiling InternalCollectionsUtilities Iterable+Equality.swift
[151/1051] Compiling InternalCollectionsUtilities LifetimeOverride.swift
[152/1051] Compiling InternalCollectionsUtilities MutableRef.swift
[152/1051] Compiling CNIOExtrasZlib crc32.c
[153/1051] Compiling CNIOExtrasZlib adler32.c
[154/1051] Compiling CNIODarwin shim.c
[155/1051] Compiling CNIOExtrasZlib deflate.c
[157/1051] Compiling InternalCollectionsUtilities FixedWidthInteger+roundUpToPowerOfTwo.swift
[158/1051] Compiling InternalCollectionsUtilities Integer rank.swift
[159/1051] Compiling InternalCollectionsUtilities UInt+first and last set bit.swift
[160/1051] Compiling InternalCollectionsUtilities UInt+reversed.swift
[160/1051] Compiling fiat_p256_adx_sqr.S
[161/1051] Compiling fiat_p256_adx_mul.S
[163/1051] Compiling InternalCollectionsUtilities _UnsafeBitSet+_Word.swift
[164/1051] Compiling InternalCollectionsUtilities _UnsafeBitSet.swift
[164/1051] Compiling fiat_curve25519_adx_square.S
[165/1051] Compiling fiat_curve25519_adx_mul.S
[167/1051] Compiling SystemPackage SystemString.swift
[168/1051] Compiling SystemPackage Util+StringArray.swift
[169/1051] Compiling SystemPackage Util.swift
[170/1051] Compiling SystemPackage UtilConsumers.swift
[171/1051] Compiling SystemPackage WinSDK+Overlay.swift
[171/1051] Compiling CNIOBoringSSLShims shims.c
[173/1051] Emitting module InternalCollectionsUtilities
[174/1051] Compiling Logging MetadataProvider.swift
[175/1051] Compiling SystemPackage Backcompat.swift
[176/1051] Compiling SystemPackage CInterop.swift
[177/1051] Compiling SystemPackage Constants.swift
[178/1051] Compiling SystemPackage Exports.swift
[179/1051] Compiling SystemPackage Mocking.swift
[184/1051] Compiling SystemPackage PlatformString.swift
[185/1051] Compiling InternalCollectionsUtilities OutputSpan+Extras.swift
[186/1051] Compiling InternalCollectionsUtilities RandomAccessCollection+Offsets.swift
[187/1051] Compiling InternalCollectionsUtilities Span+Extras.swift
[201/1051] Compiling InternalCollectionsUtilities Strideable+LimitHelpers.swift
[202/1051] Compiling InternalCollectionsUtilities String+Padding.swift
[203/1051] Compiling InternalCollectionsUtilities TemporaryAllocation.swift
[204/1051] Compiling InternalCollectionsUtilities _UnsafeBitSet+Index.swift
[205/1051] Emitting module SystemPackage
[212/1052] Compiling InternalCollectionsUtilities UnsafeBufferPointer+Extras.swift
[213/1052] Compiling InternalCollectionsUtilities UnsafeMutableBufferPointer+Extras.swift
[214/1052] Compiling InternalCollectionsUtilities MutableSpan+Extras.swift
[221/1054] Compiling Instrumentation MultiplexInstrument.swift
[222/1054] Compiling Instrumentation InstrumentationSystem.swift
[223/1054] Emitting module Instrumentation
[224/1054] Compiling Instrumentation Locks.swift
[224/1055] Wrapping AST for Logging for debugging
[226/1055] Wrapping AST for SystemPackage for debugging
[229/1059] Wrapping AST for InternalCollectionsUtilities for debugging
[231/1065] Compiling SpanPreview OutputSpan+InputSpanHelpers.swift
[233/1068] Compiling SpanPreview MutableSpan+InputSpanHelpers.swift
[234/1068] Compiling SpanPreview InputSpan.swift
[235/1068] Emitting module SpanPreview
[236/1069] Wrapping AST for Instrumentation for debugging
[237/1069] Wrapping AST for SwiftASN1 for debugging
[238/1090] Wrapping AST for SpanPreview for debugging
[240/1111] Compiling Tracing TracingTime.swift
[241/1112] Compiling Tracing TracerProtocol.swift
[242/1112] Compiling Tracing Tracer.swift
[243/1112] Compiling Tracing WithTracer.swift
[244/1112] Compiling Tracing TracerProtocol+Legacy.swift
[245/1112] Compiling DequeModule UniqueDeque+Initializers.swift
[246/1112] Compiling DequeModule UniqueDeque+Insertions.swift
[247/1112] Compiling DequeModule UniqueDeque+Iterable.swift
[248/1112] Compiling DequeModule UniqueDeque+Prepend.swift
[249/1112] Compiling DequeModule UniqueDeque+Removals.swift
[250/1112] Compiling DequeModule UniqueDeque+Consumption.swift
[251/1112] Compiling DequeModule UniqueDeque+ContainerOperations.swift
[252/1112] Compiling DequeModule UniqueDeque+Deprecations.swift
[253/1112] Compiling DequeModule UniqueDeque+Descriptions.swift
[254/1112] Compiling DequeModule UniqueDeque+Equatable.swift
[255/1112] Compiling DequeModule UniqueDeque+Hashable.swift
[255/1117] Compiling tls_record.cc
[256/1117] Compiling tls_method.cc
[258/1117] Compiling Tracing NoOpTracer.swift
[259/1117] Emitting module Tracing
[260/1117] Compiling Tracing InstrumentationSystem+Tracing.swift
[261/1117] Compiling Tracing SpanProtocol.swift
[263/1118] Compiling DequeModule RigidDeque+Descriptions.swift
[264/1118] Compiling DequeModule RigidDeque+Equatable.swift
[265/1118] Compiling DequeModule RigidDeque+Hashable.swift
[266/1118] Compiling DequeModule RigidDeque+Initializers.swift
[267/1118] Compiling DequeModule RigidDeque+Insertions.swift
[268/1118] Compiling DequeModule RigidDeque+Iterable.swift
[269/1118] Compiling DequeModule RigidDeque+Prepend.swift
[270/1118] Compiling DequeModule RigidDeque+Removals.swift
[271/1118] Compiling DequeModule RigidDeque+Replacements.swift
[272/1118] Compiling DequeModule RigidDeque+Testing.swift
[273/1118] Compiling DequeModule RigidDeque.swift
[274/1118] Compiling DequeModule UniqueDeque+Append.swift
[274/1118] Compiling tls13_enc.cc
[276/1118] Compiling DequeModule _DequeBuffer.swift
[277/1118] Compiling DequeModule _DequeBufferHeader.swift
[278/1118] Compiling DequeModule RigidDeque+Append.swift
[279/1118] Compiling DequeModule RigidDeque+Consumption.swift
[280/1118] Compiling DequeModule RigidDeque+ContainerOperations.swift
[281/1118] Compiling DequeModule RigidDeque+Deprecations.swift
[282/1118] Compiling DequeModule Deque+Codable.swift
[283/1118] Compiling DequeModule Deque+Collection.swift
[284/1118] Compiling DequeModule Deque+CustomReflectable.swift
[285/1118] Compiling DequeModule Deque+Descriptions.swift
[286/1118] Compiling DequeModule Deque+Equatable.swift
[287/1118] Compiling DequeModule Deque+ExpressibleByArrayLiteral.swift
[288/1118] Compiling DequeModule Deque+Extras.swift
[289/1118] Compiling DequeModule Deque+Hashable.swift
[290/1118] Compiling DequeModule Deque+Testing.swift
[291/1118] Compiling DequeModule Deque._Storage.swift
[292/1118] Compiling DequeModule Deque._UnsafeHandle.swift
[293/1118] Compiling DequeModule Deque.swift
[293/1118] Wrapping AST for Tracing for debugging
[294/1118] Compiling tls13_server.cc
[295/1118] Compiling tls13_client.cc
[296/1118] Compiling tls13_both.cc
[297/1118] Compiling t1_enc.cc
[298/1118] Compiling ssl_x509.cc
[300/1118] Compiling DequeModule UniqueDeque+Replacements.swift
[301/1118] Compiling DequeModule UniqueDeque.swift
[302/1118] Compiling DequeModule _DequeSlot.swift
[303/1118] Compiling DequeModule _UnsafeDequeHandle.swift
[304/1118] Compiling DequeModule _UnsafeDequeSegments.swift
[304/1118] Compiling ssl_transcript.cc
[305/1118] Compiling ssl_versions.cc
[306/1118] Compiling ssl_stat.cc
[308/1118] Emitting module DequeModule
[309/1119] Compiling ssl_session.cc
[310/1162] Compiling ssl_privkey.cc
[311/1162] Wrapping AST for DequeModule for debugging
[313/1162] Compiling Configuration JSONSnapshot.swift
[314/1162] Compiling Configuration PropertyListSnapshot.swift
[315/1162] Compiling Configuration ReloadingFileProvider.swift
[316/1162] Compiling Configuration ReloadingFileProviderMetrics.swift
[317/1162] Compiling Configuration YAMLSnapshot.swift
[318/1162] Compiling Configuration InMemoryProvider.swift
[318/1167] Compiling ssl_key_share.cc
[319/1167] Compiling ssl_credential.cc
[320/1167] Compiling ssl_file.cc
[321/1167] Compiling ssl_lib.cc
[323/1167] Emitting module ExtrasBase64
[324/1167] Compiling ExtrasBase64 Base64.swift
[325/1167] Compiling ExtrasBase64 Base64+Span.swift
[326/1167] Compiling ExtrasBase64 Base32+Span.swift
[327/1167] Compiling ExtrasBase64 Base32.swift
[328/1199] Compiling ssl_cipher.cc
[329/1199] Wrapping AST for ExtrasBase64 for debugging
[330/1199] Compiling ssl_cert.cc
[331/1199] Compiling ssl_aead_ctx.cc
[332/1199] Compiling ssl_buffer.cc
[333/1199] Compiling s3_both.cc
[334/1199] Compiling s3_pkt.cc
[336/1199] Emitting module GoogleWKT
[336/1203] Compiling ssl_asn1.cc
[338/1203] Compiling GoogleWKT WKTStringValue.swift
[339/1203] Compiling GoogleWKT WKTTimestamp.swift
[340/1203] Compiling GoogleWKT WKTUInt32Value.swift
[341/1203] Compiling GoogleWKT WKTUInt64Value.swift
[342/1203] Compiling GoogleWKT WKTDoubleValue.swift
[343/1203] Compiling GoogleWKT WKTDuration.swift
[344/1203] Compiling GoogleWKT WKTEmpty.swift
[345/1203] Compiling GoogleWKT WKTFieldMask.swift
[346/1203] Compiling GoogleWKT WKTFloatValue.swift
[347/1203] Compiling GoogleWKT WKTInt32Value.swift
[348/1203] Compiling GoogleWKT WKTInt64Value.swift
[349/1203] Compiling GoogleWKT WKTRecursive.swift
[350/1203] Compiling GoogleWKT WKTSourceContext.swift
[351/1203] Compiling GoogleWKT WKTSyntax.swift
[352/1203] Compiling GoogleWKT WKTType.swift
[353/1203] Compiling GoogleWKT PackageVersion.swift
[353/1203] Compiling s3_lib.cc
[355/1203] Compiling GoogleWKT WKTField.swift
[356/1203] Compiling GoogleWKT WKTMethod.swift
[357/1203] Compiling GoogleWKT WKTMixin.swift
[358/1203] Compiling GoogleWKT WKTOption.swift
[359/1203] Compiling GoogleWKT WKTValue.swift
[360/1203] Compiling GoogleWKT WKTApi.swift
[361/1203] Compiling GoogleWKT WKTEnum.swift
[362/1203] Compiling GoogleWKT WKTEnumValue.swift
[363/1203] Compiling GoogleWKT AnyPackable.swift
[364/1203] Compiling GoogleWKT DecodeToDefault.swift
[365/1203] Compiling GoogleWKT DiscoveryBase64.swift
[366/1203] Compiling GoogleWKT ProtoJSONDecoder.swift
[367/1203] Compiling GoogleWKT ProtoJSONEncoder.swift
[368/1203] Compiling GoogleWKT UnknownFields.swift
[369/1203] Compiling GoogleWKT WKTAny.swift
[370/1203] Compiling GoogleWKT WKTAnyError.swift
[371/1203] Compiling GoogleWKT WKTBoolValue.swift
[372/1203] Compiling GoogleWKT WKTBytesValue.swift
[380/1219] Compiling GoogleRpc RequestInfo.swift
[381/1219] Compiling GoogleRpc ResourceInfo.swift
[386/1219] Compiling Configuration MutableInMemoryProvider.swift
[387/1219] Compiling Configuration ConfigProvider+Operators.swift
[388/1219] Compiling Configuration KeyMappingProvider.swift
[389/1219] Compiling Configuration SecretsSpecifier.swift
[390/1219] Compiling Configuration AsyncCombineLatestManySequence.swift
[391/1219] Compiling Configuration CombineLatestManyStateMachine.swift
[396/1219] Compiling Configuration FileProvider.swift
[397/1219] Compiling Configuration FileProviderSnapshot.swift
[398/1219] Compiling Configuration CombineLatestManyStorage.swift
[399/1219] Compiling Configuration AsyncSequences.swift
[400/1219] Compiling Configuration FoundationExtensions.swift
[401/1219] Compiling Configuration Span.swift
[402/1219] Compiling Configuration ConfigBytesFromStringDecoder.swift
[402/1219] Compiling handshake_server.cc
[403/1219] Wrapping AST for GoogleWKT for debugging
[405/1219] Compiling GoogleRpc HttpRequest.swift
[406/1219] Compiling GoogleRpc HttpResponse.swift
[406/1221] Compiling handshake_client.cc
[408/1221] Compiling GoogleRpc DebugInfo.swift
[409/1221] Compiling GoogleRpc ErrorInfo.swift
[410/1221] Compiling GoogleRpc Help.swift
[411/1221] Compiling GoogleRpc HttpHeader.swift
[411/1221] Compiling handoff.cc
[413/1221] Emitting module Configuration
[418/1221] Compiling GoogleRpc BadRequest.swift
[419/1221] Compiling GoogleRpc Code.swift
[422/1221] Compiling GoogleRpc LocalizedMessage.swift
[423/1221] Compiling GoogleRpc PackageVersion.swift
[424/1221] Compiling GoogleRpc PreconditionFailure.swift
[425/1221] Compiling GoogleRpc QuotaFailure.swift
[426/1221] Emitting module GoogleRpc
[428/1222] Compiling handshake.cc
[436/1222] Wrapping AST for Configuration for debugging
[438/1222] Compiling GoogleRpc RetryInfo.swift
[439/1222] Compiling GoogleRpc Status.swift
[440/1223] Compiling extensions.cc
[441/1223] Wrapping AST for GoogleRpc for debugging
[442/1223] Compiling encrypted_client_hello.cc
[443/1223] Compiling md5-x86_64-linux.S
[444/1223] Compiling md5-x86_64-apple.S
[445/1223] Compiling md5-586-linux.S
[446/1223] Compiling md5-586-apple.S
[447/1223] Compiling dtls_method.cc
[448/1223] Compiling chacha20_poly1305_x86_64-linux.S
[449/1223] Compiling d1_srtp.cc
[450/1223] Compiling dtls_record.cc
[451/1223] Compiling chacha20_poly1305_x86_64-apple.S
[452/1223] Compiling chacha20_poly1305_armv8-win.S
[453/1223] Compiling chacha20_poly1305_armv8-apple.S
[454/1223] Compiling chacha-x86_64-apple.S
[455/1223] Compiling chacha-x86_64-linux.S
[456/1223] Compiling chacha20_poly1305_armv8-linux.S
[457/1223] Compiling err_data.cc
[458/1223] Compiling chacha-x86-linux.S
[459/1223] Compiling chacha-x86-apple.S
[460/1223] Compiling chacha-armv8-win.S
[461/1223] Compiling chacha-armv8-apple.S
[462/1223] Compiling chacha-armv4-linux.S
[463/1223] Compiling chacha-armv8-linux.S
[464/1223] Compiling aes128gcmsiv-x86_64-linux.S
[465/1223] Compiling d1_pkt.cc
[466/1223] Compiling x86_64-mont5-linux.S
[467/1223] Compiling aes128gcmsiv-x86_64-apple.S
[468/1223] Compiling x86_64-mont-linux.S
[469/1223] Compiling x86_64-mont5-apple.S
[470/1223] Compiling x86-mont-apple.S
[471/1223] Compiling x86-mont-linux.S
[472/1223] Compiling vpaes-x86_64-apple.S
[473/1223] Compiling x86_64-mont-apple.S
[474/1223] Compiling vpaes-x86_64-linux.S
[475/1223] Compiling vpaes-x86-linux.S
[476/1223] Compiling d1_lib.cc
[477/1223] Compiling vpaes-x86-apple.S
[478/1223] Compiling vpaes-armv8-win.S
[479/1223] Compiling vpaes-armv8-linux.S
[480/1223] Compiling sha512-x86_64-linux.S
[481/1223] Compiling vpaes-armv8-apple.S
[482/1223] Compiling sha512-x86_64-apple.S
[482/1223] Compiling sha512-armv8-win.S
[484/1223] Compiling vpaes-armv7-linux.S
[485/1223] Compiling bio_ssl.cc
[486/1223] Compiling sha512-armv4-linux.S
[487/1223] Compiling sha512-armv8-apple.S
[488/1223] Compiling sha256-x86_64-linux.S
[489/1223] Compiling sha512-586-linux.S
[490/1223] Compiling sha512-armv8-linux.S
[491/1223] Compiling sha512-586-apple.S
[492/1223] Compiling sha256-x86_64-apple.S
[493/1223] Compiling sha256-armv8-win.S
[494/1223] Compiling sha256-armv4-linux.S
[495/1223] Compiling sha256-armv8-apple.S
[496/1223] Compiling sha256-586-linux.S
[497/1223] Compiling sha256-armv8-linux.S
[498/1223] Compiling sha1-x86_64-linux.S
[499/1223] Compiling sha256-586-apple.S
[500/1223] Compiling sha1-armv8-win.S
[501/1223] Compiling sha1-x86_64-apple.S
[502/1223] Compiling sha1-armv8-apple.S
[502/1223] Compiling sha1-armv4-large-linux.S
[504/1223] Compiling sha1-586-apple.S
[504/1223] Compiling sha1-586-linux.S
[506/1223] Compiling sha1-armv8-linux.S
[507/1223] Compiling rsaz-avx2-linux.S
[508/1223] Compiling rsaz-avx2-apple.S
[508/1223] Compiling rdrand-x86_64-linux.S
[510/1223] Compiling p256_beeu-x86_64-asm-linux.S
[511/1223] Compiling p256_beeu-x86_64-asm-apple.S
[512/1223] Compiling d1_both.cc
[513/1223] Compiling rdrand-x86_64-apple.S
[514/1223] Compiling p256_beeu-armv8-asm-win.S
[515/1223] Compiling p256_beeu-armv8-asm-linux.S
[516/1223] Compiling p256-x86_64-asm-apple.S
[517/1223] Compiling p256-x86_64-asm-linux.S
[518/1223] Compiling p256_beeu-armv8-asm-apple.S
[519/1223] Compiling p256-armv8-asm-win.S
[520/1223] Compiling ghashv8-armv7-linux.S
[521/1223] Compiling p256-armv8-asm-apple.S
[522/1223] Compiling ghashv8-armv8-win.S
[523/1223] Compiling ghash-x86_64-linux.S
[523/1223] Compiling p256-armv8-asm-linux.S
[525/1223] Compiling ghashv8-armv8-linux.S
[526/1223] Compiling ghashv8-armv8-apple.S
[527/1223] Compiling ghash-x86_64-apple.S
[528/1223] Compiling ghash-x86-linux.S
[529/1223] Compiling ghash-x86-apple.S
[530/1223] Compiling ghash-ssse3-x86-apple.S
[531/1223] Compiling ghash-ssse3-x86_64-apple.S
[532/1223] Compiling ghash-ssse3-x86_64-linux.S
[533/1223] Compiling ghash-ssse3-x86-linux.S
[534/1223] Compiling ghash-neon-armv8-linux.S
[535/1223] Compiling ghash-neon-armv8-win.S
[536/1223] Compiling ghash-neon-armv8-apple.S
[536/1223] Compiling ghash-armv4-linux.S
[538/1223] Compiling bsaes-armv7-linux.S
[539/1223] Compiling co-586-apple.S
[540/1223] Compiling co-586-linux.S
[540/1223] Compiling bn-armv8-linux.S
[542/1223] Compiling bn-armv8-apple.S
[543/1223] Compiling bn-armv8-win.S
[544/1223] Compiling bn-586-apple.S
[545/1223] Compiling bn-586-linux.S
[546/1223] Compiling armv8-mont-win.S
[546/1223] Compiling armv4-mont-linux.S
[548/1223] Compiling armv8-mont-apple.S
[549/1223] Compiling aesv8-gcm-armv8-win.S
[550/1223] Compiling armv8-mont-linux.S
[551/1223] Compiling aesv8-armv8-win.S
[552/1223] Compiling aesni-x86_64-linux.S
[553/1223] Compiling aesv8-gcm-armv8-linux.S
[554/1223] Compiling aesv8-gcm-armv8-apple.S
[555/1223] Compiling aesv8-armv8-apple.S
[556/1223] Compiling aesni-x86_64-apple.S
[557/1223] Compiling aesv8-armv7-linux.S
[558/1223] Compiling aesni-x86-apple.S
[559/1223] Compiling aesni-x86-linux.S
[560/1223] Compiling aesv8-armv8-linux.S
[561/1223] Compiling aesni-gcm-x86_64-linux.S
[562/1223] Compiling aesni-gcm-x86_64-apple.S
[563/1223] Compiling aes-gcm-avx2-x86_64-apple.S
[564/1223] Compiling aes-gcm-avx2-x86_64-linux.S
[565/1223] Compiling aes-gcm-avx10-x86_64-linux.S
[566/1223] Compiling aes-gcm-avx10-x86_64-apple.S
[567/1223] Compiling x_x509a.cc
[568/1223] Compiling x_req.cc
[569/1223] Compiling x_spki.cc
[570/1223] Compiling x_val.cc
[571/1223] Compiling x_x509.cc
[572/1223] Compiling x_sig.cc
[573/1223] Compiling x_pubkey.cc
[574/1223] Compiling x_name.cc
[575/1223] Compiling x_exten.cc
[576/1223] Compiling x_crl.cc
[577/1223] Compiling x_algor.cc
[578/1223] Compiling x_attrib.cc
[579/1223] Compiling x509spki.cc
[580/1223] Compiling x509rset.cc
[581/1223] Compiling x509name.cc
[582/1223] Compiling x_all.cc
[583/1223] Compiling x509cset.cc
[584/1223] Compiling x509_vpm.cc
[585/1223] Compiling x509_txt.cc
[586/1223] Compiling x509_v3.cc
[587/1223] Compiling x509_trs.cc
[588/1223] Compiling x509_set.cc
[589/1223] Compiling x509_req.cc
[590/1223] Compiling x509_vfy.cc
[591/1223] Compiling x509_obj.cc
[592/1223] Compiling x509_def.cc
[593/1223] Compiling x509_ext.cc
[594/1223] Compiling x509_lu.cc
[595/1223] Compiling x509_d2.cc
[596/1223] Compiling x509_cmp.cc
[597/1223] Compiling x509.cc
[598/1223] Compiling x509_att.cc
[599/1223] Compiling v3_utl.cc
[600/1223] Compiling v3_skey.cc
[601/1223] Compiling v3_purp.cc
[602/1223] Compiling v3_prn.cc
[603/1223] Compiling v3_ocsp.cc
[604/1223] Compiling v3_pcons.cc
[605/1223] Compiling v3_ncons.cc
[606/1223] Compiling v3_pmaps.cc
[607/1223] Compiling v3_info.cc
[608/1223] Compiling v3_genn.cc
[609/1223] Compiling v3_enum.cc
[610/1223] Compiling v3_int.cc
[611/1223] Compiling v3_ia5.cc
[612/1223] Compiling v3_lib.cc
[613/1223] Compiling v3_extku.cc
[614/1223] Compiling v3_crld.cc
[615/1223] Compiling v3_cpols.cc
[616/1223] Compiling v3_conf.cc
[617/1223] Compiling v3_alt.cc
[618/1223] Compiling v3_bcons.cc
[619/1223] Compiling v3_bitst.cc
[620/1223] Compiling v3_akeya.cc
[621/1223] Compiling v3_akey.cc
[622/1223] Compiling t_x509a.cc
[623/1223] Compiling i2d_pr.cc
[624/1223] Compiling t_x509.cc
[625/1223] Compiling t_crl.cc
[626/1223] Compiling t_req.cc
[627/1223] Compiling rsa_pss.cc
[628/1223] Compiling name_print.cc
[629/1223] Compiling policy.cc
[630/1223] Compiling by_file.cc
[631/1223] Compiling asn1_gen.cc
[632/1223] Compiling by_dir.cc
[633/1223] Compiling algorithm.cc
[634/1223] Compiling a_verify.cc
[635/1223] Compiling a_sign.cc
[636/1223] Compiling a_digest.cc
[637/1223] Compiling voprf.cc
[638/1223] Compiling trust_token.cc
[639/1223] Compiling thread_win.cc
[640/1223] Compiling thread_pthread.cc
[641/1223] Compiling thread_none.cc
[642/1223] Compiling thread.cc
[643/1223] Compiling pmbtoken.cc
[644/1223] Compiling stack.cc
[645/1223] Compiling siphash.cc
[646/1223] Compiling sha512.cc
[647/1223] Compiling spake2plus.cc
[648/1223] Compiling sha1.cc
[649/1223] Compiling slhdsa.cc
[650/1223] Compiling sha256.cc
[651/1223] Compiling rsa_print.cc
[652/1223] Compiling rsa_extra.cc
[653/1223] Compiling rsa_crypt.cc
[654/1223] Compiling windows.cc
[655/1223] Compiling refcount.cc
[656/1223] Compiling rc4.cc
[657/1223] Compiling urandom.cc
[658/1223] Compiling trusty.cc
[659/1223] Compiling rand.cc
[660/1223] Compiling rsa_asn1.cc
[661/1223] Compiling getentropy.cc
[662/1223] Compiling passive.cc
[663/1223] Compiling poly1305_arm_asm.S
[664/1223] Compiling ios.cc
[665/1223] Compiling deterministic.cc
[666/1223] Compiling fork_detect.cc
[667/1223] Compiling forkunsafe.cc
[668/1223] Compiling poly1305_vec.cc
[669/1223] Compiling poly1305_arm.cc
[670/1223] Compiling pool.cc
[671/1223] Compiling poly1305.cc
[672/1223] Compiling pkcs7.cc
[673/1223] Compiling pkcs8_x509.cc
[674/1223] Compiling pkcs8.cc
[675/1223] Compiling p5_pbev2.cc
[676/1223] Compiling pkcs7_x509.cc
[677/1223] Compiling pem_xaux.cc
[678/1223] Compiling pem_x509.cc
[679/1223] Compiling pem_pkey.cc
[680/1223] Compiling mlkem.cc
[681/1223] Compiling pem_pk8.cc
[682/1223] Compiling pem_info.cc
[683/1223] Compiling obj_xref.cc
[684/1223] Compiling pem_oth.cc
[685/1223] Compiling pem_all.cc
[686/1223] Compiling obj.cc
[687/1223] Compiling pem_lib.cc
[688/1223] Compiling poly_rq_mul.S
[689/1223] Compiling mldsa.cc
[690/1223] Compiling fips_shared_support.cc
[691/1223] Compiling mem.cc
[692/1223] Compiling md5.cc
[693/1223] Compiling md4.cc
[694/1223] Compiling lhash.cc
[695/1223] Compiling kyber.cc
[696/1223] Compiling ex_data.cc
[697/1223] Compiling sign.cc
[698/1223] Compiling scrypt.cc
[699/1223] Compiling hpke.cc
[700/1223] Compiling print.cc
[701/1223] Compiling hrss.cc
[702/1223] Compiling pbkdf.cc
[703/1223] Compiling p_x25519.cc
[704/1223] Compiling p_x25519_asn1.cc
[705/1223] Compiling p_rsa.cc
[706/1223] Compiling p_rsa_asn1.cc
[707/1223] Compiling p_hkdf.cc
[708/1223] Compiling p_ed25519_asn1.cc
[709/1223] Compiling p_ed25519.cc
[710/1223] Compiling p_ec_asn1.cc
[711/1223] Compiling p_ec.cc
[712/1223] Compiling p_dh_asn1.cc
[713/1223] Compiling p_dh.cc
[714/1223] Compiling evp_ctx.cc
[715/1223] Compiling p_dsa_asn1.cc
[716/1223] Compiling evp.cc
[717/1223] Compiling err.cc
[718/1223] Compiling engine.cc
[719/1223] Compiling evp_asn1.cc
[720/1223] Compiling ecdh.cc
[721/1223] Compiling hash_to_curve.cc
[722/1223] Compiling ecdsa_asn1.cc
[723/1223] Compiling ec_derive.cc
[724/1223] Compiling dsa.cc
[725/1223] Compiling dsa_asn1.cc
[726/1223] Compiling ec_asn1.cc
[727/1223] Compiling params.cc
[728/1223] Compiling x25519-asm-arm.S
[729/1223] Compiling bcm.cc
[730/1223] Compiling digest_extra.cc
[731/1223] Compiling des.cc
[732/1223] Compiling dh_asn1.cc
[733/1223] Compiling curve25519_64_adx.cc
[734/1223] Compiling spake25519.cc
[735/1223] Compiling crypto.cc
[736/1223] Compiling cpu_intel.cc
[737/1223] Compiling cpu_arm_linux.cc
[738/1223] Compiling curve25519.cc
[739/1223] Compiling cpu_arm_freebsd.cc
[740/1223] Compiling cpu_aarch64_win.cc
[741/1223] Compiling cpu_aarch64_sysreg.cc
[742/1223] Compiling cpu_aarch64_openbsd.cc
[743/1223] Compiling cpu_aarch64_linux.cc
[744/1223] Compiling cpu_aarch64_fuchsia.cc
[745/1223] Compiling cpu_aarch64_apple.cc
[746/1223] Compiling get_cipher.cc
[747/1223] Compiling conf.cc
[748/1223] Compiling tls_cbc.cc
[749/1223] Compiling e_tls.cc
[750/1223] Compiling e_rc4.cc
[751/1223] Compiling e_rc2.cc
[752/1223] Compiling e_null.cc
[753/1223] Compiling e_des.cc
[754/1223] Compiling e_chacha20poly1305.cc
[755/1223] Compiling e_aesctrhmac.cc
[756/1223] Compiling e_aesgcmsiv.cc
[757/1223] Compiling derive_key.cc
[758/1223] Compiling chacha.cc
[759/1223] Compiling unicode.cc
[760/1223] Compiling buf.cc
[761/1223] Compiling cbb.cc
[762/1223] Compiling cbs.cc
[763/1223] Compiling ber.cc
[764/1223] Compiling asn1_compat.cc
[765/1223] Compiling convert.cc
[766/1223] Compiling blake2.cc
[767/1223] Compiling bn_asn1.cc
[768/1223] Compiling socket_helper.cc
[769/1223] Compiling socket.cc
[770/1223] Compiling printf.cc
[771/1223] Compiling pair.cc
[772/1223] Compiling hexdump.cc
[773/1223] Compiling file.cc
[774/1223] Compiling errno.cc
[775/1223] Compiling fd.cc
[776/1223] Compiling connect.cc
[777/1223] Compiling bio_mem.cc
[778/1223] Compiling base64.cc
[779/1223] Compiling bio.cc
[780/1223] Compiling tasn_utl.cc
[781/1223] Compiling tasn_fre.cc
[781/1223] Compiling tasn_typ.cc
[783/1223] Compiling tasn_enc.cc
[784/1223] Compiling posix_time.cc
[785/1223] Compiling tasn_new.cc
[786/1223] Compiling f_string.cc
[787/1223] Compiling tasn_dec.cc
[788/1223] Compiling f_int.cc
[789/1223] Compiling asn_pack.cc
[790/1223] Compiling asn1_par.cc
[791/1223] Compiling asn1_lib.cc
[792/1223] Compiling a_utctm.cc
[793/1223] Compiling a_type.cc
[794/1223] Compiling a_time.cc
[795/1223] Compiling a_octet.cc
[796/1223] Compiling a_strnid.cc
[797/1223] Compiling a_object.cc
[798/1223] Compiling a_strex.cc
[799/1223] Compiling a_i2d_fp.cc
[800/1223] Compiling a_dup.cc
[801/1223] Compiling a_mbstr.cc
[802/1223] Compiling CGoogleGaxCRC32C CGoogleGaxCRC32C.c
[803/1223] Compiling a_gentm.cc
[804/1223] Compiling a_d2i_fp.cc
[805/1223] Compiling a_int.cc
[806/1223] Compiling fiat_p256_adx_sqr.S
[807/1223] Compiling fiat_curve25519_adx_square.S
[808/1223] Compiling fiat_p256_adx_mul.S
[809/1223] Compiling a_bitstr.cc
[810/1223] Compiling md5-x86_64-linux.S
[811/1223] Compiling fiat_curve25519_adx_mul.S
[812/1223] Compiling md5-x86_64-apple.S
[813/1223] Compiling md5-586-linux.S
[814/1223] Compiling md5-586-apple.S
[815/1223] Compiling chacha20_poly1305_x86_64-linux.S
[816/1223] Compiling chacha20_poly1305_x86_64-apple.S
[817/1223] Compiling chacha20_poly1305_armv8-win.S
[818/1223] Compiling chacha20_poly1305_armv8-apple.S
[819/1223] Compiling chacha-x86_64-linux.S
[820/1223] Compiling chacha20_poly1305_armv8-linux.S
[821/1223] Compiling a_bool.cc
[822/1223] Compiling CCryptoBoringSSLShims shims.c
[822/1223] Compiling chacha-x86_64-apple.S
[824/1223] Compiling chacha-x86-linux.S
[825/1223] Compiling chacha-x86-apple.S
[825/1223] Compiling chacha-armv8-win.S
[827/1223] Compiling chacha-armv8-apple.S
[828/1223] Compiling aes128gcmsiv-x86_64-linux.S
[829/1223] Compiling chacha-armv4-linux.S
[830/1223] Compiling chacha-armv8-linux.S
[831/1223] Compiling aes128gcmsiv-x86_64-apple.S
[832/1223] Compiling x86_64-mont5-linux.S
[833/1223] Compiling x86_64-mont5-apple.S
[834/1223] Compiling x86_64-mont-apple.S
[835/1223] Compiling x86_64-mont-linux.S
[836/1223] Compiling x86-mont-linux.S
[837/1223] Compiling x86-mont-apple.S
[838/1223] Compiling vpaes-x86_64-linux.S
[839/1223] Compiling vpaes-x86_64-apple.S
[840/1223] Compiling vpaes-x86-linux.S
[841/1223] Compiling vpaes-x86-apple.S
[842/1223] Compiling vpaes-armv8-win.S
[843/1223] Compiling vpaes-armv8-apple.S
[844/1223] Compiling vpaes-armv8-linux.S
[845/1223] Compiling vpaes-armv7-linux.S
[846/1223] Compiling sha512-x86_64-linux.S
[847/1223] Compiling sha512-x86_64-apple.S
[848/1223] Compiling sha512-armv8-win.S
[849/1223] Compiling sha512-armv4-linux.S
[850/1223] Compiling sha512-armv8-apple.S
[851/1223] Compiling sha512-586-linux.S
[852/1223] Compiling sha512-armv8-linux.S
[853/1223] Compiling sha512-586-apple.S
[854/1223] Compiling err_data.cc
[855/1223] Compiling sha256-x86_64-linux.S
[856/1223] Compiling sha256-x86_64-apple.S
[857/1223] Compiling sha256-armv8-win.S
[858/1223] Compiling sha256-armv8-apple.S
[859/1223] Compiling sha256-armv8-linux.S
[860/1223] Compiling sha256-armv4-linux.S
[861/1223] Compiling sha256-586-apple.S
[862/1223] Compiling sha256-586-linux.S
[863/1223] Compiling sha1-x86_64-linux.S
[864/1223] Compiling sha1-armv8-win.S
[865/1223] Compiling sha1-x86_64-apple.S
[866/1223] Compiling sha1-armv4-large-linux.S
[867/1223] Compiling sha1-armv8-apple.S
[868/1223] Compiling sha1-586-linux.S
[869/1223] Compiling sha1-armv8-linux.S
[870/1223] Compiling rsaz-avx2-linux.S
[870/1223] Compiling sha1-586-apple.S
[872/1223] Compiling rsaz-avx2-apple.S
[873/1223] Compiling rdrand-x86_64-linux.S
[873/1223] Compiling rdrand-x86_64-apple.S
[875/1223] Compiling p256_beeu-x86_64-asm-linux.S
[876/1223] Compiling p256_beeu-x86_64-asm-apple.S
[877/1223] Compiling p256_beeu-armv8-asm-win.S
[878/1223] Compiling p256_beeu-armv8-asm-linux.S
[879/1223] Compiling p256_beeu-armv8-asm-apple.S
[880/1223] Compiling p256-x86_64-asm-linux.S
[881/1223] Compiling p256-x86_64-asm-apple.S
[882/1223] Compiling p256-armv8-asm-win.S
[883/1223] Compiling p256-armv8-asm-apple.S
[884/1223] Compiling p256-armv8-asm-linux.S
[885/1223] Compiling ghashv8-armv8-win.S
[885/1223] Compiling ghashv8-armv8-apple.S
[887/1223] Compiling ghashv8-armv8-linux.S
[888/1223] Compiling ghashv8-armv7-linux.S
[889/1223] Compiling ghash-x86_64-linux.S
[890/1223] Compiling ghash-x86_64-apple.S
[891/1223] Compiling ghash-x86-apple.S
[892/1223] Compiling ghash-x86-linux.S
[893/1223] Compiling ghash-ssse3-x86_64-linux.S
[894/1223] Compiling ghash-ssse3-x86_64-apple.S
[895/1223] Compiling ghash-ssse3-x86-linux.S
[896/1223] Compiling ghash-neon-armv8-win.S
[897/1223] Compiling ghash-neon-armv8-linux.S
[898/1223] Compiling ghash-ssse3-x86-apple.S
[899/1223] Compiling ghash-armv4-linux.S
[900/1223] Compiling ghash-neon-armv8-apple.S
[901/1223] Compiling co-586-linux.S
[902/1223] Compiling bn-armv8-win.S
[903/1223] Compiling co-586-apple.S
[904/1223] Compiling bn-armv8-linux.S
[905/1223] Compiling bn-armv8-apple.S
[905/1223] Compiling bsaes-armv7-linux.S
[907/1223] Compiling bn-586-linux.S
[908/1223] Compiling bn-586-apple.S
[909/1223] Compiling armv8-mont-win.S
[910/1223] Compiling armv4-mont-linux.S
[911/1223] Compiling aesv8-gcm-armv8-win.S
[912/1223] Compiling armv8-mont-apple.S
[913/1223] Compiling armv8-mont-linux.S
[914/1223] Compiling aesv8-armv8-win.S
[915/1223] Compiling aesv8-gcm-armv8-linux.S
[916/1223] Compiling aesv8-gcm-armv8-apple.S
[917/1223] Compiling aesv8-armv8-apple.S
[918/1223] Compiling aesv8-armv7-linux.S
[919/1223] Compiling aesv8-armv8-linux.S
[920/1223] Compiling aesni-x86_64-linux.S
[921/1223] Compiling aesni-x86_64-apple.S
[922/1223] Compiling aesni-x86-linux.S
[923/1223] Compiling aesni-x86-apple.S
[923/1223] Compiling aesni-gcm-x86_64-linux.S
[925/1223] Compiling aesni-gcm-x86_64-apple.S
[926/1223] Compiling aes-gcm-avx512-x86_64-apple.S
[927/1223] Compiling aes-gcm-avx512-x86_64-linux.S
[928/1223] Compiling aes-gcm-avx2-x86_64-linux.S
[929/1223] Compiling aes-gcm-avx2-x86_64-apple.S
[930/1223] Compiling xwing.cc
[931/1223] Compiling x_x509a.cc
[932/1223] Compiling x_req.cc
[933/1223] Compiling x_spki.cc
[934/1223] Compiling x_x509.cc
[935/1223] Compiling x_sig.cc
[936/1223] Compiling c-nioatomics.c
[937/1223] Compiling x_exten.cc
[938/1223] Compiling x_pubkey.cc
[939/1223] Compiling x_name.cc
[940/1223] Compiling x_crl.cc
[941/1223] Compiling x_attrib.cc
[942/1223] Compiling c-atomics.c
[943/1230] Compiling x_all.cc
[945/1230] Compiling NIOConcurrencyHelpers NIOLock.swift
[945/1230] Compiling x_algor.cc
[947/1230] Compiling NIOConcurrencyHelpers atomics.swift
[948/1230] Compiling NIOConcurrencyHelpers NIOLockedValueBox.swift
[949/1230] Compiling NIOConcurrencyHelpers NIOThreadPoolWorkAvailable.swift
[950/1230] Compiling NIOConcurrencyHelpers lock.swift
[951/1230] Emitting module NIOConcurrencyHelpers
[952/1230] Compiling NIOConcurrencyHelpers NIOAtomic.swift
[953/1231] Compiling x509spki.cc
[954/1231] Wrapping AST for NIOConcurrencyHelpers for debugging
[955/1231] Compiling x509name.cc
[956/1231] Compiling x509rset.cc
[957/1231] Compiling x509_vpm.cc
[958/1231] Compiling x509_vfy.cc
[959/1231] Compiling x509cset.cc
[960/1231] Compiling x509_v3.cc
[961/1231] Compiling x509_txt.cc
[962/1231] Compiling x509_trs.cc
[963/1231] Compiling x509_set.cc
[964/1231] Compiling x509_req.cc
[965/1231] Compiling x509_obj.cc
[966/1231] Compiling x509_ext.cc
[967/1231] Compiling x509_lu.cc
[968/1231] Compiling x509_def.cc
[969/1231] Compiling x509_d2.cc
[970/1231] Compiling x509_cmp.cc
[971/1231] Compiling x509_att.cc
[971/1231] Compiling x509.cc
[973/1231] Compiling v3_skey.cc
[974/1231] Compiling v3_utl.cc
[975/1231] Compiling v3_purp.cc
[976/1231] Compiling v3_prn.cc
[977/1231] Compiling v3_pmaps.cc
[978/1231] Compiling v3_pcons.cc
[979/1231] Compiling v3_ocsp.cc
[980/1231] Compiling v3_ncons.cc
[981/1231] Compiling v3_int.cc
[982/1231] Compiling v3_lib.cc
[983/1231] Compiling v3_info.cc
[984/1231] Compiling v3_ia5.cc
[985/1231] Compiling v3_genn.cc
[986/1231] Compiling v3_enum.cc
[987/1231] Compiling v3_extku.cc
[988/1231] Compiling v3_crld.cc
[989/1231] Compiling v3_bitst.cc
[990/1231] Compiling v3_cpols.cc
[991/1231] Compiling v3_conf.cc
[992/1231] Compiling v3_bcons.cc
[993/1231] Compiling v3_alt.cc
[994/1231] Compiling v3_akeya.cc
[995/1231] Compiling v3_akey.cc
[996/1231] Compiling t_x509a.cc
[997/1231] Compiling t_x509.cc
[998/1231] Compiling t_crl.cc
[999/1231] Compiling t_req.cc
[1000/1231] Compiling i2d_pr.cc
[1001/1231] Compiling rsa_pss.cc
[1002/1231] Compiling policy.cc
[1003/1231] Compiling name_print.cc
[1004/1231] Compiling by_file.cc
[1005/1231] Compiling algorithm.cc
[1005/1231] Compiling asn1_gen.cc
[1007/1231] Compiling by_dir.cc
[1008/1231] Compiling a_verify.cc
[1009/1231] Compiling a_sign.cc
[1009/1231] Compiling a_digest.cc
[1011/1231] Compiling thread_win.cc
[1012/1231] Compiling thread_pthread.cc
[1013/1231] Compiling voprf.cc
[1014/1231] Compiling trust_token.cc
[1015/1231] Compiling pmbtoken.cc
[1016/1231] Compiling thread.cc
[1016/1231] Compiling thread_none.cc
[1018/1231] Compiling stack.cc
[1019/1231] Compiling siphash.cc
[1020/1231] Compiling slhdsa.cc
[1021/1231] Compiling sha512.cc
[1022/1231] Compiling spake2plus.cc
[1023/1231] Compiling sha256.cc
[1024/1231] Compiling sha1.cc
[1025/1231] Compiling rsa_print.cc
[1026/1231] Compiling rsa_extra.cc
[1027/1231] Compiling rsa_crypt.cc
[1028/1231] Compiling refcount.cc
[1029/1231] Compiling rc4.cc
[1030/1231] Compiling windows.cc
[1031/1231] Compiling trusty.cc
[1032/1231] Compiling urandom.cc
[1033/1231] Compiling rand.cc
[1034/1231] Compiling rsa_asn1.cc
[1035/1231] Compiling ios.cc
[1036/1231] Compiling passive.cc
[1037/1231] Compiling poly1305_arm_asm.S
[1038/1231] Compiling getentropy.cc
[1039/1231] Compiling forkunsafe.cc
[1040/1231] Compiling deterministic.cc
[1040/1231] Compiling fork_detect.cc
[1042/1231] Compiling pool.cc
[1043/1231] Compiling poly1305_vec.cc
[1044/1231] Compiling poly1305_arm.cc
[1045/1231] Compiling poly1305.cc
[1046/1231] Compiling pkcs8_x509.cc
[1047/1231] Compiling pkcs8.cc
[1048/1231] Compiling p5_pbev2.cc
[1049/1231] Compiling pkcs7_x509.cc
[1050/1231] Compiling pkcs7.cc
[1051/1231] Compiling pem_xaux.cc
[1052/1231] Compiling pem_x509.cc
[1053/1231] Compiling pem_pkey.cc
[1054/1231] Compiling mlkem.cc
[1055/1231] Compiling pem_pk8.cc
[1056/1231] Compiling pem_oth.cc
[1057/1231] Compiling pem_info.cc
[1058/1231] Compiling pem_lib.cc
[1059/1231] Compiling obj_xref.cc
[1060/1231] Compiling pem_all.cc
[1061/1231] Compiling obj.cc
[1062/1231] Compiling poly_rq_mul.S
[1063/1231] Compiling mldsa.cc
[1064/1231] Compiling mem.cc
[1065/1231] Compiling fips_shared_support.cc
[1066/1231] Compiling lhash.cc
[1067/1231] Compiling md5.cc
[1068/1231] Compiling md4.cc
[1069/1231] Compiling kyber.cc
[1070/1231] Compiling fuzzer_mode.cc
[1071/1231] Compiling hrss.cc
[1072/1231] Compiling ex_data.cc
[1073/1231] Compiling hpke.cc
[1074/1231] Compiling scrypt.cc
[1075/1231] Compiling print.cc
[1076/1231] Compiling pbkdf.cc
[1077/1231] Compiling sign.cc
[1078/1231] Compiling p_x25519_asn1.cc
[1079/1231] Compiling p_x25519.cc
[1080/1231] Compiling p_rsa_asn1.cc
[1081/1231] Compiling p_hkdf.cc
[1082/1231] Compiling p_rsa.cc
[1083/1231] Compiling p_ed25519_asn1.cc
[1084/1231] Compiling p_ed25519.cc
[1085/1231] Compiling p_ec_asn1.cc
[1086/1231] Compiling p_ec.cc
[1087/1231] Compiling p_dsa_asn1.cc
[1088/1231] Compiling p_dh_asn1.cc
[1089/1231] Compiling p_dh.cc
[1090/1231] Compiling evp_ctx.cc
[1091/1231] Compiling evp_asn1.cc
[1092/1231] Compiling err.cc
[1093/1231] Compiling engine.cc
[1094/1231] Compiling evp.cc
[1095/1231] Compiling ecdsa_p1363.cc
[1096/1231] Compiling ecdh.cc
[1097/1231] Compiling hash_to_curve.cc
[1098/1231] Compiling ecdsa_asn1.cc
[1099/1231] Compiling ec_derive.cc
[1100/1231] Compiling dsa.cc
[1101/1231] Compiling ec_asn1.cc
[1102/1231] Compiling dsa_asn1.cc
[1103/1231] Compiling params.cc
[1104/1231] Compiling digest_extra.cc
[1105/1231] Compiling x25519-asm-arm.S
[1106/1231] Compiling des.cc
[1107/1231] Compiling dh_asn1.cc
[1108/1231] Compiling curve25519_64_adx.cc
[1109/1231] Compiling cpu_intel.cc
[1110/1231] Compiling spake25519.cc
[1111/1231] Compiling crypto.cc
[1112/1231] Compiling cpu_arm_linux.cc
[1113/1231] Compiling curve25519.cc
[1114/1231] Compiling cpu_arm_freebsd.cc
[1115/1231] Compiling cpu_aarch64_win.cc
[1116/1231] Compiling cpu_aarch64_sysreg.cc
[1117/1231] Compiling cpu_aarch64_openbsd.cc
[1118/1231] Compiling cpu_aarch64_linux.cc
[1119/1231] Compiling cpu_aarch64_apple.cc
[1120/1231] Compiling cpu_aarch64_fuchsia.cc
[1121/1231] Compiling conf.cc
[1122/1231] Compiling tls_cbc.cc
[1123/1231] Compiling get_cipher.cc
[1124/1231] Compiling e_tls.cc
[1125/1231] Compiling e_rc4.cc
[1126/1231] Compiling e_rc2.cc
[1127/1231] Compiling e_des.cc
[1128/1231] Compiling cms.cc
[1129/1231] Compiling e_null.cc
[1130/1231] Compiling e_chacha20poly1305.cc
[1131/1231] Compiling e_aesgcmsiv.cc
[1132/1231] Compiling e_aeseax.cc
[1133/1231] Compiling e_aesctrhmac.cc
[1134/1231] Compiling chacha.cc
[1135/1231] Compiling derive_key.cc
[1136/1231] Compiling unicode.cc
[1137/1231] Compiling buf.cc
[1138/1231] Compiling sqrt.cc
[1139/1231] Compiling cbs.cc
[1140/1231] Compiling cbb.cc
[1141/1231] Compiling ber.cc
[1142/1231] Compiling asn1_compat.cc
[1143/1231] Compiling div.cc
[1144/1231] Compiling exponentiation.cc
[1145/1231] Compiling printf.cc
[1146/1231] Compiling blake2.cc
[1147/1231] Compiling pair.cc
[1148/1231] Compiling hexdump.cc
[1149/1231] Compiling convert.cc
[1150/1231] Compiling bn_asn1.cc
[1151/1231] Compiling file.cc
[1152/1231] Compiling errno.cc
[1153/1231] Compiling fd.cc
[1154/1231] Compiling bio_mem.cc
[1155/1231] Compiling base64.cc
[1156/1231] Compiling bio.cc
[1157/1231] Compiling tasn_typ.cc
[1158/1231] Compiling tasn_utl.cc
[1159/1231] Compiling tasn_fre.cc
[1160/1231] Compiling posix_time.cc
[1160/1231] Compiling tasn_enc.cc
[1162/1231] Compiling tasn_new.cc
[1163/1231] Compiling f_string.cc
[1164/1231] Compiling f_int.cc
[1165/1231] Compiling tasn_dec.cc
[1166/1231] Compiling asn_pack.cc
[1167/1231] Compiling asn1_par.cc
[1168/1231] Compiling asn1_lib.cc
[1169/1231] Compiling a_utctm.cc
[1170/1231] Compiling a_type.cc
[1171/1231] Compiling a_time.cc
[1172/1231] Compiling a_strnid.cc
[1173/1231] Compiling a_octet.cc
[1174/1231] Compiling bcm.cc
[1175/1231] Compiling a_strex.cc
[1176/1231] Compiling a_i2d_fp.cc
[1177/1231] Compiling a_object.cc
[1178/1231] Compiling a_mbstr.cc
[1179/1231] Compiling a_dup.cc
[1179/1231] Write sources
[1183/1231] Compiling a_d2i_fp.cc
[1184/1231] Compiling CAsyncHTTPClient CAsyncHTTPClient.c
[1185/1274] Compiling a_int.cc
[1186/1274] Compiling a_gentm.cc
[1187/1274] Compiling a_bool.cc
[1189/1274] Compiling Algorithms Stride.swift
[1190/1274] Compiling Algorithms Suffix.swift
[1191/1274] Compiling Algorithms Partition.swift
[1192/1274] Compiling Algorithms Permutations.swift
[1192/1276] Compiling aes.cc
[1194/1276] Compiling Algorithms Product.swift
[1195/1276] Compiling Algorithms Split.swift
[1196/1276] Compiling Algorithms FirstNonNil.swift
[1197/1276] Compiling Algorithms Joined.swift
[1198/1276] Compiling Algorithms Compacted.swift
[1199/1276] Compiling Algorithms Cycle.swift
[1200/1276] Compiling Algorithms EitherSequence.swift
[1201/1276] Compiling Atomics IntegerOperations.swift
[1202/1276] Compiling Atomics Unmanaged extensions.swift
[1202/1276] Compiling a_bitstr.cc
[1207/1287] Compiling Algorithms RandomSample.swift
[1208/1287] Compiling Algorithms Reductions.swift
[1209/1287] Compiling Algorithms Rotate.swift
[1214/1287] Compiling Algorithms Trim.swift
[1215/1287] Compiling Algorithms Unique.swift
[1216/1287] Compiling Algorithms Windows.swift
[1219/1287] Compiling Algorithms Indexed.swift
[1220/1287] Compiling Algorithms Intersperse.swift
[1222/1287] Compiling Algorithms Keyed.swift
[1223/1287] Compiling Algorithms MinMax.swift
[1227/1287] Compiling CryptoBoringWrapper RandomBytes.swift
[1228/1287] Compiling Algorithms AdjacentPairs.swift
[1229/1287] Compiling Algorithms Chain.swift
[1230/1287] Compiling Algorithms Chunked.swift
[1231/1287] Compiling Algorithms Combinations.swift
[1232/1287] Compiling CryptoBoringWrapper CryptoKitErrors_boring.swift
[1233/1287] Compiling CryptoBoringWrapper FiniteFieldArithmeticContext.swift
[1234/1287] Emitting module CryptoBoringWrapper
[1235/1287] Emitting module Atomics
[1236/1287] Compiling CryptoBoringWrapper EllipticCurve.swift
[1237/1287] Compiling CryptoBoringWrapper ArbitraryPrecisionInteger.swift
[1238/1287] Compiling CryptoBoringWrapper BoringSSLAEAD.swift
[1239/1287] Compiling CryptoBoringWrapper EllipticCurvePoint.swift
[1246/1288] Wrapping AST for CryptoBoringWrapper for debugging
[1249/1289] Emitting module Algorithms
[1249/1325] Wrapping AST for Atomics for debugging
[1251/1438] Wrapping AST for Algorithms for debugging
[1253/1438] Compiling NIOCore NIOCoreSendableMetatype.swift
[1254/1438] Compiling NIOCore NIODecodedAsyncSequence.swift
[1255/1438] Compiling NIOCore NIOLoopBound.swift
[1256/1438] Compiling NIOCore NIOPooledRecvBufferAllocator.swift
[1257/1438] Compiling NIOCore NIOScheduledCallback.swift
[1258/1438] Compiling NIOCore NIOSendable.swift
[1259/1438] Compiling NIOCore NIOSplitLinesMessageDecoder.swift
[1260/1438] Compiling NIOCore NIOTransportAccessibleChannelCore.swift
[1261/1438] Compiling NIOCore RecvByteBufferAllocator.swift
[1262/1446] Compiling NIOCore ByteBuffer-multi-int.swift
[1263/1446] Compiling NIOCore ByteBuffer-quicBinaryEncodingStrategy.swift
[1264/1446] Compiling NIOCore ByteBuffer-views.swift
[1265/1446] Compiling NIOCore Channel.swift
[1266/1446] Compiling NIOCore ChannelHandler.swift
[1267/1446] Compiling NIOCore ChannelHandlers.swift
[1268/1446] Compiling NIOCore ChannelInvoker.swift
[1269/1446] Compiling NIOCore ChannelOption.swift
[1270/1446] Compiling NIOCore ChannelPipeline.swift
[1271/1446] Compiling NIOCore CircularBuffer.swift
[1272/1446] Compiling NIOCore Codec.swift
[1273/1446] Compiling NIOCore ConvenienceOptionSupport.swift
[1274/1446] Compiling NIOCore AsyncChannelHandler.swift
[1275/1446] Compiling NIOCore AsyncChannelInboundStream.swift
[1276/1446] Compiling NIOCore AsyncChannelOutboundWriter.swift
[1277/1446] Compiling NIOCore NIOAsyncSequenceProducer.swift
[1278/1446] Compiling NIOCore NIOAsyncSequenceProducerStrategies.swift
[1279/1446] Compiling NIOCore NIOAsyncWriter.swift
[1280/1446] Compiling NIOCore EventLoopFuture+Deprecated.swift
[1281/1446] Compiling NIOCore EventLoopFuture+WithEventLoop.swift
[1282/1446] Compiling NIOCore EventLoopFuture.swift
[1283/1446] Compiling NIOCore FileDescriptor.swift
[1284/1446] Compiling NIOCore FileHandle.swift
[1285/1446] Compiling NIOCore FileRegion.swift
[1286/1457] Compiling NIOCore GlobalSingletons.swift
[1287/1457] Compiling NIOCore IO.swift
[1288/1457] Compiling NIOCore IOData.swift
[1289/1457] Compiling NIOCore IPProtocol.swift
[1290/1457] Compiling NIOCore IntegerBitPacking.swift
[1291/1457] Compiling NIOCore IntegerTypes.swift
[1292/1457] Compiling NIOCore Interfaces.swift
[1293/1457] Compiling NIOCore Linux.swift
[1294/1457] Compiling NIOCore MarkedCircularBuffer.swift
[1295/1457] Compiling NIOCore MulticastChannel.swift
[1296/1457] Compiling NIOCore NIOAny.swift
[1297/1457] Compiling NIOCore NIOCloseOnErrorHandler.swift
[1298/1457] Compiling NIOCore DeadChannel.swift
[1299/1457] Compiling NIOCore DispatchQueue+WithFuture.swift
[1300/1457] Compiling NIOCore EventLoop+Deprecated.swift
[1301/1457] Compiling NIOCore EventLoop+SerialExecutor.swift
[1302/1457] Compiling NIOCore EventLoop.swift
[1303/1457] Compiling NIOCore EventLoopFuture+AssumeIsolated.swift
[1310/1457] Emitting module Crypto
[1329/1457] Compiling NIOCore NIOThrowingAsyncSequenceProducer.swift
[1330/1457] Compiling NIOCore BSDSocketAPI.swift
[1331/1457] Compiling NIOCore ByteBuffer-aux.swift
[1332/1457] Compiling NIOCore ByteBuffer-binaryEncodedLengthPrefix.swift
[1333/1457] Compiling NIOCore ByteBuffer-conversions.swift
[1334/1457] Compiling NIOCore ByteBuffer-core.swift
[1335/1457] Compiling NIOCore ByteBuffer-hex.swift
[1336/1457] Compiling NIOCore ByteBuffer-int.swift
[1337/1457] Compiling NIOCore ByteBuffer-lengthPrefix.swift
[1338/1457] Compiling NIOCore AddressedEnvelope.swift
[1339/1457] Compiling NIOCore AsyncAwaitSupport.swift
[1340/1457] Compiling NIOCore AsyncChannel.swift
[1341/1457] Compiling Crypto Signature.swift
[1342/1457] Compiling Crypto CryptoKitErrors_boring.swift
[1343/1457] Compiling Crypto Optional+withUnsafeBytes_boring.swift
[1344/1457] Compiling Crypto RNG_boring.swift
[1345/1457] Compiling Crypto SafeCompare_boring.swift
[1346/1457] Compiling Crypto Zeroization_boring.swift
[1347/1457] Compiling Crypto _CryptoModuleAnchor.swift
[1348/1457] Compiling Crypto PrettyBytes.swift
[1349/1457] Compiling Crypto SafeCompare.swift
[1350/1457] Compiling Crypto SecureBytes.swift
[1351/1457] Compiling Crypto Zeroization.swift
[1361/1457] Compiling Crypto MACFunctions.swift
[1362/1457] Compiling Crypto MessageAuthenticationCode.swift
[1363/1457] Compiling Crypto AES.swift
[1364/1457] Compiling Crypto ECDSASignature_boring.swift
[1365/1457] Compiling Crypto ECDSA_boring.swift
[1366/1457] Compiling Crypto EdDSA_boring.swift
[1367/1457] Compiling Crypto MLDSA_boring.swift
[1368/1457] Compiling Crypto MLDSA_wrapper.swift
[1369/1457] Compiling Crypto ECDSA.swift
[1370/1457] Compiling Crypto Ed25519.swift
[1371/1457] Compiling Crypto MLDSA.swift
[1375/1457] Compiling NIOCore SingleStepByteToMessageDecoder.swift
[1376/1457] Compiling NIOCore SocketAddresses.swift
[1377/1457] Compiling NIOCore SocketOptionProvider.swift
[1378/1457] Compiling NIOCore SystemCallHelpers.swift
[1379/1457] Compiling NIOCore TimeAmount+Duration.swift
[1380/1457] Compiling NIOCore TypeAssistedChannelHandler.swift
[1381/1457] Compiling NIOCore UniversalBootstrapSupport.swift
[1382/1457] Compiling NIOCore Utilities.swift
[1383/1457] Compiling Crypto ANSIx963.swift
[1384/1458] Wrapping AST for Crypto for debugging
[1386/1477] Compiling CryptoExtras AES_CBC.swift
[1387/1477] Compiling CryptoExtras AES_CFB.swift
[1388/1477] Compiling CryptoExtras AES_CTR.swift
[1389/1477] Compiling CryptoExtras AES_GCM_SIV.swift
[1390/1477] Compiling CryptoExtras Block Function.swift
[1391/1477] Compiling CryptoExtras AES_CBC_boring.swift
[1392/1477] Compiling CryptoExtras AES_CFB_boring.swift
[1393/1477] Compiling CryptoExtras AES_CTR_boring.swift
[1394/1477] Compiling CryptoExtras AES_GCM_SIV_boring.swift
[1403/1520] Emitting module CryptoExtras
[1404/1528] Compiling CryptoExtras Data+Extensions.swift
[1405/1528] Compiling CryptoExtras DigestType.swift
[1406/1528] Compiling CryptoExtras Error.swift
[1407/1528] Compiling CryptoExtras I2OSP.swift
[1408/1528] Compiling CryptoExtras IntegerEncoding.swift
[1409/1528] Compiling CryptoExtras PEMDocument.swift
[1410/1528] Compiling CryptoExtras PrettyBytes.swift
[1411/1528] Compiling CryptoExtras SubjectPublicKeyInfo.swift
[1412/1528] Compiling CryptoExtras PBKDF2.swift
[1413/1528] Compiling CryptoExtras Scrypt_boring.swift
[1414/1528] Compiling CryptoExtras Scrypt.swift
[1415/1528] Compiling CryptoExtras OPRF.swift
[1416/1528] Compiling CryptoExtras OPRFClient.swift
[1417/1528] Compiling CryptoExtras OPRFServer.swift
[1418/1528] Compiling CryptoExtras VOPRF+API.swift
[1419/1528] Compiling CryptoExtras VOPRFClient.swift
[1420/1528] Compiling CryptoExtras VOPRFServer.swift
[1421/1528] Compiling CryptoExtras ThreadOps.swift
[1422/1528] Compiling CryptoExtras ThreadPosix.swift
[1423/1528] Compiling CryptoExtras ThreadSpecific.swift
[1424/1528] Compiling CryptoExtras ThreadWindows.swift
[1425/1528] Compiling CryptoExtras DLEQ.swift
[1426/1528] Compiling CryptoExtras Prover.swift
[1427/1528] Compiling CryptoExtras Verifier.swift
[1428/1528] Compiling CryptoExtras ZKPToolbox.swift
[1429/1528] Compiling CryptoExtras BoringSSLPassphraseCallbackManager.swift
[1430/1528] Compiling CryptoExtras RSA+BlindSigning.swift
[1431/1528] Compiling CryptoExtras RSA.swift
[1432/1528] Compiling CryptoExtras RSA_boring.swift
[1433/1528] Compiling CryptoExtras Reexport.swift
[1434/1528] Compiling CryptoExtras Zeroization_boring.swift
[1435/1528] Compiling CryptoExtras BoringSSLHelpers.swift
[1436/1528] Compiling CryptoExtras CryptoKitErrors_boring.swift
[1437/1528] Compiling CryptoExtras PKCS8DERRepresentation.swift
[1438/1528] Compiling CryptoExtras PKCS8PrivateKey.swift
[1439/1528] Compiling CryptoExtras RFC8410AlgorithmIdentifier.swift
[1440/1528] Compiling CryptoExtras ECToolbox_boring.swift
[1441/1528] Compiling CryptoExtras ECToolbox.swift
[1442/1528] Compiling CryptoExtras HashToField.swift
[1443/1528] Compiling CryptoExtras KDF.swift
[1444/1528] Compiling CryptoExtras PBKDF2_boring.swift
[1445/1528] Compiling CryptoExtras PBKDF2_commoncrypto.swift
[1446/1528] Compiling CryptoExtras CMAC.swift
[1447/1528] Compiling CryptoExtras ARC+API.swift
[1448/1528] Compiling CryptoExtras ARC.swift
[1449/1528] Compiling CryptoExtras ARCCredential.swift
[1450/1528] Compiling CryptoExtras ARCEncoding.swift
[1451/1528] Compiling CryptoExtras ARCPrecredential.swift
[1452/1528] Compiling CryptoExtras ARCPresentation.swift
[1453/1528] Compiling CryptoExtras ARCRequest.swift
[1454/1528] Compiling CryptoExtras ARCResponse.swift
[1464/1528] Compiling CryptoExtras ARCServer.swift
[1465/1528] Compiling CryptoExtras ChaCha20CTR_boring.swift
[1466/1528] Compiling CryptoExtras ChaCha20CTR.swift
[1467/1528] Compiling CryptoExtras BoringSSLSHA512256Context.swift
[1468/1528] Compiling CryptoExtras BoringSSLSHA512256HashFunction.swift
[1469/1528] Compiling CryptoExtras SHA512256.swift
[1470/1528] Compiling CryptoExtras SHA512256Digest.swift
[1471/1528] Compiling CryptoExtras Curve25519+PEM.swift
[1472/1528] Compiling CryptoExtras ObjectIdentifier.swift
[1482/1529] Wrapping AST for CryptoExtras for debugging
[1493/1531] Emitting module NIOCore
[1494/1532] Emitting module _CryptoExtras
[1495/1532] Compiling _CryptoExtras Exports.swift
[1497/1533] Wrapping AST for _CryptoExtras for debugging
[1498/1536] Wrapping AST for NIOCore for debugging
[1500/1685] Compiling NIOEmbedded AsyncTestingEventLoop.swift
[1501/1685] Compiling NIOFoundationEssentialsCompat ByteBuffer-foundation.swift
[1502/1685] Emitting module NIOFoundationEssentialsCompat
[1503/1685] Compiling NIOFoundationEssentialsCompat Codable+ByteBuffer.swift
[1504/1686] Wrapping AST for NIOFoundationEssentialsCompat for debugging
[1506/1686] Compiling NIOEmbedded Embedded.swift
[1507/1686] Emitting module NIOEmbedded
[1508/1686] Compiling NIOEmbedded AsyncTestingChannel.swift
[1509/1687] Wrapping AST for NIOEmbedded for debugging
[1511/1687] Compiling X509 DomainComponent.swift
[1512/1687] Compiling X509 EmailAddress.swift
[1513/1687] Compiling X509 LocalityName.swift
[1514/1687] Compiling X509 OrganizationName.swift
[1515/1687] Compiling X509 OrganizationalUnitName.swift
[1516/1687] Compiling X509 StateOrProvinceName.swift
[1517/1687] Compiling X509 StreetAddress.swift
[1518/1694] Compiling NIOPosix Thread.swift
[1519/1694] Compiling NIOPosix ThreadPosix.swift
[1520/1694] Compiling NIOPosix ThreadWindows.swift
[1521/1694] Compiling NIOPosix Utilities.swift
[1522/1694] Compiling NIOPosix VsockAddress.swift
[1523/1694] Compiling NIOPosix VsockChannelEvents.swift
[1524/1694] Compiling NIOPosix Windows.swift
[1525/1694] Compiling X509 SubjectAlternativeName.swift
[1526/1694] Compiling X509 SubjectKeyIdentifier.swift
[1527/1694] Compiling X509 Extension.swift
[1528/1694] Compiling X509 Extensions.swift
[1529/1694] Compiling X509 ExtensionsBuilder.swift
[1530/1694] Compiling X509 GeneralName.swift
[1531/1694] Compiling X509 Lock.swift
[1532/1694] Compiling X509 OCSPExtensionID.swift
[1533/1694] Compiling X509 OCSPNonce.swift
[1534/1694] Compiling X509 OCSPPolicy.swift
[1535/1694] Compiling X509 OCSPRequest.swift
[1536/1694] Compiling X509 OCSPResponse.swift
[1537/1694] Compiling X509 OCSPResponseBytes.swift
[1538/1694] Compiling X509 OCSPResponseData.swift
[1539/1694] Compiling X509 OCSPResponseStatus.swift
[1540/1694] Compiling X509 OCSPSignature.swift
[1541/1694] Compiling X509 OCSPSingleRequest.swift
[1542/1694] Compiling X509 OCSPSingleResponse.swift
[1543/1694] Compiling X509 OCSPTBSRequest.swift
[1544/1694] Compiling X509 OCSPVersion.swift
[1545/1707] Compiling X509 OneOfPolicies.swift
[1546/1707] Compiling X509 PolicyBuilder.swift
[1547/1707] Compiling X509 BasicConstraintsPolicy.swift
[1548/1707] Compiling X509 DNSNames.swift
[1549/1707] Compiling X509 ExpiryPolicy.swift
[1553/1707] Compiling X509 IPConstraints.swift
[1557/1707] Compiling X509 NameConstraints.swift
[1558/1707] Compiling X509 NameConstraintsPolicy.swift
[1559/1707] Compiling X509 RFC5280Policy.swift
[1560/1707] Compiling X509 URIConstraints.swift
[1561/1707] Compiling X509 VersionPolicy.swift
[1562/1707] Compiling X509 ServerIdentityPolicy.swift
[1563/1707] Compiling X509 TrustRootLoading.swift
[1564/1707] Compiling X509 UnverifiedChain.swift
[1565/1707] Compiling X509 PKCS8PrivateKey.swift
[1566/1707] Compiling X509 PromiseAndFuture.swift
[1567/1707] Compiling X509 RDNAttribute.swift
[1568/1707] Compiling X509 RandomNumberGenerator+bytes.swift
[1569/1707] Compiling X509 RelativeDistinguishedName.swift
[1570/1707] Compiling X509 SEC1PrivateKey.swift
[1571/1707] Compiling X509 SecKeyWrapper.swift
[1572/1707] Compiling X509 Signature.swift
[1573/1707] Compiling X509 SignatureAlgorithm.swift
[1574/1707] Compiling X509 AllOfPolicies.swift
[1575/1707] Compiling X509 AnyPolicy.swift
[1576/1707] Compiling X509 CertificateStore.swift
[1577/1707] Compiling X509 CustomCertificateStore.swift
[1578/1707] Compiling X509 CSRAttribute.swift
[1579/1707] Compiling X509 CSRAttributes.swift
[1580/1707] Compiling X509 CSRVersion.swift
[1581/1707] Compiling X509 CertificateSigningRequest.swift
[1582/1707] Compiling X509 CertificationRequestInfo.swift
[1583/1707] Compiling X509 ExtensionRequest.swift
[1584/1707] Compiling X509 Certificate.swift
[1585/1707] Compiling X509 CertificatePrivateKey.swift
[1586/1707] Compiling X509 CertificatePublicKey.swift
[1587/1707] Compiling X509 CertificateSerialNumber.swift
[1588/1707] Compiling X509 CertificateVersion.swift
[1589/1707] Compiling X509 CMSAttribute.swift
[1590/1707] Compiling X509 CMSContentInfo.swift
[1591/1707] Compiling X509 CMSEncapsulatedContentInfo.swift
[1594/1707] Compiling X509 CMSSignature.swift
[1595/1707] Compiling X509 CMSSignedData.swift
[1596/1707] Compiling X509 CMSSignerIdentifier.swift
[1597/1707] Compiling X509 CMSSignerInfo.swift
[1598/1707] Compiling X509 CMSVersion.swift
[1599/1707] Compiling X509 Curve25519+DER.swift
[1600/1707] Compiling X509 CustomPrivateKey.swift
[1601/1707] Compiling X509 Digests.swift
[1602/1707] Compiling X509 DistinguishedName.swift
[1603/1707] Compiling X509 CommonName.swift
[1604/1707] Compiling X509 CountryName.swift
[1605/1707] Compiling X509 DNBuilder.swift
[1613/1707] Compiling X509 Error.swift
[1614/1707] Compiling X509 AuthorityInformationAccess.swift
[1615/1707] Compiling X509 AuthorityKeyIdentifier.swift
[1616/1707] Compiling X509 BasicConstraints.swift
[1617/1707] Compiling X509 ExtendedKeyUsage.swift
[1618/1707] Compiling X509 ExtensionIdentifiers.swift
[1619/1707] Compiling X509 KeyUsage.swift
[1640/1707] Emitting module NIOPosix
[1662/1708] Wrapping AST for NIOPosix for debugging
[1664/1710] Emitting module X509
[1665/1710] Compiling NIO Exports.swift
[1666/1710] Emitting module NIO
[1667/1711] Wrapping AST for NIO for debugging
[1669/1750] Compiling NIOTLS TLSEvents.swift
[1670/1750] Emitting module NIOFoundationCompat
[1671/1750] Compiling NIOFoundationCompat Exports.swift
[1672/1750] Compiling NIOTLS ApplicationProtocolNegotiationHandler.swift
[1673/1750] Compiling NIOFoundationCompat JSONSerialization+ByteBuffer.swift
[1674/1750] Compiling NIOFoundationCompat WaitSpinningRunLoop.swift
[1675/1751] Emitting module NIOTLS
[1676/1751] Compiling NIOTLS ProtocolNegotiationHandlerStateMachine.swift
[1678/1751] Compiling NIOSOCKS AuthenticationMethod.swift
[1679/1751] Compiling NIOSOCKS ClientGreeting.swift
[1680/1752] Compiling NIOHTTP1 HTTPHeaders+Validation.swift
[1681/1752] Compiling NIOHTTP1 HTTPPipelineSetup.swift
[1681/1752] Wrapping AST for NIOFoundationCompat for debugging
[1683/1752] Compiling NIOSOCKS SelectedAuthenticationMethod.swift
[1684/1752] Compiling NIOSOCKS SOCKSResponse.swift
[1685/1752] Compiling NIOSOCKS ClientStateMachine.swift
[1686/1752] Compiling NIOSOCKS ServerStateMachine.swift
[1687/1752] Compiling NIOTLS NIOTypedApplicationProtocolNegotiationHandler.swift
[1688/1752] Compiling NIOTLS SNIHandler.swift
[1690/1753] Compiling NIOSOCKS Messages.swift
[1691/1753] Compiling NIOSOCKS SOCKSRequest.swift
[1692/1753] Emitting module NIOSOCKS
[1693/1753] Compiling NIOHTTP1 HTTPServerPipelineHandler.swift
[1694/1753] Compiling NIOHTTP1 HTTPServerProtocolErrorHandler.swift
[1694/1770] Wrapping AST for NIOTLS for debugging
[1697/1784] Compiling NIOSSL SSLCertificateExtensions.swift
[1698/1784] Compiling NIOSSL SSLCertificateName.swift
[1699/1786] Compiling NIOSSL FreeBSDCABundle.swift
[1700/1786] Compiling NIOSSL IdentityVerification.swift
[1701/1786] Compiling NIOSSL LinuxCABundle.swift
[1702/1786] Compiling NIOSSL NIOSSLClientHandler.swift
[1703/1786] Compiling NIOSSL NIOSSLHandler+Configuration.swift
[1703/1786] Wrapping AST for NIOSOCKS for debugging
[1705/1786] Compiling NIOSSL SSLCallbacks.swift
[1706/1786] Compiling NIOSSL SSLCertificate.swift
[1707/1786] Compiling NIOHTTP1 NIOTypedHTTPServerUpgradeHandler.swift
[1708/1786] Compiling NIOHTTP1 NIOTypedHTTPServerUpgraderStateMachine.swift
[1709/1786] Compiling NIOSSL ObjectIdentifier.swift
[1710/1786] Compiling NIOSSL PosixPort.swift
[1711/1786] Compiling NIOSSL NIOSSLHandler.swift
[1712/1786] Compiling NIOSSL NIOSSLServerHandler.swift
[1713/1786] Compiling X509 ValidatedCertificateChain.swift
[1714/1786] Compiling X509 VerificationDiagnostic.swift
[1715/1786] Compiling X509 Verifier.swift
[1716/1786] Compiling X509 VerifierPolicy.swift
[1717/1786] Compiling X509 AlgorithmIdentifier.swift
[1718/1786] Compiling X509 ECDSASignature.swift
[1719/1786] Compiling X509 RSAPKCS1PublicKey.swift
[1720/1786] Compiling X509 SubjectPublicKeyInfo.swift
[1721/1786] Compiling X509 TBSCertificate.swift
[1722/1786] Compiling X509 Time.swift
[1723/1786] Compiling X509 TimeCalculations.swift
[1724/1786] Compiling X509 Validity.swift
[1725/1786] Compiling X509 X509SendableMetatype.swift
[1726/1786] Emitting module NIOHTTP1
[1727/1786] Compiling NIOSSL AndroidCABundle.swift
[1728/1786] Compiling NIOSSL ByteBufferBIO.swift
[1729/1786] Compiling NIOSSL CustomPrivateKey.swift
[1732/1788] Emitting module NIOSSL
[1732/1793] Wrapping AST for NIOHTTP1 for debugging
[1734/1799] Compiling NIOHPACK HPACKEncoder.swift
[1735/1799] Compiling NIOHPACK HPACKErrors.swift
[1736/1800] Compiling NIOHPACK DynamicHeaderTable.swift
[1737/1800] Compiling NIOHPACK HPACKDecoder.swift
[1738/1800] Compiling NIOHPACK HPACKHeader.swift
[1738/1809] Wrapping AST for X509 for debugging
[1740/1816] Compiling JWTKit IssuedAtClaim.swift
[1741/1816] Compiling JWTKit IssuerClaim.swift
[1744/1858] Compiling JWTKit ECDSACurve.swift
[1745/1858] Compiling JWTKit ECDSACurveType.swift
[1746/1858] Compiling JWTKit ECDSAError.swift
[1747/1858] Compiling JWTKit ECDSAKeyTypes.swift
[1748/1858] Compiling JWTKit NotBeforeClaim.swift
[1749/1858] Compiling JWTKit SubjectClaim.swift
[1750/1858] Compiling JWTKit TenantIDClaim.swift
[1751/1858] Compiling JWTKit ECDSA.swift
[1752/1876] Compiling JWTKit JWTUnixEpochClaim.swift
[1753/1876] Compiling JWTKit ECDSASigningAlgorithm.swift
[1754/1876] Compiling JWTKit JWTKeyCollection+ECDSA.swift
[1755/1876] Compiling JWTKit P256+CurveType.swift
[1756/1876] Compiling NIOHTTPCompression HTTPDecompressor.swift
[1757/1876] Compiling NIOHPACK HuffmanTables.swift
[1758/1877] Compiling NIOHPACK IntegerCoding.swift
[1759/1877] Compiling NIOHPACK IndexedHeaderTable.swift
[1760/1877] Compiling NIOHPACK HuffmanCoding.swift
[1761/1877] Emitting module NIOHTTPCompression
[1762/1877] Compiling NIOHTTPCompression HTTPCompression.swift
[1763/1877] Compiling NIOHTTPCompression HTTPRequestCompressor.swift
[1764/1877] Compiling NIOHTTPCompression HTTPResponseCompressor.swift
[1765/1877] Compiling JWTKit MLDSAType.swift
[1766/1877] Compiling JWTKit JWTKeyCollection+UnsecuredNone.swift
[1767/1877] Compiling JWTKit UnsecuredNoneSigner.swift
[1768/1877] Compiling JWTKit JWTKeyCollection+RSA.swift
[1769/1877] Compiling JWTKit RSA.swift
[1770/1877] Compiling JWTKit RSAError.swift
[1771/1877] Compiling JWTKit RSASigner.swift
[1772/1877] Compiling JWTKit Base64URL.swift
[1773/1877] Compiling JWTKit CryptoSigner.swift
[1774/1886] Compiling NIOHPACK StaticHeaderTable.swift
[1775/1886] Compiling JWTKit EdDSAError.swift
[1776/1886] Compiling JWTKit EdDSASigner.swift
[1777/1886] Compiling JWTKit JWTKeyCollection+EdDSA.swift
[1778/1886] Compiling JWTKit LocaleClaim.swift
[1779/1886] Compiling JWTKit P384+CurveType.swift
[1780/1886] Compiling JWTKit P521+CurveType.swift
[1781/1886] Compiling JWTKit EdDSA.swift
[1782/1886] Compiling JWTKit EdDSACurve.swift
[1783/1886] Compiling NIOHTTPCompression HTTPDecompression.swift
[1784/1887] Compiling JWTKit ExpirationClaim.swift
[1785/1887] Compiling JWTKit GoogleHostedDomainClaim.swift
[1786/1887] Compiling JWTKit AudienceClaim.swift
[1787/1887] Compiling JWTKit BoolClaim.swift
[1788/1887] Emitting module NIOHPACK
[1794/1887] Compiling JWTKit IDClaim.swift
[1797/1887] Compiling JWTKit JWTClaim.swift
[1798/1887] Compiling JWTKit JWTMultiValueClaim.swift
[1810/1887] Compiling JWTKit JWTSerializer.swift
[1811/1887] Compiling JWTKit JWTSigner.swift
[1812/1887] Compiling JWTKit JWTKeyCollection+MLDSA.swift
[1813/1887] Compiling JWTKit MLDSA.swift
[1814/1887] Compiling JWTKit MLDSA65+MLDSAKey.swift
[1815/1887] Compiling JWTKit MLDSA87+MLDSAKey.swift
[1816/1887] Compiling JWTKit MLDSAError.swift
[1817/1887] Compiling JWTKit MLDSAKey.swift
[1818/1887] Compiling JWTKit MLDSASigner.swift
[1818/1887] Wrapping AST for NIOHTTPCompression for debugging
[1823/1888] Compiling JWTKit ECDSASigner.swift
[1824/1888] Compiling JWTKit HMAC.swift
[1825/1888] Compiling JWTKit HMACError.swift
[1826/1888] Compiling JWTKit HMACSigner.swift
[1826/1889] Wrapping AST for NIOHPACK for debugging
[1828/1948] Wrapping AST for NIOSSL for debugging
[1830/1948] Compiling NIOHTTP2 LocallyQuiescingState.swift
[1831/1948] Compiling NIOHTTP2 QuiescingState.swift
[1832/1948] Compiling NIOHTTP2 RemotelyQuiescingState.swift
[1833/1948] Compiling NIOHTTP2 SendAndReceiveGoawayState.swift
[1834/1948] Compiling NIOHTTP2 StateMachineResult.swift
[1835/1948] Compiling NIOHTTP2 ContentLengthVerifier.swift
[1836/1948] Compiling NIOHTTP2 HTTP2ChannelHandler+InlineStreamMultiplexer.swift
[1837/1948] Compiling NIOHTTP2 HTTP2ChannelHandler.swift
[1838/1948] Compiling NIOHTTP2 HTTP2CommonInboundStreamMultiplexer.swift
[1839/1948] Compiling NIOHTTP2 HTTP2ConnectionStateChange.swift
[1840/1948] Compiling NIOHTTP2 HTTP2Error.swift
[1841/1948] Compiling NIOHTTP2 HTTP2ErrorCode.swift
[1842/1948] Compiling NIOHTTP2 HTTP2FlowControlWindow.swift
[1843/1948] Compiling NIOHTTP2 HTTP2Frame.swift
[1844/1948] Compiling NIOHTTP2 HTTP2FrameEncoder.swift
[1845/1948] Compiling NIOHTTP2 HTTP2FrameParser.swift
[1846/1948] Compiling NIOHTTP2 HTTP2PingData.swift
[1847/1948] Compiling NIOHTTP2 HTTP2PipelineHelpers.swift
[1848/1948] Compiling NIOHTTP2 HTTP2Settings.swift
[1849/1948] Emitting module JWTKit
[1850/1952] Compiling NIOHTTP2 HTTP2Stream.swift
[1851/1952] Compiling NIOHTTP2 HTTP2StreamChannel+OutboundStreamMultiplexer.swift
[1852/1952] Compiling NIOHTTP2 HTTP2StreamChannel.swift
[1853/1952] Compiling NIOHTTP2 HTTP2StreamDelegate.swift
[1854/1952] Compiling NIOHTTP2 HTTP2StreamID.swift
[1855/1952] Compiling NIOHTTP2 DOSHeuristics.swift
[1856/1952] Compiling NIOHTTP2 Error+Any.swift
[1857/1952] Compiling NIOHTTP2 ConcurrentStreamBuffer.swift
[1858/1952] Compiling NIOHTTP2 ControlFrameBuffer.swift
[1859/1952] Compiling NIOHTTP2 MaySendFrames.swift
[1860/1952] Compiling NIOHTTP2 SendingDataState.swift
[1861/1952] Compiling NIOHTTP2 SendingGoawayState.swift
[1862/1952] Compiling NIOHTTP2 SendingHeadersState.swift
[1863/1952] Compiling NIOHTTP2 SendingPushPromiseState.swift
[1864/1952] Compiling NIOHTTP2 SendingRstStreamState.swift
[1865/1952] Compiling NIOHTTP2 SendingWindowUpdateState.swift
[1866/1952] Compiling NIOHTTP2 HTTP2SettingsState.swift
[1867/1952] Compiling NIOHTTP2 HasExtendedConnectSettings.swift
[1868/1960] Compiling NIOHTTP2 StreamStateMachine.swift
[1869/1960] Compiling NIOHTTP2 Timer.swift
[1870/1960] Compiling NIOHTTP2 UnsafeTransfer.swift
[1871/1960] Compiling NIOHTTP2 WatermarkedFlowController.swift
[1872/1960] Compiling JWTKit GoogleIdentityToken.swift
[1873/1960] Compiling JWTKit MicrosoftIdentityToken.swift
[1874/1960] Compiling JWTKit EmptyPolicy.swift
[1875/1960] Compiling JWTKit ValidationTimePayload.swift
[1876/1960] Compiling JWTKit X5CVerifier.swift
[1877/1961] Wrapping AST for JWTKit for debugging
[1879/1961] Emitting module NIOHTTP2
[1884/1961] Compiling NIOHTTP2 OutboundFlowControlBuffer.swift
[1885/1961] Compiling NIOHTTP2 OutboundFrameBuffer.swift
[1886/1961] Compiling NIOHTTP2 GlitchesMonitor.swift
[1887/1961] Compiling NIOHTTP2 HPACKHeaders+Validation.swift
[1888/1961] Compiling NIOHTTP2 HTTP2ChannelHandler+InboundStreamMultiplexer.swift
[1889/1961] Compiling NIOHTTP2 NIOHTTP2ServerConnectionManagementHandler.swift
[1890/1961] Compiling NIOHTTP2 StreamChannelFlowController.swift
[1891/1961] Compiling NIOHTTP2 StreamChannelList.swift
[1892/1961] Compiling NIOHTTP2 StreamMap.swift
[1906/1961] Compiling NIOHTTP2 HTTP2StreamMultiplexer.swift
[1907/1961] Compiling NIOHTTP2 HTTP2ToHTTP1Codec.swift
[1908/1961] Compiling NIOHTTP2 HTTP2UserEvents.swift
[1909/1961] Compiling NIOHTTP2 InboundEventBuffer.swift
[1910/1961] Compiling NIOHTTP2 InboundWindowManager.swift
[1911/1961] Compiling NIOHTTP2 MultiplexerAbstractChannel.swift
[1912/1961] Compiling NIOHTTP2 NIOHTTP2FrameDelegate.swift
[1913/1961] Compiling NIOHTTP2 NIOHTTP2ServerConnectionManagementHandler+StateMachine.swift
[1914/1961] Compiling NIOHTTP2 HasFlowControlWindows.swift
[1915/1961] Compiling NIOHTTP2 HasLocalSettings.swift
[1916/1961] Compiling NIOHTTP2 HasRemoteSettings.swift
[1923/1961] Compiling NIOHTTP2 ConnectionStateMachine.swift
[1924/1961] Compiling NIOHTTP2 ConnectionStreamsState.swift
[1925/1961] Compiling NIOHTTP2 MayReceiveFrames.swift
[1926/1961] Compiling NIOHTTP2 ReceivingDataState.swift
[1927/1961] Compiling NIOHTTP2 ReceivingGoAwayState.swift
[1928/1961] Compiling NIOHTTP2 ReceivingHeadersState.swift
[1929/1961] Compiling NIOHTTP2 ReceivingPushPromiseState.swift
[1930/1961] Compiling NIOHTTP2 ReceivingRstStreamState.swift
[1931/1961] Compiling NIOHTTP2 ReceivingWindowUpdateState.swift
[1941/1962] Wrapping AST for NIOHTTP2 for debugging
[1943/2026] Emitting module AsyncHTTPClient
[1944/2034] Compiling AsyncHTTPClient AnyAsyncSequence.swift
[1945/2034] Compiling AsyncHTTPClient AnyAsyncSequenceProucerDelete.swift
[1946/2034] Compiling AsyncHTTPClient AsyncLazySequence.swift
[1947/2034] Compiling AsyncHTTPClient HTTPClient+execute.swift
[1948/2034] Compiling AsyncHTTPClient HTTPClient+shutdown.swift
[1949/2034] Compiling AsyncHTTPClient HTTPClient+tracing.swift
[1950/2034] Compiling AsyncHTTPClient HTTPClientRequest+Prepared.swift
[1951/2034] Compiling AsyncHTTPClient HTTPClientRequest+auth.swift
[1952/2034] Compiling AsyncHTTPClient HTTPClientRequest.swift
[1953/2034] Compiling AsyncHTTPClient RequestValidation.swift
[1954/2034] Compiling AsyncHTTPClient SSLContextCache.swift
[1955/2034] Compiling AsyncHTTPClient Scheme.swift
[1956/2034] Compiling AsyncHTTPClient Singleton.swift
[1957/2034] Compiling AsyncHTTPClient StringConvertibleInstances.swift
[1958/2034] Compiling AsyncHTTPClient StructuredConcurrencyHelpers.swift
[1959/2034] Compiling AsyncHTTPClient TracingSupport.swift
[1960/2034] Compiling AsyncHTTPClient Utils.swift
[1961/2034] Compiling AsyncHTTPClient HTTPConnectionEvent.swift
[1962/2034] Compiling AsyncHTTPClient HTTPConnectionPool+Factory.swift
[1963/2034] Compiling AsyncHTTPClient HTTPConnectionPool+Manager.swift
[1964/2034] Compiling AsyncHTTPClient HTTPConnectionPool.swift
[1965/2034] Compiling AsyncHTTPClient HTTPExecutableRequest.swift
[1966/2034] Compiling AsyncHTTPClient HTTPRequestStateMachine+Demand.swift
[1967/2034] Compiling AsyncHTTPClient HTTPRequestStateMachine.swift
[1968/2034] Compiling AsyncHTTPClient RequestBodyLength.swift
[1969/2034] Compiling AsyncHTTPClient RequestFramingMetadata.swift
[1970/2034] Compiling AsyncHTTPClient LRUCache.swift
[1971/2034] Compiling AsyncHTTPClient NIOLoopBound+Execute.swift
[1972/2034] Compiling AsyncHTTPClient NWErrorHandler.swift
[1973/2034] Compiling AsyncHTTPClient NWWaitingHandler.swift
[1974/2034] Compiling AsyncHTTPClient TLSConfiguration.swift
[1975/2034] Compiling AsyncHTTPClient RedirectState.swift
[1976/2034] Compiling AsyncHTTPClient RequestBag+StateMachine.swift
[1977/2034] Compiling AsyncHTTPClient RequestBag+Tracing.swift
[1978/2034] Compiling AsyncHTTPClient RequestBag.swift
[1979/2034] Compiling AsyncHTTPClient RequestOptions.swift
[1980/2034] Compiling AsyncHTTPClient HTTPConnectionPool+Backoff.swift
[1981/2034] Compiling AsyncHTTPClient HTTPConnectionPool+HTTP1Connections.swift
[1982/2034] Compiling AsyncHTTPClient HTTPConnectionPool+HTTP1StateMachine.swift
[1983/2034] Compiling AsyncHTTPClient HTTPConnectionPool+HTTP2Connections.swift
[1984/2034] Compiling AsyncHTTPClient HTTPConnectionPool+HTTP2StateMachine.swift
[1985/2034] Compiling AsyncHTTPClient HTTPConnectionPool+RequestQueue.swift
[1986/2034] Compiling AsyncHTTPClient HTTPConnectionPool+StateMachine.swift
[1987/2034] Compiling AsyncHTTPClient ConnectionTarget.swift
[1988/2034] Compiling AsyncHTTPClient HTTPClientResponse.swift
[1989/2034] Compiling AsyncHTTPClient SingleIteratorPrecondition.swift
[1990/2034] Compiling AsyncHTTPClient Transaction+StateMachine.swift
[1991/2034] Compiling AsyncHTTPClient Transaction.swift
[1992/2034] Compiling AsyncHTTPClient Base64.swift
[1993/2034] Compiling AsyncHTTPClient BasicAuth.swift
[1994/2034] Compiling AsyncHTTPClient BestEffortHashableTLSConfiguration.swift
[1995/2034] Compiling AsyncHTTPClient Configuration+BrowserLike.swift
[1996/2034] Compiling AsyncHTTPClient ConnectionPool.swift
[1997/2034] Compiling AsyncHTTPClient DeconstructedURL.swift
[1998/2034] Compiling AsyncHTTPClient FileDownloadDelegate.swift
[1999/2034] Compiling AsyncHTTPClient FoundationExtensions.swift
[2000/2034] Compiling AsyncHTTPClient HTTPClient+HTTPCookie.swift
[2001/2034] Compiling AsyncHTTPClient HTTPClient+Proxy.swift
[2002/2034] Compiling AsyncHTTPClient HTTPClient+StructuredConcurrency.swift
[2003/2034] Compiling AsyncHTTPClient HTTPClient.swift
[2004/2034] Compiling AsyncHTTPClient HTTPClientConfiguration+SwiftConfiguration.swift
[2005/2034] Compiling AsyncHTTPClient HTTPHandler.swift
[2006/2034] Compiling AsyncHTTPClient HTTP1ProxyConnectHandler.swift
[2007/2034] Compiling AsyncHTTPClient SOCKSEventsHandler.swift
[2008/2034] Compiling AsyncHTTPClient TLSEventsHandler.swift
[2009/2034] Compiling AsyncHTTPClient HTTP1ClientChannelHandler.swift
[2010/2034] Compiling AsyncHTTPClient HTTP1Connection.swift
[2011/2034] Compiling AsyncHTTPClient HTTP1ConnectionStateMachine.swift
[2012/2034] Compiling AsyncHTTPClient HTTP2ClientRequestHandler.swift
[2013/2034] Compiling AsyncHTTPClient HTTP2Connection.swift
[2014/2034] Compiling AsyncHTTPClient HTTP2IdleHandler.swift
[2015/2035] Wrapping AST for AsyncHTTPClient for debugging
[2017/2058] Emitting module GoogleAuth
[2018/2061] Compiling GoogleAuth ADC.swift
[2019/2061] Compiling GoogleAuth ADCPath.swift
[2020/2061] Compiling GoogleAuth ADCResolver.swift
[2021/2061] Compiling GoogleAuth AuthHeaders.swift
[2022/2061] Compiling GoogleAuth SubjectTokenProvider.swift
[2023/2061] Compiling GoogleAuth MDSAccessTokenProvider.swift
[2024/2061] Compiling GoogleAuth MDSCredentials.swift
[2025/2061] Compiling GoogleAuth AuthHTTPClient.swift
[2026/2061] Compiling GoogleAuth AuthHTTPError.swift
[2027/2061] Compiling GoogleAuth RetryEngine.swift
[2028/2061] Compiling GoogleAuth CredentialParserRegistry.swift
[2029/2061] Compiling GoogleAuth Credentials.swift
[2030/2061] Compiling GoogleAuth CredentialsError.swift
[2031/2061] Compiling GoogleAuth AnonymousCredentials.swift
[2032/2061] Compiling GoogleAuth ApiKeyCredentials.swift
[2033/2061] Compiling GoogleAuth ExternalAccountCredentials.swift
[2034/2061] Compiling GoogleAuth ServiceAccountCredentials.swift
[2035/2061] Compiling GoogleAuth ServiceAccountData.swift
[2036/2061] Compiling GoogleAuth ServiceAccountTokenProvider.swift
[2037/2061] Compiling GoogleAuth UserAccountData.swift
[2038/2061] Compiling GoogleAuth UserAccountTokenProvider.swift
[2039/2061] Compiling GoogleAuth UserCredentials.swift
[2040/2061] Compiling GoogleAuth STSHandler.swift
[2041/2061] Compiling GoogleAuth TokenCache.swift
[2042/2061] Compiling GoogleAuth PackageVersion.swift
[2043/2062] Wrapping AST for GoogleAuth for debugging
[2045/2120] Compiling GoogleGax Pagination.swift
/host/spi-builder-workspace/.build/checkouts/swift-google-gax/Sources/GoogleGax/Pagination.swift:44:22: error: cannot convert '@Sendable (String) async throws -> (response: ResponseType, items: [Item], nextToken: String)' to 'nonisolated(nonsending) @Sendable (String) async throws -> (response: ResponseType, items: [Item], nextToken: String)' because crossing of an isolation boundary requires parameter and result types to conform to 'Sendable' protocol
42 | ) where ResponseType: _PaginatedResponse<Item> {
43 | self.initialPageToken = initialPageToken ?? ""
44 | self.fetchPage = { token in
| |- error: cannot convert '@Sendable (String) async throws -> (response: ResponseType, items: [Item], nextToken: String)' to 'nonisolated(nonsending) @Sendable (String) async throws -> (response: ResponseType, items: [Item], nextToken: String)' because crossing of an isolation boundary requires parameter and result types to conform to 'Sendable' protocol
| `- note: type 'Item' does not conform to 'Sendable' protocol
45 | let response = try await listRpc(token)
46 | return (response, response._getPaginatedItems(), response._nextPageToken())
[2046/2120] Compiling GoogleGax PollingBackoffPolicy.swift
/host/spi-builder-workspace/.build/checkouts/swift-google-gax/Sources/GoogleGax/Pagination.swift:44:22: error: cannot convert '@Sendable (String) async throws -> (response: ResponseType, items: [Item], nextToken: String)' to 'nonisolated(nonsending) @Sendable (String) async throws -> (response: ResponseType, items: [Item], nextToken: String)' because crossing of an isolation boundary requires parameter and result types to conform to 'Sendable' protocol
42 | ) where ResponseType: _PaginatedResponse<Item> {
43 | self.initialPageToken = initialPageToken ?? ""
44 | self.fetchPage = { token in
| |- error: cannot convert '@Sendable (String) async throws -> (response: ResponseType, items: [Item], nextToken: String)' to 'nonisolated(nonsending) @Sendable (String) async throws -> (response: ResponseType, items: [Item], nextToken: String)' because crossing of an isolation boundary requires parameter and result types to conform to 'Sendable' protocol
| `- note: type 'Item' does not conform to 'Sendable' protocol
45 | let response = try await listRpc(token)
46 | return (response, response._getPaginatedItems(), response._nextPageToken())
[2047/2120] Compiling GoogleGax PollingErrorPolicy.swift
/host/spi-builder-workspace/.build/checkouts/swift-google-gax/Sources/GoogleGax/Pagination.swift:44:22: error: cannot convert '@Sendable (String) async throws -> (response: ResponseType, items: [Item], nextToken: String)' to 'nonisolated(nonsending) @Sendable (String) async throws -> (response: ResponseType, items: [Item], nextToken: String)' because crossing of an isolation boundary requires parameter and result types to conform to 'Sendable' protocol
42 | ) where ResponseType: _PaginatedResponse<Item> {
43 | self.initialPageToken = initialPageToken ?? ""
44 | self.fetchPage = { token in
| |- error: cannot convert '@Sendable (String) async throws -> (response: ResponseType, items: [Item], nextToken: String)' to 'nonisolated(nonsending) @Sendable (String) async throws -> (response: ResponseType, items: [Item], nextToken: String)' because crossing of an isolation boundary requires parameter and result types to conform to 'Sendable' protocol
| `- note: type 'Item' does not conform to 'Sendable' protocol
45 | let response = try await listRpc(token)
46 | return (response, response._getPaginatedItems(), response._nextPageToken())
[2048/2120] Compiling GoogleGax PollingResult.swift
/host/spi-builder-workspace/.build/checkouts/swift-google-gax/Sources/GoogleGax/Pagination.swift:44:22: error: cannot convert '@Sendable (String) async throws -> (response: ResponseType, items: [Item], nextToken: String)' to 'nonisolated(nonsending) @Sendable (String) async throws -> (response: ResponseType, items: [Item], nextToken: String)' because crossing of an isolation boundary requires parameter and result types to conform to 'Sendable' protocol
42 | ) where ResponseType: _PaginatedResponse<Item> {
43 | self.initialPageToken = initialPageToken ?? ""
44 | self.fetchPage = { token in
| |- error: cannot convert '@Sendable (String) async throws -> (response: ResponseType, items: [Item], nextToken: String)' to 'nonisolated(nonsending) @Sendable (String) async throws -> (response: ResponseType, items: [Item], nextToken: String)' because crossing of an isolation boundary requires parameter and result types to conform to 'Sendable' protocol
| `- note: type 'Item' does not conform to 'Sendable' protocol
45 | let response = try await listRpc(token)
46 | return (response, response._getPaginatedItems(), response._nextPageToken())
[2049/2120] Compiling GoogleGax PollingState.swift
/host/spi-builder-workspace/.build/checkouts/swift-google-gax/Sources/GoogleGax/Pagination.swift:44:22: error: cannot convert '@Sendable (String) async throws -> (response: ResponseType, items: [Item], nextToken: String)' to 'nonisolated(nonsending) @Sendable (String) async throws -> (response: ResponseType, items: [Item], nextToken: String)' because crossing of an isolation boundary requires parameter and result types to conform to 'Sendable' protocol
42 | ) where ResponseType: _PaginatedResponse<Item> {
43 | self.initialPageToken = initialPageToken ?? ""
44 | self.fetchPage = { token in
| |- error: cannot convert '@Sendable (String) async throws -> (response: ResponseType, items: [Item], nextToken: String)' to 'nonisolated(nonsending) @Sendable (String) async throws -> (response: ResponseType, items: [Item], nextToken: String)' because crossing of an isolation boundary requires parameter and result types to conform to 'Sendable' protocol
| `- note: type 'Item' does not conform to 'Sendable' protocol
45 | let response = try await listRpc(token)
46 | return (response, response._getPaginatedItems(), response._nextPageToken())
[2050/2120] Compiling GoogleGax ProtobufConversionError.swift
/host/spi-builder-workspace/.build/checkouts/swift-google-gax/Sources/GoogleGax/Pagination.swift:44:22: error: cannot convert '@Sendable (String) async throws -> (response: ResponseType, items: [Item], nextToken: String)' to 'nonisolated(nonsending) @Sendable (String) async throws -> (response: ResponseType, items: [Item], nextToken: String)' because crossing of an isolation boundary requires parameter and result types to conform to 'Sendable' protocol
42 | ) where ResponseType: _PaginatedResponse<Item> {
43 | self.initialPageToken = initialPageToken ?? ""
44 | self.fetchPage = { token in
| |- error: cannot convert '@Sendable (String) async throws -> (response: ResponseType, items: [Item], nextToken: String)' to 'nonisolated(nonsending) @Sendable (String) async throws -> (response: ResponseType, items: [Item], nextToken: String)' because crossing of an isolation boundary requires parameter and result types to conform to 'Sendable' protocol
| `- note: type 'Item' does not conform to 'Sendable' protocol
45 | let response = try await listRpc(token)
46 | return (response, response._getPaginatedItems(), response._nextPageToken())
[2051/2120] Compiling GoogleGax QueryParameter.swift
/host/spi-builder-workspace/.build/checkouts/swift-google-gax/Sources/GoogleGax/Pagination.swift:44:22: error: cannot convert '@Sendable (String) async throws -> (response: ResponseType, items: [Item], nextToken: String)' to 'nonisolated(nonsending) @Sendable (String) async throws -> (response: ResponseType, items: [Item], nextToken: String)' because crossing of an isolation boundary requires parameter and result types to conform to 'Sendable' protocol
42 | ) where ResponseType: _PaginatedResponse<Item> {
43 | self.initialPageToken = initialPageToken ?? ""
44 | self.fetchPage = { token in
| |- error: cannot convert '@Sendable (String) async throws -> (response: ResponseType, items: [Item], nextToken: String)' to 'nonisolated(nonsending) @Sendable (String) async throws -> (response: ResponseType, items: [Item], nextToken: String)' because crossing of an isolation boundary requires parameter and result types to conform to 'Sendable' protocol
| `- note: type 'Item' does not conform to 'Sendable' protocol
45 | let response = try await listRpc(token)
46 | return (response, response._getPaginatedItems(), response._nextPageToken())
[2052/2120] Compiling GoogleGax RequestError.swift
/host/spi-builder-workspace/.build/checkouts/swift-google-gax/Sources/GoogleGax/Pagination.swift:44:22: error: cannot convert '@Sendable (String) async throws -> (response: ResponseType, items: [Item], nextToken: String)' to 'nonisolated(nonsending) @Sendable (String) async throws -> (response: ResponseType, items: [Item], nextToken: String)' because crossing of an isolation boundary requires parameter and result types to conform to 'Sendable' protocol
42 | ) where ResponseType: _PaginatedResponse<Item> {
43 | self.initialPageToken = initialPageToken ?? ""
44 | self.fetchPage = { token in
| |- error: cannot convert '@Sendable (String) async throws -> (response: ResponseType, items: [Item], nextToken: String)' to 'nonisolated(nonsending) @Sendable (String) async throws -> (response: ResponseType, items: [Item], nextToken: String)' because crossing of an isolation boundary requires parameter and result types to conform to 'Sendable' protocol
| `- note: type 'Item' does not conform to 'Sendable' protocol
45 | let response = try await listRpc(token)
46 | return (response, response._getPaginatedItems(), response._nextPageToken())
[2053/2128] Compiling GoogleGax AIP194+PollingErrorPolicy.swift
[2054/2128] Compiling GoogleGax AIP194+RetryPolicy.swift
[2055/2128] Compiling GoogleGax AIP194.swift
[2056/2128] Compiling GoogleGax AdaptiveThrottler.swift
[2057/2128] Compiling GoogleGax AlwaysPoll.swift
[2058/2128] Compiling GoogleGax AlwaysRetry.swift
[2059/2128] Compiling GoogleGax ApiClientHeader.swift
[2060/2128] Compiling GoogleGax BackoffPolicy.swift
[2061/2128] Compiling GoogleGax BasePollingErrorPolicy.swift
[2062/2128] Emitting module GoogleGax
[2063/2128] Compiling GoogleGax LimitedAttemptCount+PollingErrorPolicy.swift
[2064/2128] Compiling GoogleGax LimitedAttemptCount+RetryPolicy.swift
[2065/2128] Compiling GoogleGax LimitedAttemptCount.swift
[2066/2128] Compiling GoogleGax LimitedElapsedTime+PollingErrorPolicy.swift
[2067/2128] Compiling GoogleGax LimitedElapsedTime+RetryPolicy.swift
[2068/2128] Compiling GoogleGax LimitedElapsedTime.swift
[2069/2128] Compiling GoogleGax LongRunningOperations.swift
[2070/2128] Compiling GoogleGax NeverRetry.swift
[2071/2128] Compiling GoogleGax ContinueOnIO.swift
[2072/2128] Compiling GoogleGax CredentialsProtocol.swift
[2073/2128] Compiling GoogleGax ErrorWrapper.swift
[2074/2128] Compiling GoogleGax ExponentialBackoff+BackoffPolicy.swift
[2075/2128] Compiling GoogleGax ExponentialBackoff+PollingBackoffPolicy.swift
[2076/2128] Compiling GoogleGax ExponentialBackoff.swift
[2077/2128] Compiling GoogleGax HTTPClient.swift
[2078/2128] Compiling GoogleGax HTTPClientHolder.swift
[2079/2128] Compiling GoogleGax HTTPClientProtocol.swift
[2080/2128] Compiling GoogleGax HTTPClientRequest.swift
[2081/2128] Compiling GoogleGax HTTPClientResponse.swift
[2082/2128] Compiling GoogleGax HTTPHeaders.swift
[2083/2128] Compiling GoogleGax HTTPResponseBody.swift
[2084/2128] Compiling GoogleGax HeaderNames.swift
[2085/2128] Compiling GoogleGax Host.swift
[2086/2128] Compiling GoogleGax InProgressResult.swift
[2087/2128] Compiling GoogleGax BaseRetryPolicy.swift
[2088/2128] Compiling GoogleGax BindingError.swift
[2089/2128] Compiling GoogleGax CRC32C.swift
[2090/2128] Compiling GoogleGax CircuitBreaker.swift
[2091/2128] Compiling GoogleGax ClientError.swift
[2092/2128] Compiling GoogleGax ClientOptions.swift
[2093/2128] Compiling GoogleGax ContinueOnIO+PollingErrorPolicy.swift
[2094/2128] Compiling GoogleGax ContinueOnIO+RetryPolicy.swift
[2095/2128] Compiling GoogleGax RequestOptions.swift
[2096/2128] Compiling GoogleGax RetryLoop.swift
[2097/2128] Compiling GoogleGax RetryPolicy.swift
[2098/2128] Compiling GoogleGax RetryResult.swift
[2099/2128] Compiling GoogleGax RetryState.swift
[2100/2128] Compiling GoogleGax RetryThrottler.swift
[2101/2128] Compiling GoogleGax RetryThrottlerError.swift
[2102/2128] Compiling GoogleGax RoutingMatcher.swift
[2103/2128] Compiling GoogleGax ServiceError.swift
[2104/2128] Compiling GoogleGax StatusDetail.swift
[2105/2128] Compiling GoogleGax StrictIdempotency.swift
[2106/2128] Compiling GoogleGax ThrottleResult.swift
[2107/2128] Compiling GoogleGax TooManyRequests+PollingErrorPolicy.swift
[2108/2128] Compiling GoogleGax TooManyRequests+RetryPolicy.swift
[2109/2128] Compiling GoogleGax TooManyRequests.swift
[2110/2128] Compiling GoogleGax PackageVersion.swift
BUILD FAILURE 6.2 android