The Swift Package Index logo.Swift Package Index

Build Information

Failed to build TestUtils, reference 1.0.2 (a20d4c), with Swift 6.4 for Linux on 17 Sep 2026 05:42:53 UTC.

Build Command

bash -c docker run --pull=always --rm -v "checkouts-54344847-0":/host -w "$PWD" -e JAVA_HOME="/root/.sdkman/candidates/java/current" -e SPI_BUILD="1" -e SPI_PROCESSING="1" registry.gitlab.com/saguaro1/spi-images:basic-6.4-latest swift build --triple x86_64-unknown-linux-gnu 2>&1

Build Log

========================================
RunAll
========================================
Builder version: 5.1.0
Interrupt handler set up.
========================================
Checkout
========================================
Clone URL: https://github.com/1904labs/ios-test-utils.git
Reference: 1.0.2
Initialized empty Git repository in /host/spi-builder-workspace/.git/
hint: Using 'master' as the name for the initial branch. This default branch name
hint: is subject to change. To configure the initial branch name to use in all
hint: of your new repositories, which will suppress this warning, call:
hint:
hint: 	git config --global init.defaultBranch <name>
hint:
hint: Names commonly chosen instead of 'master' are 'main', 'trunk' and
hint: 'development'. The just-created branch can be renamed via this command:
hint:
hint: 	git branch -m <name>
From https://github.com/1904labs/ios-test-utils
 * tag               1.0.2      -> FETCH_HEAD
HEAD is now at a20d4cd Added example URLSession mock
Cloned https://github.com/1904labs/ios-test-utils.git
Revision (git rev-parse @):
a20d4cdea48e8ba8641941f5eb2ec983c4f0faed
SUCCESS checkout https://github.com/1904labs/ios-test-utils.git at 1.0.2
========================================
Build
========================================
Selected platform:         linux
Swift version:             6.4
Building package at path:  $PWD
https://github.com/1904labs/ios-test-utils.git
Running build ...
bash -c docker run --pull=always --rm -v "checkouts-54344847-0":/host -w "$PWD" -e JAVA_HOME="/root/.sdkman/candidates/java/current" -e SPI_BUILD="1" -e SPI_PROCESSING="1" registry.gitlab.com/saguaro1/spi-images:basic-6.4-latest swift build --triple x86_64-unknown-linux-gnu 2>&1
basic-6.4-latest: Pulling from saguaro1/spi-images
Digest: sha256:c77fcce225e223ac0fafed844619173fc6de8d62dd560eeb28db3182af6a282b
Status: Image is up to date for registry.gitlab.com/saguaro1/spi-images:basic-6.4-latest
Building for debugging...
[Planning deferred tasks]
error: SwiftCompile normal x86_64 failed with a nonzero exit code. Command line:     cd /host

/host/spi-builder-workspace/Sources/TestUtils/URLProtocolMock.swift:13:59: error: 'URLResponse' is unavailable: This type has moved to the FoundationNetworking module. Import that module to use it.
11 |
12 |     // this dictionary maps URLs to test data
13 |     static var testURLs = [URL?: [(data: Data?, response: URLResponse?, error: Error?)]]()
   |                                                           `- error: 'URLResponse' is unavailable: This type has moved to the FoundationNetworking module. Import that module to use it.
14 |
15 |     // say we want to handle all types of request
Foundation.URLResponse:2:18: note: 'URLResponse' has been explicitly marked unavailable here
1 | @available(*, unavailable, message: "This type has moved to the FoundationNetworking module. Import that module to use it.")
2 | public typealias URLResponse = AnyObject
  |                  `- note: 'URLResponse' has been explicitly marked unavailable here
/host/spi-builder-workspace/Sources/TestUtils/URLProtocolMock.swift:16:47: error: cannot find type 'URLRequest' in scope
14 |
15 |     // say we want to handle all types of request
16 |     override class func canInit(with request: URLRequest) -> Bool {
   |                                               `- error: cannot find type 'URLRequest' in scope
17 |         return true
18 |     }
/host/spi-builder-workspace/Sources/TestUtils/URLProtocolMock.swift:21:70: error: cannot find type 'URLRequest' in scope
19 |
20 |     // ignore this method; just send back what we were given
21 |     override class func canonicalRequest(for request: URLRequest) -> URLRequest {
   |                                                                      `- error: cannot find type 'URLRequest' in scope
22 |         return request
23 |     }
/host/spi-builder-workspace/Sources/TestUtils/URLProtocolMock.swift:21:55: error: cannot find type 'URLRequest' in scope
19 |
20 |     // ignore this method; just send back what we were given
21 |     override class func canonicalRequest(for request: URLRequest) -> URLRequest {
   |                                                       `- error: cannot find type 'URLRequest' in scope
22 |         return request
23 |     }
/host/spi-builder-workspace/Sources/TestUtils/URLProtocolMock.swift:25:19: error: method does not override any method from its superclass
23 |     }
24 |
25 |     override func startLoading() {
   |                   `- error: method does not override any method from its superclass
26 |         defer {
27 |             self.client?.urlProtocolDidFinishLoading(self)
/host/spi-builder-workspace/Sources/TestUtils/URLProtocolMock.swift:46:19: error: method does not override any method from its superclass
44 |
45 |     // this method is required but doesn't need to do anything
46 |     override func stopLoading() { }
   |                   `- error: method does not override any method from its superclass
47 | }
48 |
/host/spi-builder-workspace/Sources/TestUtils/URLProtocolMock.swift:10:24: error: 'URLProtocol' is unavailable: This type has moved to the FoundationNetworking module. Import that module to use it.
 8 | import Foundation
 9 |
10 | class URLProtocolMock: URLProtocol {
   |                        `- error: 'URLProtocol' is unavailable: This type has moved to the FoundationNetworking module. Import that module to use it.
11 |
12 |     // this dictionary maps URLs to test data
Foundation.URLProtocol:2:18: note: 'URLProtocol' has been explicitly marked unavailable here
1 | @available(*, unavailable, message: "This type has moved to the FoundationNetworking module. Import that module to use it.")
2 | public typealias URLProtocol = AnyObject
  |                  `- note: 'URLProtocol' has been explicitly marked unavailable here
/host/spi-builder-workspace/Sources/TestUtils/URLSessionMock.swift:13:28: error: 'URLSession' is unavailable: This type has moved to the FoundationNetworking module. Import that module to use it.
11 |  An example of how to create a mock url session using URLProtocolMock
12 |  */
13 | public var urlSessionMock: URLSession {
   |                            `- error: 'URLSession' is unavailable: This type has moved to the FoundationNetworking module. Import that module to use it.
14 |     let configuration = URLSessionConfiguration.ephemeral
15 |     configuration.protocolClasses = [URLProtocolMock.self]
Foundation.URLSession:2:18: note: 'URLSession' has been explicitly marked unavailable here
1 | @available(*, unavailable, message: "This type has moved to the FoundationNetworking module. Import that module to use it.")
2 | public typealias URLSession = AnyObject
  |                  `- note: 'URLSession' has been explicitly marked unavailable here
Failed frontend command:
/usr/bin/swift-frontend -frontend -emit-module -experimental-skip-non-inlinable-function-bodies-without-types /host/spi-builder-workspace/Sources/TestUtils/URLProtocolMock.swift /host/spi-builder-workspace/Sources/TestUtils/URLSessionMock.swift -target x86_64-unknown-linux-gnu -disable-objc-interop -I /host/spi-builder-workspace/.build/out/Products/Debug-linux-x86_64 -module-cache-path /host/spi-builder-workspace/.build/out/ModuleCache.noindex -color-diagnostics -Xcc -fcolor-diagnostics -enable-testing -g -debug-info-format\=dwarf -dwarf-version\=4 -swift-version 5 -Onone -D SWIFT_PACKAGE -D DEBUG -D SWIFT_MODULE_RESOURCE_BUNDLE_UNAVAILABLE -D Xcode -serialize-debugging-options -enable-experimental-feature DebugDescriptionMacro -empty-abi-descriptor -external-plugin-path /usr/lib/swift/host/plugins/testing\#/usr/bin/swift-plugin-server -validate-clang-modules-once -clang-build-session-file /host/spi-builder-workspace/.build/out/ModuleCache.noindex/Session.modulevalidation -Xcc -working-directory -Xcc /host -enable-anonymous-context-mangled-names -file-compilation-dir /host -Xcc -fno-omit-frame-pointer -Xcc -D_LIBCPP_HARDENING_MODE\=_LIBCPP_HARDENING_MODE_DEBUG -Xcc -fmodules-prune-interval\=86400 -Xcc -fmodules-prune-after\=345600 -Xcc -I/host/spi-builder-workspace/.build/out/Products/Debug-linux-x86_64/include -Xcc -I/host/spi-builder-workspace/.build/out/Intermediates.noindex/TestUtils.build/Debug-linux-x86_64/TestUtils-t.build/DerivedSources-normal/x86_64 -Xcc -I/host/spi-builder-workspace/.build/out/Intermediates.noindex/TestUtils.build/Debug-linux-x86_64/TestUtils-t.build/DerivedSources/x86_64 -Xcc -I/host/spi-builder-workspace/.build/out/Intermediates.noindex/TestUtils.build/Debug-linux-x86_64/TestUtils-t.build/DerivedSources -Xcc -DSWIFT_PACKAGE -Xcc -DDEBUG\=1 -no-auto-bridging-header-chaining -module-name TestUtils -const-gather-protocols-file /host/spi-builder-workspace/.build/out/Intermediates.noindex/TestUtils.build/Debug-linux-x86_64/TestUtils-t.build/Objects-normal/x86_64/TestUtils_const_extract_protocols.json -in-process-plugin-server-path /usr/lib/swift/host/libSwiftInProcPluginServer.so -plugin-path /usr/lib/swift/host/plugins -plugin-path /usr/local/lib/swift/host/plugins -emit-module-doc-path /host/spi-builder-workspace/.build/out/Intermediates.noindex/TestUtils.build/Debug-linux-x86_64/TestUtils-t.build/Objects-normal/x86_64/Modules/TestUtils.swiftdoc -emit-module-source-info-path /host/spi-builder-workspace/.build/out/Intermediates.noindex/TestUtils.build/Debug-linux-x86_64/TestUtils-t.build/Objects-normal/x86_64/Modules/TestUtils.swiftsourceinfo -emit-objc-header-path /host/spi-builder-workspace/.build/out/Intermediates.noindex/TestUtils.build/Debug-linux-x86_64/TestUtils-t.build/Objects-normal/x86_64/TestUtils-Swift.h -serialize-diagnostics-path /host/spi-builder-workspace/.build/out/Intermediates.noindex/TestUtils.build/Debug-linux-x86_64/TestUtils-t.build/Objects-normal/x86_64/TestUtils-primary-emit-module.dia -emit-dependencies-path /host/spi-builder-workspace/.build/out/Intermediates.noindex/TestUtils.build/Debug-linux-x86_64/TestUtils-t.build/Objects-normal/x86_64/TestUtils-primary-emit-module.d -parse-as-library -o /host/spi-builder-workspace/.build/out/Intermediates.noindex/TestUtils.build/Debug-linux-x86_64/TestUtils-t.build/Objects-normal/x86_64/Modules/TestUtils.swiftmodule
error: Build failed
BUILD FAILURE 6.4 linux