The Swift Package Index logo.Swift Package Index

Build Information

Failed to build STTextView, reference 2.4.1 (bbdcfd), with Swift 6.4 for visionOS using Xcode 27.0 on 28 Sep 2026 01:32:07 UTC.

Build Command

env DEVELOPER_DIR=/Applications/Xcode-27.0.0-Release.Candidate.app xcrun xcodebuild -IDEClonedSourcePackagesDirPathOverride=$PWD/.dependencies -skipMacroValidation -skipPackagePluginValidation -derivedDataPath $PWD/.derivedData build -scheme STTextView -destination generic/platform=xrOS

Build Log

WriteAuxiliaryFile /Users/admin/builder/spi-builder-workspace/.derivedData/Build/Intermediates.noindex/STTextKitPlus.build/Debug-xros/STTextKitPlus-t.build/STTextKitPlus.modulemap (in target 'STTextKitPlus' from project 'STTextKitPlus')
    cd /Users/admin/builder/spi-builder-workspace/.dependencies/checkouts/STTextKitPlus
    write-file /Users/admin/builder/spi-builder-workspace/.derivedData/Build/Intermediates.noindex/STTextKitPlus.build/Debug-xros/STTextKitPlus-t.build/STTextKitPlus.modulemap
Copy /Users/admin/builder/spi-builder-workspace/.derivedData/Build/Intermediates.noindex/GeneratedModuleMaps-xros/STTextView.modulemap /Users/admin/builder/spi-builder-workspace/.derivedData/Build/Intermediates.noindex/STTextView.build/Debug-xros/STTextView-t.build/STTextView.modulemap (in target 'STTextView' from project 'STTextView')
    cd /Users/admin/builder/spi-builder-workspace
    builtin-copy -exclude .DS_Store -exclude CVS -exclude .svn -exclude .git -exclude .hg -resolve-src-symlinks /Users/admin/builder/spi-builder-workspace/.derivedData/Build/Intermediates.noindex/STTextView.build/Debug-xros/STTextView-t.build/STTextView.modulemap /Users/admin/builder/spi-builder-workspace/.derivedData/Build/Intermediates.noindex/GeneratedModuleMaps-xros
WriteAuxiliaryFile /Users/admin/builder/spi-builder-workspace/.derivedData/Build/Intermediates.noindex/STTextKitPlus.build/Debug-xros/STTextKitPlus-t.build/STTextKitPlus.DependencyStaticMetadataFileList (in target 'STTextKitPlus' from project 'STTextKitPlus')
    cd /Users/admin/builder/spi-builder-workspace/.dependencies/checkouts/STTextKitPlus
    write-file /Users/admin/builder/spi-builder-workspace/.derivedData/Build/Intermediates.noindex/STTextKitPlus.build/Debug-xros/STTextKitPlus-t.build/STTextKitPlus.DependencyStaticMetadataFileList
WriteAuxiliaryFile /Users/admin/builder/spi-builder-workspace/.derivedData/Build/Intermediates.noindex/STTextKitPlus.build/Debug-xros/STTextKitPlus-t.build/STTextKitPlus.DependencyMetadataFileList (in target 'STTextKitPlus' from project 'STTextKitPlus')
    cd /Users/admin/builder/spi-builder-workspace/.dependencies/checkouts/STTextKitPlus
    write-file /Users/admin/builder/spi-builder-workspace/.derivedData/Build/Intermediates.noindex/STTextKitPlus.build/Debug-xros/STTextKitPlus-t.build/STTextKitPlus.DependencyMetadataFileList
WriteAuxiliaryFile /Users/admin/builder/spi-builder-workspace/.derivedData/Build/Intermediates.noindex/STTextKitPlus.build/Debug-xros/STTextKitPlus-t.build/Objects-normal/arm64/STTextKitPlus_const_extract_protocols.json (in target 'STTextKitPlus' from project 'STTextKitPlus')
    cd /Users/admin/builder/spi-builder-workspace/.dependencies/checkouts/STTextKitPlus
    write-file /Users/admin/builder/spi-builder-workspace/.derivedData/Build/Intermediates.noindex/STTextKitPlus.build/Debug-xros/STTextKitPlus-t.build/Objects-normal/arm64/STTextKitPlus_const_extract_protocols.json
WriteAuxiliaryFile /Users/admin/builder/spi-builder-workspace/.derivedData/Build/Intermediates.noindex/STTextKitPlus.build/Debug-xros/STTextKitPlus-t.build/Objects-normal/arm64/STTextKitPlus.SwiftFileList (in target 'STTextKitPlus' from project 'STTextKitPlus')
    cd /Users/admin/builder/spi-builder-workspace/.dependencies/checkouts/STTextKitPlus
    write-file /Users/admin/builder/spi-builder-workspace/.derivedData/Build/Intermediates.noindex/STTextKitPlus.build/Debug-xros/STTextKitPlus-t.build/Objects-normal/arm64/STTextKitPlus.SwiftFileList
WriteAuxiliaryFile /Users/admin/builder/spi-builder-workspace/.derivedData/Build/Intermediates.noindex/STTextKitPlus.build/Debug-xros/STTextKitPlus-t.build/Objects-normal/arm64/STTextKitPlus.SwiftConstValuesFileList (in target 'STTextKitPlus' from project 'STTextKitPlus')
    cd /Users/admin/builder/spi-builder-workspace/.dependencies/checkouts/STTextKitPlus
    write-file /Users/admin/builder/spi-builder-workspace/.derivedData/Build/Intermediates.noindex/STTextKitPlus.build/Debug-xros/STTextKitPlus-t.build/Objects-normal/arm64/STTextKitPlus.SwiftConstValuesFileList
WriteAuxiliaryFile /Users/admin/builder/spi-builder-workspace/.derivedData/Build/Intermediates.noindex/STTextKitPlus.build/Debug-xros/STTextKitPlus-t.build/Objects-normal/arm64/STTextKitPlus.LinkFileList (in target 'STTextKitPlus' from project 'STTextKitPlus')
    cd /Users/admin/builder/spi-builder-workspace/.dependencies/checkouts/STTextKitPlus
    write-file /Users/admin/builder/spi-builder-workspace/.derivedData/Build/Intermediates.noindex/STTextKitPlus.build/Debug-xros/STTextKitPlus-t.build/Objects-normal/arm64/STTextKitPlus.LinkFileList
WriteAuxiliaryFile /Users/admin/builder/spi-builder-workspace/.derivedData/Build/Intermediates.noindex/STTextKitPlus.build/Debug-xros/STTextKitPlus-t.build/Objects-normal/arm64/STTextKitPlus-OutputFileMap.json (in target 'STTextKitPlus' from project 'STTextKitPlus')
    cd /Users/admin/builder/spi-builder-workspace/.dependencies/checkouts/STTextKitPlus
    write-file /Users/admin/builder/spi-builder-workspace/.derivedData/Build/Intermediates.noindex/STTextKitPlus.build/Debug-xros/STTextKitPlus-t.build/Objects-normal/arm64/STTextKitPlus-OutputFileMap.json
WriteAuxiliaryFile /Users/admin/builder/spi-builder-workspace/.derivedData/Build/Intermediates.noindex/CoreTextSwift.build/Debug-xros/CoreTextSwift-t.build/Objects-normal/arm64/CoreTextSwift_const_extract_protocols.json (in target 'CoreTextSwift' from project 'CoreTextSwift')
    cd /Users/admin/builder/spi-builder-workspace/.dependencies/checkouts/CoreTextSwift
    write-file /Users/admin/builder/spi-builder-workspace/.derivedData/Build/Intermediates.noindex/CoreTextSwift.build/Debug-xros/CoreTextSwift-t.build/Objects-normal/arm64/CoreTextSwift_const_extract_protocols.json
Copy /Users/admin/builder/spi-builder-workspace/.derivedData/Build/Intermediates.noindex/GeneratedModuleMaps-xros/STTextKitPlus.modulemap /Users/admin/builder/spi-builder-workspace/.derivedData/Build/Intermediates.noindex/STTextKitPlus.build/Debug-xros/STTextKitPlus-t.build/STTextKitPlus.modulemap (in target 'STTextKitPlus' from project 'STTextKitPlus')
    cd /Users/admin/builder/spi-builder-workspace/.dependencies/checkouts/STTextKitPlus
    builtin-copy -exclude .DS_Store -exclude CVS -exclude .svn -exclude .git -exclude .hg -resolve-src-symlinks /Users/admin/builder/spi-builder-workspace/.derivedData/Build/Intermediates.noindex/STTextKitPlus.build/Debug-xros/STTextKitPlus-t.build/STTextKitPlus.modulemap /Users/admin/builder/spi-builder-workspace/.derivedData/Build/Intermediates.noindex/GeneratedModuleMaps-xros
WriteAuxiliaryFile /Users/admin/builder/spi-builder-workspace/.derivedData/Build/Intermediates.noindex/CoreTextSwift.build/Debug-xros/CoreTextSwift-t.build/Objects-normal/arm64/CoreTextSwift.SwiftFileList (in target 'CoreTextSwift' from project 'CoreTextSwift')
    cd /Users/admin/builder/spi-builder-workspace/.dependencies/checkouts/CoreTextSwift
    write-file /Users/admin/builder/spi-builder-workspace/.derivedData/Build/Intermediates.noindex/CoreTextSwift.build/Debug-xros/CoreTextSwift-t.build/Objects-normal/arm64/CoreTextSwift.SwiftFileList
WriteAuxiliaryFile /Users/admin/builder/spi-builder-workspace/.derivedData/Build/Intermediates.noindex/CoreTextSwift.build/Debug-xros/CoreTextSwift-t.build/Objects-normal/arm64/CoreTextSwift.SwiftConstValuesFileList (in target 'CoreTextSwift' from project 'CoreTextSwift')
    cd /Users/admin/builder/spi-builder-workspace/.dependencies/checkouts/CoreTextSwift
    write-file /Users/admin/builder/spi-builder-workspace/.derivedData/Build/Intermediates.noindex/CoreTextSwift.build/Debug-xros/CoreTextSwift-t.build/Objects-normal/arm64/CoreTextSwift.SwiftConstValuesFileList
WriteAuxiliaryFile /Users/admin/builder/spi-builder-workspace/.derivedData/Build/Intermediates.noindex/CoreTextSwift.build/Debug-xros/CoreTextSwift-t.build/Objects-normal/arm64/CoreTextSwift.LinkFileList (in target 'CoreTextSwift' from project 'CoreTextSwift')
    cd /Users/admin/builder/spi-builder-workspace/.dependencies/checkouts/CoreTextSwift
    write-file /Users/admin/builder/spi-builder-workspace/.derivedData/Build/Intermediates.noindex/CoreTextSwift.build/Debug-xros/CoreTextSwift-t.build/Objects-normal/arm64/CoreTextSwift.LinkFileList
WriteAuxiliaryFile /Users/admin/builder/spi-builder-workspace/.derivedData/Build/Intermediates.noindex/CoreTextSwift.build/Debug-xros/CoreTextSwift-t.build/Objects-normal/arm64/CoreTextSwift-OutputFileMap.json (in target 'CoreTextSwift' from project 'CoreTextSwift')
    cd /Users/admin/builder/spi-builder-workspace/.dependencies/checkouts/CoreTextSwift
    write-file /Users/admin/builder/spi-builder-workspace/.derivedData/Build/Intermediates.noindex/CoreTextSwift.build/Debug-xros/CoreTextSwift-t.build/Objects-normal/arm64/CoreTextSwift-OutputFileMap.json
WriteAuxiliaryFile /Users/admin/builder/spi-builder-workspace/.derivedData/Build/Intermediates.noindex/CoreTextSwift.build/Debug-xros/CoreTextSwift-t.build/CoreTextSwift.modulemap (in target 'CoreTextSwift' from project 'CoreTextSwift')
    cd /Users/admin/builder/spi-builder-workspace/.dependencies/checkouts/CoreTextSwift
    write-file /Users/admin/builder/spi-builder-workspace/.derivedData/Build/Intermediates.noindex/CoreTextSwift.build/Debug-xros/CoreTextSwift-t.build/CoreTextSwift.modulemap
WriteAuxiliaryFile /Users/admin/builder/spi-builder-workspace/.derivedData/Build/Intermediates.noindex/CoreTextSwift.build/Debug-xros/CoreTextSwift-t.build/CoreTextSwift.DependencyStaticMetadataFileList (in target 'CoreTextSwift' from project 'CoreTextSwift')
    cd /Users/admin/builder/spi-builder-workspace/.dependencies/checkouts/CoreTextSwift
    write-file /Users/admin/builder/spi-builder-workspace/.derivedData/Build/Intermediates.noindex/CoreTextSwift.build/Debug-xros/CoreTextSwift-t.build/CoreTextSwift.DependencyStaticMetadataFileList
WriteAuxiliaryFile /Users/admin/builder/spi-builder-workspace/.derivedData/Build/Intermediates.noindex/CoreTextSwift.build/Debug-xros/CoreTextSwift-t.build/CoreTextSwift.DependencyMetadataFileList (in target 'CoreTextSwift' from project 'CoreTextSwift')
    cd /Users/admin/builder/spi-builder-workspace/.dependencies/checkouts/CoreTextSwift
    write-file /Users/admin/builder/spi-builder-workspace/.derivedData/Build/Intermediates.noindex/CoreTextSwift.build/Debug-xros/CoreTextSwift-t.build/CoreTextSwift.DependencyMetadataFileList
Copy /Users/admin/builder/spi-builder-workspace/.derivedData/Build/Intermediates.noindex/GeneratedModuleMaps-xros/CoreTextSwift.modulemap /Users/admin/builder/spi-builder-workspace/.derivedData/Build/Intermediates.noindex/CoreTextSwift.build/Debug-xros/CoreTextSwift-t.build/CoreTextSwift.modulemap (in target 'CoreTextSwift' from project 'CoreTextSwift')
    cd /Users/admin/builder/spi-builder-workspace/.dependencies/checkouts/CoreTextSwift
    builtin-copy -exclude .DS_Store -exclude CVS -exclude .svn -exclude .git -exclude .hg -resolve-src-symlinks /Users/admin/builder/spi-builder-workspace/.derivedData/Build/Intermediates.noindex/CoreTextSwift.build/Debug-xros/CoreTextSwift-t.build/CoreTextSwift.modulemap /Users/admin/builder/spi-builder-workspace/.derivedData/Build/Intermediates.noindex/GeneratedModuleMaps-xros
CreateBuildDirectory /Users/admin/builder/spi-builder-workspace/.derivedData/Build/Products/Debug-xros/PackageFrameworks
    cd /Users/admin/builder/spi-builder-workspace/.swiftpm/xcode
    builtin-create-build-directory /Users/admin/builder/spi-builder-workspace/.derivedData/Build/Products/Debug-xros/PackageFrameworks
SwiftDriver CoreTextSwift normal arm64 com.apple.xcode.tools.swift.compiler (in target 'CoreTextSwift' from project 'CoreTextSwift')
    cd /Users/admin/builder/spi-builder-workspace/.swiftpm/xcode
    builtin-SwiftDriver -- /Applications/Xcode-27.0.0-Release.Candidate.app/Contents/Developer/Toolchains/XcodeDefault.xctoolchain/usr/bin/swiftc -parse-as-library -module-name CoreTextSwift -Onone @/Users/admin/builder/spi-builder-workspace/.derivedData/Build/Intermediates.noindex/CoreTextSwift.build/Debug-xros/CoreTextSwift-t.build/Objects-normal/arm64/CoreTextSwift.SwiftFileList -DSWIFT_PACKAGE -DDEBUG -DSWIFT_MODULE_RESOURCE_BUNDLE_UNAVAILABLE -DXcode -plugin-path /Applications/Xcode-27.0.0-Release.Candidate.app/Contents/Developer/Toolchains/XcodeDefault.xctoolchain/usr/lib/swift/host/plugins/testing -enable-experimental-feature DebugDescriptionMacro -sdk /Applications/Xcode-27.0.0-Release.Candidate.app/Contents/Developer/Platforms/XROS.platform/Developer/SDKs/XROS27.0.sdk -target arm64-apple-xros1.0 -g -module-cache-path /Users/admin/builder/spi-builder-workspace/.derivedData/ModuleCache.noindex -Xfrontend -serialize-debugging-options -profile-coverage-mapping -profile-generate -enable-testing -suppress-warnings -index-store-path /Users/admin/builder/spi-builder-workspace/.derivedData/Index.noindex/DataStore -Xcc -D_LIBCPP_HARDENING_MODE\=_LIBCPP_HARDENING_MODE_DEBUG -swift-version 5 -I /Users/admin/builder/spi-builder-workspace/.derivedData/Build/Products/Debug-xros -Isystem /Applications/Xcode-27.0.0-Release.Candidate.app/Contents/Developer/Platforms/XROS.platform/Developer/usr/lib -F /Users/admin/builder/spi-builder-workspace/.derivedData/Build/Products/Debug-xros -F /Applications/Xcode-27.0.0-Release.Candidate.app/Contents/Developer/Platforms/XROS.platform/Developer/Library/Frameworks -F /Applications/Xcode-27.0.0-Release.Candidate.app/Contents/Developer/Platforms/XROS.platform/Developer/SDKs/XROS27.0.sdk/Developer/Library/Frameworks -c -j10 -enable-batch-mode -incremental -Xcc -ivfsstatcache -Xcc /Users/admin/builder/spi-builder-workspace/.derivedData/SDKStatCaches.noindex/xros27.0-24M361-e829b21a6f8c9b70876ba0858053c044735bd543db762f57723cac368afd1ce4.sdkstatcache -output-file-map /Users/admin/builder/spi-builder-workspace/.derivedData/Build/Intermediates.noindex/CoreTextSwift.build/Debug-xros/CoreTextSwift-t.build/Objects-normal/arm64/CoreTextSwift-OutputFileMap.json -save-temps -no-color-diagnostics -explicit-module-build -module-cache-path /Users/admin/builder/spi-builder-workspace/.derivedData/Build/Intermediates.noindex/SwiftExplicitPrecompiledModules -clang-scanner-module-cache-path /Users/admin/builder/spi-builder-workspace/.derivedData/ModuleCache.noindex -sdk-module-cache-path /Users/admin/builder/spi-builder-workspace/.derivedData/SDKExplicitPrecompiledModules -emit-dependencies -emit-module -emit-module-path /Users/admin/builder/spi-builder-workspace/.derivedData/Build/Intermediates.noindex/CoreTextSwift.build/Debug-xros/CoreTextSwift-t.build/Objects-normal/arm64/CoreTextSwift.swiftmodule -serialize-diagnostics -dependency-scan-serialize-diagnostics-path /Users/admin/builder/spi-builder-workspace/.derivedData/Build/Intermediates.noindex/CoreTextSwift.build/Debug-xros/CoreTextSwift-t.build/Objects-normal/arm64/CoreTextSwift-dependency-scan.dia -validate-clang-modules-once -clang-build-session-file /Users/admin/builder/spi-builder-workspace/.derivedData/ModuleCache.noindex/Session.modulevalidation -Xcc -fmodules-prune-interval\=86400 -Xcc -fmodules-prune-after\=345600 -emit-const-values -const-gather-protocols-list /Users/admin/builder/spi-builder-workspace/.derivedData/Build/Intermediates.noindex/CoreTextSwift.build/Debug-xros/CoreTextSwift-t.build/Objects-normal/arm64/CoreTextSwift_const_extract_protocols.json -Xcc -I/Users/admin/builder/spi-builder-workspace/.derivedData/Build/Products/Debug-xros/include -Xcc -I/Users/admin/builder/spi-builder-workspace/.derivedData/Build/Intermediates.noindex/CoreTextSwift.build/Debug-xros/CoreTextSwift-t.build/DerivedSources-normal/arm64 -Xcc -I/Users/admin/builder/spi-builder-workspace/.derivedData/Build/Intermediates.noindex/CoreTextSwift.build/Debug-xros/CoreTextSwift-t.build/DerivedSources/arm64 -Xcc -I/Users/admin/builder/spi-builder-workspace/.derivedData/Build/Intermediates.noindex/CoreTextSwift.build/Debug-xros/CoreTextSwift-t.build/DerivedSources -Xcc -DSWIFT_PACKAGE -Xcc -DDEBUG\=1 -emit-objc-header -emit-objc-header-path /Users/admin/builder/spi-builder-workspace/.derivedData/Build/Intermediates.noindex/CoreTextSwift.build/Debug-xros/CoreTextSwift-t.build/Objects-normal/arm64/CoreTextSwift-Swift.h -working-directory /Users/admin/builder/spi-builder-workspace/.swiftpm/xcode -experimental-emit-module-separately -disable-cmo
SwiftDriver STTextKitPlus normal arm64 com.apple.xcode.tools.swift.compiler (in target 'STTextKitPlus' from project 'STTextKitPlus')
    cd /Users/admin/builder/spi-builder-workspace/.swiftpm/xcode
    builtin-SwiftDriver -- /Applications/Xcode-27.0.0-Release.Candidate.app/Contents/Developer/Toolchains/XcodeDefault.xctoolchain/usr/bin/swiftc -parse-as-library -module-name STTextKitPlus -Onone @/Users/admin/builder/spi-builder-workspace/.derivedData/Build/Intermediates.noindex/STTextKitPlus.build/Debug-xros/STTextKitPlus-t.build/Objects-normal/arm64/STTextKitPlus.SwiftFileList -DSWIFT_PACKAGE -DDEBUG -DSWIFT_MODULE_RESOURCE_BUNDLE_UNAVAILABLE -DXcode -plugin-path /Applications/Xcode-27.0.0-Release.Candidate.app/Contents/Developer/Toolchains/XcodeDefault.xctoolchain/usr/lib/swift/host/plugins/testing -enable-experimental-feature DebugDescriptionMacro -sdk /Applications/Xcode-27.0.0-Release.Candidate.app/Contents/Developer/Platforms/XROS.platform/Developer/SDKs/XROS27.0.sdk -target arm64-apple-xros1.0 -g -module-cache-path /Users/admin/builder/spi-builder-workspace/.derivedData/ModuleCache.noindex -Xfrontend -serialize-debugging-options -profile-coverage-mapping -profile-generate -enable-testing -suppress-warnings -index-store-path /Users/admin/builder/spi-builder-workspace/.derivedData/Index.noindex/DataStore -Xcc -D_LIBCPP_HARDENING_MODE\=_LIBCPP_HARDENING_MODE_DEBUG -swift-version 5 -I /Users/admin/builder/spi-builder-workspace/.derivedData/Build/Products/Debug-xros -Isystem /Applications/Xcode-27.0.0-Release.Candidate.app/Contents/Developer/Platforms/XROS.platform/Developer/usr/lib -F /Users/admin/builder/spi-builder-workspace/.derivedData/Build/Products/Debug-xros -F /Applications/Xcode-27.0.0-Release.Candidate.app/Contents/Developer/Platforms/XROS.platform/Developer/Library/Frameworks -F /Applications/Xcode-27.0.0-Release.Candidate.app/Contents/Developer/Platforms/XROS.platform/Developer/SDKs/XROS27.0.sdk/Developer/Library/Frameworks -c -j10 -enable-batch-mode -incremental -Xcc -ivfsstatcache -Xcc /Users/admin/builder/spi-builder-workspace/.derivedData/SDKStatCaches.noindex/xros27.0-24M361-e829b21a6f8c9b70876ba0858053c044735bd543db762f57723cac368afd1ce4.sdkstatcache -output-file-map /Users/admin/builder/spi-builder-workspace/.derivedData/Build/Intermediates.noindex/STTextKitPlus.build/Debug-xros/STTextKitPlus-t.build/Objects-normal/arm64/STTextKitPlus-OutputFileMap.json -save-temps -no-color-diagnostics -explicit-module-build -module-cache-path /Users/admin/builder/spi-builder-workspace/.derivedData/Build/Intermediates.noindex/SwiftExplicitPrecompiledModules -clang-scanner-module-cache-path /Users/admin/builder/spi-builder-workspace/.derivedData/ModuleCache.noindex -sdk-module-cache-path /Users/admin/builder/spi-builder-workspace/.derivedData/SDKExplicitPrecompiledModules -emit-dependencies -emit-module -emit-module-path /Users/admin/builder/spi-builder-workspace/.derivedData/Build/Intermediates.noindex/STTextKitPlus.build/Debug-xros/STTextKitPlus-t.build/Objects-normal/arm64/STTextKitPlus.swiftmodule -serialize-diagnostics -dependency-scan-serialize-diagnostics-path /Users/admin/builder/spi-builder-workspace/.derivedData/Build/Intermediates.noindex/STTextKitPlus.build/Debug-xros/STTextKitPlus-t.build/Objects-normal/arm64/STTextKitPlus-dependency-scan.dia -validate-clang-modules-once -clang-build-session-file /Users/admin/builder/spi-builder-workspace/.derivedData/ModuleCache.noindex/Session.modulevalidation -Xcc -fmodules-prune-interval\=86400 -Xcc -fmodules-prune-after\=345600 -emit-const-values -const-gather-protocols-list /Users/admin/builder/spi-builder-workspace/.derivedData/Build/Intermediates.noindex/STTextKitPlus.build/Debug-xros/STTextKitPlus-t.build/Objects-normal/arm64/STTextKitPlus_const_extract_protocols.json -Xcc -I/Users/admin/builder/spi-builder-workspace/.derivedData/Build/Products/Debug-xros/include -Xcc -I/Users/admin/builder/spi-builder-workspace/.derivedData/Build/Intermediates.noindex/STTextKitPlus.build/Debug-xros/STTextKitPlus-t.build/DerivedSources-normal/arm64 -Xcc -I/Users/admin/builder/spi-builder-workspace/.derivedData/Build/Intermediates.noindex/STTextKitPlus.build/Debug-xros/STTextKitPlus-t.build/DerivedSources/arm64 -Xcc -I/Users/admin/builder/spi-builder-workspace/.derivedData/Build/Intermediates.noindex/STTextKitPlus.build/Debug-xros/STTextKitPlus-t.build/DerivedSources -Xcc -DSWIFT_PACKAGE -Xcc -DDEBUG\=1 -emit-objc-header -emit-objc-header-path /Users/admin/builder/spi-builder-workspace/.derivedData/Build/Intermediates.noindex/STTextKitPlus.build/Debug-xros/STTextKitPlus-t.build/Objects-normal/arm64/STTextKitPlus-Swift.h -working-directory /Users/admin/builder/spi-builder-workspace/.swiftpm/xcode -experimental-emit-module-separately -disable-cmo
SwiftDriver STTextViewSwiftUICommon normal arm64 com.apple.xcode.tools.swift.compiler (in target 'STTextViewSwiftUICommon' from project 'STTextView')
    cd /Users/admin/builder/spi-builder-workspace/.swiftpm/xcode
    builtin-SwiftDriver -- /Applications/Xcode-27.0.0-Release.Candidate.app/Contents/Developer/Toolchains/XcodeDefault.xctoolchain/usr/bin/swiftc -parse-as-library -module-name STTextViewSwiftUICommon -Onone @/Users/admin/builder/spi-builder-workspace/.derivedData/Build/Intermediates.noindex/STTextView.build/Debug-xros/STTextViewSwiftUICommon-t.build/Objects-normal/arm64/STTextViewSwiftUICommon.SwiftFileList -DSWIFT_PACKAGE -DDEBUG -DSWIFT_MODULE_RESOURCE_BUNDLE_UNAVAILABLE -DXcode -plugin-path /Applications/Xcode-27.0.0-Release.Candidate.app/Contents/Developer/Toolchains/XcodeDefault.xctoolchain/usr/lib/swift/host/plugins/testing -enable-experimental-feature DebugDescriptionMacro -sdk /Applications/Xcode-27.0.0-Release.Candidate.app/Contents/Developer/Platforms/XROS.platform/Developer/SDKs/XROS27.0.sdk -target arm64-apple-xros1.0 -g -module-cache-path /Users/admin/builder/spi-builder-workspace/.derivedData/ModuleCache.noindex -Xfrontend -serialize-debugging-options -profile-coverage-mapping -profile-generate -enable-testing -index-store-path /Users/admin/builder/spi-builder-workspace/.derivedData/Index.noindex/DataStore -Xcc -D_LIBCPP_HARDENING_MODE\=_LIBCPP_HARDENING_MODE_DEBUG -swift-version 5 -I /Users/admin/builder/spi-builder-workspace/.derivedData/Build/Products/Debug-xros -Isystem /Applications/Xcode-27.0.0-Release.Candidate.app/Contents/Developer/Platforms/XROS.platform/Developer/usr/lib -F /Users/admin/builder/spi-builder-workspace/.derivedData/Build/Products/Debug-xros -F /Applications/Xcode-27.0.0-Release.Candidate.app/Contents/Developer/Platforms/XROS.platform/Developer/Library/Frameworks -F /Applications/Xcode-27.0.0-Release.Candidate.app/Contents/Developer/Platforms/XROS.platform/Developer/SDKs/XROS27.0.sdk/Developer/Library/Frameworks -c -j10 -enable-batch-mode -incremental -Xcc -ivfsstatcache -Xcc /Users/admin/builder/spi-builder-workspace/.derivedData/SDKStatCaches.noindex/xros27.0-24M361-e829b21a6f8c9b70876ba0858053c044735bd543db762f57723cac368afd1ce4.sdkstatcache -output-file-map /Users/admin/builder/spi-builder-workspace/.derivedData/Build/Intermediates.noindex/STTextView.build/Debug-xros/STTextViewSwiftUICommon-t.build/Objects-normal/arm64/STTextViewSwiftUICommon-OutputFileMap.json -save-temps -no-color-diagnostics -explicit-module-build -module-cache-path /Users/admin/builder/spi-builder-workspace/.derivedData/Build/Intermediates.noindex/SwiftExplicitPrecompiledModules -clang-scanner-module-cache-path /Users/admin/builder/spi-builder-workspace/.derivedData/ModuleCache.noindex -sdk-module-cache-path /Users/admin/builder/spi-builder-workspace/.derivedData/SDKExplicitPrecompiledModules -emit-dependencies -emit-module -emit-module-path /Users/admin/builder/spi-builder-workspace/.derivedData/Build/Intermediates.noindex/STTextView.build/Debug-xros/STTextViewSwiftUICommon-t.build/Objects-normal/arm64/STTextViewSwiftUICommon.swiftmodule -serialize-diagnostics -dependency-scan-serialize-diagnostics-path /Users/admin/builder/spi-builder-workspace/.derivedData/Build/Intermediates.noindex/STTextView.build/Debug-xros/STTextViewSwiftUICommon-t.build/Objects-normal/arm64/STTextViewSwiftUICommon-dependency-scan.dia -validate-clang-modules-once -clang-build-session-file /Users/admin/builder/spi-builder-workspace/.derivedData/ModuleCache.noindex/Session.modulevalidation -Xcc -fmodules-prune-interval\=86400 -Xcc -fmodules-prune-after\=345600 -package-name spi_builder_workspace -emit-const-values -const-gather-protocols-list /Users/admin/builder/spi-builder-workspace/.derivedData/Build/Intermediates.noindex/STTextView.build/Debug-xros/STTextViewSwiftUICommon-t.build/Objects-normal/arm64/STTextViewSwiftUICommon_const_extract_protocols.json -Xcc -I/Users/admin/builder/spi-builder-workspace/.derivedData/Build/Products/Debug-xros/include -Xcc -I/Users/admin/builder/spi-builder-workspace/.derivedData/Build/Intermediates.noindex/STTextView.build/Debug-xros/STTextViewSwiftUICommon-t.build/DerivedSources-normal/arm64 -Xcc -I/Users/admin/builder/spi-builder-workspace/.derivedData/Build/Intermediates.noindex/STTextView.build/Debug-xros/STTextViewSwiftUICommon-t.build/DerivedSources/arm64 -Xcc -I/Users/admin/builder/spi-builder-workspace/.derivedData/Build/Intermediates.noindex/STTextView.build/Debug-xros/STTextViewSwiftUICommon-t.build/DerivedSources -Xcc -DSWIFT_PACKAGE -Xcc -DDEBUG\=1 -emit-objc-header -emit-objc-header-path /Users/admin/builder/spi-builder-workspace/.derivedData/Build/Intermediates.noindex/STTextView.build/Debug-xros/STTextViewSwiftUICommon-t.build/Objects-normal/arm64/STTextViewSwiftUICommon-Swift.h -working-directory /Users/admin/builder/spi-builder-workspace/.swiftpm/xcode -experimental-emit-module-separately -disable-cmo
SwiftExplicitDependencyGeneratePcm arm64 /Users/admin/builder/spi-builder-workspace/.derivedData/SDKExplicitPrecompiledModules/ptrauth-1WBA714DZSVUL5JQDJ08CLKZ.pcm
SwiftExplicitDependencyGeneratePcm arm64 /Users/admin/builder/spi-builder-workspace/.derivedData/SDKExplicitPrecompiledModules/ptrcheck-BXA97MNLI4BB0HF5I8MJE403D.pcm
SwiftExplicitDependencyGeneratePcm arm64 /Users/admin/builder/spi-builder-workspace/.derivedData/SDKExplicitPrecompiledModules/_Builtin_stddef-5NQ9Z1GV07GBSRQGAQCGXGVRI.pcm
SwiftExplicitDependencyGeneratePcm arm64 /Users/admin/builder/spi-builder-workspace/.derivedData/SDKExplicitPrecompiledModules/_AvailabilityInternal-1Q8IQP6M38UWSGZ95UCEY2M44.pcm
SwiftExplicitDependencyGeneratePcm arm64 /Users/admin/builder/spi-builder-workspace/.derivedData/SDKExplicitPrecompiledModules/SwiftShims-CI4H5RO9IYFFWQ2COB512Q2S9.pcm
SwiftExplicitDependencyGeneratePcm arm64 /Users/admin/builder/spi-builder-workspace/.derivedData/SDKExplicitPrecompiledModules/_Builtin_float-6WKHNW5S40U2QGHXXGETUDIRA.pcm
SwiftExplicitDependencyGeneratePcm arm64 /Users/admin/builder/spi-builder-workspace/.derivedData/SDKExplicitPrecompiledModules/_SwiftConcurrencyShims-C8XHKSHX96D5YYALNM4W70Z0O.pcm
SwiftExplicitDependencyGeneratePcm arm64 /Users/admin/builder/spi-builder-workspace/.derivedData/SDKExplicitPrecompiledModules/_Builtin_stdbool-5BU2ADS7JXQMYENKQHW9X8XOU.pcm
SwiftExplicitDependencyGeneratePcm arm64 /Users/admin/builder/spi-builder-workspace/.derivedData/SDKExplicitPrecompiledModules/_Builtin_stdarg-CDA349K2K4US766844K8E0PVA.pcm
SwiftExplicitDependencyGeneratePcm arm64 /Users/admin/builder/spi-builder-workspace/.derivedData/SDKExplicitPrecompiledModules/_DarwinFoundation1-5RGRVV2TZ6WC4WZW5IXF8NQ04.pcm
SwiftExplicitDependencyGeneratePcm arm64 /Users/admin/builder/spi-builder-workspace/.derivedData/SDKExplicitPrecompiledModules/_DarwinFoundation2-ENTECK156YEWITZRRBTOCE4KR.pcm
SwiftExplicitDependencyGeneratePcm arm64 /Users/admin/builder/spi-builder-workspace/.derivedData/SDKExplicitPrecompiledModules/_Builtin_limits-425JDMN5HPM3D0UEI8LEHP6NM.pcm
SwiftExplicitDependencyGeneratePcm arm64 /Users/admin/builder/spi-builder-workspace/.derivedData/SDKExplicitPrecompiledModules/sys_types-AYM0BHR77VKMWZCO2T0XGV2HF.pcm
SwiftExplicitDependencyGeneratePcm arm64 /Users/admin/builder/spi-builder-workspace/.derivedData/SDKExplicitPrecompiledModules/_Builtin_stdint-8OR6T47OOYJA90ZBO3N1USDE.pcm
SwiftExplicitDependencyGeneratePcm arm64 /Users/admin/builder/spi-builder-workspace/.derivedData/SDKExplicitPrecompiledModules/string_h-2GT67HHHHK5CF1V1S31LH0PU2.pcm
SwiftExplicitDependencyGeneratePcm arm64 /Users/admin/builder/spi-builder-workspace/.derivedData/SDKExplicitPrecompiledModules/_DarwinFoundation3-9ZHN6JKBS40BBA81RQMV8H0IC.pcm
SwiftExplicitDependencyGeneratePcm arm64 /Users/admin/builder/spi-builder-workspace/.derivedData/SDKExplicitPrecompiledModules/_Builtin_tgmath-BPYSMHWI520EQRL2HW519ZY7Z.pcm
SwiftExplicitDependencyGeneratePcm arm64 /Users/admin/builder/spi-builder-workspace/.derivedData/SDKExplicitPrecompiledModules/_Builtin_intrinsics-BC5IJI3YI34RQ61ZNVDRDZ6RN.pcm
SwiftExplicitDependencyGeneratePcm arm64 /Users/admin/builder/spi-builder-workspace/.derivedData/SDKExplicitPrecompiledModules/_Builtin_stdatomic-1VUZPM79PNCAHXVBERD53WRSF.pcm
SwiftExplicitDependencyGeneratePcm arm64 /Users/admin/builder/spi-builder-workspace/.derivedData/SDKExplicitPrecompiledModules/DeveloperToolsSupport-46GOQP8J1QTHLYQSJW81T8UZ3.pcm
SwiftExplicitDependencyGeneratePcm arm64 /Users/admin/builder/spi-builder-workspace/.derivedData/SDKExplicitPrecompiledModules/_Builtin_inttypes-11B64KJD36B3YOHBR1BBXBJY8.pcm
SwiftExplicitDependencyGeneratePcm arm64 /Users/admin/builder/spi-builder-workspace/.derivedData/SDKExplicitPrecompiledModules/Darwin-60P5LVNQO3ESRRM5DCJ05PFNK.pcm
SwiftExplicitDependencyGeneratePcm arm64 /Users/admin/builder/spi-builder-workspace/.derivedData/SDKExplicitPrecompiledModules/simd-9XXAB17Y6E4BBPQADD61NZ23.pcm
SwiftExplicitDependencyGeneratePcm arm64 /Users/admin/builder/spi-builder-workspace/.derivedData/SDKExplicitPrecompiledModules/ObjectiveC-26TIBFYCEJZVP216ZZAU1X8KN.pcm
SwiftExplicitDependencyGeneratePcm arm64 /Users/admin/builder/spi-builder-workspace/.derivedData/SDKExplicitPrecompiledModules/MachO-3XTHY7HWV6RF3KXKYQVHUBUXK.pcm
SwiftExplicitDependencyGeneratePcm arm64 /Users/admin/builder/spi-builder-workspace/.derivedData/SDKExplicitPrecompiledModules/os_object-692CJ8BG6RE5H04487EJJOVXW.pcm
SwiftExplicitDependencyGeneratePcm arm64 /Users/admin/builder/spi-builder-workspace/.derivedData/SDKExplicitPrecompiledModules/os_workgroup-4U1VXMWIZD80E7PRUQF2G7P9X.pcm
SwiftExplicitDependencyGeneratePcm arm64 /Users/admin/builder/spi-builder-workspace/.derivedData/SDKExplicitPrecompiledModules/Dispatch-CLT3466HKC22GCKAWSCNG0H7T.pcm
SwiftExplicitDependencyGeneratePcm arm64 /Users/admin/builder/spi-builder-workspace/.derivedData/SDKExplicitPrecompiledModules/XPC-EP5EU7FNGP4VOA3EDM18P1KHO.pcm
SwiftExplicitDependencyGeneratePcm arm64 /Users/admin/builder/spi-builder-workspace/.derivedData/SDKExplicitPrecompiledModules/CoreFoundation-AVLTZVCXBU2TO75JCN4AGU8XJ.pcm
SwiftExplicitDependencyGeneratePcm arm64 /Users/admin/builder/spi-builder-workspace/.derivedData/SDKExplicitPrecompiledModules/Spatial-5E0I2846LO3ZE24CSVR2O57TI.pcm
SwiftExplicitDependencyGeneratePcm arm64 /Users/admin/builder/spi-builder-workspace/.derivedData/SDKExplicitPrecompiledModules/os-1004XEJ3IXOOAU0KL58SM3D0K.pcm
SwiftExplicitDependencyGeneratePcm arm64 /Users/admin/builder/spi-builder-workspace/.derivedData/SDKExplicitPrecompiledModules/CoreGraphics-BFUJ177R223UT2ZI327ZTZY91.pcm
SwiftExplicitDependencyGeneratePcm arm64 /Users/admin/builder/spi-builder-workspace/.derivedData/SDKExplicitPrecompiledModules/Security-8TH2M8WJIQMET4SADWX0N8372.pcm
SwiftExplicitDependencyGeneratePcm arm64 /Users/admin/builder/spi-builder-workspace/.derivedData/SDKExplicitPrecompiledModules/CFNetwork-5MI70N1VLDQSWTX4COWLMSIRO.pcm
SwiftExplicitDependencyGeneratePcm arm64 /Users/admin/builder/spi-builder-workspace/.derivedData/SDKExplicitPrecompiledModules/Foundation-8GON1KVEKRN3NOQI8RETBRWJP.pcm
SwiftExplicitDependencyGeneratePcm arm64 /Users/admin/builder/spi-builder-workspace/.derivedData/SDKExplicitPrecompiledModules/CoreText-6F9TY5TEPCCZ1K2KYM4GMEGHD.pcm
SwiftExplicitDependencyGeneratePcm arm64 /Users/admin/builder/spi-builder-workspace/.derivedData/SDKExplicitPrecompiledModules/ImageIO-5CC6COR9KJYI1UBL7CSHLU2OG.pcm
SwiftExplicitDependencyGeneratePcm arm64 /Users/admin/builder/spi-builder-workspace/.derivedData/SDKExplicitPrecompiledModules/UserNotifications-8IIV1V1FPNAPA4LY1Y23LOM2N.pcm
SwiftExplicitDependencyGeneratePcm arm64 /Users/admin/builder/spi-builder-workspace/.derivedData/SDKExplicitPrecompiledModules/DataDetection-BANTQ3WXXGKZJYC0LLB3MD9K0.pcm
SwiftExplicitDependencyGeneratePcm arm64 /Users/admin/builder/spi-builder-workspace/.derivedData/SDKExplicitPrecompiledModules/FileProvider-C9I28SI56F2SEVH1BCWTKGODO.pcm
SwiftExplicitDependencyGeneratePcm arm64 /Users/admin/builder/spi-builder-workspace/.derivedData/SDKExplicitPrecompiledModules/_LocationEssentials-8GQGFVARUE99D8VJX3TINY0VP.pcm
SwiftExplicitDependencyGeneratePcm arm64 /Users/admin/builder/spi-builder-workspace/.derivedData/SDKExplicitPrecompiledModules/IOSurface-5FE9U89GVFF9A7X7AGO2R8ENI.pcm
SwiftExplicitDependencyGeneratePcm arm64 /Users/admin/builder/spi-builder-workspace/.derivedData/SDKExplicitPrecompiledModules/OSLog-BNGT87TS0GMBFF7TY70HHB69.pcm
SwiftExplicitDependencyGeneratePcm arm64 /Users/admin/builder/spi-builder-workspace/.derivedData/SDKExplicitPrecompiledModules/Symbols-8G2XC01RPQ5HYIZE6JNUT864I.pcm
SwiftExplicitDependencyGeneratePcm arm64 /Users/admin/builder/spi-builder-workspace/.derivedData/SDKExplicitPrecompiledModules/CoreTransferable-8TBYAKHCX6UC8QQSS7BD8GQK5.pcm
SwiftExplicitDependencyGeneratePcm arm64 /Users/admin/builder/spi-builder-workspace/.derivedData/SDKExplicitPrecompiledModules/UIUtilities-AOVGLUWEAN6CG2UZFNESGSP6C.pcm
SwiftEmitModule normal arm64 Emitting\ module\ for\ STTextViewSwiftUICommon (in target 'STTextViewSwiftUICommon' from project 'STTextView')
SwiftCompile normal arm64 (in target 'STTextViewSwiftUICommon' from project 'STTextView')
    cd /Users/admin/builder/spi-builder-workspace/.swiftpm/xcode

SwiftExplicitDependencyGeneratePcm arm64 /Users/admin/builder/spi-builder-workspace/.derivedData/SDKExplicitPrecompiledModules/UniformTypeIdentifiers-E5KMWDZEKS4QW9RO1KBRDEXV6.pcm
SwiftExplicitDependencyGeneratePcm arm64 /Users/admin/builder/spi-builder-workspace/.derivedData/SDKExplicitPrecompiledModules/Accessibility-1DR4J4YDVDGAYQTZ0FKZ1PU09.pcm
SwiftCompile normal arm64 Compiling\ TextViewOptions.swift /Users/admin/builder/spi-builder-workspace/Sources/STTextViewSwiftUICommon/TextViewOptions.swift (in target 'STTextViewSwiftUICommon' from project 'STTextView')
SwiftCompile normal arm64 /Users/admin/builder/spi-builder-workspace/Sources/STTextViewSwiftUICommon/TextViewOptions.swift (in target 'STTextViewSwiftUICommon' from project 'STTextView')
    cd /Users/admin/builder/spi-builder-workspace/.swiftpm/xcode
    builtin-SwiftPerFileCompile TextViewOptions.swift
SwiftExplicitDependencyGeneratePcm arm64 /Users/admin/builder/spi-builder-workspace/.derivedData/SDKExplicitPrecompiledModules/CoreLocation-1SN37095DAPVJ068LLP9TBDQX.pcm
SwiftExplicitDependencyGeneratePcm arm64 /Users/admin/builder/spi-builder-workspace/.derivedData/SDKExplicitPrecompiledModules/Metal-EKNUM9P3PRIBHZK1ZBD6BA2T7.pcm
SwiftExplicitDependencyGeneratePcm arm64 /Users/admin/builder/spi-builder-workspace/.derivedData/SDKExplicitPrecompiledModules/OpenGLES-56BKSYXNVAP91BYZRWAKQZKGI.pcm
SwiftExplicitDependencyGeneratePcm arm64 /Users/admin/builder/spi-builder-workspace/.derivedData/SDKExplicitPrecompiledModules/CoreMotion-10LV922UPGE28QX2SOIO7ALIZ.pcm
SwiftDriverJobDiscovery normal arm64 Emitting module for STTextViewSwiftUICommon (in target 'STTextViewSwiftUICommon' from project 'STTextView')
SwiftDriver\ Compilation\ Requirements STTextViewSwiftUICommon normal arm64 com.apple.xcode.tools.swift.compiler (in target 'STTextViewSwiftUICommon' from project 'STTextView')
    cd /Users/admin/builder/spi-builder-workspace/.swiftpm/xcode
    builtin-Swift-Compilation-Requirements -- /Applications/Xcode-27.0.0-Release.Candidate.app/Contents/Developer/Toolchains/XcodeDefault.xctoolchain/usr/bin/swiftc -parse-as-library -module-name STTextViewSwiftUICommon -Onone @/Users/admin/builder/spi-builder-workspace/.derivedData/Build/Intermediates.noindex/STTextView.build/Debug-xros/STTextViewSwiftUICommon-t.build/Objects-normal/arm64/STTextViewSwiftUICommon.SwiftFileList -DSWIFT_PACKAGE -DDEBUG -DSWIFT_MODULE_RESOURCE_BUNDLE_UNAVAILABLE -DXcode -plugin-path /Applications/Xcode-27.0.0-Release.Candidate.app/Contents/Developer/Toolchains/XcodeDefault.xctoolchain/usr/lib/swift/host/plugins/testing -enable-experimental-feature DebugDescriptionMacro -sdk /Applications/Xcode-27.0.0-Release.Candidate.app/Contents/Developer/Platforms/XROS.platform/Developer/SDKs/XROS27.0.sdk -target arm64-apple-xros1.0 -g -module-cache-path /Users/admin/builder/spi-builder-workspace/.derivedData/ModuleCache.noindex -Xfrontend -serialize-debugging-options -profile-coverage-mapping -profile-generate -enable-testing -index-store-path /Users/admin/builder/spi-builder-workspace/.derivedData/Index.noindex/DataStore -Xcc -D_LIBCPP_HARDENING_MODE\=_LIBCPP_HARDENING_MODE_DEBUG -swift-version 5 -I /Users/admin/builder/spi-builder-workspace/.derivedData/Build/Products/Debug-xros -Isystem /Applications/Xcode-27.0.0-Release.Candidate.app/Contents/Developer/Platforms/XROS.platform/Developer/usr/lib -F /Users/admin/builder/spi-builder-workspace/.derivedData/Build/Products/Debug-xros -F /Applications/Xcode-27.0.0-Release.Candidate.app/Contents/Developer/Platforms/XROS.platform/Developer/Library/Frameworks -F /Applications/Xcode-27.0.0-Release.Candidate.app/Contents/Developer/Platforms/XROS.platform/Developer/SDKs/XROS27.0.sdk/Developer/Library/Frameworks -c -j10 -enable-batch-mode -incremental -Xcc -ivfsstatcache -Xcc /Users/admin/builder/spi-builder-workspace/.derivedData/SDKStatCaches.noindex/xros27.0-24M361-e829b21a6f8c9b70876ba0858053c044735bd543db762f57723cac368afd1ce4.sdkstatcache -output-file-map /Users/admin/builder/spi-builder-workspace/.derivedData/Build/Intermediates.noindex/STTextView.build/Debug-xros/STTextViewSwiftUICommon-t.build/Objects-normal/arm64/STTextViewSwiftUICommon-OutputFileMap.json -save-temps -no-color-diagnostics -explicit-module-build -module-cache-path /Users/admin/builder/spi-builder-workspace/.derivedData/Build/Intermediates.noindex/SwiftExplicitPrecompiledModules -clang-scanner-module-cache-path /Users/admin/builder/spi-builder-workspace/.derivedData/ModuleCache.noindex -sdk-module-cache-path /Users/admin/builder/spi-builder-workspace/.derivedData/SDKExplicitPrecompiledModules -emit-dependencies -emit-module -emit-module-path /Users/admin/builder/spi-builder-workspace/.derivedData/Build/Intermediates.noindex/STTextView.build/Debug-xros/STTextViewSwiftUICommon-t.build/Objects-normal/arm64/STTextViewSwiftUICommon.swiftmodule -serialize-diagnostics -dependency-scan-serialize-diagnostics-path /Users/admin/builder/spi-builder-workspace/.derivedData/Build/Intermediates.noindex/STTextView.build/Debug-xros/STTextViewSwiftUICommon-t.build/Objects-normal/arm64/STTextViewSwiftUICommon-dependency-scan.dia -validate-clang-modules-once -clang-build-session-file /Users/admin/builder/spi-builder-workspace/.derivedData/ModuleCache.noindex/Session.modulevalidation -Xcc -fmodules-prune-interval\=86400 -Xcc -fmodules-prune-after\=345600 -package-name spi_builder_workspace -emit-const-values -const-gather-protocols-list /Users/admin/builder/spi-builder-workspace/.derivedData/Build/Intermediates.noindex/STTextView.build/Debug-xros/STTextViewSwiftUICommon-t.build/Objects-normal/arm64/STTextViewSwiftUICommon_const_extract_protocols.json -Xcc -I/Users/admin/builder/spi-builder-workspace/.derivedData/Build/Products/Debug-xros/include -Xcc -I/Users/admin/builder/spi-builder-workspace/.derivedData/Build/Intermediates.noindex/STTextView.build/Debug-xros/STTextViewSwiftUICommon-t.build/DerivedSources-normal/arm64 -Xcc -I/Users/admin/builder/spi-builder-workspace/.derivedData/Build/Intermediates.noindex/STTextView.build/Debug-xros/STTextViewSwiftUICommon-t.build/DerivedSources/arm64 -Xcc -I/Users/admin/builder/spi-builder-workspace/.derivedData/Build/Intermediates.noindex/STTextView.build/Debug-xros/STTextViewSwiftUICommon-t.build/DerivedSources -Xcc -DSWIFT_PACKAGE -Xcc -DDEBUG\=1 -emit-objc-header -emit-objc-header-path /Users/admin/builder/spi-builder-workspace/.derivedData/Build/Intermediates.noindex/STTextView.build/Debug-xros/STTextViewSwiftUICommon-t.build/Objects-normal/arm64/STTextViewSwiftUICommon-Swift.h -working-directory /Users/admin/builder/spi-builder-workspace/.swiftpm/xcode -experimental-emit-module-separately -disable-cmo
SwiftMergeGeneratedHeaders /Users/admin/builder/spi-builder-workspace/.derivedData/Build/Intermediates.noindex/GeneratedModuleMaps-xros/STTextViewSwiftUICommon-Swift.h /Users/admin/builder/spi-builder-workspace/.derivedData/Build/Intermediates.noindex/STTextView.build/Debug-xros/STTextViewSwiftUICommon-t.build/Objects-normal/arm64/STTextViewSwiftUICommon-Swift.h (in target 'STTextViewSwiftUICommon' from project 'STTextView')
    cd /Users/admin/builder/spi-builder-workspace
    builtin-swiftHeaderTool -arch arm64 /Users/admin/builder/spi-builder-workspace/.derivedData/Build/Intermediates.noindex/STTextView.build/Debug-xros/STTextViewSwiftUICommon-t.build/Objects-normal/arm64/STTextViewSwiftUICommon-Swift.h -o /Users/admin/builder/spi-builder-workspace/.derivedData/Build/Intermediates.noindex/GeneratedModuleMaps-xros/STTextViewSwiftUICommon-Swift.h
Copy /Users/admin/builder/spi-builder-workspace/.derivedData/Build/Products/Debug-xros/STTextViewSwiftUICommon.swiftmodule/arm64-apple-xros.swiftdoc /Users/admin/builder/spi-builder-workspace/.derivedData/Build/Intermediates.noindex/STTextView.build/Debug-xros/STTextViewSwiftUICommon-t.build/Objects-normal/arm64/STTextViewSwiftUICommon.swiftdoc (in target 'STTextViewSwiftUICommon' from project 'STTextView')
    cd /Users/admin/builder/spi-builder-workspace
    builtin-copy -exclude .DS_Store -exclude CVS -exclude .svn -exclude .git -exclude .hg -resolve-src-symlinks -rename /Users/admin/builder/spi-builder-workspace/.derivedData/Build/Intermediates.noindex/STTextView.build/Debug-xros/STTextViewSwiftUICommon-t.build/Objects-normal/arm64/STTextViewSwiftUICommon.swiftdoc /Users/admin/builder/spi-builder-workspace/.derivedData/Build/Products/Debug-xros/STTextViewSwiftUICommon.swiftmodule/arm64-apple-xros.swiftdoc
Copy /Users/admin/builder/spi-builder-workspace/.derivedData/Build/Products/Debug-xros/STTextViewSwiftUICommon.swiftmodule/arm64-apple-xros.swiftmodule /Users/admin/builder/spi-builder-workspace/.derivedData/Build/Intermediates.noindex/STTextView.build/Debug-xros/STTextViewSwiftUICommon-t.build/Objects-normal/arm64/STTextViewSwiftUICommon.swiftmodule (in target 'STTextViewSwiftUICommon' from project 'STTextView')
    cd /Users/admin/builder/spi-builder-workspace
    builtin-copy -exclude .DS_Store -exclude CVS -exclude .svn -exclude .git -exclude .hg -resolve-src-symlinks -rename /Users/admin/builder/spi-builder-workspace/.derivedData/Build/Intermediates.noindex/STTextView.build/Debug-xros/STTextViewSwiftUICommon-t.build/Objects-normal/arm64/STTextViewSwiftUICommon.swiftmodule /Users/admin/builder/spi-builder-workspace/.derivedData/Build/Products/Debug-xros/STTextViewSwiftUICommon.swiftmodule/arm64-apple-xros.swiftmodule
Copy /Users/admin/builder/spi-builder-workspace/.derivedData/Build/Products/Debug-xros/STTextViewSwiftUICommon.swiftmodule/arm64-apple-xros.abi.json /Users/admin/builder/spi-builder-workspace/.derivedData/Build/Intermediates.noindex/STTextView.build/Debug-xros/STTextViewSwiftUICommon-t.build/Objects-normal/arm64/STTextViewSwiftUICommon.abi.json (in target 'STTextViewSwiftUICommon' from project 'STTextView')
    cd /Users/admin/builder/spi-builder-workspace
    builtin-copy -exclude .DS_Store -exclude CVS -exclude .svn -exclude .git -exclude .hg -resolve-src-symlinks -rename /Users/admin/builder/spi-builder-workspace/.derivedData/Build/Intermediates.noindex/STTextView.build/Debug-xros/STTextViewSwiftUICommon-t.build/Objects-normal/arm64/STTextViewSwiftUICommon.abi.json /Users/admin/builder/spi-builder-workspace/.derivedData/Build/Products/Debug-xros/STTextViewSwiftUICommon.swiftmodule/arm64-apple-xros.abi.json
Copy /Users/admin/builder/spi-builder-workspace/.derivedData/Build/Products/Debug-xros/STTextViewSwiftUICommon.swiftmodule/Project/arm64-apple-xros.swiftsourceinfo /Users/admin/builder/spi-builder-workspace/.derivedData/Build/Intermediates.noindex/STTextView.build/Debug-xros/STTextViewSwiftUICommon-t.build/Objects-normal/arm64/STTextViewSwiftUICommon.swiftsourceinfo (in target 'STTextViewSwiftUICommon' from project 'STTextView')
    cd /Users/admin/builder/spi-builder-workspace
    builtin-copy -exclude .DS_Store -exclude CVS -exclude .svn -exclude .git -exclude .hg -resolve-src-symlinks -rename /Users/admin/builder/spi-builder-workspace/.derivedData/Build/Intermediates.noindex/STTextView.build/Debug-xros/STTextViewSwiftUICommon-t.build/Objects-normal/arm64/STTextViewSwiftUICommon.swiftsourceinfo /Users/admin/builder/spi-builder-workspace/.derivedData/Build/Products/Debug-xros/STTextViewSwiftUICommon.swiftmodule/Project/arm64-apple-xros.swiftsourceinfo
SwiftExplicitDependencyGeneratePcm arm64 /Users/admin/builder/spi-builder-workspace/.derivedData/SDKExplicitPrecompiledModules/CoreVideo-E12HJSJSLO0YKWYBES11UKJ02.pcm
SwiftExplicitDependencyGeneratePcm arm64 /Users/admin/builder/spi-builder-workspace/.derivedData/SDKExplicitPrecompiledModules/CoreImage-8WF1P230U10QM666EQMNV7OF1.pcm
SwiftExplicitDependencyGeneratePcm arm64 /Users/admin/builder/spi-builder-workspace/.derivedData/SDKExplicitPrecompiledModules/QuartzCore-12T8WVKUNCL1N7VXH87MM4YOB.pcm
SwiftExplicitDependencyGeneratePcm arm64 /Users/admin/builder/spi-builder-workspace/.derivedData/SDKExplicitPrecompiledModules/SwiftUICore-6OBBMA39VFD4CB6SG2PE41FAP.pcm
SwiftExplicitDependencyGeneratePcm arm64 /Users/admin/builder/spi-builder-workspace/.derivedData/SDKExplicitPrecompiledModules/UIKit-2D2PMAAE45TMO6S28UCGCO5BR.pcm
SwiftEmitModule normal arm64 Emitting\ module\ for\ CoreTextSwift (in target 'CoreTextSwift' from project 'CoreTextSwift')
SwiftCompile normal arm64 (in target 'CoreTextSwift' from project 'CoreTextSwift')
    cd /Users/admin/builder/spi-builder-workspace/.swiftpm/xcode

SwiftCompile normal arm64 Compiling\ FontManager+Swift.swift /Users/admin/builder/spi-builder-workspace/.dependencies/checkouts/CoreTextSwift/Sources/CoreTextSwift/FontManager+Swift.swift (in target 'CoreTextSwift' from project 'CoreTextSwift')
SwiftCompile normal arm64 /Users/admin/builder/spi-builder-workspace/.dependencies/checkouts/CoreTextSwift/Sources/CoreTextSwift/FontManager+Swift.swift (in target 'CoreTextSwift' from project 'CoreTextSwift')
    cd /Users/admin/builder/spi-builder-workspace/.swiftpm/xcode
    builtin-SwiftPerFileCompile FontManager+Swift.swift
SwiftCompile normal arm64 Compiling\ CTLine+Swift.swift /Users/admin/builder/spi-builder-workspace/.dependencies/checkouts/CoreTextSwift/Sources/CoreTextSwift/CTLine+Swift.swift (in target 'CoreTextSwift' from project 'CoreTextSwift')
SwiftCompile normal arm64 /Users/admin/builder/spi-builder-workspace/.dependencies/checkouts/CoreTextSwift/Sources/CoreTextSwift/CTLine+Swift.swift (in target 'CoreTextSwift' from project 'CoreTextSwift')
    cd /Users/admin/builder/spi-builder-workspace/.swiftpm/xcode
    builtin-SwiftPerFileCompile CTLine+Swift.swift
SwiftCompile normal arm64 Compiling\ CTStringAttribute.swift /Users/admin/builder/spi-builder-workspace/.dependencies/checkouts/CoreTextSwift/Sources/CoreTextSwift/CTStringAttribute.swift (in target 'CoreTextSwift' from project 'CoreTextSwift')
SwiftCompile normal arm64 /Users/admin/builder/spi-builder-workspace/.dependencies/checkouts/CoreTextSwift/Sources/CoreTextSwift/CTStringAttribute.swift (in target 'CoreTextSwift' from project 'CoreTextSwift')
    cd /Users/admin/builder/spi-builder-workspace/.swiftpm/xcode
    builtin-SwiftPerFileCompile CTStringAttribute.swift
SwiftCompile normal arm64 Compiling\ CTRun+Swift.swift /Users/admin/builder/spi-builder-workspace/.dependencies/checkouts/CoreTextSwift/Sources/CoreTextSwift/CTRun+Swift.swift (in target 'CoreTextSwift' from project 'CoreTextSwift')
SwiftCompile normal arm64 /Users/admin/builder/spi-builder-workspace/.dependencies/checkouts/CoreTextSwift/Sources/CoreTextSwift/CTRun+Swift.swift (in target 'CoreTextSwift' from project 'CoreTextSwift')
    cd /Users/admin/builder/spi-builder-workspace/.swiftpm/xcode
    builtin-SwiftPerFileCompile CTRun+Swift.swift
SwiftCompile normal arm64 Compiling\ CTGlyphInfo+Swift.swift /Users/admin/builder/spi-builder-workspace/.dependencies/checkouts/CoreTextSwift/Sources/CoreTextSwift/CTGlyphInfo+Swift.swift (in target 'CoreTextSwift' from project 'CoreTextSwift')
SwiftCompile normal arm64 /Users/admin/builder/spi-builder-workspace/.dependencies/checkouts/CoreTextSwift/Sources/CoreTextSwift/CTGlyphInfo+Swift.swift (in target 'CoreTextSwift' from project 'CoreTextSwift')
    cd /Users/admin/builder/spi-builder-workspace/.swiftpm/xcode
    builtin-SwiftPerFileCompile CTGlyphInfo+Swift.swift
SwiftCompile normal arm64 Compiling\ NSRange+Helpers.swift /Users/admin/builder/spi-builder-workspace/.dependencies/checkouts/CoreTextSwift/Sources/CoreTextSwift/NSRange+Helpers.swift (in target 'CoreTextSwift' from project 'CoreTextSwift')
SwiftCompile normal arm64 /Users/admin/builder/spi-builder-workspace/.dependencies/checkouts/CoreTextSwift/Sources/CoreTextSwift/NSRange+Helpers.swift (in target 'CoreTextSwift' from project 'CoreTextSwift')
    cd /Users/admin/builder/spi-builder-workspace/.swiftpm/xcode
    builtin-SwiftPerFileCompile NSRange+Helpers.swift
SwiftCompile normal arm64 Compiling\ CTFrame+Swift.swift /Users/admin/builder/spi-builder-workspace/.dependencies/checkouts/CoreTextSwift/Sources/CoreTextSwift/CTFrame+Swift.swift (in target 'CoreTextSwift' from project 'CoreTextSwift')
SwiftCompile normal arm64 /Users/admin/builder/spi-builder-workspace/.dependencies/checkouts/CoreTextSwift/Sources/CoreTextSwift/CTFrame+Swift.swift (in target 'CoreTextSwift' from project 'CoreTextSwift')
    cd /Users/admin/builder/spi-builder-workspace/.swiftpm/xcode
    builtin-SwiftPerFileCompile CTFrame+Swift.swift
SwiftEmitModule normal arm64 Emitting\ module\ for\ STTextKitPlus (in target 'STTextKitPlus' from project 'STTextKitPlus')
SwiftCompile normal arm64 (in target 'STTextKitPlus' from project 'STTextKitPlus')
    cd /Users/admin/builder/spi-builder-workspace/.swiftpm/xcode

SwiftCompile normal arm64 Compiling\ NSTextContentManager.swift /Users/admin/builder/spi-builder-workspace/.dependencies/checkouts/STTextKitPlus/Sources/STTextKitPlus/NSTextContentManager.swift (in target 'STTextKitPlus' from project 'STTextKitPlus')
SwiftCompile normal arm64 /Users/admin/builder/spi-builder-workspace/.dependencies/checkouts/STTextKitPlus/Sources/STTextKitPlus/NSTextContentManager.swift (in target 'STTextKitPlus' from project 'STTextKitPlus')
    cd /Users/admin/builder/spi-builder-workspace/.swiftpm/xcode
    builtin-SwiftPerFileCompile NSTextContentManager.swift
SwiftDriverJobDiscovery normal arm64 Compiling NSRange+Helpers.swift (in target 'CoreTextSwift' from project 'CoreTextSwift')
SwiftCompile normal arm64 Compiling\ NSTextLineFragment.swift /Users/admin/builder/spi-builder-workspace/.dependencies/checkouts/STTextKitPlus/Sources/STTextKitPlus/NSTextLineFragment.swift (in target 'STTextKitPlus' from project 'STTextKitPlus')
SwiftCompile normal arm64 /Users/admin/builder/spi-builder-workspace/.dependencies/checkouts/STTextKitPlus/Sources/STTextKitPlus/NSTextLineFragment.swift (in target 'STTextKitPlus' from project 'STTextKitPlus')
    cd /Users/admin/builder/spi-builder-workspace/.swiftpm/xcode
    builtin-SwiftPerFileCompile NSTextLineFragment.swift
SwiftDriverJobDiscovery normal arm64 Compiling TextViewOptions.swift (in target 'STTextViewSwiftUICommon' from project 'STTextView')
SwiftDriver\ Compilation STTextViewSwiftUICommon normal arm64 com.apple.xcode.tools.swift.compiler (in target 'STTextViewSwiftUICommon' from project 'STTextView')
    cd /Users/admin/builder/spi-builder-workspace/.swiftpm/xcode
    builtin-Swift-Compilation -- /Applications/Xcode-27.0.0-Release.Candidate.app/Contents/Developer/Toolchains/XcodeDefault.xctoolchain/usr/bin/swiftc -parse-as-library -module-name STTextViewSwiftUICommon -Onone @/Users/admin/builder/spi-builder-workspace/.derivedData/Build/Intermediates.noindex/STTextView.build/Debug-xros/STTextViewSwiftUICommon-t.build/Objects-normal/arm64/STTextViewSwiftUICommon.SwiftFileList -DSWIFT_PACKAGE -DDEBUG -DSWIFT_MODULE_RESOURCE_BUNDLE_UNAVAILABLE -DXcode -plugin-path /Applications/Xcode-27.0.0-Release.Candidate.app/Contents/Developer/Toolchains/XcodeDefault.xctoolchain/usr/lib/swift/host/plugins/testing -enable-experimental-feature DebugDescriptionMacro -sdk /Applications/Xcode-27.0.0-Release.Candidate.app/Contents/Developer/Platforms/XROS.platform/Developer/SDKs/XROS27.0.sdk -target arm64-apple-xros1.0 -g -module-cache-path /Users/admin/builder/spi-builder-workspace/.derivedData/ModuleCache.noindex -Xfrontend -serialize-debugging-options -profile-coverage-mapping -profile-generate -enable-testing -index-store-path /Users/admin/builder/spi-builder-workspace/.derivedData/Index.noindex/DataStore -Xcc -D_LIBCPP_HARDENING_MODE\=_LIBCPP_HARDENING_MODE_DEBUG -swift-version 5 -I /Users/admin/builder/spi-builder-workspace/.derivedData/Build/Products/Debug-xros -Isystem /Applications/Xcode-27.0.0-Release.Candidate.app/Contents/Developer/Platforms/XROS.platform/Developer/usr/lib -F /Users/admin/builder/spi-builder-workspace/.derivedData/Build/Products/Debug-xros -F /Applications/Xcode-27.0.0-Release.Candidate.app/Contents/Developer/Platforms/XROS.platform/Developer/Library/Frameworks -F /Applications/Xcode-27.0.0-Release.Candidate.app/Contents/Developer/Platforms/XROS.platform/Developer/SDKs/XROS27.0.sdk/Developer/Library/Frameworks -c -j10 -enable-batch-mode -incremental -Xcc -ivfsstatcache -Xcc /Users/admin/builder/spi-builder-workspace/.derivedData/SDKStatCaches.noindex/xros27.0-24M361-e829b21a6f8c9b70876ba0858053c044735bd543db762f57723cac368afd1ce4.sdkstatcache -output-file-map /Users/admin/builder/spi-builder-workspace/.derivedData/Build/Intermediates.noindex/STTextView.build/Debug-xros/STTextViewSwiftUICommon-t.build/Objects-normal/arm64/STTextViewSwiftUICommon-OutputFileMap.json -save-temps -no-color-diagnostics -explicit-module-build -module-cache-path /Users/admin/builder/spi-builder-workspace/.derivedData/Build/Intermediates.noindex/SwiftExplicitPrecompiledModules -clang-scanner-module-cache-path /Users/admin/builder/spi-builder-workspace/.derivedData/ModuleCache.noindex -sdk-module-cache-path /Users/admin/builder/spi-builder-workspace/.derivedData/SDKExplicitPrecompiledModules -emit-dependencies -emit-module -emit-module-path /Users/admin/builder/spi-builder-workspace/.derivedData/Build/Intermediates.noindex/STTextView.build/Debug-xros/STTextViewSwiftUICommon-t.build/Objects-normal/arm64/STTextViewSwiftUICommon.swiftmodule -serialize-diagnostics -dependency-scan-serialize-diagnostics-path /Users/admin/builder/spi-builder-workspace/.derivedData/Build/Intermediates.noindex/STTextView.build/Debug-xros/STTextViewSwiftUICommon-t.build/Objects-normal/arm64/STTextViewSwiftUICommon-dependency-scan.dia -validate-clang-modules-once -clang-build-session-file /Users/admin/builder/spi-builder-workspace/.derivedData/ModuleCache.noindex/Session.modulevalidation -Xcc -fmodules-prune-interval\=86400 -Xcc -fmodules-prune-after\=345600 -package-name spi_builder_workspace -emit-const-values -const-gather-protocols-list /Users/admin/builder/spi-builder-workspace/.derivedData/Build/Intermediates.noindex/STTextView.build/Debug-xros/STTextViewSwiftUICommon-t.build/Objects-normal/arm64/STTextViewSwiftUICommon_const_extract_protocols.json -Xcc -I/Users/admin/builder/spi-builder-workspace/.derivedData/Build/Products/Debug-xros/include -Xcc -I/Users/admin/builder/spi-builder-workspace/.derivedData/Build/Intermediates.noindex/STTextView.build/Debug-xros/STTextViewSwiftUICommon-t.build/DerivedSources-normal/arm64 -Xcc -I/Users/admin/builder/spi-builder-workspace/.derivedData/Build/Intermediates.noindex/STTextView.build/Debug-xros/STTextViewSwiftUICommon-t.build/DerivedSources/arm64 -Xcc -I/Users/admin/builder/spi-builder-workspace/.derivedData/Build/Intermediates.noindex/STTextView.build/Debug-xros/STTextViewSwiftUICommon-t.build/DerivedSources -Xcc -DSWIFT_PACKAGE -Xcc -DDEBUG\=1 -emit-objc-header -emit-objc-header-path /Users/admin/builder/spi-builder-workspace/.derivedData/Build/Intermediates.noindex/STTextView.build/Debug-xros/STTextViewSwiftUICommon-t.build/Objects-normal/arm64/STTextViewSwiftUICommon-Swift.h -working-directory /Users/admin/builder/spi-builder-workspace/.swiftpm/xcode -experimental-emit-module-separately -disable-cmo
SwiftDriverJobDiscovery normal arm64 Emitting module for CoreTextSwift (in target 'CoreTextSwift' from project 'CoreTextSwift')
SwiftDriver\ Compilation\ Requirements CoreTextSwift normal arm64 com.apple.xcode.tools.swift.compiler (in target 'CoreTextSwift' from project 'CoreTextSwift')
    cd /Users/admin/builder/spi-builder-workspace/.swiftpm/xcode
    builtin-Swift-Compilation-Requirements -- /Applications/Xcode-27.0.0-Release.Candidate.app/Contents/Developer/Toolchains/XcodeDefault.xctoolchain/usr/bin/swiftc -parse-as-library -module-name CoreTextSwift -Onone @/Users/admin/builder/spi-builder-workspace/.derivedData/Build/Intermediates.noindex/CoreTextSwift.build/Debug-xros/CoreTextSwift-t.build/Objects-normal/arm64/CoreTextSwift.SwiftFileList -DSWIFT_PACKAGE -DDEBUG -DSWIFT_MODULE_RESOURCE_BUNDLE_UNAVAILABLE -DXcode -plugin-path /Applications/Xcode-27.0.0-Release.Candidate.app/Contents/Developer/Toolchains/XcodeDefault.xctoolchain/usr/lib/swift/host/plugins/testing -enable-experimental-feature DebugDescriptionMacro -sdk /Applications/Xcode-27.0.0-Release.Candidate.app/Contents/Developer/Platforms/XROS.platform/Developer/SDKs/XROS27.0.sdk -target arm64-apple-xros1.0 -g -module-cache-path /Users/admin/builder/spi-builder-workspace/.derivedData/ModuleCache.noindex -Xfrontend -serialize-debugging-options -profile-coverage-mapping -profile-generate -enable-testing -suppress-warnings -index-store-path /Users/admin/builder/spi-builder-workspace/.derivedData/Index.noindex/DataStore -Xcc -D_LIBCPP_HARDENING_MODE\=_LIBCPP_HARDENING_MODE_DEBUG -swift-version 5 -I /Users/admin/builder/spi-builder-workspace/.derivedData/Build/Products/Debug-xros -Isystem /Applications/Xcode-27.0.0-Release.Candidate.app/Contents/Developer/Platforms/XROS.platform/Developer/usr/lib -F /Users/admin/builder/spi-builder-workspace/.derivedData/Build/Products/Debug-xros -F /Applications/Xcode-27.0.0-Release.Candidate.app/Contents/Developer/Platforms/XROS.platform/Developer/Library/Frameworks -F /Applications/Xcode-27.0.0-Release.Candidate.app/Contents/Developer/Platforms/XROS.platform/Developer/SDKs/XROS27.0.sdk/Developer/Library/Frameworks -c -j10 -enable-batch-mode -incremental -Xcc -ivfsstatcache -Xcc /Users/admin/builder/spi-builder-workspace/.derivedData/SDKStatCaches.noindex/xros27.0-24M361-e829b21a6f8c9b70876ba0858053c044735bd543db762f57723cac368afd1ce4.sdkstatcache -output-file-map /Users/admin/builder/spi-builder-workspace/.derivedData/Build/Intermediates.noindex/CoreTextSwift.build/Debug-xros/CoreTextSwift-t.build/Objects-normal/arm64/CoreTextSwift-OutputFileMap.json -save-temps -no-color-diagnostics -explicit-module-build -module-cache-path /Users/admin/builder/spi-builder-workspace/.derivedData/Build/Intermediates.noindex/SwiftExplicitPrecompiledModules -clang-scanner-module-cache-path /Users/admin/builder/spi-builder-workspace/.derivedData/ModuleCache.noindex -sdk-module-cache-path /Users/admin/builder/spi-builder-workspace/.derivedData/SDKExplicitPrecompiledModules -emit-dependencies -emit-module -emit-module-path /Users/admin/builder/spi-builder-workspace/.derivedData/Build/Intermediates.noindex/CoreTextSwift.build/Debug-xros/CoreTextSwift-t.build/Objects-normal/arm64/CoreTextSwift.swiftmodule -serialize-diagnostics -dependency-scan-serialize-diagnostics-path /Users/admin/builder/spi-builder-workspace/.derivedData/Build/Intermediates.noindex/CoreTextSwift.build/Debug-xros/CoreTextSwift-t.build/Objects-normal/arm64/CoreTextSwift-dependency-scan.dia -validate-clang-modules-once -clang-build-session-file /Users/admin/builder/spi-builder-workspace/.derivedData/ModuleCache.noindex/Session.modulevalidation -Xcc -fmodules-prune-interval\=86400 -Xcc -fmodules-prune-after\=345600 -emit-const-values -const-gather-protocols-list /Users/admin/builder/spi-builder-workspace/.derivedData/Build/Intermediates.noindex/CoreTextSwift.build/Debug-xros/CoreTextSwift-t.build/Objects-normal/arm64/CoreTextSwift_const_extract_protocols.json -Xcc -I/Users/admin/builder/spi-builder-workspace/.derivedData/Build/Products/Debug-xros/include -Xcc -I/Users/admin/builder/spi-builder-workspace/.derivedData/Build/Intermediates.noindex/CoreTextSwift.build/Debug-xros/CoreTextSwift-t.build/DerivedSources-normal/arm64 -Xcc -I/Users/admin/builder/spi-builder-workspace/.derivedData/Build/Intermediates.noindex/CoreTextSwift.build/Debug-xros/CoreTextSwift-t.build/DerivedSources/arm64 -Xcc -I/Users/admin/builder/spi-builder-workspace/.derivedData/Build/Intermediates.noindex/CoreTextSwift.build/Debug-xros/CoreTextSwift-t.build/DerivedSources -Xcc -DSWIFT_PACKAGE -Xcc -DDEBUG\=1 -emit-objc-header -emit-objc-header-path /Users/admin/builder/spi-builder-workspace/.derivedData/Build/Intermediates.noindex/CoreTextSwift.build/Debug-xros/CoreTextSwift-t.build/Objects-normal/arm64/CoreTextSwift-Swift.h -working-directory /Users/admin/builder/spi-builder-workspace/.swiftpm/xcode -experimental-emit-module-separately -disable-cmo
Ld /Users/admin/builder/spi-builder-workspace/.derivedData/Build/Products/Debug-xros/STTextViewSwiftUICommon.o normal (in target 'STTextViewSwiftUICommon' from project 'STTextView')
    cd /Users/admin/builder/spi-builder-workspace
    /Applications/Xcode-27.0.0-Release.Candidate.app/Contents/Developer/Toolchains/XcodeDefault.xctoolchain/usr/bin/clang -Xlinker -reproducible -target arm64-apple-xros1.0 -r -isysroot /Applications/Xcode-27.0.0-Release.Candidate.app/Contents/Developer/Platforms/XROS.platform/Developer/SDKs/XROS27.0.sdk -O0 -Xlinker -no_warn_duplicate_libraries -F/Users/admin/builder/spi-builder-workspace/.derivedData/Build/Intermediates.noindex/EagerLinkingTBDs/Debug-xros -F/Users/admin/builder/spi-builder-workspace/.derivedData/Build/Products/Debug-xros -iframework /Applications/Xcode-27.0.0-Release.Candidate.app/Contents/Developer/Platforms/XROS.platform/Developer/Library/Frameworks -iframework /Applications/Xcode-27.0.0-Release.Candidate.app/Contents/Developer/Platforms/XROS.platform/Developer/SDKs/XROS27.0.sdk/Developer/Library/Frameworks -filelist /Users/admin/builder/spi-builder-workspace/.derivedData/Build/Intermediates.noindex/STTextView.build/Debug-xros/STTextViewSwiftUICommon-t.build/Objects-normal/arm64/STTextViewSwiftUICommon.LinkFileList -nostdlib -Xlinker -object_path_lto -Xlinker /Users/admin/builder/spi-builder-workspace/.derivedData/Build/Intermediates.noindex/STTextView.build/Debug-xros/STTextViewSwiftUICommon-t.build/Objects-normal/arm64/STTextViewSwiftUICommon_lto.o -Xlinker -no_deduplicate -Xlinker -debug_variant -Xlinker -dependency_info -Xlinker /Users/admin/builder/spi-builder-workspace/.derivedData/Build/Intermediates.noindex/STTextView.build/Debug-xros/STTextViewSwiftUICommon-t.build/Objects-normal/arm64/STTextViewSwiftUICommon_dependency_info.dat -fobjc-link-runtime -L/Applications/Xcode-27.0.0-Release.Candidate.app/Contents/Developer/Toolchains/XcodeDefault.xctoolchain/usr/lib/swift/xros -L/usr/lib/swift -Xlinker -add_ast_path -Xlinker /Users/admin/builder/spi-builder-workspace/.derivedData/Build/Intermediates.noindex/STTextView.build/Debug-xros/STTextViewSwiftUICommon-t.build/Objects-normal/arm64/STTextViewSwiftUICommon.swiftmodule -o /Users/admin/builder/spi-builder-workspace/.derivedData/Build/Products/Debug-xros/STTextViewSwiftUICommon.o
SwiftMergeGeneratedHeaders /Users/admin/builder/spi-builder-workspace/.derivedData/Build/Intermediates.noindex/GeneratedModuleMaps-xros/CoreTextSwift-Swift.h /Users/admin/builder/spi-builder-workspace/.derivedData/Build/Intermediates.noindex/CoreTextSwift.build/Debug-xros/CoreTextSwift-t.build/Objects-normal/arm64/CoreTextSwift-Swift.h (in target 'CoreTextSwift' from project 'CoreTextSwift')
    cd /Users/admin/builder/spi-builder-workspace/.dependencies/checkouts/CoreTextSwift
    builtin-swiftHeaderTool -arch arm64 /Users/admin/builder/spi-builder-workspace/.derivedData/Build/Intermediates.noindex/CoreTextSwift.build/Debug-xros/CoreTextSwift-t.build/Objects-normal/arm64/CoreTextSwift-Swift.h -o /Users/admin/builder/spi-builder-workspace/.derivedData/Build/Intermediates.noindex/GeneratedModuleMaps-xros/CoreTextSwift-Swift.h
SwiftDriverJobDiscovery normal arm64 Emitting module for STTextKitPlus (in target 'STTextKitPlus' from project 'STTextKitPlus')
SwiftDriver\ Compilation\ Requirements STTextKitPlus normal arm64 com.apple.xcode.tools.swift.compiler (in target 'STTextKitPlus' from project 'STTextKitPlus')
    cd /Users/admin/builder/spi-builder-workspace/.swiftpm/xcode
    builtin-Swift-Compilation-Requirements -- /Applications/Xcode-27.0.0-Release.Candidate.app/Contents/Developer/Toolchains/XcodeDefault.xctoolchain/usr/bin/swiftc -parse-as-library -module-name STTextKitPlus -Onone @/Users/admin/builder/spi-builder-workspace/.derivedData/Build/Intermediates.noindex/STTextKitPlus.build/Debug-xros/STTextKitPlus-t.build/Objects-normal/arm64/STTextKitPlus.SwiftFileList -DSWIFT_PACKAGE -DDEBUG -DSWIFT_MODULE_RESOURCE_BUNDLE_UNAVAILABLE -DXcode -plugin-path /Applications/Xcode-27.0.0-Release.Candidate.app/Contents/Developer/Toolchains/XcodeDefault.xctoolchain/usr/lib/swift/host/plugins/testing -enable-experimental-feature DebugDescriptionMacro -sdk /Applications/Xcode-27.0.0-Release.Candidate.app/Contents/Developer/Platforms/XROS.platform/Developer/SDKs/XROS27.0.sdk -target arm64-apple-xros1.0 -g -module-cache-path /Users/admin/builder/spi-builder-workspace/.derivedData/ModuleCache.noindex -Xfrontend -serialize-debugging-options -profile-coverage-mapping -profile-generate -enable-testing -suppress-warnings -index-store-path /Users/admin/builder/spi-builder-workspace/.derivedData/Index.noindex/DataStore -Xcc -D_LIBCPP_HARDENING_MODE\=_LIBCPP_HARDENING_MODE_DEBUG -swift-version 5 -I /Users/admin/builder/spi-builder-workspace/.derivedData/Build/Products/Debug-xros -Isystem /Applications/Xcode-27.0.0-Release.Candidate.app/Contents/Developer/Platforms/XROS.platform/Developer/usr/lib -F /Users/admin/builder/spi-builder-workspace/.derivedData/Build/Products/Debug-xros -F /Applications/Xcode-27.0.0-Release.Candidate.app/Contents/Developer/Platforms/XROS.platform/Developer/Library/Frameworks -F /Applications/Xcode-27.0.0-Release.Candidate.app/Contents/Developer/Platforms/XROS.platform/Developer/SDKs/XROS27.0.sdk/Developer/Library/Frameworks -c -j10 -enable-batch-mode -incremental -Xcc -ivfsstatcache -Xcc /Users/admin/builder/spi-builder-workspace/.derivedData/SDKStatCaches.noindex/xros27.0-24M361-e829b21a6f8c9b70876ba0858053c044735bd543db762f57723cac368afd1ce4.sdkstatcache -output-file-map /Users/admin/builder/spi-builder-workspace/.derivedData/Build/Intermediates.noindex/STTextKitPlus.build/Debug-xros/STTextKitPlus-t.build/Objects-normal/arm64/STTextKitPlus-OutputFileMap.json -save-temps -no-color-diagnostics -explicit-module-build -module-cache-path /Users/admin/builder/spi-builder-workspace/.derivedData/Build/Intermediates.noindex/SwiftExplicitPrecompiledModules -clang-scanner-module-cache-path /Users/admin/builder/spi-builder-workspace/.derivedData/ModuleCache.noindex -sdk-module-cache-path /Users/admin/builder/spi-builder-workspace/.derivedData/SDKExplicitPrecompiledModules -emit-dependencies -emit-module -emit-module-path /Users/admin/builder/spi-builder-workspace/.derivedData/Build/Intermediates.noindex/STTextKitPlus.build/Debug-xros/STTextKitPlus-t.build/Objects-normal/arm64/STTextKitPlus.swiftmodule -serialize-diagnostics -dependency-scan-serialize-diagnostics-path /Users/admin/builder/spi-builder-workspace/.derivedData/Build/Intermediates.noindex/STTextKitPlus.build/Debug-xros/STTextKitPlus-t.build/Objects-normal/arm64/STTextKitPlus-dependency-scan.dia -validate-clang-modules-once -clang-build-session-file /Users/admin/builder/spi-builder-workspace/.derivedData/ModuleCache.noindex/Session.modulevalidation -Xcc -fmodules-prune-interval\=86400 -Xcc -fmodules-prune-after\=345600 -emit-const-values -const-gather-protocols-list /Users/admin/builder/spi-builder-workspace/.derivedData/Build/Intermediates.noindex/STTextKitPlus.build/Debug-xros/STTextKitPlus-t.build/Objects-normal/arm64/STTextKitPlus_const_extract_protocols.json -Xcc -I/Users/admin/builder/spi-builder-workspace/.derivedData/Build/Products/Debug-xros/include -Xcc -I/Users/admin/builder/spi-builder-workspace/.derivedData/Build/Intermediates.noindex/STTextKitPlus.build/Debug-xros/STTextKitPlus-t.build/DerivedSources-normal/arm64 -Xcc -I/Users/admin/builder/spi-builder-workspace/.derivedData/Build/Intermediates.noindex/STTextKitPlus.build/Debug-xros/STTextKitPlus-t.build/DerivedSources/arm64 -Xcc -I/Users/admin/builder/spi-builder-workspace/.derivedData/Build/Intermediates.noindex/STTextKitPlus.build/Debug-xros/STTextKitPlus-t.build/DerivedSources -Xcc -DSWIFT_PACKAGE -Xcc -DDEBUG\=1 -emit-objc-header -emit-objc-header-path /Users/admin/builder/spi-builder-workspace/.derivedData/Build/Intermediates.noindex/STTextKitPlus.build/Debug-xros/STTextKitPlus-t.build/Objects-normal/arm64/STTextKitPlus-Swift.h -working-directory /Users/admin/builder/spi-builder-workspace/.swiftpm/xcode -experimental-emit-module-separately -disable-cmo
Copy /Users/admin/builder/spi-builder-workspace/.derivedData/Build/Products/Debug-xros/CoreTextSwift.swiftmodule/arm64-apple-xros.swiftmodule /Users/admin/builder/spi-builder-workspace/.derivedData/Build/Intermediates.noindex/CoreTextSwift.build/Debug-xros/CoreTextSwift-t.build/Objects-normal/arm64/CoreTextSwift.swiftmodule (in target 'CoreTextSwift' from project 'CoreTextSwift')
    cd /Users/admin/builder/spi-builder-workspace/.dependencies/checkouts/CoreTextSwift
    builtin-copy -exclude .DS_Store -exclude CVS -exclude .svn -exclude .git -exclude .hg -resolve-src-symlinks -rename /Users/admin/builder/spi-builder-workspace/.derivedData/Build/Intermediates.noindex/CoreTextSwift.build/Debug-xros/CoreTextSwift-t.build/Objects-normal/arm64/CoreTextSwift.swiftmodule /Users/admin/builder/spi-builder-workspace/.derivedData/Build/Products/Debug-xros/CoreTextSwift.swiftmodule/arm64-apple-xros.swiftmodule
SwiftMergeGeneratedHeaders /Users/admin/builder/spi-builder-workspace/.derivedData/Build/Intermediates.noindex/GeneratedModuleMaps-xros/STTextKitPlus-Swift.h /Users/admin/builder/spi-builder-workspace/.derivedData/Build/Intermediates.noindex/STTextKitPlus.build/Debug-xros/STTextKitPlus-t.build/Objects-normal/arm64/STTextKitPlus-Swift.h (in target 'STTextKitPlus' from project 'STTextKitPlus')
    cd /Users/admin/builder/spi-builder-workspace/.dependencies/checkouts/STTextKitPlus
    builtin-swiftHeaderTool -arch arm64 /Users/admin/builder/spi-builder-workspace/.derivedData/Build/Intermediates.noindex/STTextKitPlus.build/Debug-xros/STTextKitPlus-t.build/Objects-normal/arm64/STTextKitPlus-Swift.h -o /Users/admin/builder/spi-builder-workspace/.derivedData/Build/Intermediates.noindex/GeneratedModuleMaps-xros/STTextKitPlus-Swift.h
Copy /Users/admin/builder/spi-builder-workspace/.derivedData/Build/Products/Debug-xros/STTextKitPlus.swiftmodule/arm64-apple-xros.swiftmodule /Users/admin/builder/spi-builder-workspace/.derivedData/Build/Intermediates.noindex/STTextKitPlus.build/Debug-xros/STTextKitPlus-t.build/Objects-normal/arm64/STTextKitPlus.swiftmodule (in target 'STTextKitPlus' from project 'STTextKitPlus')
    cd /Users/admin/builder/spi-builder-workspace/.dependencies/checkouts/STTextKitPlus
    builtin-copy -exclude .DS_Store -exclude CVS -exclude .svn -exclude .git -exclude .hg -resolve-src-symlinks -rename /Users/admin/builder/spi-builder-workspace/.derivedData/Build/Intermediates.noindex/STTextKitPlus.build/Debug-xros/STTextKitPlus-t.build/Objects-normal/arm64/STTextKitPlus.swiftmodule /Users/admin/builder/spi-builder-workspace/.derivedData/Build/Products/Debug-xros/STTextKitPlus.swiftmodule/arm64-apple-xros.swiftmodule
Copy /Users/admin/builder/spi-builder-workspace/.derivedData/Build/Products/Debug-xros/STTextKitPlus.swiftmodule/arm64-apple-xros.swiftdoc /Users/admin/builder/spi-builder-workspace/.derivedData/Build/Intermediates.noindex/STTextKitPlus.build/Debug-xros/STTextKitPlus-t.build/Objects-normal/arm64/STTextKitPlus.swiftdoc (in target 'STTextKitPlus' from project 'STTextKitPlus')
    cd /Users/admin/builder/spi-builder-workspace/.dependencies/checkouts/STTextKitPlus
    builtin-copy -exclude .DS_Store -exclude CVS -exclude .svn -exclude .git -exclude .hg -resolve-src-symlinks -rename /Users/admin/builder/spi-builder-workspace/.derivedData/Build/Intermediates.noindex/STTextKitPlus.build/Debug-xros/STTextKitPlus-t.build/Objects-normal/arm64/STTextKitPlus.swiftdoc /Users/admin/builder/spi-builder-workspace/.derivedData/Build/Products/Debug-xros/STTextKitPlus.swiftmodule/arm64-apple-xros.swiftdoc
Copy /Users/admin/builder/spi-builder-workspace/.derivedData/Build/Products/Debug-xros/STTextKitPlus.swiftmodule/arm64-apple-xros.abi.json /Users/admin/builder/spi-builder-workspace/.derivedData/Build/Intermediates.noindex/STTextKitPlus.build/Debug-xros/STTextKitPlus-t.build/Objects-normal/arm64/STTextKitPlus.abi.json (in target 'STTextKitPlus' from project 'STTextKitPlus')
    cd /Users/admin/builder/spi-builder-workspace/.dependencies/checkouts/STTextKitPlus
    builtin-copy -exclude .DS_Store -exclude CVS -exclude .svn -exclude .git -exclude .hg -resolve-src-symlinks -rename /Users/admin/builder/spi-builder-workspace/.derivedData/Build/Intermediates.noindex/STTextKitPlus.build/Debug-xros/STTextKitPlus-t.build/Objects-normal/arm64/STTextKitPlus.abi.json /Users/admin/builder/spi-builder-workspace/.derivedData/Build/Products/Debug-xros/STTextKitPlus.swiftmodule/arm64-apple-xros.abi.json
Copy /Users/admin/builder/spi-builder-workspace/.derivedData/Build/Products/Debug-xros/STTextKitPlus.swiftmodule/Project/arm64-apple-xros.swiftsourceinfo /Users/admin/builder/spi-builder-workspace/.derivedData/Build/Intermediates.noindex/STTextKitPlus.build/Debug-xros/STTextKitPlus-t.build/Objects-normal/arm64/STTextKitPlus.swiftsourceinfo (in target 'STTextKitPlus' from project 'STTextKitPlus')
    cd /Users/admin/builder/spi-builder-workspace/.dependencies/checkouts/STTextKitPlus
    builtin-copy -exclude .DS_Store -exclude CVS -exclude .svn -exclude .git -exclude .hg -resolve-src-symlinks -rename /Users/admin/builder/spi-builder-workspace/.derivedData/Build/Intermediates.noindex/STTextKitPlus.build/Debug-xros/STTextKitPlus-t.build/Objects-normal/arm64/STTextKitPlus.swiftsourceinfo /Users/admin/builder/spi-builder-workspace/.derivedData/Build/Products/Debug-xros/STTextKitPlus.swiftmodule/Project/arm64-apple-xros.swiftsourceinfo
Copy /Users/admin/builder/spi-builder-workspace/.derivedData/Build/Products/Debug-xros/CoreTextSwift.swiftmodule/arm64-apple-xros.swiftdoc /Users/admin/builder/spi-builder-workspace/.derivedData/Build/Intermediates.noindex/CoreTextSwift.build/Debug-xros/CoreTextSwift-t.build/Objects-normal/arm64/CoreTextSwift.swiftdoc (in target 'CoreTextSwift' from project 'CoreTextSwift')
    cd /Users/admin/builder/spi-builder-workspace/.dependencies/checkouts/CoreTextSwift
    builtin-copy -exclude .DS_Store -exclude CVS -exclude .svn -exclude .git -exclude .hg -resolve-src-symlinks -rename /Users/admin/builder/spi-builder-workspace/.derivedData/Build/Intermediates.noindex/CoreTextSwift.build/Debug-xros/CoreTextSwift-t.build/Objects-normal/arm64/CoreTextSwift.swiftdoc /Users/admin/builder/spi-builder-workspace/.derivedData/Build/Products/Debug-xros/CoreTextSwift.swiftmodule/arm64-apple-xros.swiftdoc
Copy /Users/admin/builder/spi-builder-workspace/.derivedData/Build/Products/Debug-xros/CoreTextSwift.swiftmodule/arm64-apple-xros.abi.json /Users/admin/builder/spi-builder-workspace/.derivedData/Build/Intermediates.noindex/CoreTextSwift.build/Debug-xros/CoreTextSwift-t.build/Objects-normal/arm64/CoreTextSwift.abi.json (in target 'CoreTextSwift' from project 'CoreTextSwift')
    cd /Users/admin/builder/spi-builder-workspace/.dependencies/checkouts/CoreTextSwift
    builtin-copy -exclude .DS_Store -exclude CVS -exclude .svn -exclude .git -exclude .hg -resolve-src-symlinks -rename /Users/admin/builder/spi-builder-workspace/.derivedData/Build/Intermediates.noindex/CoreTextSwift.build/Debug-xros/CoreTextSwift-t.build/Objects-normal/arm64/CoreTextSwift.abi.json /Users/admin/builder/spi-builder-workspace/.derivedData/Build/Products/Debug-xros/CoreTextSwift.swiftmodule/arm64-apple-xros.abi.json
Copy /Users/admin/builder/spi-builder-workspace/.derivedData/Build/Products/Debug-xros/CoreTextSwift.swiftmodule/Project/arm64-apple-xros.swiftsourceinfo /Users/admin/builder/spi-builder-workspace/.derivedData/Build/Intermediates.noindex/CoreTextSwift.build/Debug-xros/CoreTextSwift-t.build/Objects-normal/arm64/CoreTextSwift.swiftsourceinfo (in target 'CoreTextSwift' from project 'CoreTextSwift')
    cd /Users/admin/builder/spi-builder-workspace/.dependencies/checkouts/CoreTextSwift
    builtin-copy -exclude .DS_Store -exclude CVS -exclude .svn -exclude .git -exclude .hg -resolve-src-symlinks -rename /Users/admin/builder/spi-builder-workspace/.derivedData/Build/Intermediates.noindex/CoreTextSwift.build/Debug-xros/CoreTextSwift-t.build/Objects-normal/arm64/CoreTextSwift.swiftsourceinfo /Users/admin/builder/spi-builder-workspace/.derivedData/Build/Products/Debug-xros/CoreTextSwift.swiftmodule/Project/arm64-apple-xros.swiftsourceinfo
SwiftCompile normal arm64 Compiling\ NSRange.swift /Users/admin/builder/spi-builder-workspace/.dependencies/checkouts/STTextKitPlus/Sources/STTextKitPlus/NSRange.swift (in target 'STTextKitPlus' from project 'STTextKitPlus')
SwiftCompile normal arm64 /Users/admin/builder/spi-builder-workspace/.dependencies/checkouts/STTextKitPlus/Sources/STTextKitPlus/NSRange.swift (in target 'STTextKitPlus' from project 'STTextKitPlus')
    cd /Users/admin/builder/spi-builder-workspace/.swiftpm/xcode
    builtin-SwiftPerFileCompile NSRange.swift
SwiftCompile normal arm64 Compiling\ NSTextRange.swift /Users/admin/builder/spi-builder-workspace/.dependencies/checkouts/STTextKitPlus/Sources/STTextKitPlus/NSTextRange.swift (in target 'STTextKitPlus' from project 'STTextKitPlus')
SwiftCompile normal arm64 /Users/admin/builder/spi-builder-workspace/.dependencies/checkouts/STTextKitPlus/Sources/STTextKitPlus/NSTextRange.swift (in target 'STTextKitPlus' from project 'STTextKitPlus')
    cd /Users/admin/builder/spi-builder-workspace/.swiftpm/xcode
    builtin-SwiftPerFileCompile NSTextRange.swift
SwiftDriverJobDiscovery normal arm64 Compiling CTGlyphInfo+Swift.swift (in target 'CoreTextSwift' from project 'CoreTextSwift')
SwiftCompile normal arm64 Compiling\ NSTextLocation+Equatable.swift /Users/admin/builder/spi-builder-workspace/.dependencies/checkouts/STTextKitPlus/Sources/STTextKitPlus/NSTextLocation+Equatable.swift (in target 'STTextKitPlus' from project 'STTextKitPlus')
SwiftCompile normal arm64 /Users/admin/builder/spi-builder-workspace/.dependencies/checkouts/STTextKitPlus/Sources/STTextKitPlus/NSTextLocation+Equatable.swift (in target 'STTextKitPlus' from project 'STTextKitPlus')
    cd /Users/admin/builder/spi-builder-workspace/.swiftpm/xcode
    builtin-SwiftPerFileCompile NSTextLocation+Equatable.swift
SwiftDriverJobDiscovery normal arm64 Compiling FontManager+Swift.swift (in target 'CoreTextSwift' from project 'CoreTextSwift')
SwiftCompile normal arm64 Compiling\ NSTextLayoutManager.swift /Users/admin/builder/spi-builder-workspace/.dependencies/checkouts/STTextKitPlus/Sources/STTextKitPlus/NSTextLayoutManager.swift (in target 'STTextKitPlus' from project 'STTextKitPlus')
SwiftCompile normal arm64 /Users/admin/builder/spi-builder-workspace/.dependencies/checkouts/STTextKitPlus/Sources/STTextKitPlus/NSTextLayoutManager.swift (in target 'STTextKitPlus' from project 'STTextKitPlus')
    cd /Users/admin/builder/spi-builder-workspace/.swiftpm/xcode
    builtin-SwiftPerFileCompile NSTextLayoutManager.swift
SwiftCompile normal arm64 Compiling\ NSTextLayoutFragment.swift /Users/admin/builder/spi-builder-workspace/.dependencies/checkouts/STTextKitPlus/Sources/STTextKitPlus/NSTextLayoutFragment.swift (in target 'STTextKitPlus' from project 'STTextKitPlus')
SwiftCompile normal arm64 /Users/admin/builder/spi-builder-workspace/.dependencies/checkouts/STTextKitPlus/Sources/STTextKitPlus/NSTextLayoutFragment.swift (in target 'STTextKitPlus' from project 'STTextKitPlus')
    cd /Users/admin/builder/spi-builder-workspace/.swiftpm/xcode
    builtin-SwiftPerFileCompile NSTextLayoutFragment.swift
SwiftDriverJobDiscovery normal arm64 Compiling CTFrame+Swift.swift (in target 'CoreTextSwift' from project 'CoreTextSwift')
SwiftDriverJobDiscovery normal arm64 Compiling CTLine+Swift.swift (in target 'CoreTextSwift' from project 'CoreTextSwift')
SwiftCompile normal arm64 Compiling\ CTFramesetter+Swift.swift /Users/admin/builder/spi-builder-workspace/.dependencies/checkouts/CoreTextSwift/Sources/CoreTextSwift/CTFramesetter+Swift.swift (in target 'CoreTextSwift' from project 'CoreTextSwift')
SwiftCompile normal arm64 /Users/admin/builder/spi-builder-workspace/.dependencies/checkouts/CoreTextSwift/Sources/CoreTextSwift/CTFramesetter+Swift.swift (in target 'CoreTextSwift' from project 'CoreTextSwift')
    cd /Users/admin/builder/spi-builder-workspace/.swiftpm/xcode
    builtin-SwiftPerFileCompile CTFramesetter+Swift.swift
SwiftDriverJobDiscovery normal arm64 Compiling CTRun+Swift.swift (in target 'CoreTextSwift' from project 'CoreTextSwift')
SwiftCompile normal arm64 Compiling\ Array+CGGlyph.swift,\ CFAttributedString+CoreText.swift /Users/admin/builder/spi-builder-workspace/.dependencies/checkouts/CoreTextSwift/Sources/CoreTextSwift/Array+CGGlyph.swift /Users/admin/builder/spi-builder-workspace/.dependencies/checkouts/CoreTextSwift/Sources/CoreTextSwift/CFAttributedString+CoreText.swift (in target 'CoreTextSwift' from project 'CoreTextSwift')
SwiftCompile normal arm64 /Users/admin/builder/spi-builder-workspace/.dependencies/checkouts/CoreTextSwift/Sources/CoreTextSwift/Array+CGGlyph.swift (in target 'CoreTextSwift' from project 'CoreTextSwift')
    cd /Users/admin/builder/spi-builder-workspace/.swiftpm/xcode
    builtin-SwiftPerFileCompile Array+CGGlyph.swift
SwiftCompile normal arm64 /Users/admin/builder/spi-builder-workspace/.dependencies/checkouts/CoreTextSwift/Sources/CoreTextSwift/CFAttributedString+CoreText.swift (in target 'CoreTextSwift' from project 'CoreTextSwift')
    cd /Users/admin/builder/spi-builder-workspace/.swiftpm/xcode
    builtin-SwiftPerFileCompile CFAttributedString+CoreText.swift
SwiftDriverJobDiscovery normal arm64 Compiling CTFramesetter+Swift.swift (in target 'CoreTextSwift' from project 'CoreTextSwift')
SwiftCompile normal arm64 Compiling\ CTFont+Swift.swift /Users/admin/builder/spi-builder-workspace/.dependencies/checkouts/CoreTextSwift/Sources/CoreTextSwift/CTFont+Swift.swift (in target 'CoreTextSwift' from project 'CoreTextSwift')
SwiftCompile normal arm64 /Users/admin/builder/spi-builder-workspace/.dependencies/checkouts/CoreTextSwift/Sources/CoreTextSwift/CTFont+Swift.swift (in target 'CoreTextSwift' from project 'CoreTextSwift')
    cd /Users/admin/builder/spi-builder-workspace/.swiftpm/xcode
    builtin-SwiftPerFileCompile CTFont+Swift.swift
SwiftDriverJobDiscovery normal arm64 Compiling CTStringAttribute.swift (in target 'CoreTextSwift' from project 'CoreTextSwift')
ExtractAppIntentsMetadata (in target 'STTextViewSwiftUICommon' from project 'STTextView')
    cd /Users/admin/builder/spi-builder-workspace
    /Applications/Xcode-27.0.0-Release.Candidate.app/Contents/Developer/Toolchains/XcodeDefault.xctoolchain/usr/bin/appintentsmetadataprocessor --toolchain-dir /var/run/com.apple.security.cryptexd/mnt/com.apple.MobileAsset.MetalToolchain-v27.1.266.1.rrky7A/Metal.xctoolchain --module-name STTextViewSwiftUICommon --sdk-root /Applications/Xcode-27.0.0-Release.Candidate.app/Contents/Developer/Platforms/XROS.platform/Developer/SDKs/XROS27.0.sdk --xcode-version 27A266a --platform-family xrOS --deployment-target 1.0 --bundle-identifier spi-builder-workspace.STTextViewSwiftUICommon --output /Users/admin/builder/spi-builder-workspace/.derivedData/Build/Products/Debug-xros/STTextViewSwiftUICommon.appintents --target-triple arm64-apple-xros1.0 --binary-file /Users/admin/builder/spi-builder-workspace/.derivedData/Build/Products/Debug-xros/STTextViewSwiftUICommon.o --dependency-file /Users/admin/builder/spi-builder-workspace/.derivedData/Build/Intermediates.noindex/STTextView.build/Debug-xros/STTextViewSwiftUICommon-t.build/Objects-normal/arm64/STTextViewSwiftUICommon_dependency_info.dat --stringsdata-file /Users/admin/builder/spi-builder-workspace/.derivedData/Build/Intermediates.noindex/STTextView.build/Debug-xros/STTextViewSwiftUICommon-t.build/Objects-normal/arm64/ExtractedAppShortcutsMetadata.stringsdata --source-file-list /Users/admin/builder/spi-builder-workspace/.derivedData/Build/Intermediates.noindex/STTextView.build/Debug-xros/STTextViewSwiftUICommon-t.build/Objects-normal/arm64/STTextViewSwiftUICommon.SwiftFileList --metadata-file-list /Users/admin/builder/spi-builder-workspace/.derivedData/Build/Intermediates.noindex/STTextView.build/Debug-xros/STTextViewSwiftUICommon-t.build/STTextViewSwiftUICommon.DependencyMetadataFileList --static-metadata-file-list /Users/admin/builder/spi-builder-workspace/.derivedData/Build/Intermediates.noindex/STTextView.build/Debug-xros/STTextViewSwiftUICommon-t.build/STTextViewSwiftUICommon.DependencyStaticMetadataFileList --swift-const-vals-list /Users/admin/builder/spi-builder-workspace/.derivedData/Build/Intermediates.noindex/STTextView.build/Debug-xros/STTextViewSwiftUICommon-t.build/Objects-normal/arm64/STTextViewSwiftUICommon.SwiftConstValuesFileList --force --compile-time-extraction --deployment-aware-processing --no-app-shortcuts-localization
2026-09-27 21:32:00.287 appintentsmetadataprocessor[885:5130] Starting appintentsmetadataprocessor export
2026-09-27 21:32:00.431 appintentsmetadataprocessor[885:5130] Extracted no relevant App Intents symbols, skipping writing output
SwiftDriverJobDiscovery normal arm64 Compiling CTFont+Swift.swift (in target 'CoreTextSwift' from project 'CoreTextSwift')
SwiftDriver STTextViewCommon normal arm64 com.apple.xcode.tools.swift.compiler (in target 'STTextViewCommon' from project 'STTextView')
    cd /Users/admin/builder/spi-builder-workspace/.swiftpm/xcode
    builtin-SwiftDriver -- /Applications/Xcode-27.0.0-Release.Candidate.app/Contents/Developer/Toolchains/XcodeDefault.xctoolchain/usr/bin/swiftc -parse-as-library -module-name STTextViewCommon -Onone @/Users/admin/builder/spi-builder-workspace/.derivedData/Build/Intermediates.noindex/STTextView.build/Debug-xros/STTextViewCommon-t.build/Objects-normal/arm64/STTextViewCommon.SwiftFileList -DSWIFT_PACKAGE -DDEBUG -DSWIFT_MODULE_RESOURCE_BUNDLE_UNAVAILABLE -DXcode -plugin-path /Applications/Xcode-27.0.0-Release.Candidate.app/Contents/Developer/Toolchains/XcodeDefault.xctoolchain/usr/lib/swift/host/plugins/testing -enable-experimental-feature DebugDescriptionMacro -sdk /Applications/Xcode-27.0.0-Release.Candidate.app/Contents/Developer/Platforms/XROS.platform/Developer/SDKs/XROS27.0.sdk -target arm64-apple-xros1.0 -g -module-cache-path /Users/admin/builder/spi-builder-workspace/.derivedData/ModuleCache.noindex -Xfrontend -serialize-debugging-options -profile-coverage-mapping -profile-generate -enable-testing -index-store-path /Users/admin/builder/spi-builder-workspace/.derivedData/Index.noindex/DataStore -Xcc -D_LIBCPP_HARDENING_MODE\=_LIBCPP_HARDENING_MODE_DEBUG -swift-version 5 -I /Users/admin/builder/spi-builder-workspace/.derivedData/Build/Products/Debug-xros -Isystem /Applications/Xcode-27.0.0-Release.Candidate.app/Contents/Developer/Platforms/XROS.platform/Developer/usr/lib -F /Users/admin/builder/spi-builder-workspace/.derivedData/Build/Products/Debug-xros/PackageFrameworks -F /Users/admin/builder/spi-builder-workspace/.derivedData/Build/Products/Debug-xros -F /Applications/Xcode-27.0.0-Release.Candidate.app/Contents/Developer/Platforms/XROS.platform/Developer/Library/Frameworks -F /Applications/Xcode-27.0.0-Release.Candidate.app/Contents/Developer/Platforms/XROS.platform/Developer/SDKs/XROS27.0.sdk/Developer/Library/Frameworks -c -j10 -enable-batch-mode -incremental -Xcc -ivfsstatcache -Xcc /Users/admin/builder/spi-builder-workspace/.derivedData/SDKStatCaches.noindex/xros27.0-24M361-e829b21a6f8c9b70876ba0858053c044735bd543db762f57723cac368afd1ce4.sdkstatcache -output-file-map /Users/admin/builder/spi-builder-workspace/.derivedData/Build/Intermediates.noindex/STTextView.build/Debug-xros/STTextViewCommon-t.build/Objects-normal/arm64/STTextViewCommon-OutputFileMap.json -save-temps -no-color-diagnostics -explicit-module-build -module-cache-path /Users/admin/builder/spi-builder-workspace/.derivedData/Build/Intermediates.noindex/SwiftExplicitPrecompiledModules -clang-scanner-module-cache-path /Users/admin/builder/spi-builder-workspace/.derivedData/ModuleCache.noindex -sdk-module-cache-path /Users/admin/builder/spi-builder-workspace/.derivedData/SDKExplicitPrecompiledModules -emit-dependencies -emit-module -emit-module-path /Users/admin/builder/spi-builder-workspace/.derivedData/Build/Intermediates.noindex/STTextView.build/Debug-xros/STTextViewCommon-t.build/Objects-normal/arm64/STTextViewCommon.swiftmodule -serialize-diagnostics -dependency-scan-serialize-diagnostics-path /Users/admin/builder/spi-builder-workspace/.derivedData/Build/Intermediates.noindex/STTextView.build/Debug-xros/STTextViewCommon-t.build/Objects-normal/arm64/STTextViewCommon-dependency-scan.dia -validate-clang-modules-once -clang-build-session-file /Users/admin/builder/spi-builder-workspace/.derivedData/ModuleCache.noindex/Session.modulevalidation -Xcc -fmodules-prune-interval\=86400 -Xcc -fmodules-prune-after\=345600 -package-name spi_builder_workspace -emit-const-values -const-gather-protocols-list /Users/admin/builder/spi-builder-workspace/.derivedData/Build/Intermediates.noindex/STTextView.build/Debug-xros/STTextViewCommon-t.build/Objects-normal/arm64/STTextViewCommon_const_extract_protocols.json -Xcc -I/Users/admin/builder/spi-builder-workspace/.derivedData/Build/Products/Debug-xros/include -Xcc -I/Users/admin/builder/spi-builder-workspace/.derivedData/Build/Intermediates.noindex/STTextView.build/Debug-xros/STTextViewCommon-t.build/DerivedSources-normal/arm64 -Xcc -I/Users/admin/builder/spi-builder-workspace/.derivedData/Build/Intermediates.noindex/STTextView.build/Debug-xros/STTextViewCommon-t.build/DerivedSources/arm64 -Xcc -I/Users/admin/builder/spi-builder-workspace/.derivedData/Build/Intermediates.noindex/STTextView.build/Debug-xros/STTextViewCommon-t.build/DerivedSources -Xcc -DSWIFT_PACKAGE -Xcc -DDEBUG\=1 -emit-objc-header -emit-objc-header-path /Users/admin/builder/spi-builder-workspace/.derivedData/Build/Intermediates.noindex/STTextView.build/Debug-xros/STTextViewCommon-t.build/Objects-normal/arm64/STTextViewCommon-Swift.h -working-directory /Users/admin/builder/spi-builder-workspace/.swiftpm/xcode -experimental-emit-module-separately -disable-cmo
SwiftCompile normal arm64 Compiling\ STRulerInsets.swift /Users/admin/builder/spi-builder-workspace/Sources/STTextViewCommon/Utilities/STRulerInsets.swift (in target 'STTextViewCommon' from project 'STTextView')
SwiftCompile normal arm64 /Users/admin/builder/spi-builder-workspace/Sources/STTextViewCommon/Utilities/STRulerInsets.swift (in target 'STTextViewCommon' from project 'STTextView')
    cd /Users/admin/builder/spi-builder-workspace/.swiftpm/xcode
    builtin-SwiftPerFileCompile STRulerInsets.swift
SwiftEmitModule normal arm64 Emitting\ module\ for\ STTextViewCommon (in target 'STTextViewCommon' from project 'STTextView')
SwiftCompile normal arm64 (in target 'STTextViewCommon' from project 'STTextView')
    cd /Users/admin/builder/spi-builder-workspace/.swiftpm/xcode

SwiftCompile normal arm64 Compiling\ CoalescingUndoManager.swift,\ Geometric+Helpers.swift /Users/admin/builder/spi-builder-workspace/Sources/STTextViewCommon/CoalescingUndoManager.swift /Users/admin/builder/spi-builder-workspace/Sources/STTextViewCommon/Extensions/Geometric+Helpers.swift (in target 'STTextViewCommon' from project 'STTextView')
SwiftCompile normal arm64 /Users/admin/builder/spi-builder-workspace/Sources/STTextViewCommon/CoalescingUndoManager.swift (in target 'STTextViewCommon' from project 'STTextView')
    cd /Users/admin/builder/spi-builder-workspace/.swiftpm/xcode
    builtin-SwiftPerFileCompile CoalescingUndoManager.swift
SwiftCompile normal arm64 /Users/admin/builder/spi-builder-workspace/Sources/STTextViewCommon/Extensions/Geometric+Helpers.swift (in target 'STTextViewCommon' from project 'STTextView')
    cd /Users/admin/builder/spi-builder-workspace/.swiftpm/xcode
    builtin-SwiftPerFileCompile Geometric+Helpers.swift
SwiftDriverJobDiscovery normal arm64 Compiling STRulerInsets.swift (in target 'STTextViewCommon' from project 'STTextView')
SwiftCompile normal arm64 Compiling\ ApproximateEquality.swift,\ LineHeight.swift /Users/admin/builder/spi-builder-workspace/Sources/STTextViewCommon/Utilities/ApproximateEquality.swift /Users/admin/builder/spi-builder-workspace/Sources/STTextViewCommon/Utilities/LineHeight.swift (in target 'STTextViewCommon' from project 'STTextView')
SwiftCompile normal arm64 /Users/admin/builder/spi-builder-workspace/Sources/STTextViewCommon/Utilities/ApproximateEquality.swift (in target 'STTextViewCommon' from project 'STTextView')
    cd /Users/admin/builder/spi-builder-workspace/.swiftpm/xcode
    builtin-SwiftPerFileCompile ApproximateEquality.swift
SwiftCompile normal arm64 /Users/admin/builder/spi-builder-workspace/Sources/STTextViewCommon/Utilities/LineHeight.swift (in target 'STTextViewCommon' from project 'STTextView')
    cd /Users/admin/builder/spi-builder-workspace/.swiftpm/xcode
    builtin-SwiftPerFileCompile LineHeight.swift
SwiftDriverJobDiscovery normal arm64 Emitting module for STTextViewCommon (in target 'STTextViewCommon' from project 'STTextView')
SwiftDriver\ Compilation\ Requirements STTextViewCommon normal arm64 com.apple.xcode.tools.swift.compiler (in target 'STTextViewCommon' from project 'STTextView')
    cd /Users/admin/builder/spi-builder-workspace/.swiftpm/xcode
    builtin-Swift-Compilation-Requirements -- /Applications/Xcode-27.0.0-Release.Candidate.app/Contents/Developer/Toolchains/XcodeDefault.xctoolchain/usr/bin/swiftc -parse-as-library -module-name STTextViewCommon -Onone @/Users/admin/builder/spi-builder-workspace/.derivedData/Build/Intermediates.noindex/STTextView.build/Debug-xros/STTextViewCommon-t.build/Objects-normal/arm64/STTextViewCommon.SwiftFileList -DSWIFT_PACKAGE -DDEBUG -DSWIFT_MODULE_RESOURCE_BUNDLE_UNAVAILABLE -DXcode -plugin-path /Applications/Xcode-27.0.0-Release.Candidate.app/Contents/Developer/Toolchains/XcodeDefault.xctoolchain/usr/lib/swift/host/plugins/testing -enable-experimental-feature DebugDescriptionMacro -sdk /Applications/Xcode-27.0.0-Release.Candidate.app/Contents/Developer/Platforms/XROS.platform/Developer/SDKs/XROS27.0.sdk -target arm64-apple-xros1.0 -g -module-cache-path /Users/admin/builder/spi-builder-workspace/.derivedData/ModuleCache.noindex -Xfrontend -serialize-debugging-options -profile-coverage-mapping -profile-generate -enable-testing -index-store-path /Users/admin/builder/spi-builder-workspace/.derivedData/Index.noindex/DataStore -Xcc -D_LIBCPP_HARDENING_MODE\=_LIBCPP_HARDENING_MODE_DEBUG -swift-version 5 -I /Users/admin/builder/spi-builder-workspace/.derivedData/Build/Products/Debug-xros -Isystem /Applications/Xcode-27.0.0-Release.Candidate.app/Contents/Developer/Platforms/XROS.platform/Developer/usr/lib -F /Users/admin/builder/spi-builder-workspace/.derivedData/Build/Products/Debug-xros/PackageFrameworks -F /Users/admin/builder/spi-builder-workspace/.derivedData/Build/Products/Debug-xros -F /Applications/Xcode-27.0.0-Release.Candidate.app/Contents/Developer/Platforms/XROS.platform/Developer/Library/Frameworks -F /Applications/Xcode-27.0.0-Release.Candidate.app/Contents/Developer/Platforms/XROS.platform/Developer/SDKs/XROS27.0.sdk/Developer/Library/Frameworks -c -j10 -enable-batch-mode -incremental -Xcc -ivfsstatcache -Xcc /Users/admin/builder/spi-builder-workspace/.derivedData/SDKStatCaches.noindex/xros27.0-24M361-e829b21a6f8c9b70876ba0858053c044735bd543db762f57723cac368afd1ce4.sdkstatcache -output-file-map /Users/admin/builder/spi-builder-workspace/.derivedData/Build/Intermediates.noindex/STTextView.build/Debug-xros/STTextViewCommon-t.build/Objects-normal/arm64/STTextViewCommon-OutputFileMap.json -save-temps -no-color-diagnostics -explicit-module-build -module-cache-path /Users/admin/builder/spi-builder-workspace/.derivedData/Build/Intermediates.noindex/SwiftExplicitPrecompiledModules -clang-scanner-module-cache-path /Users/admin/builder/spi-builder-workspace/.derivedData/ModuleCache.noindex -sdk-module-cache-path /Users/admin/builder/spi-builder-workspace/.derivedData/SDKExplicitPrecompiledModules -emit-dependencies -emit-module -emit-module-path /Users/admin/builder/spi-builder-workspace/.derivedData/Build/Intermediates.noindex/STTextView.build/Debug-xros/STTextViewCommon-t.build/Objects-normal/arm64/STTextViewCommon.swiftmodule -serialize-diagnostics -dependency-scan-serialize-diagnostics-path /Users/admin/builder/spi-builder-workspace/.derivedData/Build/Intermediates.noindex/STTextView.build/Debug-xros/STTextViewCommon-t.build/Objects-normal/arm64/STTextViewCommon-dependency-scan.dia -validate-clang-modules-once -clang-build-session-file /Users/admin/builder/spi-builder-workspace/.derivedData/ModuleCache.noindex/Session.modulevalidation -Xcc -fmodules-prune-interval\=86400 -Xcc -fmodules-prune-after\=345600 -package-name spi_builder_workspace -emit-const-values -const-gather-protocols-list /Users/admin/builder/spi-builder-workspace/.derivedData/Build/Intermediates.noindex/STTextView.build/Debug-xros/STTextViewCommon-t.build/Objects-normal/arm64/STTextViewCommon_const_extract_protocols.json -Xcc -I/Users/admin/builder/spi-builder-workspace/.derivedData/Build/Products/Debug-xros/include -Xcc -I/Users/admin/builder/spi-builder-workspace/.derivedData/Build/Intermediates.noindex/STTextView.build/Debug-xros/STTextViewCommon-t.build/DerivedSources-normal/arm64 -Xcc -I/Users/admin/builder/spi-builder-workspace/.derivedData/Build/Intermediates.noindex/STTextView.build/Debug-xros/STTextViewCommon-t.build/DerivedSources/arm64 -Xcc -I/Users/admin/builder/spi-builder-workspace/.derivedData/Build/Intermediates.noindex/STTextView.build/Debug-xros/STTextViewCommon-t.build/DerivedSources -Xcc -DSWIFT_PACKAGE -Xcc -DDEBUG\=1 -emit-objc-header -emit-objc-header-path /Users/admin/builder/spi-builder-workspace/.derivedData/Build/Intermediates.noindex/STTextView.build/Debug-xros/STTextViewCommon-t.build/Objects-normal/arm64/STTextViewCommon-Swift.h -working-directory /Users/admin/builder/spi-builder-workspace/.swiftpm/xcode -experimental-emit-module-separately -disable-cmo
SwiftDriverJobDiscovery normal arm64 Compiling ApproximateEquality.swift, LineHeight.swift (in target 'STTextViewCommon' from project 'STTextView')
SwiftCompile normal arm64 Compiling\ STMarkedText.swift,\ STTextContentStorage.swift /Users/admin/builder/spi-builder-workspace/Sources/STTextViewCommon/STMarkedText.swift /Users/admin/builder/spi-builder-workspace/Sources/STTextViewCommon/STTextContentStorage.swift (in target 'STTextViewCommon' from project 'STTextView')
SwiftCompile normal arm64 /Users/admin/builder/spi-builder-workspace/Sources/STTextViewCommon/STMarkedText.swift (in target 'STTextViewCommon' from project 'STTextView')
    cd /Users/admin/builder/spi-builder-workspace/.swiftpm/xcode
    builtin-SwiftPerFileCompile STMarkedText.swift
SwiftCompile normal arm64 /Users/admin/builder/spi-builder-workspace/Sources/STTextViewCommon/STTextContentStorage.swift (in target 'STTextViewCommon' from project 'STTextView')
    cd /Users/admin/builder/spi-builder-workspace/.swiftpm/xcode
    builtin-SwiftPerFileCompile STTextContentStorage.swift
SwiftMergeGeneratedHeaders /Users/admin/builder/spi-builder-workspace/.derivedData/Build/Intermediates.noindex/GeneratedModuleMaps-xros/STTextViewCommon-Swift.h /Users/admin/builder/spi-builder-workspace/.derivedData/Build/Intermediates.noindex/STTextView.build/Debug-xros/STTextViewCommon-t.build/Objects-normal/arm64/STTextViewCommon-Swift.h (in target 'STTextViewCommon' from project 'STTextView')
    cd /Users/admin/builder/spi-builder-workspace
    builtin-swiftHeaderTool -arch arm64 /Users/admin/builder/spi-builder-workspace/.derivedData/Build/Intermediates.noindex/STTextView.build/Debug-xros/STTextViewCommon-t.build/Objects-normal/arm64/STTextViewCommon-Swift.h -o /Users/admin/builder/spi-builder-workspace/.derivedData/Build/Intermediates.noindex/GeneratedModuleMaps-xros/STTextViewCommon-Swift.h
SwiftDriverJobDiscovery normal arm64 Compiling CoalescingUndoManager.swift, Geometric+Helpers.swift (in target 'STTextViewCommon' from project 'STTextView')
Copy /Users/admin/builder/spi-builder-workspace/.derivedData/Build/Products/Debug-xros/STTextViewCommon.swiftmodule/arm64-apple-xros.swiftmodule /Users/admin/builder/spi-builder-workspace/.derivedData/Build/Intermediates.noindex/STTextView.build/Debug-xros/STTextViewCommon-t.build/Objects-normal/arm64/STTextViewCommon.swiftmodule (in target 'STTextViewCommon' from project 'STTextView')
    cd /Users/admin/builder/spi-builder-workspace
    builtin-copy -exclude .DS_Store -exclude CVS -exclude .svn -exclude .git -exclude .hg -resolve-src-symlinks -rename /Users/admin/builder/spi-builder-workspace/.derivedData/Build/Intermediates.noindex/STTextView.build/Debug-xros/STTextViewCommon-t.build/Objects-normal/arm64/STTextViewCommon.swiftmodule /Users/admin/builder/spi-builder-workspace/.derivedData/Build/Products/Debug-xros/STTextViewCommon.swiftmodule/arm64-apple-xros.swiftmodule
Copy /Users/admin/builder/spi-builder-workspace/.derivedData/Build/Products/Debug-xros/STTextViewCommon.swiftmodule/arm64-apple-xros.swiftdoc /Users/admin/builder/spi-builder-workspace/.derivedData/Build/Intermediates.noindex/STTextView.build/Debug-xros/STTextViewCommon-t.build/Objects-normal/arm64/STTextViewCommon.swiftdoc (in target 'STTextViewCommon' from project 'STTextView')
    cd /Users/admin/builder/spi-builder-workspace
    builtin-copy -exclude .DS_Store -exclude CVS -exclude .svn -exclude .git -exclude .hg -resolve-src-symlinks -rename /Users/admin/builder/spi-builder-workspace/.derivedData/Build/Intermediates.noindex/STTextView.build/Debug-xros/STTextViewCommon-t.build/Objects-normal/arm64/STTextViewCommon.swiftdoc /Users/admin/builder/spi-builder-workspace/.derivedData/Build/Products/Debug-xros/STTextViewCommon.swiftmodule/arm64-apple-xros.swiftdoc
Copy /Users/admin/builder/spi-builder-workspace/.derivedData/Build/Products/Debug-xros/STTextViewCommon.swiftmodule/arm64-apple-xros.abi.json /Users/admin/builder/spi-builder-workspace/.derivedData/Build/Intermediates.noindex/STTextView.build/Debug-xros/STTextViewCommon-t.build/Objects-normal/arm64/STTextViewCommon.abi.json (in target 'STTextViewCommon' from project 'STTextView')
    cd /Users/admin/builder/spi-builder-workspace
    builtin-copy -exclude .DS_Store -exclude CVS -exclude .svn -exclude .git -exclude .hg -resolve-src-symlinks -rename /Users/admin/builder/spi-builder-workspace/.derivedData/Build/Intermediates.noindex/STTextView.build/Debug-xros/STTextViewCommon-t.build/Objects-normal/arm64/STTextViewCommon.abi.json /Users/admin/builder/spi-builder-workspace/.derivedData/Build/Products/Debug-xros/STTextViewCommon.swiftmodule/arm64-apple-xros.abi.json
SwiftDriverJobDiscovery normal arm64 Compiling Array+CGGlyph.swift, CFAttributedString+CoreText.swift (in target 'CoreTextSwift' from project 'CoreTextSwift')
Copy /Users/admin/builder/spi-builder-workspace/.derivedData/Build/Products/Debug-xros/STTextViewCommon.swiftmodule/Project/arm64-apple-xros.swiftsourceinfo /Users/admin/builder/spi-builder-workspace/.derivedData/Build/Intermediates.noindex/STTextView.build/Debug-xros/STTextViewCommon-t.build/Objects-normal/arm64/STTextViewCommon.swiftsourceinfo (in target 'STTextViewCommon' from project 'STTextView')
    cd /Users/admin/builder/spi-builder-workspace
    builtin-copy -exclude .DS_Store -exclude CVS -exclude .svn -exclude .git -exclude .hg -resolve-src-symlinks -rename /Users/admin/builder/spi-builder-workspace/.derivedData/Build/Intermediates.noindex/STTextView.build/Debug-xros/STTextViewCommon-t.build/Objects-normal/arm64/STTextViewCommon.swiftsourceinfo /Users/admin/builder/spi-builder-workspace/.derivedData/Build/Products/Debug-xros/STTextViewCommon.swiftmodule/Project/arm64-apple-xros.swiftsourceinfo
SwiftCompile normal arm64 Compiling\ NSAttributedString+Helpers.swift,\ NSParagraphStyle+Helpers.swift /Users/admin/builder/spi-builder-workspace/Sources/STTextViewCommon/Extensions/NSAttributedString+Helpers.swift /Users/admin/builder/spi-builder-workspace/Sources/STTextViewCommon/Extensions/NSParagraphStyle+Helpers.swift (in target 'STTextViewCommon' from project 'STTextView')
SwiftCompile normal arm64 /Users/admin/builder/spi-builder-workspace/Sources/STTextViewCommon/Extensions/NSAttributedString+Helpers.swift (in target 'STTextViewCommon' from project 'STTextView')
    cd /Users/admin/builder/spi-builder-workspace/.swiftpm/xcode
    builtin-SwiftPerFileCompile NSAttributedString+Helpers.swift
SwiftCompile normal arm64 /Users/admin/builder/spi-builder-workspace/Sources/STTextViewCommon/Extensions/NSParagraphStyle+Helpers.swift (in target 'STTextViewCommon' from project 'STTextView')
    cd /Users/admin/builder/spi-builder-workspace/.swiftpm/xcode
    builtin-SwiftPerFileCompile NSParagraphStyle+Helpers.swift
SwiftDriverJobDiscovery normal arm64 Compiling NSTextLocation+Equatable.swift (in target 'STTextKitPlus' from project 'STTextKitPlus')
SwiftCompile normal arm64 Compiling\ STTextLayoutManager.swift,\ STTextViewProtocol.swift /Users/admin/builder/spi-builder-workspace/Sources/STTextViewCommon/STTextLayoutManager.swift /Users/admin/builder/spi-builder-workspace/Sources/STTextViewCommon/STTextViewProtocol.swift (in target 'STTextViewCommon' from project 'STTextView')
SwiftCompile normal arm64 /Users/admin/builder/spi-builder-workspace/Sources/STTextViewCommon/STTextLayoutManager.swift (in target 'STTextViewCommon' from project 'STTextView')
    cd /Users/admin/builder/spi-builder-workspace/.swiftpm/xcode
    builtin-SwiftPerFileCompile STTextLayoutManager.swift
SwiftCompile normal arm64 /Users/admin/builder/spi-builder-workspace/Sources/STTextViewCommon/STTextViewProtocol.swift (in target 'STTextViewCommon' from project 'STTextView')
    cd /Users/admin/builder/spi-builder-workspace/.swiftpm/xcode
    builtin-SwiftPerFileCompile STTextViewProtocol.swift
SwiftCompile normal arm64 Compiling\ NSTextLayoutManager+Selection.swift,\ STAttributedTextElement.swift /Users/admin/builder/spi-builder-workspace/Sources/STTextViewCommon/Extensions/NSTextLayoutManager+Selection.swift /Users/admin/builder/spi-builder-workspace/Sources/STTextViewCommon/STAttributedTextElement.swift (in target 'STTextViewCommon' from project 'STTextView')
SwiftCompile normal arm64 /Users/admin/builder/spi-builder-workspace/Sources/STTextViewCommon/Extensions/NSTextLayoutManager+Selection.swift (in target 'STTextViewCommon' from project 'STTextView')
    cd /Users/admin/builder/spi-builder-workspace/.swiftpm/xcode
    builtin-SwiftPerFileCompile NSTextLayoutManager+Selection.swift
SwiftCompile normal arm64 /Users/admin/builder/spi-builder-workspace/Sources/STTextViewCommon/STAttributedTextElement.swift (in target 'STTextViewCommon' from project 'STTextView')
    cd /Users/admin/builder/spi-builder-workspace/.swiftpm/xcode
    builtin-SwiftPerFileCompile STAttributedTextElement.swift
SwiftCompile normal arm64 Compiling\ STGutterCalculations.swift /Users/admin/builder/spi-builder-workspace/Sources/STTextViewCommon/Utilities/STGutterCalculations.swift (in target 'STTextViewCommon' from project 'STTextView')
SwiftCompile normal arm64 /Users/admin/builder/spi-builder-workspace/Sources/STTextViewCommon/Utilities/STGutterCalculations.swift (in target 'STTextViewCommon' from project 'STTextView')
    cd /Users/admin/builder/spi-builder-workspace/.swiftpm/xcode
    builtin-SwiftPerFileCompile STGutterCalculations.swift
SwiftDriverJobDiscovery normal arm64 Compiling NSTextLineFragment.swift (in target 'STTextKitPlus' from project 'STTextKitPlus')
SwiftCompile normal arm64 Compiling\ PixelAlign.swift /Users/admin/builder/spi-builder-workspace/Sources/STTextViewCommon/Utilities/PixelAlign.swift (in target 'STTextViewCommon' from project 'STTextView')
/Users/admin/builder/spi-builder-workspace/Sources/STTextViewCommon/Utilities/PixelAlign.swift:18:5: error: missing return in getter expected to return 'CGRect'
 16 |             NSIntegralRectWithOptions(self, AlignmentOptions.alignAllEdgesNearest)
 17 |         #endif
 18 |     }
    |     `- error: missing return in getter expected to return 'CGRect'
 19 |
 20 | }
Failed frontend command:
/Applications/Xcode-27.0.0-Release.Candidate.app/Contents/Developer/Toolchains/XcodeDefault.xctoolchain/usr/bin/swift-frontend -frontend -c /Users/admin/builder/spi-builder-workspace/Sources/STTextViewCommon/CoalescingUndoManager.swift /Users/admin/builder/spi-builder-workspace/Sources/STTextViewCommon/Extensions/Geometric+Helpers.swift /Users/admin/builder/spi-builder-workspace/Sources/STTextViewCommon/Extensions/NSAttributedString+Helpers.swift /Users/admin/builder/spi-builder-workspace/Sources/STTextViewCommon/Extensions/NSParagraphStyle+Helpers.swift /Users/admin/builder/spi-builder-workspace/Sources/STTextViewCommon/Extensions/NSRange+Helpers.swift /Users/admin/builder/spi-builder-workspace/Sources/STTextViewCommon/Extensions/NSTextLayoutManager+ContentGeometry.swift /Users/admin/builder/spi-builder-workspace/Sources/STTextViewCommon/Extensions/NSTextLayoutManager+Selection.swift /Users/admin/builder/spi-builder-workspace/Sources/STTextViewCommon/STAttributedTextElement.swift /Users/admin/builder/spi-builder-workspace/Sources/STTextViewCommon/STMarkedText.swift /Users/admin/builder/spi-builder-workspace/Sources/STTextViewCommon/STTextContentStorage.swift /Users/admin/builder/spi-builder-workspace/Sources/STTextViewCommon/STTextLayoutManager.swift /Users/admin/builder/spi-builder-workspace/Sources/STTextViewCommon/STTextViewProtocol.swift /Users/admin/builder/spi-builder-workspace/Sources/STTextViewCommon/Utilities/ApproximateEquality.swift /Users/admin/builder/spi-builder-workspace/Sources/STTextViewCommon/Utilities/LineHeight.swift -primary-file /Users/admin/builder/spi-builder-workspace/Sources/STTextViewCommon/Utilities/PixelAlign.swift /Users/admin/builder/spi-builder-workspace/Sources/STTextViewCommon/Utilities/STGutterCalculations.swift /Users/admin/builder/spi-builder-workspace/Sources/STTextViewCommon/Utilities/STRulerInsets.swift -emit-dependencies-path /Users/admin/builder/spi-builder-workspace/.derivedData/Build/Intermediates.noindex/STTextView.build/Debug-xros/STTextViewCommon-t.build/Objects-normal/arm64/PixelAlign.d -emit-const-values-path /Users/admin/builder/spi-builder-workspace/.derivedData/Build/Intermediates.noindex/STTextView.build/Debug-xros/STTextViewCommon-t.build/Objects-normal/arm64/PixelAlign.swiftconstvalues -emit-reference-dependencies-path /Users/admin/builder/spi-builder-workspace/.derivedData/Build/Intermediates.noindex/STTextView.build/Debug-xros/STTextViewCommon-t.build/Objects-normal/arm64/PixelAlign.swiftdeps -serialize-diagnostics-path /Users/admin/builder/spi-builder-workspace/.derivedData/Build/Intermediates.noindex/STTextView.build/Debug-xros/STTextViewCommon-t.build/Objects-normal/arm64/PixelAlign.dia -target arm64-apple-xros1.0 -module-can-import-version UIKit 9127.0.84.1 9127.0.84 -disable-cross-import-overlay-search -load-resolved-plugin /Applications/Xcode-27.0.0-Release.Candidate.app/Contents/Developer/Platforms/XROS.platform/Developer/usr/lib/swift/host/plugins/libFoundationMacros.dylib\#/Applications/Xcode-27.0.0-Release.Candidate.app/Contents/Developer/Platforms/XROS.platform/Developer/usr/bin/swift-plugin-server\#FoundationMacros -load-resolved-plugin /Applications/Xcode-27.0.0-Release.Candidate.app/Contents/Developer/Platforms/XROS.platform/Developer/usr/lib/swift/host/plugins/libObservationMacros.dylib\#/Applications/Xcode-27.0.0-Release.Candidate.app/Contents/Developer/Platforms/XROS.platform/Developer/usr/bin/swift-plugin-server\#ObservationMacros -load-resolved-plugin /Applications/Xcode-27.0.0-Release.Candidate.app/Contents/Developer/Platforms/XROS.platform/Developer/usr/lib/swift/host/plugins/libPreviewsMacros.dylib\#/Applications/Xcode-27.0.0-Release.Candidate.app/Contents/Developer/Platforms/XROS.platform/Developer/usr/bin/swift-plugin-server\#PreviewsMacros -load-resolved-plugin /Applications/Xcode-27.0.0-Release.Candidate.app/Contents/Developer/Platforms/XROS.platform/Developer/usr/lib/swift/host/plugins/libSwiftMacros.dylib\#/Applications/Xcode-27.0.0-Release.Candidate.app/Contents/Developer/Platforms/XROS.platform/Developer/usr/bin/swift-plugin-server\#SwiftMacros -load-resolved-plugin /Applications/Xcode-27.0.0-Release.Candidate.app/Contents/Developer/Platforms/XROS.platform/Developer/usr/lib/swift/host/plugins/libSwiftUIMacros.dylib\#/Applications/Xcode-27.0.0-Release.Candidate.app/Contents/Developer/Platforms/XROS.platform/Developer/usr/bin/swift-plugin-server\#SwiftUIMacros -disable-implicit-swift-modules -Xcc -fno-implicit-modules -Xcc -fno-implicit-module-maps -explicit-swift-module-map-file /Users/admin/builder/spi-builder-workspace/.derivedData/Build/Intermediates.noindex/STTextView.build/Debug-xros/STTextViewCommon-t.build/Objects-normal/arm64/STTextViewCommon-dependencies-1.json -Xllvm -aarch64-use-tbi -enable-objc-interop -stack-check -sdk /Applications/Xcode-27.0.0-Release.Candidate.app/Contents/Developer/Platforms/XROS.platform/Developer/SDKs/XROS27.0.sdk -I /Users/admin/builder/spi-builder-workspace/.derivedData/Build/Products/Debug-xros -Isystem /Applications/Xcode-27.0.0-Release.Candidate.app/Contents/Developer/Platforms/XROS.platform/Developer/usr/lib -F /Users/admin/builder/spi-builder-workspace/.derivedData/Build/Products/Debug-xros/PackageFrameworks -F /Users/admin/builder/spi-builder-workspace/.derivedData/Build/Products/Debug-xros -F /Applications/Xcode-27.0.0-Release.Candidate.app/Contents/Developer/Platforms/XROS.platform/Developer/Library/Frameworks -F /Applications/Xcode-27.0.0-Release.Candidate.app/Contents/Developer/Platforms/XROS.platform/Developer/SDKs/XROS27.0.sdk/Developer/Library/Frameworks -module-cache-path /Users/admin/builder/spi-builder-workspace/.derivedData/Build/Intermediates.noindex/SwiftExplicitPrecompiledModules -no-color-diagnostics -Xcc -fno-color-diagnostics -enable-testing -g -debug-info-format\=dwarf -dwarf-version\=4 -profile-generate -profile-coverage-mapping -swift-version 5 -Onone -D SWIFT_PACKAGE -D DEBUG -D SWIFT_MODULE_RESOURCE_BUNDLE_UNAVAILABLE -D Xcode -serialize-debugging-options -enable-experimental-feature DebugDescriptionMacro -empty-abi-descriptor -validate-clang-modules-once -clang-build-session-file /Users/admin/builder/spi-builder-workspace/.derivedData/ModuleCache.noindex/Session.modulevalidation -Xcc -working-directory -Xcc /Users/admin/builder/spi-builder-workspace/.swiftpm/xcode -enable-anonymous-context-mangled-names -file-compilation-dir /Users/admin/builder/spi-builder-workspace/.swiftpm/xcode -Xcc -D_LIBCPP_HARDENING_MODE\=_LIBCPP_HARDENING_MODE_DEBUG -Xcc -ivfsstatcache -Xcc /Users/admin/builder/spi-builder-workspace/.derivedData/SDKStatCaches.noindex/xros27.0-24M361-e829b21a6f8c9b70876ba0858053c044735bd543db762f57723cac368afd1ce4.sdkstatcache -Xcc -fmodules-prune-interval\=86400 -Xcc -fmodules-prune-after\=345600 -Xcc -I/Users/admin/builder/spi-builder-workspace/.derivedData/Build/Products/Debug-xros/include -Xcc -I/Users/admin/builder/spi-builder-workspace/.derivedData/Build/Intermediates.noindex/STTextView.build/Debug-xros/STTextViewCommon-t.build/DerivedSources-normal/arm64 -Xcc -I/Users/admin/builder/spi-builder-workspace/.derivedData/Build/Intermediates.noindex/STTextView.build/Debug-xros/STTextViewCommon-t.build/DerivedSources/arm64 -Xcc -I/Users/admin/builder/spi-builder-workspace/.derivedData/Build/Intermediates.noindex/STTextView.build/Debug-xros/STTextViewCommon-t.build/DerivedSources -Xcc -DSWIFT_PACKAGE -Xcc -DDEBUG\=1 -no-auto-bridging-header-chaining -module-name STTextViewCommon -package-name spi_builder_workspace -const-gather-protocols-file /Users/admin/builder/spi-builder-workspace/.derivedData/Build/Intermediates.noindex/STTextView.build/Debug-xros/STTextViewCommon-t.build/Objects-normal/arm64/STTextViewCommon_const_extract_protocols.json -disable-clang-spi -clang-target arm64-apple-xros27.0 -target-sdk-version 27.0 -target-sdk-name xros27.0 -in-process-plugin-server-path /Applications/Xcode-27.0.0-Release.Candidate.app/Contents/Developer/Toolchains/XcodeDefault.xctoolchain/usr/lib/swift/host/libSwiftInProcPluginServer.dylib -parse-as-library -o /Users/admin/builder/spi-builder-workspace/.derivedData/Build/Intermediates.noindex/STTextView.build/Debug-xros/STTextViewCommon-t.build/Objects-normal/arm64/PixelAlign.o -debug-module-path /Users/admin/builder/spi-builder-workspace/.derivedData/Build/Intermediates.noindex/STTextView.build/Debug-xros/STTextViewCommon-t.build/Objects-normal/arm64/STTextViewCommon.swiftmodule -index-unit-output-path /STTextView.build/Debug-xros/STTextViewCommon-t.build/Objects-normal/arm64/PixelAlign.o -index-store-path /Users/admin/builder/spi-builder-workspace/.derivedData/Index.noindex/DataStore -index-system-modules
SwiftCompile normal arm64 /Users/admin/builder/spi-builder-workspace/Sources/STTextViewCommon/Utilities/PixelAlign.swift (in target 'STTextViewCommon' from project 'STTextView')
    cd /Users/admin/builder/spi-builder-workspace/.swiftpm/xcode
    builtin-SwiftPerFileCompile PixelAlign.swift
SwiftDriverJobDiscovery normal arm64 Compiling NSRange.swift (in target 'STTextKitPlus' from project 'STTextKitPlus')
SwiftDriverJobDiscovery normal arm64 Compiling NSTextRange.swift (in target 'STTextKitPlus' from project 'STTextKitPlus')
SwiftCompile normal arm64 Compiling\ NSRange+Helpers.swift,\ NSTextLayoutManager+ContentGeometry.swift /Users/admin/builder/spi-builder-workspace/Sources/STTextViewCommon/Extensions/NSRange+Helpers.swift /Users/admin/builder/spi-builder-workspace/Sources/STTextViewCommon/Extensions/NSTextLayoutManager+ContentGeometry.swift (in target 'STTextViewCommon' from project 'STTextView')
SwiftCompile normal arm64 /Users/admin/builder/spi-builder-workspace/Sources/STTextViewCommon/Extensions/NSRange+Helpers.swift (in target 'STTextViewCommon' from project 'STTextView')
    cd /Users/admin/builder/spi-builder-workspace/.swiftpm/xcode
    builtin-SwiftPerFileCompile NSRange+Helpers.swift
SwiftCompile normal arm64 /Users/admin/builder/spi-builder-workspace/Sources/STTextViewCommon/Extensions/NSTextLayoutManager+ContentGeometry.swift (in target 'STTextViewCommon' from project 'STTextView')
    cd /Users/admin/builder/spi-builder-workspace/.swiftpm/xcode
    builtin-SwiftPerFileCompile NSTextLayoutManager+ContentGeometry.swift
SwiftDriver\ Compilation CoreTextSwift normal arm64 com.apple.xcode.tools.swift.compiler (in target 'CoreTextSwift' from project 'CoreTextSwift')
    cd /Users/admin/builder/spi-builder-workspace/.swiftpm/xcode
    builtin-Swift-Compilation -- /Applications/Xcode-27.0.0-Release.Candidate.app/Contents/Developer/Toolchains/XcodeDefault.xctoolchain/usr/bin/swiftc -parse-as-library -module-name CoreTextSwift -Onone @/Users/admin/builder/spi-builder-workspace/.derivedData/Build/Intermediates.noindex/CoreTextSwift.build/Debug-xros/CoreTextSwift-t.build/Objects-normal/arm64/CoreTextSwift.SwiftFileList -DSWIFT_PACKAGE -DDEBUG -DSWIFT_MODULE_RESOURCE_BUNDLE_UNAVAILABLE -DXcode -plugin-path /Applications/Xcode-27.0.0-Release.Candidate.app/Contents/Developer/Toolchains/XcodeDefault.xctoolchain/usr/lib/swift/host/plugins/testing -enable-experimental-feature DebugDescriptionMacro -sdk /Applications/Xcode-27.0.0-Release.Candidate.app/Contents/Developer/Platforms/XROS.platform/Developer/SDKs/XROS27.0.sdk -target arm64-apple-xros1.0 -g -module-cache-path /Users/admin/builder/spi-builder-workspace/.derivedData/ModuleCache.noindex -Xfrontend -serialize-debugging-options -profile-coverage-mapping -profile-generate -enable-testing -suppress-warnings -index-store-path /Users/admin/builder/spi-builder-workspace/.derivedData/Index.noindex/DataStore -Xcc -D_LIBCPP_HARDENING_MODE\=_LIBCPP_HARDENING_MODE_DEBUG -swift-version 5 -I /Users/admin/builder/spi-builder-workspace/.derivedData/Build/Products/Debug-xros -Isystem /Applications/Xcode-27.0.0-Release.Candidate.app/Contents/Developer/Platforms/XROS.platform/Developer/usr/lib -F /Users/admin/builder/spi-builder-workspace/.derivedData/Build/Products/Debug-xros -F /Applications/Xcode-27.0.0-Release.Candidate.app/Contents/Developer/Platforms/XROS.platform/Developer/Library/Frameworks -F /Applications/Xcode-27.0.0-Release.Candidate.app/Contents/Developer/Platforms/XROS.platform/Developer/SDKs/XROS27.0.sdk/Developer/Library/Frameworks -c -j10 -enable-batch-mode -incremental -Xcc -ivfsstatcache -Xcc /Users/admin/builder/spi-builder-workspace/.derivedData/SDKStatCaches.noindex/xros27.0-24M361-e829b21a6f8c9b70876ba0858053c044735bd543db762f57723cac368afd1ce4.sdkstatcache -output-file-map /Users/admin/builder/spi-builder-workspace/.derivedData/Build/Intermediates.noindex/CoreTextSwift.build/Debug-xros/CoreTextSwift-t.build/Objects-normal/arm64/CoreTextSwift-OutputFileMap.json -save-temps -no-color-diagnostics -explicit-module-build -module-cache-path /Users/admin/builder/spi-builder-workspace/.derivedData/Build/Intermediates.noindex/SwiftExplicitPrecompiledModules -clang-scanner-module-cache-path /Users/admin/builder/spi-builder-workspace/.derivedData/ModuleCache.noindex -sdk-module-cache-path /Users/admin/builder/spi-builder-workspace/.derivedData/SDKExplicitPrecompiledModules -emit-dependencies -emit-module -emit-module-path /Users/admin/builder/spi-builder-workspace/.derivedData/Build/Intermediates.noindex/CoreTextSwift.build/Debug-xros/CoreTextSwift-t.build/Objects-normal/arm64/CoreTextSwift.swiftmodule -serialize-diagnostics -dependency-scan-serialize-diagnostics-path /Users/admin/builder/spi-builder-workspace/.derivedData/Build/Intermediates.noindex/CoreTextSwift.build/Debug-xros/CoreTextSwift-t.build/Objects-normal/arm64/CoreTextSwift-dependency-scan.dia -validate-clang-modules-once -clang-build-session-file /Users/admin/builder/spi-builder-workspace/.derivedData/ModuleCache.noindex/Session.modulevalidation -Xcc -fmodules-prune-interval\=86400 -Xcc -fmodules-prune-after\=345600 -emit-const-values -const-gather-protocols-list /Users/admin/builder/spi-builder-workspace/.derivedData/Build/Intermediates.noindex/CoreTextSwift.build/Debug-xros/CoreTextSwift-t.build/Objects-normal/arm64/CoreTextSwift_const_extract_protocols.json -Xcc -I/Users/admin/builder/spi-builder-workspace/.derivedData/Build/Products/Debug-xros/include -Xcc -I/Users/admin/builder/spi-builder-workspace/.derivedData/Build/Intermediates.noindex/CoreTextSwift.build/Debug-xros/CoreTextSwift-t.build/DerivedSources-normal/arm64 -Xcc -I/Users/admin/builder/spi-builder-workspace/.derivedData/Build/Intermediates.noindex/CoreTextSwift.build/Debug-xros/CoreTextSwift-t.build/DerivedSources/arm64 -Xcc -I/Users/admin/builder/spi-builder-workspace/.derivedData/Build/Intermediates.noindex/CoreTextSwift.build/Debug-xros/CoreTextSwift-t.build/DerivedSources -Xcc -DSWIFT_PACKAGE -Xcc -DDEBUG\=1 -emit-objc-header -emit-objc-header-path /Users/admin/builder/spi-builder-workspace/.derivedData/Build/Intermediates.noindex/CoreTextSwift.build/Debug-xros/CoreTextSwift-t.build/Objects-normal/arm64/CoreTextSwift-Swift.h -working-directory /Users/admin/builder/spi-builder-workspace/.swiftpm/xcode -experimental-emit-module-separately -disable-cmo
SwiftDriverJobDiscovery normal arm64 Compiling NSTextLayoutFragment.swift (in target 'STTextKitPlus' from project 'STTextKitPlus')
Ld /Users/admin/builder/spi-builder-workspace/.derivedData/Build/Products/Debug-xros/CoreTextSwift.o normal (in target 'CoreTextSwift' from project 'CoreTextSwift')
    cd /Users/admin/builder/spi-builder-workspace/.dependencies/checkouts/CoreTextSwift
    /Applications/Xcode-27.0.0-Release.Candidate.app/Contents/Developer/Toolchains/XcodeDefault.xctoolchain/usr/bin/clang -Xlinker -reproducible -target arm64-apple-xros1.0 -r -isysroot /Applications/Xcode-27.0.0-Release.Candidate.app/Contents/Developer/Platforms/XROS.platform/Developer/SDKs/XROS27.0.sdk -O0 -w -Xlinker -no_warn_duplicate_libraries -F/Users/admin/builder/spi-builder-workspace/.derivedData/Build/Intermediates.noindex/EagerLinkingTBDs/Debug-xros -F/Users/admin/builder/spi-builder-workspace/.derivedData/Build/Products/Debug-xros -iframework /Applications/Xcode-27.0.0-Release.Candidate.app/Contents/Developer/Platforms/XROS.platform/Developer/Library/Frameworks -iframework /Applications/Xcode-27.0.0-Release.Candidate.app/Contents/Developer/Platforms/XROS.platform/Developer/SDKs/XROS27.0.sdk/Developer/Library/Frameworks -filelist /Users/admin/builder/spi-builder-workspace/.derivedData/Build/Intermediates.noindex/CoreTextSwift.build/Debug-xros/CoreTextSwift-t.build/Objects-normal/arm64/CoreTextSwift.LinkFileList -nostdlib -Xlinker -object_path_lto -Xlinker /Users/admin/builder/spi-builder-workspace/.derivedData/Build/Intermediates.noindex/CoreTextSwift.build/Debug-xros/CoreTextSwift-t.build/Objects-normal/arm64/CoreTextSwift_lto.o -Xlinker -no_deduplicate -Xlinker -debug_variant -Xlinker -dependency_info -Xlinker /Users/admin/builder/spi-builder-workspace/.derivedData/Build/Intermediates.noindex/CoreTextSwift.build/Debug-xros/CoreTextSwift-t.build/Objects-normal/arm64/CoreTextSwift_dependency_info.dat -fobjc-link-runtime -L/Applications/Xcode-27.0.0-Release.Candidate.app/Contents/Developer/Toolchains/XcodeDefault.xctoolchain/usr/lib/swift/xros -L/usr/lib/swift -Xlinker -add_ast_path -Xlinker /Users/admin/builder/spi-builder-workspace/.derivedData/Build/Intermediates.noindex/CoreTextSwift.build/Debug-xros/CoreTextSwift-t.build/Objects-normal/arm64/CoreTextSwift.swiftmodule -o /Users/admin/builder/spi-builder-workspace/.derivedData/Build/Products/Debug-xros/CoreTextSwift.o
SwiftDriverJobDiscovery normal arm64 Compiling NSTextContentManager.swift (in target 'STTextKitPlus' from project 'STTextKitPlus')
SwiftDriver STTextView normal arm64 com.apple.xcode.tools.swift.compiler (in target 'STTextView' from project 'STTextView')
    cd /Users/admin/builder/spi-builder-workspace/.swiftpm/xcode
    builtin-SwiftDriver -- /Applications/Xcode-27.0.0-Release.Candidate.app/Contents/Developer/Toolchains/XcodeDefault.xctoolchain/usr/bin/swiftc -parse-as-library -module-name STTextView -Onone @/Users/admin/builder/spi-builder-workspace/.derivedData/Build/Intermediates.noindex/STTextView.build/Debug-xros/STTextView-t.build/Objects-normal/arm64/STTextView.SwiftFileList -DSWIFT_PACKAGE -DDEBUG -DSWIFT_MODULE_RESOURCE_BUNDLE_UNAVAILABLE -DXcode -plugin-path /Applications/Xcode-27.0.0-Release.Candidate.app/Contents/Developer/Toolchains/XcodeDefault.xctoolchain/usr/lib/swift/host/plugins/testing -enable-experimental-feature DebugDescriptionMacro -sdk /Applications/Xcode-27.0.0-Release.Candidate.app/Contents/Developer/Platforms/XROS.platform/Developer/SDKs/XROS27.0.sdk -target arm64-apple-xros1.0 -g -module-cache-path /Users/admin/builder/spi-builder-workspace/.derivedData/ModuleCache.noindex -Xfrontend -serialize-debugging-options -profile-coverage-mapping -profile-generate -enable-testing -index-store-path /Users/admin/builder/spi-builder-workspace/.derivedData/Index.noindex/DataStore -Xcc -D_LIBCPP_HARDENING_MODE\=_LIBCPP_HARDENING_MODE_DEBUG -swift-version 5 -I /Users/admin/builder/spi-builder-workspace/.derivedData/Build/Products/Debug-xros -Isystem /Applications/Xcode-27.0.0-Release.Candidate.app/Contents/Developer/Platforms/XROS.platform/Developer/usr/lib -F /Users/admin/builder/spi-builder-workspace/.derivedData/Build/Products/Debug-xros/PackageFrameworks -F /Users/admin/builder/spi-builder-workspace/.derivedData/Build/Products/Debug-xros -F /Applications/Xcode-27.0.0-Release.Candidate.app/Contents/Developer/Platforms/XROS.platform/Developer/Library/Frameworks -F /Applications/Xcode-27.0.0-Release.Candidate.app/Contents/Developer/Platforms/XROS.platform/Developer/SDKs/XROS27.0.sdk/Developer/Library/Frameworks -c -j10 -enable-batch-mode -incremental -Xcc -ivfsstatcache -Xcc /Users/admin/builder/spi-builder-workspace/.derivedData/SDKStatCaches.noindex/xros27.0-24M361-e829b21a6f8c9b70876ba0858053c044735bd543db762f57723cac368afd1ce4.sdkstatcache -output-file-map /Users/admin/builder/spi-builder-workspace/.derivedData/Build/Intermediates.noindex/STTextView.build/Debug-xros/STTextView-t.build/Objects-normal/arm64/STTextView-OutputFileMap.json -save-temps -no-color-diagnostics -explicit-module-build -module-cache-path /Users/admin/builder/spi-builder-workspace/.derivedData/Build/Intermediates.noindex/SwiftExplicitPrecompiledModules -clang-scanner-module-cache-path /Users/admin/builder/spi-builder-workspace/.derivedData/ModuleCache.noindex -sdk-module-cache-path /Users/admin/builder/spi-builder-workspace/.derivedData/SDKExplicitPrecompiledModules -emit-dependencies -emit-module -emit-module-path /Users/admin/builder/spi-builder-workspace/.derivedData/Build/Intermediates.noindex/STTextView.build/Debug-xros/STTextView-t.build/Objects-normal/arm64/STTextView.swiftmodule -serialize-diagnostics -dependency-scan-serialize-diagnostics-path /Users/admin/builder/spi-builder-workspace/.derivedData/Build/Intermediates.noindex/STTextView.build/Debug-xros/STTextView-t.build/Objects-normal/arm64/STTextView-dependency-scan.dia -validate-clang-modules-once -clang-build-session-file /Users/admin/builder/spi-builder-workspace/.derivedData/ModuleCache.noindex/Session.modulevalidation -Xcc -fmodules-prune-interval\=86400 -Xcc -fmodules-prune-after\=345600 -package-name spi_builder_workspace -emit-const-values -const-gather-protocols-list /Users/admin/builder/spi-builder-workspace/.derivedData/Build/Intermediates.noindex/STTextView.build/Debug-xros/STTextView-t.build/Objects-normal/arm64/STTextView_const_extract_protocols.json -Xcc -I/Users/admin/builder/spi-builder-workspace/.derivedData/Build/Products/Debug-xros/include -Xcc -I/Users/admin/builder/spi-builder-workspace/.derivedData/Build/Intermediates.noindex/STTextView.build/Debug-xros/STTextView-t.build/DerivedSources-normal/arm64 -Xcc -I/Users/admin/builder/spi-builder-workspace/.derivedData/Build/Intermediates.noindex/STTextView.build/Debug-xros/STTextView-t.build/DerivedSources/arm64 -Xcc -I/Users/admin/builder/spi-builder-workspace/.derivedData/Build/Intermediates.noindex/STTextView.build/Debug-xros/STTextView-t.build/DerivedSources -Xcc -DSWIFT_PACKAGE -Xcc -DDEBUG\=1 -emit-objc-header -emit-objc-header-path /Users/admin/builder/spi-builder-workspace/.derivedData/Build/Intermediates.noindex/STTextView.build/Debug-xros/STTextView-t.build/Objects-normal/arm64/STTextView-Swift.h -working-directory /Users/admin/builder/spi-builder-workspace/.swiftpm/xcode -experimental-emit-module-separately -disable-cmo
ExtractAppIntentsMetadata (in target 'CoreTextSwift' from project 'CoreTextSwift')
    cd /Users/admin/builder/spi-builder-workspace/.dependencies/checkouts/CoreTextSwift
    /Applications/Xcode-27.0.0-Release.Candidate.app/Contents/Developer/Toolchains/XcodeDefault.xctoolchain/usr/bin/appintentsmetadataprocessor --toolchain-dir /var/run/com.apple.security.cryptexd/mnt/com.apple.MobileAsset.MetalToolchain-v27.1.266.1.rrky7A/Metal.xctoolchain --module-name CoreTextSwift --sdk-root /Applications/Xcode-27.0.0-Release.Candidate.app/Contents/Developer/Platforms/XROS.platform/Developer/SDKs/XROS27.0.sdk --xcode-version 27A266a --platform-family xrOS --deployment-target 1.0 --bundle-identifier coretextswift.CoreTextSwift --output /Users/admin/builder/spi-builder-workspace/.derivedData/Build/Products/Debug-xros/CoreTextSwift.appintents --target-triple arm64-apple-xros1.0 --binary-file /Users/admin/builder/spi-builder-workspace/.derivedData/Build/Products/Debug-xros/CoreTextSwift.o --dependency-file /Users/admin/builder/spi-builder-workspace/.derivedData/Build/Intermediates.noindex/CoreTextSwift.build/Debug-xros/CoreTextSwift-t.build/Objects-normal/arm64/CoreTextSwift_dependency_info.dat --stringsdata-file /Users/admin/builder/spi-builder-workspace/.derivedData/Build/Intermediates.noindex/CoreTextSwift.build/Debug-xros/CoreTextSwift-t.build/Objects-normal/arm64/ExtractedAppShortcutsMetadata.stringsdata --source-file-list /Users/admin/builder/spi-builder-workspace/.derivedData/Build/Intermediates.noindex/CoreTextSwift.build/Debug-xros/CoreTextSwift-t.build/Objects-normal/arm64/CoreTextSwift.SwiftFileList --metadata-file-list /Users/admin/builder/spi-builder-workspace/.derivedData/Build/Intermediates.noindex/CoreTextSwift.build/Debug-xros/CoreTextSwift-t.build/CoreTextSwift.DependencyMetadataFileList --static-metadata-file-list /Users/admin/builder/spi-builder-workspace/.derivedData/Build/Intermediates.noindex/CoreTextSwift.build/Debug-xros/CoreTextSwift-t.build/CoreTextSwift.DependencyStaticMetadataFileList --swift-const-vals-list /Users/admin/builder/spi-builder-workspace/.derivedData/Build/Intermediates.noindex/CoreTextSwift.build/Debug-xros/CoreTextSwift-t.build/Objects-normal/arm64/CoreTextSwift.SwiftConstValuesFileList --force --compile-time-extraction --deployment-aware-processing --no-app-shortcuts-localization
2026-09-27 21:32:02.262 appintentsmetadataprocessor[911:5266] Starting appintentsmetadataprocessor export
SwiftDriverJobDiscovery normal arm64 Compiling NSTextLayoutManager.swift (in target 'STTextKitPlus' from project 'STTextKitPlus')
SwiftDriver\ Compilation STTextKitPlus normal arm64 com.apple.xcode.tools.swift.compiler (in target 'STTextKitPlus' from project 'STTextKitPlus')
    cd /Users/admin/builder/spi-builder-workspace/.swiftpm/xcode
    builtin-Swift-Compilation -- /Applications/Xcode-27.0.0-Release.Candidate.app/Contents/Developer/Toolchains/XcodeDefault.xctoolchain/usr/bin/swiftc -parse-as-library -module-name STTextKitPlus -Onone @/Users/admin/builder/spi-builder-workspace/.derivedData/Build/Intermediates.noindex/STTextKitPlus.build/Debug-xros/STTextKitPlus-t.build/Objects-normal/arm64/STTextKitPlus.SwiftFileList -DSWIFT_PACKAGE -DDEBUG -DSWIFT_MODULE_RESOURCE_BUNDLE_UNAVAILABLE -DXcode -plugin-path /Applications/Xcode-27.0.0-Release.Candidate.app/Contents/Developer/Toolchains/XcodeDefault.xctoolchain/usr/lib/swift/host/plugins/testing -enable-experimental-feature DebugDescriptionMacro -sdk /Applications/Xcode-27.0.0-Release.Candidate.app/Contents/Developer/Platforms/XROS.platform/Developer/SDKs/XROS27.0.sdk -target arm64-apple-xros1.0 -g -module-cache-path /Users/admin/builder/spi-builder-workspace/.derivedData/ModuleCache.noindex -Xfrontend -serialize-debugging-options -profile-coverage-mapping -profile-generate -enable-testing -suppress-warnings -index-store-path /Users/admin/builder/spi-builder-workspace/.derivedData/Index.noindex/DataStore -Xcc -D_LIBCPP_HARDENING_MODE\=_LIBCPP_HARDENING_MODE_DEBUG -swift-version 5 -I /Users/admin/builder/spi-builder-workspace/.derivedData/Build/Products/Debug-xros -Isystem /Applications/Xcode-27.0.0-Release.Candidate.app/Contents/Developer/Platforms/XROS.platform/Developer/usr/lib -F /Users/admin/builder/spi-builder-workspace/.derivedData/Build/Products/Debug-xros -F /Applications/Xcode-27.0.0-Release.Candidate.app/Contents/Developer/Platforms/XROS.platform/Developer/Library/Frameworks -F /Applications/Xcode-27.0.0-Release.Candidate.app/Contents/Developer/Platforms/XROS.platform/Developer/SDKs/XROS27.0.sdk/Developer/Library/Frameworks -c -j10 -enable-batch-mode -incremental -Xcc -ivfsstatcache -Xcc /Users/admin/builder/spi-builder-workspace/.derivedData/SDKStatCaches.noindex/xros27.0-24M361-e829b21a6f8c9b70876ba0858053c044735bd543db762f57723cac368afd1ce4.sdkstatcache -output-file-map /Users/admin/builder/spi-builder-workspace/.derivedData/Build/Intermediates.noindex/STTextKitPlus.build/Debug-xros/STTextKitPlus-t.build/Objects-normal/arm64/STTextKitPlus-OutputFileMap.json -save-temps -no-color-diagnostics -explicit-module-build -module-cache-path /Users/admin/builder/spi-builder-workspace/.derivedData/Build/Intermediates.noindex/SwiftExplicitPrecompiledModules -clang-scanner-module-cache-path /Users/admin/builder/spi-builder-workspace/.derivedData/ModuleCache.noindex -sdk-module-cache-path /Users/admin/builder/spi-builder-workspace/.derivedData/SDKExplicitPrecompiledModules -emit-dependencies -emit-module -emit-module-path /Users/admin/builder/spi-builder-workspace/.derivedData/Build/Intermediates.noindex/STTextKitPlus.build/Debug-xros/STTextKitPlus-t.build/Objects-normal/arm64/STTextKitPlus.swiftmodule -serialize-diagnostics -dependency-scan-serialize-diagnostics-path /Users/admin/builder/spi-builder-workspace/.derivedData/Build/Intermediates.noindex/STTextKitPlus.build/Debug-xros/STTextKitPlus-t.build/Objects-normal/arm64/STTextKitPlus-dependency-scan.dia -validate-clang-modules-once -clang-build-session-file /Users/admin/builder/spi-builder-workspace/.derivedData/ModuleCache.noindex/Session.modulevalidation -Xcc -fmodules-prune-interval\=86400 -Xcc -fmodules-prune-after\=345600 -emit-const-values -const-gather-protocols-list /Users/admin/builder/spi-builder-workspace/.derivedData/Build/Intermediates.noindex/STTextKitPlus.build/Debug-xros/STTextKitPlus-t.build/Objects-normal/arm64/STTextKitPlus_const_extract_protocols.json -Xcc -I/Users/admin/builder/spi-builder-workspace/.derivedData/Build/Products/Debug-xros/include -Xcc -I/Users/admin/builder/spi-builder-workspace/.derivedData/Build/Intermediates.noindex/STTextKitPlus.build/Debug-xros/STTextKitPlus-t.build/DerivedSources-normal/arm64 -Xcc -I/Users/admin/builder/spi-builder-workspace/.derivedData/Build/Intermediates.noindex/STTextKitPlus.build/Debug-xros/STTextKitPlus-t.build/DerivedSources/arm64 -Xcc -I/Users/admin/builder/spi-builder-workspace/.derivedData/Build/Intermediates.noindex/STTextKitPlus.build/Debug-xros/STTextKitPlus-t.build/DerivedSources -Xcc -DSWIFT_PACKAGE -Xcc -DDEBUG\=1 -emit-objc-header -emit-objc-header-path /Users/admin/builder/spi-builder-workspace/.derivedData/Build/Intermediates.noindex/STTextKitPlus.build/Debug-xros/STTextKitPlus-t.build/Objects-normal/arm64/STTextKitPlus-Swift.h -working-directory /Users/admin/builder/spi-builder-workspace/.swiftpm/xcode -experimental-emit-module-separately -disable-cmo
Ld /Users/admin/builder/spi-builder-workspace/.derivedData/Build/Products/Debug-xros/STTextKitPlus.o normal (in target 'STTextKitPlus' from project 'STTextKitPlus')
    cd /Users/admin/builder/spi-builder-workspace/.dependencies/checkouts/STTextKitPlus
    /Applications/Xcode-27.0.0-Release.Candidate.app/Contents/Developer/Toolchains/XcodeDefault.xctoolchain/usr/bin/clang -Xlinker -reproducible -target arm64-apple-xros1.0 -r -isysroot /Applications/Xcode-27.0.0-Release.Candidate.app/Contents/Developer/Platforms/XROS.platform/Developer/SDKs/XROS27.0.sdk -O0 -w -Xlinker -no_warn_duplicate_libraries -F/Users/admin/builder/spi-builder-workspace/.derivedData/Build/Intermediates.noindex/EagerLinkingTBDs/Debug-xros -F/Users/admin/builder/spi-builder-workspace/.derivedData/Build/Products/Debug-xros -iframework /Applications/Xcode-27.0.0-Release.Candidate.app/Contents/Developer/Platforms/XROS.platform/Developer/Library/Frameworks -iframework /Applications/Xcode-27.0.0-Release.Candidate.app/Contents/Developer/Platforms/XROS.platform/Developer/SDKs/XROS27.0.sdk/Developer/Library/Frameworks -filelist /Users/admin/builder/spi-builder-workspace/.derivedData/Build/Intermediates.noindex/STTextKitPlus.build/Debug-xros/STTextKitPlus-t.build/Objects-normal/arm64/STTextKitPlus.LinkFileList -nostdlib -Xlinker -object_path_lto -Xlinker /Users/admin/builder/spi-builder-workspace/.derivedData/Build/Intermediates.noindex/STTextKitPlus.build/Debug-xros/STTextKitPlus-t.build/Objects-normal/arm64/STTextKitPlus_lto.o -Xlinker -no_deduplicate -Xlinker -debug_variant -Xlinker -dependency_info -Xlinker /Users/admin/builder/spi-builder-workspace/.derivedData/Build/Intermediates.noindex/STTextKitPlus.build/Debug-xros/STTextKitPlus-t.build/Objects-normal/arm64/STTextKitPlus_dependency_info.dat -fobjc-link-runtime -L/Applications/Xcode-27.0.0-Release.Candidate.app/Contents/Developer/Toolchains/XcodeDefault.xctoolchain/usr/lib/swift/xros -L/usr/lib/swift -Xlinker -add_ast_path -Xlinker /Users/admin/builder/spi-builder-workspace/.derivedData/Build/Intermediates.noindex/STTextKitPlus.build/Debug-xros/STTextKitPlus-t.build/Objects-normal/arm64/STTextKitPlus.swiftmodule -o /Users/admin/builder/spi-builder-workspace/.derivedData/Build/Products/Debug-xros/STTextKitPlus.o
ExtractAppIntentsMetadata (in target 'STTextKitPlus' from project 'STTextKitPlus')
    cd /Users/admin/builder/spi-builder-workspace/.dependencies/checkouts/STTextKitPlus
    /Applications/Xcode-27.0.0-Release.Candidate.app/Contents/Developer/Toolchains/XcodeDefault.xctoolchain/usr/bin/appintentsmetadataprocessor --toolchain-dir /var/run/com.apple.security.cryptexd/mnt/com.apple.MobileAsset.MetalToolchain-v27.1.266.1.rrky7A/Metal.xctoolchain --module-name STTextKitPlus --sdk-root /Applications/Xcode-27.0.0-Release.Candidate.app/Contents/Developer/Platforms/XROS.platform/Developer/SDKs/XROS27.0.sdk --xcode-version 27A266a --platform-family xrOS --deployment-target 1.0 --bundle-identifier sttextkitplus.STTextKitPlus --output /Users/admin/builder/spi-builder-workspace/.derivedData/Build/Products/Debug-xros/STTextKitPlus.appintents --target-triple arm64-apple-xros1.0 --binary-file /Users/admin/builder/spi-builder-workspace/.derivedData/Build/Products/Debug-xros/STTextKitPlus.o --dependency-file /Users/admin/builder/spi-builder-workspace/.derivedData/Build/Intermediates.noindex/STTextKitPlus.build/Debug-xros/STTextKitPlus-t.build/Objects-normal/arm64/STTextKitPlus_dependency_info.dat --stringsdata-file /Users/admin/builder/spi-builder-workspace/.derivedData/Build/Intermediates.noindex/STTextKitPlus.build/Debug-xros/STTextKitPlus-t.build/Objects-normal/arm64/ExtractedAppShortcutsMetadata.stringsdata --source-file-list /Users/admin/builder/spi-builder-workspace/.derivedData/Build/Intermediates.noindex/STTextKitPlus.build/Debug-xros/STTextKitPlus-t.build/Objects-normal/arm64/STTextKitPlus.SwiftFileList --metadata-file-list /Users/admin/builder/spi-builder-workspace/.derivedData/Build/Intermediates.noindex/STTextKitPlus.build/Debug-xros/STTextKitPlus-t.build/STTextKitPlus.DependencyMetadataFileList --static-metadata-file-list /Users/admin/builder/spi-builder-workspace/.derivedData/Build/Intermediates.noindex/STTextKitPlus.build/Debug-xros/STTextKitPlus-t.build/STTextKitPlus.DependencyStaticMetadataFileList --swift-const-vals-list /Users/admin/builder/spi-builder-workspace/.derivedData/Build/Intermediates.noindex/STTextKitPlus.build/Debug-xros/STTextKitPlus-t.build/Objects-normal/arm64/STTextKitPlus.SwiftConstValuesFileList --force --compile-time-extraction --deployment-aware-processing --no-app-shortcuts-localization
2026-09-27 21:32:02.351 appintentsmetadataprocessor[914:5288] Starting appintentsmetadataprocessor export
PruneExplicitPrecompiledModules /Users/admin/builder/spi-builder-workspace/.derivedData/Build/Intermediates.noindex/ExplicitPrecompiledModules
PruneExplicitPrecompiledModules /Users/admin/builder/spi-builder-workspace/.derivedData/Build/Intermediates.noindex/SwiftExplicitPrecompiledModules
PruneExplicitPrecompiledModules /Users/admin/builder/spi-builder-workspace/.derivedData/SDKExplicitPrecompiledModules
2026-09-27 21:31:53.125 xcodebuild[699:4194] [MT] IDERunDestination: Supported platforms for the buildables in the current scheme is empty.
** BUILD FAILED **
The following build commands failed:
	SwiftCompile normal arm64 Compiling\ PixelAlign.swift /Users/admin/builder/spi-builder-workspace/Sources/STTextViewCommon/Utilities/PixelAlign.swift (in target 'STTextViewCommon' from project 'STTextView')
	SwiftCompile normal arm64 /Users/admin/builder/spi-builder-workspace/Sources/STTextViewCommon/Utilities/PixelAlign.swift (in target 'STTextViewCommon' from project 'STTextView')
	Building workspace STTextView with scheme STTextView
(3 failures)
Command line invocation:
    /Applications/Xcode-27.0.0-Release.Candidate.app/Contents/Developer/usr/bin/xcodebuild -IDEClonedSourcePackagesDirPathOverride=/Users/admin/builder/spi-builder-workspace/.dependencies -resolvePackageDependencies
Resolve Package Graph
Resolved source packages:
  STTextView: /Users/admin/builder/spi-builder-workspace
  STTextKitPlus: https://github.com/krzyzanowskim/STTextKitPlus @ 0.3.1
  CoreTextSwift: https://github.com/krzyzanowskim/CoreTextSwift @ 0.2.0
resolved source packages: STTextView, STTextKitPlus, CoreTextSwift
2026-09-27 21:32:03.720 xcodebuild[915:5390] [MT] IDERunDestination: Supported platforms for the buildables in the current scheme is empty.
{
  "dependencies" : [
    {
      "identity" : "sttextkitplus",
      "requirement" : {
        "range" : [
          {
            "lower_bound" : "0.3.1",
            "upper_bound" : "1.0.0"
          }
        ]
      },
      "type" : "sourceControl",
      "url" : "https://github.com/krzyzanowskim/STTextKitPlus"
    },
    {
      "identity" : "coretextswift",
      "requirement" : {
        "range" : [
          {
            "lower_bound" : "0.2.0",
            "upper_bound" : "1.0.0"
          }
        ]
      },
      "type" : "sourceControl",
      "url" : "https://github.com/krzyzanowskim/CoreTextSwift"
    }
  ],
  "manifest_display_name" : "STTextView",
  "name" : "STTextView",
  "path" : "/Users/admin/builder/spi-builder-workspace",
  "platforms" : [
    {
      "name" : "macos",
      "version" : "14.0"
    },
    {
      "name" : "ios",
      "version" : "16.0"
    },
    {
      "name" : "maccatalyst",
      "version" : "16.0"
    }
  ],
  "products" : [
    {
      "name" : "STTextView",
      "targets" : [
        "STTextView",
        "STTextViewSwiftUI"
      ],
      "type" : {
        "library" : [
          "automatic"
        ]
      }
    }
  ],
  "targets" : [
    {
      "c99name" : "STTextViewUIKitTests",
      "module_type" : "SwiftTarget",
      "name" : "STTextViewUIKitTests",
      "path" : "Tests/STTextViewUIKitTests",
      "sources" : [
        "ContentGeometryTests.swift",
        "TextViewTests.swift"
      ],
      "target_dependencies" : [
        "STTextViewUIKit"
      ],
      "type" : "test"
    },
    {
      "c99name" : "STTextViewUIKit",
      "module_type" : "SwiftTarget",
      "name" : "STTextViewUIKit",
      "path" : "Sources/STTextViewUIKit",
      "product_dependencies" : [
        "STTextKitPlus",
        "CoreTextSwift"
      ],
      "product_memberships" : [
        "STTextView"
      ],
      "sources" : [
        "Gutter/STGutterContainerView.swift",
        "Gutter/STGutterLineNumberCell.swift",
        "Gutter/STGutterMarker.swift",
        "Gutter/STGutterMarkerContainerView.swift",
        "Gutter/STGutterSeparatorView.swift",
        "Gutter/STGutterView.swift",
        "Logger.swift",
        "Overlays/STLineHighlightView.swift",
        "Overlays/STTextContainerView.swift",
        "Plugin/Plugin.swift",
        "Plugin/STPlugin.swift",
        "Plugin/STPluginContext.swift",
        "Plugin/STPluginEvents.swift",
        "STTextInputTokenizer.swift",
        "STTextLayoutFragment.swift",
        "STTextLayoutFragmentView.swift",
        "STTextLocation.swift",
        "STTextLocationRange.swift",
        "STTextSelectionRect.swift",
        "STTextView+Accessibility.swift",
        "STTextView+Gutter.swift",
        "STTextView+NSTextLayoutManagerDelegate.swift",
        "STTextView+NSTextViewportLayoutControllerDelegate.swift",
        "STTextView+Scrolling.swift",
        "STTextView+UIKeyInput.swift",
        "STTextView+UIResponderStandardEditActions.swift",
        "STTextView+UITextInput.swift",
        "STTextView+UITextInputTraits.swift",
        "STTextView+UITextInteractionDelegate.swift",
        "STTextView+Undo.swift",
        "STTextView.swift",
        "STTextViewDelegate.swift",
        "STTextViewDelegateProxy.swift",
        "UITextDirection+Conversion.swift"
      ],
      "target_dependencies" : [
        "STTextViewCommon",
        "STObjCLandShim"
      ],
      "type" : "library"
    },
    {
      "c99name" : "STTextViewSwiftUIUIKit",
      "module_type" : "SwiftTarget",
      "name" : "STTextViewSwiftUIUIKit",
      "path" : "Sources/STTextViewSwiftUIUIKit",
      "product_memberships" : [
        "STTextView"
      ],
      "sources" : [
        "TextView.swift",
        "TextViewModifier.swift"
      ],
      "target_dependencies" : [
        "STTextView",
        "STTextViewSwiftUICommon"
      ],
      "type" : "library"
    },
    {
      "c99name" : "STTextViewSwiftUICommon",
      "module_type" : "SwiftTarget",
      "name" : "STTextViewSwiftUICommon",
      "path" : "Sources/STTextViewSwiftUICommon",
      "product_memberships" : [
        "STTextView"
      ],
      "sources" : [
        "TextViewOptions.swift"
      ],
      "type" : "library"
    },
    {
      "c99name" : "STTextViewSwiftUIAppKit",
      "module_type" : "SwiftTarget",
      "name" : "STTextViewSwiftUIAppKit",
      "path" : "Sources/STTextViewSwiftUIAppKit",
      "product_memberships" : [
        "STTextView"
      ],
      "sources" : [
        "TextView.swift",
        "TextViewModifier.swift"
      ],
      "target_dependencies" : [
        "STTextView",
        "STTextViewSwiftUICommon"
      ],
      "type" : "library"
    },
    {
      "c99name" : "STTextViewSwiftUI",
      "module_type" : "SwiftTarget",
      "name" : "STTextViewSwiftUI",
      "path" : "Sources/STTextViewSwiftUI",
      "product_memberships" : [
        "STTextView"
      ],
      "sources" : [
        "module.swift"
      ],
      "target_dependencies" : [
        "STTextViewSwiftUIAppKit",
        "STTextViewSwiftUIUIKit"
      ],
      "type" : "library"
    },
    {
      "c99name" : "STTextViewCommon",
      "module_type" : "SwiftTarget",
      "name" : "STTextViewCommon",
      "path" : "Sources/STTextViewCommon",
      "product_dependencies" : [
        "STTextKitPlus"
      ],
      "product_memberships" : [
        "STTextView"
      ],
      "sources" : [
        "CoalescingUndoManager.swift",
        "Extensions/Geometric+Helpers.swift",
        "Extensions/NSAttributedString+Helpers.swift",
        "Extensions/NSParagraphStyle+Helpers.swift",
        "Extensions/NSRange+Helpers.swift",
        "Extensions/NSTextLayoutManager+ContentGeometry.swift",
        "Extensions/NSTextLayoutManager+Selection.swift",
        "STAttributedTextElement.swift",
        "STMarkedText.swift",
        "STTextContentStorage.swift",
        "STTextLayoutManager.swift",
        "STTextViewProtocol.swift",
        "Utilities/ApproximateEquality.swift",
        "Utilities/LineHeight.swift",
        "Utilities/PixelAlign.swift",
        "Utilities/STGutterCalculations.swift",
        "Utilities/STRulerInsets.swift"
      ],
      "type" : "library"
    },
    {
      "c99name" : "STTextViewAppKitTests",
      "module_type" : "SwiftTarget",
      "name" : "STTextViewAppKitTests",
      "path" : "Tests/STTextViewAppKitTests",
      "sources" : [
        "CompletionTests.swift",
        "ContentTests.swift",
        "CopyPasteTests.swift",
        "GutterSnapshotTests.swift",
        "Helpers/NSEvent+Create.swift",
        "MarkTests.swift",
        "PluginInstallationTests.swift",
        "STTextViewSnapshotTests.swift",
        "SizeToFitTests.swift",
        "TextSelectionNavigationTests.swift",
        "TextViewTests.swift",
        "TypingAttributesTests.swift",
        "UndoTests.swift",
        "ViewportLayoutTests.swift"
      ],
      "target_dependencies" : [
        "STTextViewAppKit"
      ],
      "type" : "test"
    },
    {
      "c99name" : "STTextViewAppKit",
      "module_type" : "SwiftTarget",
      "name" : "STTextViewAppKit",
      "path" : "Sources/STTextViewAppKit",
      "product_dependencies" : [
        "STTextKitPlus",
        "CoreTextSwift"
      ],
      "product_memberships" : [
        "STTextView"
      ],
      "sources" : [
        "DragSelectedTextGestureRecognizer.swift",
        "Extensions/NSEdgeInsets+orientation.swift",
        "Extensions/NSResponder+debug.swift",
        "Extensions/NSTextContentManager+Helpers.swift",
        "Extensions/NSTextLayoutManager+Helpers.swift",
        "Extensions/NSTextLayoutManager+InsertionPoint.swift",
        "Extensions/NSView+Helpers.swift",
        "Extensions/NSView+Image.swift",
        "Gutter/STGutterContainerView.swift",
        "Gutter/STGutterLineNumberCell.swift",
        "Gutter/STGutterMarker.swift",
        "Gutter/STGutterMarkerContainerView.swift",
        "Gutter/STGutterSeparatorView.swift",
        "Gutter/STGutterView.swift",
        "Logger.swift",
        "Overlays/STContentView.swift",
        "Overlays/STContentViewportView.swift",
        "Overlays/STLineHighlightView.swift",
        "Overlays/STSelectionHighlightView.swift",
        "Overlays/STSelectionView.swift",
        "Plugin/Plugin.swift",
        "Plugin/STPlugin.swift",
        "Plugin/STPluginContext.swift",
        "Plugin/STPluginEvents.swift",
        "STCompletion/STCompletionItem.swift",
        "STCompletion/STCompletionViewController.swift",
        "STCompletion/STCompletionViewControllerDelegate.swift",
        "STCompletion/STCompletionViewControllerProtocol.swift",
        "STCompletion/Window/STCompletionWindow.swift",
        "STCompletion/Window/STCompletionWindowController.swift",
        "STInsertionPointIndicatorProtocol.swift",
        "STInsertionPointView.swift",
        "STTextAttachmentViewInteraction.swift",
        "STTextContainer.swift",
        "STTextFinderBarContainer.swift",
        "STTextFinderClient.swift",
        "STTextLayoutFragment.swift",
        "STTextLayoutFragmentView.swift",
        "STTextRenderView.swift",
        "STTextView+Accessibility.swift",
        "STTextView+Attachment.swift",
        "STTextView+Capitalization.swift",
        "STTextView+Complete.swift",
        "STTextView+CopyPaste.swift",
        "STTextView+Delete.swift",
        "STTextView+DragGestureRecognizer.swift",
        "STTextView+Find.swift",
        "STTextView+FontPanel.swift",
        "STTextView+Format.swift",
        "STTextView+Gutter.swift",
        "STTextView+Insert.swift",
        "STTextView+InsertionPoint.swift",
        "STTextView+Key.swift",
        "STTextView+Mark.swift",
        "STTextView+Mouse.swift",
        "STTextView+NSColorChanging.swift",
        "STTextView+NSDraggingDestination.swift",
        "STTextView+NSDraggingSource.swift",
        "STTextView+NSServicesMenuRequestor.swift",
        "STTextView+NSTextCheckingClient.swift",
        "STTextView+NSTextInputClient.swift",
        "STTextView+NSTextLayoutManagerDelegate.swift",
        "STTextView+NSTextLayoutOrientationProvider.swift",
        "STTextView+NSTextViewportLayoutControllerDelegate.swift",
        "STTextView+NSUserInterfaceValidations.swift",
        "STTextView+Scrolling.swift",
        "STTextView+Select.swift",
        "STTextView+Speech.swift",
        "STTextView+Undo.swift",
        "STTextView+Yank.swift",
        "STTextView.swift",
        "STTextViewDelegate.swift",
        "STTextViewDelegateProxy.swift",
        "Utility/NSColor+TextInsertionPoint.swift",
        "YankingManager.swift"
      ],
      "target_dependencies" : [
        "STTextViewCommon",
        "STObjCLandShim"
      ],
      "type" : "library"
    },
    {
      "c99name" : "STTextView",
      "module_type" : "SwiftTarget",
      "name" : "STTextView",
      "path" : "Sources/STTextView",
      "product_memberships" : [
        "STTextView"
      ],
      "sources" : [
        "module.swift"
      ],
      "target_dependencies" : [
        "STTextViewAppKit",
        "STTextViewUIKit"
      ],
      "type" : "library"
    },
    {
      "c99name" : "STObjCLandShim",
      "module_type" : "ClangTarget",
      "name" : "STObjCLandShim",
      "path" : "Sources/STObjCLandShim",
      "product_memberships" : [
        "STTextView"
      ],
      "sources" : [
        "STObjCLandShim.m"
      ],
      "type" : "library"
    }
  ],
  "tools_version" : "5.9"
}
{
  "workspace" : {
    "name" : "STTextView",
    "schemes" : [
      "STTextView"
    ]
  }
}
2026-09-27 21:32:05.079 xcodebuild[923:5461] [MT] IDERunDestination: Supported platforms for the buildables in the current scheme is empty.
Running build ...
env DEVELOPER_DIR=/Applications/Xcode-27.0.0-Release.Candidate.app xcrun xcodebuild -IDEClonedSourcePackagesDirPathOverride=$PWD/.dependencies -skipMacroValidation -skipPackagePluginValidation -derivedDataPath $PWD/.derivedData build -scheme STTextView -destination generic/platform=xrOS
Command line invocation:
    /Applications/Xcode-27.0.0-Release.Candidate.app/Contents/Developer/usr/bin/xcodebuild -IDEClonedSourcePackagesDirPathOverride=/Users/admin/builder/spi-builder-workspace/.dependencies -skipMacroValidation -skipPackagePluginValidation -derivedDataPath /Users/admin/builder/spi-builder-workspace/.derivedData build -scheme STTextView -destination generic/platform=xrOS
Resolve Package Graph
Resolved source packages:
  STTextView: /Users/admin/builder/spi-builder-workspace
  CoreTextSwift: https://github.com/krzyzanowskim/CoreTextSwift @ 0.2.0
  STTextKitPlus: https://github.com/krzyzanowskim/STTextKitPlus @ 0.3.1
ComputePackagePrebuildTargetDependencyGraph
Prepare packages
CreateBuildRequest
SendProjectDescription
CreateBuildOperation
ComputeTargetDependencyGraph
note: Building targets in dependency order
note: Target dependency graph (9 targets)
    Target 'STTextView-product' in project 'STTextView'
        ➜ Explicit dependency on target 'STTextView' in project 'STTextView'
        ➜ Explicit dependency on target 'STTextViewSwiftUI' in project 'STTextView'
        ➜ Explicit dependency on target 'STTextViewCommon' in project 'STTextView'
        ➜ Explicit dependency on target 'STTextViewSwiftUICommon' in project 'STTextView'
        ➜ Explicit dependency on target 'STTextKitPlus-product' in project 'STTextKitPlus'
        ➜ Explicit dependency on target 'CoreTextSwift-product' in project 'CoreTextSwift'
    Target 'STTextViewSwiftUI' in project 'STTextView'
        ➜ Explicit dependency on target 'STTextViewCommon' in project 'STTextView'
        ➜ Explicit dependency on target 'STTextView' in project 'STTextView'
        ➜ Explicit dependency on target 'STTextViewSwiftUICommon' in project 'STTextView'
        ➜ Explicit dependency on target 'STTextKitPlus-product' in project 'STTextKitPlus'
        ➜ Explicit dependency on target 'CoreTextSwift-product' in project 'CoreTextSwift'
    Target 'STTextViewSwiftUICommon' in project 'STTextView' (no dependencies)
    Target 'STTextView' in project 'STTextView'
        ➜ Explicit dependency on target 'STTextViewCommon' in project 'STTextView'
        ➜ Explicit dependency on target 'STTextKitPlus-product' in project 'STTextKitPlus'
        ➜ Explicit dependency on target 'CoreTextSwift-product' in project 'CoreTextSwift'
    Target 'CoreTextSwift-product' in project 'CoreTextSwift'
        ➜ Explicit dependency on target 'CoreTextSwift' in project 'CoreTextSwift'
    Target 'CoreTextSwift' in project 'CoreTextSwift' (no dependencies)
    Target 'STTextViewCommon' in project 'STTextView'
        ➜ Explicit dependency on target 'STTextKitPlus-product' in project 'STTextKitPlus'
    Target 'STTextKitPlus-product' in project 'STTextKitPlus'
        ➜ Explicit dependency on target 'STTextKitPlus' in project 'STTextKitPlus'
    Target 'STTextKitPlus' in project 'STTextKitPlus' (no dependencies)
GatherProvisioningInputs
CreateBuildDescription
ClangStatCache /Applications/Xcode-27.0.0-Release.Candidate.app/Contents/Developer/Toolchains/XcodeDefault.xctoolchain/usr/bin/clang-stat-cache /Applications/Xcode-27.0.0-Release.Candidate.app/Contents/Developer/Platforms/XROS.platform/Developer/SDKs/XROS27.0.sdk /Users/admin/builder/spi-builder-workspace/.derivedData/SDKStatCaches.noindex/xros27.0-24M361-e829b21a6f8c9b70876ba0858053c044735bd543db762f57723cac368afd1ce4.sdkstatcache
    cd /Users/admin/builder/spi-builder-workspace/.swiftpm/xcode
    /Applications/Xcode-27.0.0-Release.Candidate.app/Contents/Developer/Toolchains/XcodeDefault.xctoolchain/usr/bin/clang-stat-cache /Applications/Xcode-27.0.0-Release.Candidate.app/Contents/Developer/Platforms/XROS.platform/Developer/SDKs/XROS27.0.sdk -o /Users/admin/builder/spi-builder-workspace/.derivedData/SDKStatCaches.noindex/xros27.0-24M361-e829b21a6f8c9b70876ba0858053c044735bd543db762f57723cac368afd1ce4.sdkstatcache
SwiftDriver STTextView normal arm64 com.apple.xcode.tools.swift.compiler (in target 'STTextView' from project 'STTextView')
    cd /Users/admin/builder/spi-builder-workspace/.swiftpm/xcode
    builtin-SwiftDriver -- /Applications/Xcode-27.0.0-Release.Candidate.app/Contents/Developer/Toolchains/XcodeDefault.xctoolchain/usr/bin/swiftc -parse-as-library -module-name STTextView -Onone @/Users/admin/builder/spi-builder-workspace/.derivedData/Build/Intermediates.noindex/STTextView.build/Debug-xros/STTextView-t.build/Objects-normal/arm64/STTextView.SwiftFileList -DSWIFT_PACKAGE -DDEBUG -DSWIFT_MODULE_RESOURCE_BUNDLE_UNAVAILABLE -DXcode -plugin-path /Applications/Xcode-27.0.0-Release.Candidate.app/Contents/Developer/Toolchains/XcodeDefault.xctoolchain/usr/lib/swift/host/plugins/testing -enable-experimental-feature DebugDescriptionMacro -sdk /Applications/Xcode-27.0.0-Release.Candidate.app/Contents/Developer/Platforms/XROS.platform/Developer/SDKs/XROS27.0.sdk -target arm64-apple-xros1.0 -g -module-cache-path /Users/admin/builder/spi-builder-workspace/.derivedData/ModuleCache.noindex -Xfrontend -serialize-debugging-options -profile-coverage-mapping -profile-generate -enable-testing -index-store-path /Users/admin/builder/spi-builder-workspace/.derivedData/Index.noindex/DataStore -Xcc -D_LIBCPP_HARDENING_MODE\=_LIBCPP_HARDENING_MODE_DEBUG -swift-version 5 -I /Users/admin/builder/spi-builder-workspace/.derivedData/Build/Products/Debug-xros -Isystem /Applications/Xcode-27.0.0-Release.Candidate.app/Contents/Developer/Platforms/XROS.platform/Developer/usr/lib -F /Users/admin/builder/spi-builder-workspace/.derivedData/Build/Products/Debug-xros/PackageFrameworks -F /Users/admin/builder/spi-builder-workspace/.derivedData/Build/Products/Debug-xros -F /Applications/Xcode-27.0.0-Release.Candidate.app/Contents/Developer/Platforms/XROS.platform/Developer/Library/Frameworks -F /Applications/Xcode-27.0.0-Release.Candidate.app/Contents/Developer/Platforms/XROS.platform/Developer/SDKs/XROS27.0.sdk/Developer/Library/Frameworks -c -j10 -enable-batch-mode -incremental -Xcc -ivfsstatcache -Xcc /Users/admin/builder/spi-builder-workspace/.derivedData/SDKStatCaches.noindex/xros27.0-24M361-e829b21a6f8c9b70876ba0858053c044735bd543db762f57723cac368afd1ce4.sdkstatcache -output-file-map /Users/admin/builder/spi-builder-workspace/.derivedData/Build/Intermediates.noindex/STTextView.build/Debug-xros/STTextView-t.build/Objects-normal/arm64/STTextView-OutputFileMap.json -save-temps -no-color-diagnostics -explicit-module-build -module-cache-path /Users/admin/builder/spi-builder-workspace/.derivedData/Build/Intermediates.noindex/SwiftExplicitPrecompiledModules -clang-scanner-module-cache-path /Users/admin/builder/spi-builder-workspace/.derivedData/ModuleCache.noindex -sdk-module-cache-path /Users/admin/builder/spi-builder-workspace/.derivedData/SDKExplicitPrecompiledModules -emit-dependencies -emit-module -emit-module-path /Users/admin/builder/spi-builder-workspace/.derivedData/Build/Intermediates.noindex/STTextView.build/Debug-xros/STTextView-t.build/Objects-normal/arm64/STTextView.swiftmodule -serialize-diagnostics -dependency-scan-serialize-diagnostics-path /Users/admin/builder/spi-builder-workspace/.derivedData/Build/Intermediates.noindex/STTextView.build/Debug-xros/STTextView-t.build/Objects-normal/arm64/STTextView-dependency-scan.dia -validate-clang-modules-once -clang-build-session-file /Users/admin/builder/spi-builder-workspace/.derivedData/ModuleCache.noindex/Session.modulevalidation -Xcc -fmodules-prune-interval\=86400 -Xcc -fmodules-prune-after\=345600 -package-name spi_builder_workspace -emit-const-values -const-gather-protocols-list /Users/admin/builder/spi-builder-workspace/.derivedData/Build/Intermediates.noindex/STTextView.build/Debug-xros/STTextView-t.build/Objects-normal/arm64/STTextView_const_extract_protocols.json -Xcc -I/Users/admin/builder/spi-builder-workspace/.derivedData/Build/Products/Debug-xros/include -Xcc -I/Users/admin/builder/spi-builder-workspace/.derivedData/Build/Intermediates.noindex/STTextView.build/Debug-xros/STTextView-t.build/DerivedSources-normal/arm64 -Xcc -I/Users/admin/builder/spi-builder-workspace/.derivedData/Build/Intermediates.noindex/STTextView.build/Debug-xros/STTextView-t.build/DerivedSources/arm64 -Xcc -I/Users/admin/builder/spi-builder-workspace/.derivedData/Build/Intermediates.noindex/STTextView.build/Debug-xros/STTextView-t.build/DerivedSources -Xcc -DSWIFT_PACKAGE -Xcc -DDEBUG\=1 -emit-objc-header -emit-objc-header-path /Users/admin/builder/spi-builder-workspace/.derivedData/Build/Intermediates.noindex/STTextView.build/Debug-xros/STTextView-t.build/Objects-normal/arm64/STTextView-Swift.h -working-directory /Users/admin/builder/spi-builder-workspace/.swiftpm/xcode -experimental-emit-module-separately -disable-cmo
SwiftDriver STTextViewCommon normal arm64 com.apple.xcode.tools.swift.compiler (in target 'STTextViewCommon' from project 'STTextView')
    cd /Users/admin/builder/spi-builder-workspace/.swiftpm/xcode
    builtin-SwiftDriver -- /Applications/Xcode-27.0.0-Release.Candidate.app/Contents/Developer/Toolchains/XcodeDefault.xctoolchain/usr/bin/swiftc -parse-as-library -module-name STTextViewCommon -Onone @/Users/admin/builder/spi-builder-workspace/.derivedData/Build/Intermediates.noindex/STTextView.build/Debug-xros/STTextViewCommon-t.build/Objects-normal/arm64/STTextViewCommon.SwiftFileList -DSWIFT_PACKAGE -DDEBUG -DSWIFT_MODULE_RESOURCE_BUNDLE_UNAVAILABLE -DXcode -plugin-path /Applications/Xcode-27.0.0-Release.Candidate.app/Contents/Developer/Toolchains/XcodeDefault.xctoolchain/usr/lib/swift/host/plugins/testing -enable-experimental-feature DebugDescriptionMacro -sdk /Applications/Xcode-27.0.0-Release.Candidate.app/Contents/Developer/Platforms/XROS.platform/Developer/SDKs/XROS27.0.sdk -target arm64-apple-xros1.0 -g -module-cache-path /Users/admin/builder/spi-builder-workspace/.derivedData/ModuleCache.noindex -Xfrontend -serialize-debugging-options -profile-coverage-mapping -profile-generate -enable-testing -index-store-path /Users/admin/builder/spi-builder-workspace/.derivedData/Index.noindex/DataStore -Xcc -D_LIBCPP_HARDENING_MODE\=_LIBCPP_HARDENING_MODE_DEBUG -swift-version 5 -I /Users/admin/builder/spi-builder-workspace/.derivedData/Build/Products/Debug-xros -Isystem /Applications/Xcode-27.0.0-Release.Candidate.app/Contents/Developer/Platforms/XROS.platform/Developer/usr/lib -F /Users/admin/builder/spi-builder-workspace/.derivedData/Build/Products/Debug-xros/PackageFrameworks -F /Users/admin/builder/spi-builder-workspace/.derivedData/Build/Products/Debug-xros -F /Applications/Xcode-27.0.0-Release.Candidate.app/Contents/Developer/Platforms/XROS.platform/Developer/Library/Frameworks -F /Applications/Xcode-27.0.0-Release.Candidate.app/Contents/Developer/Platforms/XROS.platform/Developer/SDKs/XROS27.0.sdk/Developer/Library/Frameworks -c -j10 -enable-batch-mode -incremental -Xcc -ivfsstatcache -Xcc /Users/admin/builder/spi-builder-workspace/.derivedData/SDKStatCaches.noindex/xros27.0-24M361-e829b21a6f8c9b70876ba0858053c044735bd543db762f57723cac368afd1ce4.sdkstatcache -output-file-map /Users/admin/builder/spi-builder-workspace/.derivedData/Build/Intermediates.noindex/STTextView.build/Debug-xros/STTextViewCommon-t.build/Objects-normal/arm64/STTextViewCommon-OutputFileMap.json -save-temps -no-color-diagnostics -explicit-module-build -module-cache-path /Users/admin/builder/spi-builder-workspace/.derivedData/Build/Intermediates.noindex/SwiftExplicitPrecompiledModules -clang-scanner-module-cache-path /Users/admin/builder/spi-builder-workspace/.derivedData/ModuleCache.noindex -sdk-module-cache-path /Users/admin/builder/spi-builder-workspace/.derivedData/SDKExplicitPrecompiledModules -emit-dependencies -emit-module -emit-module-path /Users/admin/builder/spi-builder-workspace/.derivedData/Build/Intermediates.noindex/STTextView.build/Debug-xros/STTextViewCommon-t.build/Objects-normal/arm64/STTextViewCommon.swiftmodule -serialize-diagnostics -dependency-scan-serialize-diagnostics-path /Users/admin/builder/spi-builder-workspace/.derivedData/Build/Intermediates.noindex/STTextView.build/Debug-xros/STTextViewCommon-t.build/Objects-normal/arm64/STTextViewCommon-dependency-scan.dia -validate-clang-modules-once -clang-build-session-file /Users/admin/builder/spi-builder-workspace/.derivedData/ModuleCache.noindex/Session.modulevalidation -Xcc -fmodules-prune-interval\=86400 -Xcc -fmodules-prune-after\=345600 -package-name spi_builder_workspace -emit-const-values -const-gather-protocols-list /Users/admin/builder/spi-builder-workspace/.derivedData/Build/Intermediates.noindex/STTextView.build/Debug-xros/STTextViewCommon-t.build/Objects-normal/arm64/STTextViewCommon_const_extract_protocols.json -Xcc -I/Users/admin/builder/spi-builder-workspace/.derivedData/Build/Products/Debug-xros/include -Xcc -I/Users/admin/builder/spi-builder-workspace/.derivedData/Build/Intermediates.noindex/STTextView.build/Debug-xros/STTextViewCommon-t.build/DerivedSources-normal/arm64 -Xcc -I/Users/admin/builder/spi-builder-workspace/.derivedData/Build/Intermediates.noindex/STTextView.build/Debug-xros/STTextViewCommon-t.build/DerivedSources/arm64 -Xcc -I/Users/admin/builder/spi-builder-workspace/.derivedData/Build/Intermediates.noindex/STTextView.build/Debug-xros/STTextViewCommon-t.build/DerivedSources -Xcc -DSWIFT_PACKAGE -Xcc -DDEBUG\=1 -emit-objc-header -emit-objc-header-path /Users/admin/builder/spi-builder-workspace/.derivedData/Build/Intermediates.noindex/STTextView.build/Debug-xros/STTextViewCommon-t.build/Objects-normal/arm64/STTextViewCommon-Swift.h -working-directory /Users/admin/builder/spi-builder-workspace/.swiftpm/xcode -experimental-emit-module-separately -disable-cmo
ExtractAppIntentsMetadata (in target 'STTextKitPlus' from project 'STTextKitPlus')
    cd /Users/admin/builder/spi-builder-workspace/.dependencies/checkouts/STTextKitPlus
    /Applications/Xcode-27.0.0-Release.Candidate.app/Contents/Developer/Toolchains/XcodeDefault.xctoolchain/usr/bin/appintentsmetadataprocessor --toolchain-dir /var/run/com.apple.security.cryptexd/mnt/com.apple.MobileAsset.MetalToolchain-v27.1.266.1.rrky7A/Metal.xctoolchain --module-name STTextKitPlus --sdk-root /Applications/Xcode-27.0.0-Release.Candidate.app/Contents/Developer/Platforms/XROS.platform/Developer/SDKs/XROS27.0.sdk --xcode-version 27A266a --platform-family xrOS --deployment-target 1.0 --bundle-identifier sttextkitplus.STTextKitPlus --output /Users/admin/builder/spi-builder-workspace/.derivedData/Build/Products/Debug-xros/STTextKitPlus.appintents --target-triple arm64-apple-xros1.0 --binary-file /Users/admin/builder/spi-builder-workspace/.derivedData/Build/Products/Debug-xros/STTextKitPlus.o --dependency-file /Users/admin/builder/spi-builder-workspace/.derivedData/Build/Intermediates.noindex/STTextKitPlus.build/Debug-xros/STTextKitPlus-t.build/Objects-normal/arm64/STTextKitPlus_dependency_info.dat --stringsdata-file /Users/admin/builder/spi-builder-workspace/.derivedData/Build/Intermediates.noindex/STTextKitPlus.build/Debug-xros/STTextKitPlus-t.build/Objects-normal/arm64/ExtractedAppShortcutsMetadata.stringsdata --source-file-list /Users/admin/builder/spi-builder-workspace/.derivedData/Build/Intermediates.noindex/STTextKitPlus.build/Debug-xros/STTextKitPlus-t.build/Objects-normal/arm64/STTextKitPlus.SwiftFileList --metadata-file-list /Users/admin/builder/spi-builder-workspace/.derivedData/Build/Intermediates.noindex/STTextKitPlus.build/Debug-xros/STTextKitPlus-t.build/STTextKitPlus.DependencyMetadataFileList --static-metadata-file-list /Users/admin/builder/spi-builder-workspace/.derivedData/Build/Intermediates.noindex/STTextKitPlus.build/Debug-xros/STTextKitPlus-t.build/STTextKitPlus.DependencyStaticMetadataFileList --swift-const-vals-list /Users/admin/builder/spi-builder-workspace/.derivedData/Build/Intermediates.noindex/STTextKitPlus.build/Debug-xros/STTextKitPlus-t.build/Objects-normal/arm64/STTextKitPlus.SwiftConstValuesFileList --force --compile-time-extraction --deployment-aware-processing --no-app-shortcuts-localization
2026-09-27 21:32:07.012 appintentsmetadataprocessor[927:5538] Starting appintentsmetadataprocessor export
2026-09-27 21:32:07.081 appintentsmetadataprocessor[927:5538] Extracted no relevant App Intents symbols, skipping writing output
ExtractAppIntentsMetadata (in target 'CoreTextSwift' from project 'CoreTextSwift')
    cd /Users/admin/builder/spi-builder-workspace/.dependencies/checkouts/CoreTextSwift
    /Applications/Xcode-27.0.0-Release.Candidate.app/Contents/Developer/Toolchains/XcodeDefault.xctoolchain/usr/bin/appintentsmetadataprocessor --toolchain-dir /var/run/com.apple.security.cryptexd/mnt/com.apple.MobileAsset.MetalToolchain-v27.1.266.1.rrky7A/Metal.xctoolchain --module-name CoreTextSwift --sdk-root /Applications/Xcode-27.0.0-Release.Candidate.app/Contents/Developer/Platforms/XROS.platform/Developer/SDKs/XROS27.0.sdk --xcode-version 27A266a --platform-family xrOS --deployment-target 1.0 --bundle-identifier coretextswift.CoreTextSwift --output /Users/admin/builder/spi-builder-workspace/.derivedData/Build/Products/Debug-xros/CoreTextSwift.appintents --target-triple arm64-apple-xros1.0 --binary-file /Users/admin/builder/spi-builder-workspace/.derivedData/Build/Products/Debug-xros/CoreTextSwift.o --dependency-file /Users/admin/builder/spi-builder-workspace/.derivedData/Build/Intermediates.noindex/CoreTextSwift.build/Debug-xros/CoreTextSwift-t.build/Objects-normal/arm64/CoreTextSwift_dependency_info.dat --stringsdata-file /Users/admin/builder/spi-builder-workspace/.derivedData/Build/Intermediates.noindex/CoreTextSwift.build/Debug-xros/CoreTextSwift-t.build/Objects-normal/arm64/ExtractedAppShortcutsMetadata.stringsdata --source-file-list /Users/admin/builder/spi-builder-workspace/.derivedData/Build/Intermediates.noindex/CoreTextSwift.build/Debug-xros/CoreTextSwift-t.build/Objects-normal/arm64/CoreTextSwift.SwiftFileList --metadata-file-list /Users/admin/builder/spi-builder-workspace/.derivedData/Build/Intermediates.noindex/CoreTextSwift.build/Debug-xros/CoreTextSwift-t.build/CoreTextSwift.DependencyMetadataFileList --static-metadata-file-list /Users/admin/builder/spi-builder-workspace/.derivedData/Build/Intermediates.noindex/CoreTextSwift.build/Debug-xros/CoreTextSwift-t.build/CoreTextSwift.DependencyStaticMetadataFileList --swift-const-vals-list /Users/admin/builder/spi-builder-workspace/.derivedData/Build/Intermediates.noindex/CoreTextSwift.build/Debug-xros/CoreTextSwift-t.build/Objects-normal/arm64/CoreTextSwift.SwiftConstValuesFileList --force --compile-time-extraction --deployment-aware-processing --no-app-shortcuts-localization
2026-09-27 21:32:07.012 appintentsmetadataprocessor[928:5539] Starting appintentsmetadataprocessor export
2026-09-27 21:32:07.081 appintentsmetadataprocessor[928:5539] Extracted no relevant App Intents symbols, skipping writing output
SwiftCompile normal arm64 Compiling\ module.swift /Users/admin/builder/spi-builder-workspace/Sources/STTextView/module.swift (in target 'STTextView' from project 'STTextView')
SwiftCompile normal arm64 /Users/admin/builder/spi-builder-workspace/Sources/STTextView/module.swift (in target 'STTextView' from project 'STTextView')
    cd /Users/admin/builder/spi-builder-workspace/.swiftpm/xcode
    builtin-SwiftPerFileCompile module.swift
SwiftEmitModule normal arm64 Emitting\ module\ for\ STTextView (in target 'STTextView' from project 'STTextView')
SwiftCompile normal arm64 (in target 'STTextView' from project 'STTextView')
    cd /Users/admin/builder/spi-builder-workspace/.swiftpm/xcode

SwiftCompile normal arm64 Compiling\ STAttributedTextElement.swift /Users/admin/builder/spi-builder-workspace/Sources/STTextViewCommon/STAttributedTextElement.swift (in target 'STTextViewCommon' from project 'STTextView')
SwiftCompile normal arm64 /Users/admin/builder/spi-builder-workspace/Sources/STTextViewCommon/STAttributedTextElement.swift (in target 'STTextViewCommon' from project 'STTextView')
    cd /Users/admin/builder/spi-builder-workspace/.swiftpm/xcode
    builtin-SwiftPerFileCompile STAttributedTextElement.swift
SwiftCompile normal arm64 Compiling\ STTextContentStorage.swift /Users/admin/builder/spi-builder-workspace/Sources/STTextViewCommon/STTextContentStorage.swift (in target 'STTextViewCommon' from project 'STTextView')
SwiftCompile normal arm64 /Users/admin/builder/spi-builder-workspace/Sources/STTextViewCommon/STTextContentStorage.swift (in target 'STTextViewCommon' from project 'STTextView')
    cd /Users/admin/builder/spi-builder-workspace/.swiftpm/xcode
    builtin-SwiftPerFileCompile STTextContentStorage.swift
SwiftCompile normal arm64 Compiling\ NSRange+Helpers.swift,\ NSTextLayoutManager+ContentGeometry.swift /Users/admin/builder/spi-builder-workspace/Sources/STTextViewCommon/Extensions/NSRange+Helpers.swift /Users/admin/builder/spi-builder-workspace/Sources/STTextViewCommon/Extensions/NSTextLayoutManager+ContentGeometry.swift (in target 'STTextViewCommon' from project 'STTextView')
SwiftCompile normal arm64 /Users/admin/builder/spi-builder-workspace/Sources/STTextViewCommon/Extensions/NSRange+Helpers.swift (in target 'STTextViewCommon' from project 'STTextView')
    cd /Users/admin/builder/spi-builder-workspace/.swiftpm/xcode
    builtin-SwiftPerFileCompile NSRange+Helpers.swift
SwiftCompile normal arm64 /Users/admin/builder/spi-builder-workspace/Sources/STTextViewCommon/Extensions/NSTextLayoutManager+ContentGeometry.swift (in target 'STTextViewCommon' from project 'STTextView')
    cd /Users/admin/builder/spi-builder-workspace/.swiftpm/xcode
    builtin-SwiftPerFileCompile NSTextLayoutManager+ContentGeometry.swift
SwiftCompile normal arm64 Compiling\ STMarkedText.swift /Users/admin/builder/spi-builder-workspace/Sources/STTextViewCommon/STMarkedText.swift (in target 'STTextViewCommon' from project 'STTextView')
SwiftCompile normal arm64 /Users/admin/builder/spi-builder-workspace/Sources/STTextViewCommon/STMarkedText.swift (in target 'STTextViewCommon' from project 'STTextView')
    cd /Users/admin/builder/spi-builder-workspace/.swiftpm/xcode
    builtin-SwiftPerFileCompile STMarkedText.swift
SwiftCompile normal arm64 Compiling\ STTextLayoutManager.swift /Users/admin/builder/spi-builder-workspace/Sources/STTextViewCommon/STTextLayoutManager.swift (in target 'STTextViewCommon' from project 'STTextView')
SwiftCompile normal arm64 /Users/admin/builder/spi-builder-workspace/Sources/STTextViewCommon/STTextLayoutManager.swift (in target 'STTextViewCommon' from project 'STTextView')
    cd /Users/admin/builder/spi-builder-workspace/.swiftpm/xcode
    builtin-SwiftPerFileCompile STTextLayoutManager.swift
SwiftCompile normal arm64 Compiling\ STTextViewProtocol.swift /Users/admin/builder/spi-builder-workspace/Sources/STTextViewCommon/STTextViewProtocol.swift (in target 'STTextViewCommon' from project 'STTextView')
SwiftCompile normal arm64 /Users/admin/builder/spi-builder-workspace/Sources/STTextViewCommon/STTextViewProtocol.swift (in target 'STTextViewCommon' from project 'STTextView')
    cd /Users/admin/builder/spi-builder-workspace/.swiftpm/xcode
    builtin-SwiftPerFileCompile STTextViewProtocol.swift
SwiftCompile normal arm64 Compiling\ PixelAlign.swift /Users/admin/builder/spi-builder-workspace/Sources/STTextViewCommon/Utilities/PixelAlign.swift (in target 'STTextViewCommon' from project 'STTextView')
/Users/admin/builder/spi-builder-workspace/Sources/STTextViewCommon/Utilities/PixelAlign.swift:18:5: error: missing return in getter expected to return 'CGRect'
 16 |             NSIntegralRectWithOptions(self, AlignmentOptions.alignAllEdgesNearest)
 17 |         #endif
 18 |     }
    |     `- error: missing return in getter expected to return 'CGRect'
 19 |
 20 | }
Failed frontend command:
/Applications/Xcode-27.0.0-Release.Candidate.app/Contents/Developer/Toolchains/XcodeDefault.xctoolchain/usr/bin/swift-frontend -frontend -c /Users/admin/builder/spi-builder-workspace/Sources/STTextViewCommon/CoalescingUndoManager.swift /Users/admin/builder/spi-builder-workspace/Sources/STTextViewCommon/Extensions/Geometric+Helpers.swift /Users/admin/builder/spi-builder-workspace/Sources/STTextViewCommon/Extensions/NSAttributedString+Helpers.swift /Users/admin/builder/spi-builder-workspace/Sources/STTextViewCommon/Extensions/NSParagraphStyle+Helpers.swift /Users/admin/builder/spi-builder-workspace/Sources/STTextViewCommon/Extensions/NSRange+Helpers.swift /Users/admin/builder/spi-builder-workspace/Sources/STTextViewCommon/Extensions/NSTextLayoutManager+ContentGeometry.swift /Users/admin/builder/spi-builder-workspace/Sources/STTextViewCommon/Extensions/NSTextLayoutManager+Selection.swift /Users/admin/builder/spi-builder-workspace/Sources/STTextViewCommon/STAttributedTextElement.swift /Users/admin/builder/spi-builder-workspace/Sources/STTextViewCommon/STMarkedText.swift /Users/admin/builder/spi-builder-workspace/Sources/STTextViewCommon/STTextContentStorage.swift /Users/admin/builder/spi-builder-workspace/Sources/STTextViewCommon/STTextLayoutManager.swift /Users/admin/builder/spi-builder-workspace/Sources/STTextViewCommon/STTextViewProtocol.swift /Users/admin/builder/spi-builder-workspace/Sources/STTextViewCommon/Utilities/ApproximateEquality.swift /Users/admin/builder/spi-builder-workspace/Sources/STTextViewCommon/Utilities/LineHeight.swift -primary-file /Users/admin/builder/spi-builder-workspace/Sources/STTextViewCommon/Utilities/PixelAlign.swift /Users/admin/builder/spi-builder-workspace/Sources/STTextViewCommon/Utilities/STGutterCalculations.swift /Users/admin/builder/spi-builder-workspace/Sources/STTextViewCommon/Utilities/STRulerInsets.swift -emit-dependencies-path /Users/admin/builder/spi-builder-workspace/.derivedData/Build/Intermediates.noindex/STTextView.build/Debug-xros/STTextViewCommon-t.build/Objects-normal/arm64/PixelAlign.d -emit-const-values-path /Users/admin/builder/spi-builder-workspace/.derivedData/Build/Intermediates.noindex/STTextView.build/Debug-xros/STTextViewCommon-t.build/Objects-normal/arm64/PixelAlign.swiftconstvalues -emit-reference-dependencies-path /Users/admin/builder/spi-builder-workspace/.derivedData/Build/Intermediates.noindex/STTextView.build/Debug-xros/STTextViewCommon-t.build/Objects-normal/arm64/PixelAlign.swiftdeps -serialize-diagnostics-path /Users/admin/builder/spi-builder-workspace/.derivedData/Build/Intermediates.noindex/STTextView.build/Debug-xros/STTextViewCommon-t.build/Objects-normal/arm64/PixelAlign.dia -target arm64-apple-xros1.0 -module-can-import-version UIKit 9127.0.84.1 9127.0.84 -disable-cross-import-overlay-search -load-resolved-plugin /Applications/Xcode-27.0.0-Release.Candidate.app/Contents/Developer/Platforms/XROS.platform/Developer/usr/lib/swift/host/plugins/libFoundationMacros.dylib\#/Applications/Xcode-27.0.0-Release.Candidate.app/Contents/Developer/Platforms/XROS.platform/Developer/usr/bin/swift-plugin-server\#FoundationMacros -load-resolved-plugin /Applications/Xcode-27.0.0-Release.Candidate.app/Contents/Developer/Platforms/XROS.platform/Developer/usr/lib/swift/host/plugins/libObservationMacros.dylib\#/Applications/Xcode-27.0.0-Release.Candidate.app/Contents/Developer/Platforms/XROS.platform/Developer/usr/bin/swift-plugin-server\#ObservationMacros -load-resolved-plugin /Applications/Xcode-27.0.0-Release.Candidate.app/Contents/Developer/Platforms/XROS.platform/Developer/usr/lib/swift/host/plugins/libPreviewsMacros.dylib\#/Applications/Xcode-27.0.0-Release.Candidate.app/Contents/Developer/Platforms/XROS.platform/Developer/usr/bin/swift-plugin-server\#PreviewsMacros -load-resolved-plugin /Applications/Xcode-27.0.0-Release.Candidate.app/Contents/Developer/Platforms/XROS.platform/Developer/usr/lib/swift/host/plugins/libSwiftMacros.dylib\#/Applications/Xcode-27.0.0-Release.Candidate.app/Contents/Developer/Platforms/XROS.platform/Developer/usr/bin/swift-plugin-server\#SwiftMacros -load-resolved-plugin /Applications/Xcode-27.0.0-Release.Candidate.app/Contents/Developer/Platforms/XROS.platform/Developer/usr/lib/swift/host/plugins/libSwiftUIMacros.dylib\#/Applications/Xcode-27.0.0-Release.Candidate.app/Contents/Developer/Platforms/XROS.platform/Developer/usr/bin/swift-plugin-server\#SwiftUIMacros -disable-implicit-swift-modules -Xcc -fno-implicit-modules -Xcc -fno-implicit-module-maps -explicit-swift-module-map-file /Users/admin/builder/spi-builder-workspace/.derivedData/Build/Intermediates.noindex/STTextView.build/Debug-xros/STTextViewCommon-t.build/Objects-normal/arm64/STTextViewCommon-dependencies-1.json -Xllvm -aarch64-use-tbi -enable-objc-interop -stack-check -sdk /Applications/Xcode-27.0.0-Release.Candidate.app/Contents/Developer/Platforms/XROS.platform/Developer/SDKs/XROS27.0.sdk -I /Users/admin/builder/spi-builder-workspace/.derivedData/Build/Products/Debug-xros -Isystem /Applications/Xcode-27.0.0-Release.Candidate.app/Contents/Developer/Platforms/XROS.platform/Developer/usr/lib -F /Users/admin/builder/spi-builder-workspace/.derivedData/Build/Products/Debug-xros/PackageFrameworks -F /Users/admin/builder/spi-builder-workspace/.derivedData/Build/Products/Debug-xros -F /Applications/Xcode-27.0.0-Release.Candidate.app/Contents/Developer/Platforms/XROS.platform/Developer/Library/Frameworks -F /Applications/Xcode-27.0.0-Release.Candidate.app/Contents/Developer/Platforms/XROS.platform/Developer/SDKs/XROS27.0.sdk/Developer/Library/Frameworks -module-cache-path /Users/admin/builder/spi-builder-workspace/.derivedData/Build/Intermediates.noindex/SwiftExplicitPrecompiledModules -no-color-diagnostics -Xcc -fno-color-diagnostics -enable-testing -g -debug-info-format\=dwarf -dwarf-version\=4 -profile-generate -profile-coverage-mapping -swift-version 5 -Onone -D SWIFT_PACKAGE -D DEBUG -D SWIFT_MODULE_RESOURCE_BUNDLE_UNAVAILABLE -D Xcode -serialize-debugging-options -enable-experimental-feature DebugDescriptionMacro -empty-abi-descriptor -validate-clang-modules-once -clang-build-session-file /Users/admin/builder/spi-builder-workspace/.derivedData/ModuleCache.noindex/Session.modulevalidation -Xcc -working-directory -Xcc /Users/admin/builder/spi-builder-workspace/.swiftpm/xcode -enable-anonymous-context-mangled-names -file-compilation-dir /Users/admin/builder/spi-builder-workspace/.swiftpm/xcode -Xcc -D_LIBCPP_HARDENING_MODE\=_LIBCPP_HARDENING_MODE_DEBUG -Xcc -ivfsstatcache -Xcc /Users/admin/builder/spi-builder-workspace/.derivedData/SDKStatCaches.noindex/xros27.0-24M361-e829b21a6f8c9b70876ba0858053c044735bd543db762f57723cac368afd1ce4.sdkstatcache -Xcc -fmodules-prune-interval\=86400 -Xcc -fmodules-prune-after\=345600 -Xcc -I/Users/admin/builder/spi-builder-workspace/.derivedData/Build/Products/Debug-xros/include -Xcc -I/Users/admin/builder/spi-builder-workspace/.derivedData/Build/Intermediates.noindex/STTextView.build/Debug-xros/STTextViewCommon-t.build/DerivedSources-normal/arm64 -Xcc -I/Users/admin/builder/spi-builder-workspace/.derivedData/Build/Intermediates.noindex/STTextView.build/Debug-xros/STTextViewCommon-t.build/DerivedSources/arm64 -Xcc -I/Users/admin/builder/spi-builder-workspace/.derivedData/Build/Intermediates.noindex/STTextView.build/Debug-xros/STTextViewCommon-t.build/DerivedSources -Xcc -DSWIFT_PACKAGE -Xcc -DDEBUG\=1 -no-auto-bridging-header-chaining -module-name STTextViewCommon -package-name spi_builder_workspace -const-gather-protocols-file /Users/admin/builder/spi-builder-workspace/.derivedData/Build/Intermediates.noindex/STTextView.build/Debug-xros/STTextViewCommon-t.build/Objects-normal/arm64/STTextViewCommon_const_extract_protocols.json -disable-clang-spi -clang-target arm64-apple-xros27.0 -target-sdk-version 27.0 -target-sdk-name xros27.0 -in-process-plugin-server-path /Applications/Xcode-27.0.0-Release.Candidate.app/Contents/Developer/Toolchains/XcodeDefault.xctoolchain/usr/lib/swift/host/libSwiftInProcPluginServer.dylib -parse-as-library -o /Users/admin/builder/spi-builder-workspace/.derivedData/Build/Intermediates.noindex/STTextView.build/Debug-xros/STTextViewCommon-t.build/Objects-normal/arm64/PixelAlign.o -debug-module-path /Users/admin/builder/spi-builder-workspace/.derivedData/Build/Intermediates.noindex/STTextView.build/Debug-xros/STTextViewCommon-t.build/Objects-normal/arm64/STTextViewCommon.swiftmodule -index-unit-output-path /STTextView.build/Debug-xros/STTextViewCommon-t.build/Objects-normal/arm64/PixelAlign.o -index-store-path /Users/admin/builder/spi-builder-workspace/.derivedData/Index.noindex/DataStore -index-system-modules
SwiftCompile normal arm64 /Users/admin/builder/spi-builder-workspace/Sources/STTextViewCommon/Utilities/PixelAlign.swift (in target 'STTextViewCommon' from project 'STTextView')
    cd /Users/admin/builder/spi-builder-workspace/.swiftpm/xcode
    builtin-SwiftPerFileCompile PixelAlign.swift
SwiftEmitModule normal arm64 Emitting\ module\ for\ STTextViewCommon (in target 'STTextViewCommon' from project 'STTextView')
SwiftCompile normal arm64 (in target 'STTextViewCommon' from project 'STTextView')
    cd /Users/admin/builder/spi-builder-workspace/.swiftpm/xcode

SwiftCompile normal arm64 Compiling\ STGutterCalculations.swift /Users/admin/builder/spi-builder-workspace/Sources/STTextViewCommon/Utilities/STGutterCalculations.swift (in target 'STTextViewCommon' from project 'STTextView')
SwiftCompile normal arm64 /Users/admin/builder/spi-builder-workspace/Sources/STTextViewCommon/Utilities/STGutterCalculations.swift (in target 'STTextViewCommon' from project 'STTextView')
    cd /Users/admin/builder/spi-builder-workspace/.swiftpm/xcode
    builtin-SwiftPerFileCompile STGutterCalculations.swift
SwiftDriverJobDiscovery normal arm64 Emitting module for STTextView (in target 'STTextView' from project 'STTextView')
SwiftDriver\ Compilation\ Requirements STTextView normal arm64 com.apple.xcode.tools.swift.compiler (in target 'STTextView' from project 'STTextView')
    cd /Users/admin/builder/spi-builder-workspace/.swiftpm/xcode
    builtin-Swift-Compilation-Requirements -- /Applications/Xcode-27.0.0-Release.Candidate.app/Contents/Developer/Toolchains/XcodeDefault.xctoolchain/usr/bin/swiftc -parse-as-library -module-name STTextView -Onone @/Users/admin/builder/spi-builder-workspace/.derivedData/Build/Intermediates.noindex/STTextView.build/Debug-xros/STTextView-t.build/Objects-normal/arm64/STTextView.SwiftFileList -DSWIFT_PACKAGE -DDEBUG -DSWIFT_MODULE_RESOURCE_BUNDLE_UNAVAILABLE -DXcode -plugin-path /Applications/Xcode-27.0.0-Release.Candidate.app/Contents/Developer/Toolchains/XcodeDefault.xctoolchain/usr/lib/swift/host/plugins/testing -enable-experimental-feature DebugDescriptionMacro -sdk /Applications/Xcode-27.0.0-Release.Candidate.app/Contents/Developer/Platforms/XROS.platform/Developer/SDKs/XROS27.0.sdk -target arm64-apple-xros1.0 -g -module-cache-path /Users/admin/builder/spi-builder-workspace/.derivedData/ModuleCache.noindex -Xfrontend -serialize-debugging-options -profile-coverage-mapping -profile-generate -enable-testing -index-store-path /Users/admin/builder/spi-builder-workspace/.derivedData/Index.noindex/DataStore -Xcc -D_LIBCPP_HARDENING_MODE\=_LIBCPP_HARDENING_MODE_DEBUG -swift-version 5 -I /Users/admin/builder/spi-builder-workspace/.derivedData/Build/Products/Debug-xros -Isystem /Applications/Xcode-27.0.0-Release.Candidate.app/Contents/Developer/Platforms/XROS.platform/Developer/usr/lib -F /Users/admin/builder/spi-builder-workspace/.derivedData/Build/Products/Debug-xros/PackageFrameworks -F /Users/admin/builder/spi-builder-workspace/.derivedData/Build/Products/Debug-xros -F /Applications/Xcode-27.0.0-Release.Candidate.app/Contents/Developer/Platforms/XROS.platform/Developer/Library/Frameworks -F /Applications/Xcode-27.0.0-Release.Candidate.app/Contents/Developer/Platforms/XROS.platform/Developer/SDKs/XROS27.0.sdk/Developer/Library/Frameworks -c -j10 -enable-batch-mode -incremental -Xcc -ivfsstatcache -Xcc /Users/admin/builder/spi-builder-workspace/.derivedData/SDKStatCaches.noindex/xros27.0-24M361-e829b21a6f8c9b70876ba0858053c044735bd543db762f57723cac368afd1ce4.sdkstatcache -output-file-map /Users/admin/builder/spi-builder-workspace/.derivedData/Build/Intermediates.noindex/STTextView.build/Debug-xros/STTextView-t.build/Objects-normal/arm64/STTextView-OutputFileMap.json -save-temps -no-color-diagnostics -explicit-module-build -module-cache-path /Users/admin/builder/spi-builder-workspace/.derivedData/Build/Intermediates.noindex/SwiftExplicitPrecompiledModules -clang-scanner-module-cache-path /Users/admin/builder/spi-builder-workspace/.derivedData/ModuleCache.noindex -sdk-module-cache-path /Users/admin/builder/spi-builder-workspace/.derivedData/SDKExplicitPrecompiledModules -emit-dependencies -emit-module -emit-module-path /Users/admin/builder/spi-builder-workspace/.derivedData/Build/Intermediates.noindex/STTextView.build/Debug-xros/STTextView-t.build/Objects-normal/arm64/STTextView.swiftmodule -serialize-diagnostics -dependency-scan-serialize-diagnostics-path /Users/admin/builder/spi-builder-workspace/.derivedData/Build/Intermediates.noindex/STTextView.build/Debug-xros/STTextView-t.build/Objects-normal/arm64/STTextView-dependency-scan.dia -validate-clang-modules-once -clang-build-session-file /Users/admin/builder/spi-builder-workspace/.derivedData/ModuleCache.noindex/Session.modulevalidation -Xcc -fmodules-prune-interval\=86400 -Xcc -fmodules-prune-after\=345600 -package-name spi_builder_workspace -emit-const-values -const-gather-protocols-list /Users/admin/builder/spi-builder-workspace/.derivedData/Build/Intermediates.noindex/STTextView.build/Debug-xros/STTextView-t.build/Objects-normal/arm64/STTextView_const_extract_protocols.json -Xcc -I/Users/admin/builder/spi-builder-workspace/.derivedData/Build/Products/Debug-xros/include -Xcc -I/Users/admin/builder/spi-builder-workspace/.derivedData/Build/Intermediates.noindex/STTextView.build/Debug-xros/STTextView-t.build/DerivedSources-normal/arm64 -Xcc -I/Users/admin/builder/spi-builder-workspace/.derivedData/Build/Intermediates.noindex/STTextView.build/Debug-xros/STTextView-t.build/DerivedSources/arm64 -Xcc -I/Users/admin/builder/spi-builder-workspace/.derivedData/Build/Intermediates.noindex/STTextView.build/Debug-xros/STTextView-t.build/DerivedSources -Xcc -DSWIFT_PACKAGE -Xcc -DDEBUG\=1 -emit-objc-header -emit-objc-header-path /Users/admin/builder/spi-builder-workspace/.derivedData/Build/Intermediates.noindex/STTextView.build/Debug-xros/STTextView-t.build/Objects-normal/arm64/STTextView-Swift.h -working-directory /Users/admin/builder/spi-builder-workspace/.swiftpm/xcode -experimental-emit-module-separately -disable-cmo
SwiftDriverJobDiscovery normal arm64 Compiling module.swift (in target 'STTextView' from project 'STTextView')
SwiftCompile normal arm64 Compiling\ NSAttributedString+Helpers.swift,\ NSParagraphStyle+Helpers.swift /Users/admin/builder/spi-builder-workspace/Sources/STTextViewCommon/Extensions/NSAttributedString+Helpers.swift /Users/admin/builder/spi-builder-workspace/Sources/STTextViewCommon/Extensions/NSParagraphStyle+Helpers.swift (in target 'STTextViewCommon' from project 'STTextView')
SwiftCompile normal arm64 /Users/admin/builder/spi-builder-workspace/Sources/STTextViewCommon/Extensions/NSAttributedString+Helpers.swift (in target 'STTextViewCommon' from project 'STTextView')
    cd /Users/admin/builder/spi-builder-workspace/.swiftpm/xcode
    builtin-SwiftPerFileCompile NSAttributedString+Helpers.swift
SwiftCompile normal arm64 /Users/admin/builder/spi-builder-workspace/Sources/STTextViewCommon/Extensions/NSParagraphStyle+Helpers.swift (in target 'STTextViewCommon' from project 'STTextView')
    cd /Users/admin/builder/spi-builder-workspace/.swiftpm/xcode
    builtin-SwiftPerFileCompile NSParagraphStyle+Helpers.swift
SwiftMergeGeneratedHeaders /Users/admin/builder/spi-builder-workspace/.derivedData/Build/Intermediates.noindex/GeneratedModuleMaps-xros/STTextView-Swift.h /Users/admin/builder/spi-builder-workspace/.derivedData/Build/Intermediates.noindex/STTextView.build/Debug-xros/STTextView-t.build/Objects-normal/arm64/STTextView-Swift.h (in target 'STTextView' from project 'STTextView')
    cd /Users/admin/builder/spi-builder-workspace
    builtin-swiftHeaderTool -arch arm64 /Users/admin/builder/spi-builder-workspace/.derivedData/Build/Intermediates.noindex/STTextView.build/Debug-xros/STTextView-t.build/Objects-normal/arm64/STTextView-Swift.h -o /Users/admin/builder/spi-builder-workspace/.derivedData/Build/Intermediates.noindex/GeneratedModuleMaps-xros/STTextView-Swift.h
PruneExplicitPrecompiledModules /Users/admin/builder/spi-builder-workspace/.derivedData/Build/Intermediates.noindex/SwiftExplicitPrecompiledModules
PruneExplicitPrecompiledModules /Users/admin/builder/spi-builder-workspace/.derivedData/Build/Intermediates.noindex/ExplicitPrecompiledModules
PruneExplicitPrecompiledModules /Users/admin/builder/spi-builder-workspace/.derivedData/SDKExplicitPrecompiledModules
2026-09-27 21:32:06.109 xcodebuild[924:5492] [MT] IDERunDestination: Supported platforms for the buildables in the current scheme is empty.
** BUILD FAILED **
The following build commands failed:
	SwiftCompile normal arm64 Compiling\ PixelAlign.swift /Users/admin/builder/spi-builder-workspace/Sources/STTextViewCommon/Utilities/PixelAlign.swift (in target 'STTextViewCommon' from project 'STTextView')
	SwiftCompile normal arm64 /Users/admin/builder/spi-builder-workspace/Sources/STTextViewCommon/Utilities/PixelAlign.swift (in target 'STTextViewCommon' from project 'STTextView')
	Building workspace STTextView with scheme STTextView
(3 failures)
BUILD FAILURE 6.4 visionOS