The Swift Package Index logo.Swift Package Index

Build Information

Failed to build swift-codeowners-plugin, reference main (aed7dc), with Swift 6.3 for Android on 25 Sep 2026 22:58:27 UTC.

Build Command

bash -c docker run --pull=always --rm -v "checkouts-53886770-3":/host -w "$PWD" -e JAVA_HOME="/root/.sdkman/candidates/java/current" -e SPI_BUILD="1" -e SPI_PROCESSING="1" registry.gitlab.com/saguaro1/spi-images:android-6.3-latest swift build --swift-sdk aarch64-unknown-linux-android28 2>&1

Build Log

========================================
RunAll
========================================
Builder version: 5.1.0
Interrupt handler set up.
========================================
Checkout
========================================
Clone URL: https://github.com/gmazzo/swift-codeowners-plugin.git
Reference: main
Initialized empty Git repository in /host/spi-builder-workspace/.git/
hint: Using 'master' as the name for the initial branch. This default branch name
hint: is subject to change. To configure the initial branch name to use in all
hint: of your new repositories, which will suppress this warning, call:
hint:
hint: 	git config --global init.defaultBranch <name>
hint:
hint: Names commonly chosen instead of 'master' are 'main', 'trunk' and
hint: 'development'. The just-created branch can be renamed via this command:
hint:
hint: 	git branch -m <name>
From https://github.com/gmazzo/swift-codeowners-plugin
 * branch            main       -> FETCH_HEAD
 * [new branch]      main       -> origin/main
HEAD is now at aed7dc2 Bump github.com/swiftlang/swift-syntax from 603.0.2 to 604.0.0 (#91)
Cloned https://github.com/gmazzo/swift-codeowners-plugin.git
Revision (git rev-parse @):
aed7dc212b620148d4083a5496506a196de384bb
SUCCESS checkout https://github.com/gmazzo/swift-codeowners-plugin.git at main
========================================
Build
========================================
Selected platform:         android
Swift version:             6.3
Building package at path:  $PWD
https://github.com/gmazzo/swift-codeowners-plugin.git
Running build ...
bash -c docker run --pull=always --rm -v "checkouts-53886770-3":/host -w "$PWD" -e JAVA_HOME="/root/.sdkman/candidates/java/current" -e SPI_BUILD="1" -e SPI_PROCESSING="1" registry.gitlab.com/saguaro1/spi-images:android-6.3-latest swift build --swift-sdk aarch64-unknown-linux-android28 2>&1
android-6.3-latest: Pulling from saguaro1/spi-images
Digest: sha256:8ca9e1e6d70fd53f5b05e4f64d92569d697563f7f457a1485802bc9eb2cd1382
Status: Image is up to date for registry.gitlab.com/saguaro1/spi-images:android-6.3-latest
Fetching https://github.com/swiftlang/swift-syntax
Fetching https://github.com/kylef/PathKit
Fetching https://github.com/apple/swift-argument-parser
[1/1460] Fetching pathkit
[1461/20405] Fetching pathkit, swift-argument-parser
Fetched https://github.com/apple/swift-argument-parser from cache (0.85s)
[1/80068] Fetching swift-syntax
Fetching https://github.com/mtj0928/swift-codeowners
Fetched https://github.com/kylef/PathKit from cache (4.78s)
Fetched https://github.com/swiftlang/swift-syntax from cache (4.82s)
[1/98] Fetching swift-codeowners
Fetched https://github.com/mtj0928/swift-codeowners from cache (0.47s)
Computing version for https://github.com/swiftlang/swift-syntax
Computed https://github.com/swiftlang/swift-syntax at 604.0.0 (6.89s)
Computing version for https://github.com/kylef/PathKit
Computed https://github.com/kylef/PathKit at 1.0.1 (1.64s)
Fetching https://github.com/kylef/Spectre.git
[1/1021] Fetching spectre
Fetched https://github.com/kylef/Spectre.git from cache (0.80s)
Computing version for https://github.com/mtj0928/swift-codeowners
Computed https://github.com/mtj0928/swift-codeowners at 0.1.2 (0.95s)
Computing version for https://github.com/kylef/Spectre.git
Computed https://github.com/kylef/Spectre.git at 0.10.1 (0.19s)
Computing version for https://github.com/apple/swift-argument-parser
Computed https://github.com/apple/swift-argument-parser at 1.8.2 (0.25s)
Creating working copy for https://github.com/apple/swift-argument-parser
Working copy of https://github.com/apple/swift-argument-parser resolved at 1.8.2
Creating working copy for https://github.com/kylef/PathKit
Working copy of https://github.com/kylef/PathKit resolved at 1.0.1
Creating working copy for https://github.com/kylef/Spectre.git
Working copy of https://github.com/kylef/Spectre.git resolved at 0.10.1
Creating working copy for https://github.com/mtj0928/swift-codeowners
Working copy of https://github.com/mtj0928/swift-codeowners resolved at 0.1.2
Creating working copy for https://github.com/swiftlang/swift-syntax
Working copy of https://github.com/swiftlang/swift-syntax resolved at 604.0.0
[1/1] Compiling plugin CodeOwnersMacroPlugin
[2/2] Compiling plugin CodeOwnersPlugin
[3/3] Compiling plugin GenerateManual
[4/4] Compiling plugin GenerateDoccReference
Building for debugging...
[4/91] Write sources
[48/91] Compiling _SwiftSyntaxCShims PlatformMutex.c
[50/91] Write swift-version-272D24FF697CF451.txt
[52/107] Emitting module SwiftSyntax509
[53/107] Emitting module SwiftSyntax604
[54/107] Compiling SwiftSyntax604 Empty.swift
[55/108] Compiling SwiftSyntax601 Empty.swift
[56/108] Emitting module SwiftSyntax601
[59/109] Compiling SwiftSyntax603 Empty.swift
[60/109] Emitting module SwiftSyntax603
[61/110] Emitting module SwiftSyntax510
[62/110] Compiling SwiftSyntax510 Empty.swift
[65/115] Compiling SwiftSyntax603 Empty.swift
[66/115] Emitting module SwiftSyntax603
[68/118] Emitting module SwiftSyntax602
[69/118] Compiling SwiftSyntax602 Empty.swift
[70/121] Emitting module SwiftSyntax600
[72/121] Compiling SwiftSyntax600 Empty.swift
[73/124] Emitting module SwiftSyntax601
[74/124] Compiling SwiftSyntax601 Empty.swift
[75/125] Compiling SwiftSyntax600 Empty.swift
[76/125] Emitting module SwiftSyntax600
[79/126] Compiling SwiftSyntax510 Empty.swift
[80/126] Emitting module SwiftSyntax510
[83/129] Compiling SwiftSyntax509 Empty.swift
[85/130] Emitting module SwiftSyntax509
[87/138] Compiling SwiftSyntax602 Empty.swift
[89/138] Emitting module SwiftSyntax602
[91/221] Compiling SwiftSyntax604 Empty.swift
[92/221] Emitting module SwiftSyntax604
[94/224] Emitting module ArgumentParserToolInfo
[95/224] Compiling ArgumentParserToolInfo ToolInfo.swift
[97/225] Emitting module ArgumentParserToolInfo
[98/225] Compiling ArgumentParserToolInfo ToolInfo.swift
[100/337] Emitting module PathKit
[101/337] Compiling CodeOwners String+Utils.swift
[102/337] Emitting module CodeOwners
[103/337] Compiling CodeOwners CodeOwners.swift
[104/337] Compiling CodeOwners Pattern.swift
[105/337] Compiling CodeOwners Token.swift
[106/337] Compiling CodeOwners Array+Utils.swift
[107/337] Compiling CodeOwners CodeOwner.swift
[108/337] Compiling SwiftSyntax SyntaxKind.swift
[109/337] Compiling SwiftSyntax SyntaxRewriter.swift
[110/337] Compiling SwiftSyntax SyntaxTraits.swift
[111/337] Compiling SwiftSyntax SyntaxVisitor.swift
[112/337] Compiling SwiftSyntax TokenKind.swift
[113/337] Compiling SwiftSyntax Tokens.swift
[114/337] Compiling SwiftSyntax TriviaPieces.swift
[115/337] Compiling SwiftSyntax RawSyntaxNodesAB.swift
[116/337] Compiling SwiftSyntax RawSyntaxNodesC.swift
[117/345] Compiling SwiftSyntax SourceLength.swift
[118/345] Compiling SwiftSyntax SourceLocation.swift
[119/345] Compiling SwiftSyntax SourcePresence.swift
[120/345] Compiling SwiftSyntax SwiftSyntaxCompatibility.swift
[121/345] Compiling SwiftSyntax Syntax.swift
[122/345] Compiling SwiftSyntax SyntaxChildren.swift
[123/345] Compiling SwiftSyntax SyntaxCollection.swift
[124/345] Compiling SwiftSyntax SyntaxHashable.swift
[125/345] Compiling SwiftSyntax SyntaxIdentifier.swift
[126/345] Compiling CodeOwners Array+Utils.swift
[127/345] Compiling CodeOwners String+Utils.swift
[128/345] Compiling CodeOwners Token.swift
[129/345] Compiling CodeOwners CodeOwner.swift
error: emit-module command failed with exit code 1 (use -v to see invocation)
[130/345] Emitting module PathKit
/host/spi-builder-workspace/.build/checkouts/PathKit/Sources/PathKit.swift:8:8: error: no such module 'Darwin'
  6 | let system_glob = Glibc.glob
  7 | #else
  8 | import Darwin
    |        `- error: no such module 'Darwin'
  9 |
 10 | let system_glob = Darwin.glob
[131/345] Compiling CodeOwners CodeOwners.swift
[132/345] Compiling CodeOwners Pattern.swift
[133/345] Compiling CodeOwners CodeOwnerLine.swift
[134/345] Emitting module ArgumentParser
[135/352] Compiling SwiftSyntax SyntaxNodeStructure.swift
[136/352] Compiling SwiftSyntax SyntaxProtocol.swift
[137/352] Compiling SwiftSyntax SyntaxText.swift
[138/352] Compiling SwiftSyntax SyntaxTreeViewMode.swift
[139/352] Compiling SwiftSyntax TokenDiagnostic.swift
[140/352] Compiling SwiftSyntax TokenSequence.swift
[141/352] Compiling SwiftSyntax TokenSyntax.swift
[142/352] Compiling SwiftSyntax Trivia+commentValue.swift
[143/352] Compiling SwiftSyntax Trivia.swift
[154/360] Compiling SwiftSyntax RawSyntaxLayoutView.swift
[155/360] Compiling SwiftSyntax RawSyntaxNodeProtocol.swift
[156/360] Compiling SwiftSyntax RawSyntaxTokenView.swift
[157/360] Compiling SwiftSyntax SourceEdit.swift
[161/407] Compiling ArgumentParser ParsedValues.swift
[162/407] Compiling ArgumentParser ParserError.swift
[163/407] Compiling ArgumentParser SplitArguments.swift
[164/407] Compiling ArgumentParser DumpHelpGenerator.swift
[165/407] Compiling ArgumentParser ParentCommand.swift
[166/407] Compiling ArgumentParser AsyncParsableCommand.swift
[167/407] Compiling ArgumentParser CommandConfiguration.swift
[168/407] Compiling ArgumentParser CommandGroup.swift
[169/407] Compiling ArgumentParser EnumerableFlag.swift
[170/407] Compiling PathKit PathKit.swift
[171/408] Wrapping AST for SwiftSyntax604 for debugging
[172/408] Wrapping AST for SwiftSyntax603 for debugging
[173/408] Wrapping AST for SwiftSyntax602 for debugging
[174/408] Wrapping AST for SwiftSyntax601 for debugging
[175/408] Wrapping AST for SwiftSyntax600 for debugging
[176/408] Wrapping AST for SwiftSyntax510 for debugging
[177/408] Wrapping AST for SwiftSyntax509 for debugging
[178/408] Wrapping AST for PathKit for debugging
[179/408] Wrapping AST for CodeOwners for debugging
[180/408] Wrapping AST for ArgumentParserToolInfo for debugging
[182/408] Compiling ArgumentParser AsyncCompletionsValidator.swift
[183/408] Compiling ArgumentParser CodingKeyValidator.swift
[184/408] Compiling ArgumentParser NonsenseFlagsValidator.swift
[185/408] Compiling ArgumentParser ParsableArgumentsValidation.swift
[186/408] Compiling ArgumentParser PositionalArgumentsValidator.swift
[187/408] Compiling ArgumentParser UniqueNamesValidator.swift
[187/408] Wrapping AST for SwiftSyntax604 for debugging
[188/408] Wrapping AST for SwiftSyntax603 for debugging
[189/408] Wrapping AST for SwiftSyntax602 for debugging
[191/408] Compiling ArgumentParser BashCompletionsGenerator.swift
[192/408] Compiling ArgumentParser CompletionsGenerator.swift
[193/408] Compiling ArgumentParser FishCompletionsGenerator.swift
[194/408] Compiling ArgumentParser ZshCompletionsGenerator.swift
[195/408] Compiling ArgumentParser Argument.swift
[196/408] Compiling ArgumentParser ArgumentDiscussion.swift
[197/408] Compiling ArgumentParser ArgumentHelp.swift
[198/408] Compiling ArgumentParser Name.swift
[199/408] Compiling ArgumentParser Parsed.swift
[204/408] Wrapping AST for SwiftSyntax601 for debugging
[205/408] Wrapping AST for SwiftSyntax600 for debugging
[206/408] Wrapping AST for SwiftSyntax510 for debugging
[207/408] Wrapping AST for SwiftSyntax509 for debugging
[208/408] Wrapping AST for ArgumentParserToolInfo for debugging
[210/408] Compiling ArgumentParser Mutex.swift
[211/408] Compiling ArgumentParser Platform.swift
[212/408] Compiling ArgumentParser SequenceExtensions.swift
[213/408] Compiling ArgumentParser StringExtensions.swift
[214/408] Compiling ArgumentParser SwiftExtensions.swift
[215/408] Compiling ArgumentParser Tree.swift
[216/414] Compiling ArgumentParser HelpCommand.swift
[217/414] Compiling ArgumentParser HelpGenerator.swift
[218/414] Compiling ArgumentParser MessageInfo.swift
[219/414] Compiling ArgumentParser UsageGenerator.swift
[220/414] Compiling ArgumentParser CollectionExtensions.swift
[221/414] Compiling ArgumentParser Foundation.swift
[228/414] Compiling ArgumentParser ArgumentDecoder.swift
[229/414] Compiling ArgumentParser ArgumentDefinition.swift
[230/414] Compiling ArgumentParser ArgumentSet.swift
[231/414] Compiling ArgumentParser CommandParser.swift
[232/414] Compiling ArgumentParser InputKey.swift
[233/414] Compiling ArgumentParser InputOrigin.swift
[239/414] Compiling ArgumentParser ParsableCommand.swift
[240/414] Compiling ArgumentParser CompletionKind.swift
[241/414] Compiling ArgumentParser Errors.swift
[242/414] Compiling ArgumentParser Flag.swift
[243/414] Compiling ArgumentParser NameSpecification.swift
[244/414] Compiling ArgumentParser Option.swift
[245/414] Compiling ArgumentParser OptionGroup.swift
[258/414] Compiling ArgumentParser ExpressibleByArgument.swift
[259/414] Compiling ArgumentParser ParsableArguments.swift
[260/414] Compiling ArgumentParser ArgumentVisibility.swift
[268/415] Compiling CodeOwnersAPI DemangleHelper.swift
/host/spi-builder-workspace/Sources/CodeOwnersAPI/DemangleHelper.swift:12:19: error: cannot find 'dlopen' in scope
10 |
11 | private func resolveDemangleProc() -> DemangleProc? {
12 |   guard let lib = dlopen(nil, RTLD_NOW) else { return nil }
   |                   `- error: cannot find 'dlopen' in scope
13 |   guard let symbol = dlsym(lib, "swift_demangle") else { return nil }
14 |   return unsafeBitCast(symbol, to: DemangleProc.self)
/host/spi-builder-workspace/Sources/CodeOwnersAPI/DemangleHelper.swift:12:31: error: cannot find 'RTLD_NOW' in scope
10 |
11 | private func resolveDemangleProc() -> DemangleProc? {
12 |   guard let lib = dlopen(nil, RTLD_NOW) else { return nil }
   |                               `- error: cannot find 'RTLD_NOW' in scope
13 |   guard let symbol = dlsym(lib, "swift_demangle") else { return nil }
14 |   return unsafeBitCast(symbol, to: DemangleProc.self)
/host/spi-builder-workspace/Sources/CodeOwnersAPI/DemangleHelper.swift:12:26: error: 'nil' requires a contextual type
10 |
11 | private func resolveDemangleProc() -> DemangleProc? {
12 |   guard let lib = dlopen(nil, RTLD_NOW) else { return nil }
   |                          `- error: 'nil' requires a contextual type
13 |   guard let symbol = dlsym(lib, "swift_demangle") else { return nil }
14 |   return unsafeBitCast(symbol, to: DemangleProc.self)
/host/spi-builder-workspace/Sources/CodeOwnersAPI/DemangleHelper.swift:13:22: error: cannot find 'dlsym' in scope
11 | private func resolveDemangleProc() -> DemangleProc? {
12 |   guard let lib = dlopen(nil, RTLD_NOW) else { return nil }
13 |   guard let symbol = dlsym(lib, "swift_demangle") else { return nil }
   |                      `- error: cannot find 'dlsym' in scope
14 |   return unsafeBitCast(symbol, to: DemangleProc.self)
15 | }
[269/415] Compiling PathKit PathKit.swift
/host/spi-builder-workspace/.build/checkouts/PathKit/Sources/PathKit.swift:8:8: error: no such module 'Darwin'
  6 | let system_glob = Glibc.glob
  7 | #else
  8 | import Darwin
    |        `- error: no such module 'Darwin'
  9 |
 10 | let system_glob = Darwin.glob
[270/415] Emitting module CodeOwnersAPI
BUILD FAILURE 6.3 android