Build Information
Failed to build ProgressHUD, reference master (25471d), with Swift 6.4 for watchOS using Xcode 27.0 on 28 Sep 2026 06:18:25 UTC.
Build Command
env DEVELOPER_DIR=/Applications/Xcode-27.0.0-Release.Candidate.app xcrun xcodebuild -IDEClonedSourcePackagesDirPathOverride=$PWD/.dependencies -skipMacroValidation -skipPackagePluginValidation -derivedDataPath $PWD/.derivedData build -scheme ProgressHUD -destination generic/platform=watchOSBuild Log
========================================
RunAll
========================================
Builder version: 5.1.0
Interrupt handler set up.
========================================
Checkout
========================================
Clone URL: https://github.com/relatedcode/ProgressHUD.git
Reference: master
Initialized empty Git repository in /Users/admin/builder/spi-builder-workspace/.git/
From https://github.com/relatedcode/ProgressHUD
* branch master -> FETCH_HEAD
* [new branch] master -> origin/master
HEAD is now at 25471d6 15.0.3
Cloned https://github.com/relatedcode/ProgressHUD.git
Revision (git rev-parse @):
25471d6e1747f442e24bf0f4ace725a79648b418
SUCCESS checkout https://github.com/relatedcode/ProgressHUD.git at master
========================================
Build
========================================
Selected platform: watchOS
Swift version: 6.4
Building package at path: $PWD
https://github.com/relatedcode/ProgressHUD.git
Command line invocation:
/Applications/Xcode-27.0.0-Release.Candidate.app/Contents/Developer/usr/bin/xcodebuild -IDEClonedSourcePackagesDirPathOverride=/Users/admin/builder/spi-builder-workspace/.dependencies -resolvePackageDependencies
Resolve Package Graph
Resolve Package Graph
Resolved source packages:
ProgressHUD: /Users/admin/builder/spi-builder-workspace
resolved source packages: ProgressHUD
2026-09-28 02:17:39.539 xcodebuild[529:3046] [MT] IDERunDestination: Supported platforms for the buildables in the current scheme is empty.
{
"default_localization" : "en",
"dependencies" : [
],
"manifest_display_name" : "ProgressHUD",
"name" : "ProgressHUD",
"path" : "/Users/admin/builder/spi-builder-workspace",
"platforms" : [
{
"name" : "ios",
"version" : "17.0"
}
],
"products" : [
{
"name" : "ProgressHUD",
"targets" : [
"ProgressHUD"
],
"type" : {
"library" : [
"automatic"
]
}
}
],
"targets" : [
{
"c99name" : "ProgressHUD",
"module_type" : "SwiftTarget",
"name" : "ProgressHUD",
"path" : "SwiftUI/Sources",
"product_memberships" : [
"ProgressHUD"
],
"resources" : [
{
"path" : "/Users/admin/builder/spi-builder-workspace/SwiftUI/Sources/PrivacyInfo.xcprivacy",
"rule" : {
"process" : {
}
}
}
],
"sources" : [
"Animations/ActivityIndicatorView.swift",
"Animations/BallVerticalBounceView.swift",
"Animations/BarSweepToggleView.swift",
"Animations/CircleArcDotSpinView.swift",
"Animations/CircleBarSpinFadeView.swift",
"Animations/CircleDotSpinFadeView.swift",
"Animations/CirclePulseMultipleView.swift",
"Animations/CirclePulseSingleView.swift",
"Animations/CircleRippleMultipleView.swift",
"Animations/CircleRippleSingleView.swift",
"Animations/CircleRotateChaseView.swift",
"Animations/CircleStrokeSpinView.swift",
"Animations/DualDotSidestepView.swift",
"Animations/HorizontalBarScalingView.swift",
"Animations/HorizontalDotScalingView.swift",
"Animations/PacmanProgressView.swift",
"Animations/QuintupleDotDanceView.swift",
"Animations/SFSymbolBounceView.swift",
"Animations/SemiRingRotationView.swift",
"Animations/SquareCircuitSnakeView.swift",
"Animations/TriangleDotShiftView.swift",
"ProgressHUD+Banner.swift",
"ProgressHUD+Enums.swift",
"ProgressHUD+LiveIcon.swift",
"ProgressHUD+Public.swift",
"ProgressHUD.swift",
"ProgressView.swift"
],
"type" : "library"
}
],
"tools_version" : "5.9"
}
{
"workspace" : {
"name" : "ProgressHUD",
"schemes" : [
"ProgressHUD"
]
}
}
2026-09-28 02:18:12.081 xcodebuild[626:3870] [MT] IDERunDestination: Supported platforms for the buildables in the current scheme is empty.
Running build ...
env DEVELOPER_DIR=/Applications/Xcode-27.0.0-Release.Candidate.app xcrun xcodebuild -IDEClonedSourcePackagesDirPathOverride=$PWD/.dependencies -skipMacroValidation -skipPackagePluginValidation -derivedDataPath $PWD/.derivedData build -scheme ProgressHUD -destination generic/platform=watchOS
Command line invocation:
/Applications/Xcode-27.0.0-Release.Candidate.app/Contents/Developer/usr/bin/xcodebuild -IDEClonedSourcePackagesDirPathOverride=/Users/admin/builder/spi-builder-workspace/.dependencies -skipMacroValidation -skipPackagePluginValidation -derivedDataPath /Users/admin/builder/spi-builder-workspace/.derivedData build -scheme ProgressHUD -destination generic/platform=watchOS
Resolve Package Graph
Resolved source packages:
ProgressHUD: /Users/admin/builder/spi-builder-workspace
ComputePackagePrebuildTargetDependencyGraph
Prepare packages
CreateBuildRequest
SendProjectDescription
CreateBuildOperation
ComputeTargetDependencyGraph
note: Building targets in dependency order
note: Target dependency graph (3 targets)
Target 'ProgressHUD-product' in project 'ProgressHUD'
➜ Explicit dependency on target 'ProgressHUD' in project 'ProgressHUD'
➜ Explicit dependency on target 'ProgressHUD_ProgressHUD' in project 'ProgressHUD'
Target 'ProgressHUD' in project 'ProgressHUD'
➜ Explicit dependency on target 'ProgressHUD_ProgressHUD' in project 'ProgressHUD'
Target 'ProgressHUD_ProgressHUD' in project 'ProgressHUD' (no dependencies)
GatherProvisioningInputs
CreateBuildDescription
ExecuteExternalTool /Applications/Xcode-27.0.0-Release.Candidate.app/Contents/Developer/Toolchains/XcodeDefault.xctoolchain/usr/bin/clang -v -E -dM -isysroot /Applications/Xcode-27.0.0-Release.Candidate.app/Contents/Developer/Platforms/WatchOS.platform/Developer/SDKs/WatchOS27.0.sdk -x c -c /dev/null
ExecuteExternalTool /Applications/Xcode-27.0.0-Release.Candidate.app/Contents/Developer/Toolchains/XcodeDefault.xctoolchain/usr/bin/swiftc --version
ExecuteExternalTool /Applications/Xcode-27.0.0-Release.Candidate.app/Contents/Developer/Toolchains/XcodeDefault.xctoolchain/usr/bin/ld -version_details
Build description signature: 3427b26e4805220e5805aabdfb18d5b8
Build description path: /Users/admin/builder/spi-builder-workspace/.derivedData/Build/Intermediates.noindex/XCBuildData/3427b26e4805220e5805aabdfb18d5b8.xcbuilddata
CreateBuildDirectory /Users/admin/builder/spi-builder-workspace/.derivedData/SDKExplicitPrecompiledModules
cd /Users/admin/builder/spi-builder-workspace/.swiftpm/xcode
builtin-create-build-directory /Users/admin/builder/spi-builder-workspace/.derivedData/SDKExplicitPrecompiledModules
CreateBuildDirectory /Users/admin/builder/spi-builder-workspace/.derivedData/CompilationCache.noindex
cd /Users/admin/builder/spi-builder-workspace/.swiftpm/xcode
builtin-create-build-directory /Users/admin/builder/spi-builder-workspace/.derivedData/CompilationCache.noindex
CreateBuildDirectory /Users/admin/builder/spi-builder-workspace/.derivedData/ModuleCache.noindex
cd /Users/admin/builder/spi-builder-workspace/.swiftpm/xcode
builtin-create-build-directory /Users/admin/builder/spi-builder-workspace/.derivedData/ModuleCache.noindex
ClangStatCache /Applications/Xcode-27.0.0-Release.Candidate.app/Contents/Developer/Toolchains/XcodeDefault.xctoolchain/usr/bin/clang-stat-cache /Applications/Xcode-27.0.0-Release.Candidate.app/Contents/Developer/Platforms/WatchOS.platform/Developer/SDKs/WatchOS27.0.sdk /Users/admin/builder/spi-builder-workspace/.derivedData/SDKStatCaches.noindex/watchos27.0-24R360-e829b21a6f8c9b70876ba0858053c04477534ef55a1706bf4c1112bbb242f0a2.sdkstatcache
cd /Users/admin/builder/spi-builder-workspace/.swiftpm/xcode
/Applications/Xcode-27.0.0-Release.Candidate.app/Contents/Developer/Toolchains/XcodeDefault.xctoolchain/usr/bin/clang-stat-cache /Applications/Xcode-27.0.0-Release.Candidate.app/Contents/Developer/Platforms/WatchOS.platform/Developer/SDKs/WatchOS27.0.sdk -o /Users/admin/builder/spi-builder-workspace/.derivedData/SDKStatCaches.noindex/watchos27.0-24R360-e829b21a6f8c9b70876ba0858053c04477534ef55a1706bf4c1112bbb242f0a2.sdkstatcache
CreateBuildDirectory /Users/admin/builder/spi-builder-workspace/.derivedData/Build/Intermediates.noindex
cd /Users/admin/builder/spi-builder-workspace/.swiftpm/xcode
builtin-create-build-directory /Users/admin/builder/spi-builder-workspace/.derivedData/Build/Intermediates.noindex
CreateBuildDirectory /Users/admin/builder/spi-builder-workspace/.derivedData/Build/Products
cd /Users/admin/builder/spi-builder-workspace/.swiftpm/xcode
builtin-create-build-directory /Users/admin/builder/spi-builder-workspace/.derivedData/Build/Products
CreateBuildDirectory /Users/admin/builder/spi-builder-workspace/.derivedData/Build/Intermediates.noindex/SwiftExplicitPrecompiledModules
cd /Users/admin/builder/spi-builder-workspace/.swiftpm/xcode
builtin-create-build-directory /Users/admin/builder/spi-builder-workspace/.derivedData/Build/Intermediates.noindex/SwiftExplicitPrecompiledModules
CreateBuildDirectory /Users/admin/builder/spi-builder-workspace/.derivedData/Build/Intermediates.noindex/PrecompiledHeaders
cd /Users/admin/builder/spi-builder-workspace/.swiftpm/xcode
builtin-create-build-directory /Users/admin/builder/spi-builder-workspace/.derivedData/Build/Intermediates.noindex/PrecompiledHeaders
CreateBuildDirectory /Users/admin/builder/spi-builder-workspace/.derivedData/Build/Intermediates.noindex/ExplicitPrecompiledModules
cd /Users/admin/builder/spi-builder-workspace/.swiftpm/xcode
builtin-create-build-directory /Users/admin/builder/spi-builder-workspace/.derivedData/Build/Intermediates.noindex/ExplicitPrecompiledModules
CreateBuildDirectory /Users/admin/builder/spi-builder-workspace/.derivedData/Build/Intermediates.noindex/EagerLinkingTBDs/Debug-watchos
cd /Users/admin/builder/spi-builder-workspace/.swiftpm/xcode
builtin-create-build-directory /Users/admin/builder/spi-builder-workspace/.derivedData/Build/Intermediates.noindex/EagerLinkingTBDs/Debug-watchos
CreateBuildDirectory /Users/admin/builder/spi-builder-workspace/.derivedData/Build/Products/Debug-watchos
cd /Users/admin/builder/spi-builder-workspace/.swiftpm/xcode
builtin-create-build-directory /Users/admin/builder/spi-builder-workspace/.derivedData/Build/Products/Debug-watchos
CreateBuildDirectory /Users/admin/builder/spi-builder-workspace/.derivedData/Build/Products/Debug-watchos/PackageFrameworks
cd /Users/admin/builder/spi-builder-workspace/.swiftpm/xcode
builtin-create-build-directory /Users/admin/builder/spi-builder-workspace/.derivedData/Build/Products/Debug-watchos/PackageFrameworks
WriteAuxiliaryFile /Users/admin/builder/spi-builder-workspace/.derivedData/Build/Intermediates.noindex/ProgressHUD.build/Debug-watchos/ProgressHUD-t.build/ProgressHUD.DependencyStaticMetadataFileList (in target 'ProgressHUD' from project 'ProgressHUD')
cd /Users/admin/builder/spi-builder-workspace
write-file /Users/admin/builder/spi-builder-workspace/.derivedData/Build/Intermediates.noindex/ProgressHUD.build/Debug-watchos/ProgressHUD-t.build/ProgressHUD.DependencyStaticMetadataFileList
WriteAuxiliaryFile /Users/admin/builder/spi-builder-workspace/.derivedData/Build/Intermediates.noindex/ProgressHUD.build/Debug-watchos/ProgressHUD-t.build/ProgressHUD.modulemap (in target 'ProgressHUD' from project 'ProgressHUD')
cd /Users/admin/builder/spi-builder-workspace
write-file /Users/admin/builder/spi-builder-workspace/.derivedData/Build/Intermediates.noindex/ProgressHUD.build/Debug-watchos/ProgressHUD-t.build/ProgressHUD.modulemap
WriteAuxiliaryFile /Users/admin/builder/spi-builder-workspace/.derivedData/Build/Intermediates.noindex/ProgressHUD.build/Debug-watchos/ProgressHUD_ProgressHUD-b.build/empty-ProgressHUD_ProgressHUD.plist (in target 'ProgressHUD_ProgressHUD' from project 'ProgressHUD')
cd /Users/admin/builder/spi-builder-workspace
write-file /Users/admin/builder/spi-builder-workspace/.derivedData/Build/Intermediates.noindex/ProgressHUD.build/Debug-watchos/ProgressHUD_ProgressHUD-b.build/empty-ProgressHUD_ProgressHUD.plist
WriteAuxiliaryFile /Users/admin/builder/spi-builder-workspace/.derivedData/Build/Intermediates.noindex/ProgressHUD.build/Debug-watchos/ProgressHUD-t.build/ProgressHUD.DependencyMetadataFileList (in target 'ProgressHUD' from project 'ProgressHUD')
cd /Users/admin/builder/spi-builder-workspace
write-file /Users/admin/builder/spi-builder-workspace/.derivedData/Build/Intermediates.noindex/ProgressHUD.build/Debug-watchos/ProgressHUD-t.build/ProgressHUD.DependencyMetadataFileList
WriteAuxiliaryFile /Users/admin/builder/spi-builder-workspace/.derivedData/Build/Intermediates.noindex/ProgressHUD.build/Debug-watchos/ProgressHUD-t.build/Objects-normal/arm64_32/ProgressHUD.LinkFileList (in target 'ProgressHUD' from project 'ProgressHUD')
cd /Users/admin/builder/spi-builder-workspace
write-file /Users/admin/builder/spi-builder-workspace/.derivedData/Build/Intermediates.noindex/ProgressHUD.build/Debug-watchos/ProgressHUD-t.build/Objects-normal/arm64_32/ProgressHUD.LinkFileList
WriteAuxiliaryFile /Users/admin/builder/spi-builder-workspace/.derivedData/Build/Intermediates.noindex/ProgressHUD.build/Debug-watchos/ProgressHUD-t.build/Objects-normal/arm64_32/ProgressHUD.SwiftConstValuesFileList (in target 'ProgressHUD' from project 'ProgressHUD')
cd /Users/admin/builder/spi-builder-workspace
write-file /Users/admin/builder/spi-builder-workspace/.derivedData/Build/Intermediates.noindex/ProgressHUD.build/Debug-watchos/ProgressHUD-t.build/Objects-normal/arm64_32/ProgressHUD.SwiftConstValuesFileList
WriteAuxiliaryFile /Users/admin/builder/spi-builder-workspace/.derivedData/Build/Intermediates.noindex/ProgressHUD.build/Debug-watchos/ProgressHUD-t.build/Objects-normal/arm64_32/ProgressHUD_const_extract_protocols.json (in target 'ProgressHUD' from project 'ProgressHUD')
cd /Users/admin/builder/spi-builder-workspace
write-file /Users/admin/builder/spi-builder-workspace/.derivedData/Build/Intermediates.noindex/ProgressHUD.build/Debug-watchos/ProgressHUD-t.build/Objects-normal/arm64_32/ProgressHUD_const_extract_protocols.json
WriteAuxiliaryFile /Users/admin/builder/spi-builder-workspace/.derivedData/Build/Intermediates.noindex/ProgressHUD.build/Debug-watchos/ProgressHUD-t.build/Objects-normal/arm64_32/ProgressHUD.SwiftFileList (in target 'ProgressHUD' from project 'ProgressHUD')
cd /Users/admin/builder/spi-builder-workspace
write-file /Users/admin/builder/spi-builder-workspace/.derivedData/Build/Intermediates.noindex/ProgressHUD.build/Debug-watchos/ProgressHUD-t.build/Objects-normal/arm64_32/ProgressHUD.SwiftFileList
WriteAuxiliaryFile /Users/admin/builder/spi-builder-workspace/.derivedData/Build/Intermediates.noindex/ProgressHUD.build/Debug-watchos/ProgressHUD_ProgressHUD-b.build/ProgressHUD_ProgressHUD.DependencyStaticMetadataFileList (in target 'ProgressHUD_ProgressHUD' from project 'ProgressHUD')
cd /Users/admin/builder/spi-builder-workspace
write-file /Users/admin/builder/spi-builder-workspace/.derivedData/Build/Intermediates.noindex/ProgressHUD.build/Debug-watchos/ProgressHUD_ProgressHUD-b.build/ProgressHUD_ProgressHUD.DependencyStaticMetadataFileList
WriteAuxiliaryFile /Users/admin/builder/spi-builder-workspace/.derivedData/Build/Intermediates.noindex/ProgressHUD.build/Debug-watchos/ProgressHUD-t.build/Objects-normal/arm64_32/ProgressHUD-OutputFileMap.json (in target 'ProgressHUD' from project 'ProgressHUD')
cd /Users/admin/builder/spi-builder-workspace
write-file /Users/admin/builder/spi-builder-workspace/.derivedData/Build/Intermediates.noindex/ProgressHUD.build/Debug-watchos/ProgressHUD-t.build/Objects-normal/arm64_32/ProgressHUD-OutputFileMap.json
WriteAuxiliaryFile /Users/admin/builder/spi-builder-workspace/.derivedData/Build/Intermediates.noindex/ProgressHUD.build/Debug-watchos/ProgressHUD_ProgressHUD-b.build/ProgressHUD_ProgressHUD.DependencyMetadataFileList (in target 'ProgressHUD_ProgressHUD' from project 'ProgressHUD')
cd /Users/admin/builder/spi-builder-workspace
write-file /Users/admin/builder/spi-builder-workspace/.derivedData/Build/Intermediates.noindex/ProgressHUD.build/Debug-watchos/ProgressHUD_ProgressHUD-b.build/ProgressHUD_ProgressHUD.DependencyMetadataFileList
WriteAuxiliaryFile /Users/admin/builder/spi-builder-workspace/.derivedData/Build/Intermediates.noindex/ProgressHUD.build/Debug-watchos/ProgressHUD-t.build/Objects-normal/arm64/ProgressHUD.SwiftFileList (in target 'ProgressHUD' from project 'ProgressHUD')
cd /Users/admin/builder/spi-builder-workspace
write-file /Users/admin/builder/spi-builder-workspace/.derivedData/Build/Intermediates.noindex/ProgressHUD.build/Debug-watchos/ProgressHUD-t.build/Objects-normal/arm64/ProgressHUD.SwiftFileList
WriteAuxiliaryFile /Users/admin/builder/spi-builder-workspace/.derivedData/Build/Intermediates.noindex/ProgressHUD.build/Debug-watchos/ProgressHUD-t.build/Objects-normal/arm64/ProgressHUD_const_extract_protocols.json (in target 'ProgressHUD' from project 'ProgressHUD')
cd /Users/admin/builder/spi-builder-workspace
write-file /Users/admin/builder/spi-builder-workspace/.derivedData/Build/Intermediates.noindex/ProgressHUD.build/Debug-watchos/ProgressHUD-t.build/Objects-normal/arm64/ProgressHUD_const_extract_protocols.json
WriteAuxiliaryFile /Users/admin/builder/spi-builder-workspace/.derivedData/Build/Intermediates.noindex/ProgressHUD.build/Debug-watchos/ProgressHUD-t.build/Objects-normal/arm64/ProgressHUD.SwiftConstValuesFileList (in target 'ProgressHUD' from project 'ProgressHUD')
cd /Users/admin/builder/spi-builder-workspace
write-file /Users/admin/builder/spi-builder-workspace/.derivedData/Build/Intermediates.noindex/ProgressHUD.build/Debug-watchos/ProgressHUD-t.build/Objects-normal/arm64/ProgressHUD.SwiftConstValuesFileList
WriteAuxiliaryFile /Users/admin/builder/spi-builder-workspace/.derivedData/Build/Intermediates.noindex/ProgressHUD.build/Debug-watchos/ProgressHUD-t.build/Objects-normal/arm64/ProgressHUD-OutputFileMap.json (in target 'ProgressHUD' from project 'ProgressHUD')
cd /Users/admin/builder/spi-builder-workspace
write-file /Users/admin/builder/spi-builder-workspace/.derivedData/Build/Intermediates.noindex/ProgressHUD.build/Debug-watchos/ProgressHUD-t.build/Objects-normal/arm64/ProgressHUD-OutputFileMap.json
WriteAuxiliaryFile /Users/admin/builder/spi-builder-workspace/.derivedData/Build/Intermediates.noindex/ProgressHUD.build/Debug-watchos/ProgressHUD-t.build/Objects-normal/arm64/ProgressHUD.LinkFileList (in target 'ProgressHUD' from project 'ProgressHUD')
cd /Users/admin/builder/spi-builder-workspace
write-file /Users/admin/builder/spi-builder-workspace/.derivedData/Build/Intermediates.noindex/ProgressHUD.build/Debug-watchos/ProgressHUD-t.build/Objects-normal/arm64/ProgressHUD.LinkFileList
WriteAuxiliaryFile /Users/admin/builder/spi-builder-workspace/.derivedData/Build/Intermediates.noindex/ProgressHUD.build/Debug-watchos/ProgressHUD-t.build/DerivedSources/resource_bundle_accessor.swift (in target 'ProgressHUD' from project 'ProgressHUD')
cd /Users/admin/builder/spi-builder-workspace
write-file /Users/admin/builder/spi-builder-workspace/.derivedData/Build/Intermediates.noindex/ProgressHUD.build/Debug-watchos/ProgressHUD-t.build/DerivedSources/resource_bundle_accessor.swift
Copy /Users/admin/builder/spi-builder-workspace/.derivedData/Build/Intermediates.noindex/GeneratedModuleMaps-watchos/ProgressHUD.modulemap /Users/admin/builder/spi-builder-workspace/.derivedData/Build/Intermediates.noindex/ProgressHUD.build/Debug-watchos/ProgressHUD-t.build/ProgressHUD.modulemap (in target 'ProgressHUD' from project 'ProgressHUD')
cd /Users/admin/builder/spi-builder-workspace
builtin-copy -exclude .DS_Store -exclude CVS -exclude .svn -exclude .git -exclude .hg -resolve-src-symlinks /Users/admin/builder/spi-builder-workspace/.derivedData/Build/Intermediates.noindex/ProgressHUD.build/Debug-watchos/ProgressHUD-t.build/ProgressHUD.modulemap /Users/admin/builder/spi-builder-workspace/.derivedData/Build/Intermediates.noindex/GeneratedModuleMaps-watchos
MkDir /Users/admin/builder/spi-builder-workspace/.derivedData/Build/Products/Debug-watchos/ProgressHUD_ProgressHUD.bundle (in target 'ProgressHUD_ProgressHUD' from project 'ProgressHUD')
cd /Users/admin/builder/spi-builder-workspace
/bin/mkdir -p /Users/admin/builder/spi-builder-workspace/.derivedData/Build/Products/Debug-watchos/ProgressHUD_ProgressHUD.bundle
ProcessInfoPlistFile /Users/admin/builder/spi-builder-workspace/.derivedData/Build/Products/Debug-watchos/ProgressHUD_ProgressHUD.bundle/Info.plist /Users/admin/builder/spi-builder-workspace/.derivedData/Build/Intermediates.noindex/ProgressHUD.build/Debug-watchos/ProgressHUD_ProgressHUD-b.build/empty-ProgressHUD_ProgressHUD.plist (in target 'ProgressHUD_ProgressHUD' from project 'ProgressHUD')
cd /Users/admin/builder/spi-builder-workspace
builtin-infoPlistUtility /Users/admin/builder/spi-builder-workspace/.derivedData/Build/Intermediates.noindex/ProgressHUD.build/Debug-watchos/ProgressHUD_ProgressHUD-b.build/empty-ProgressHUD_ProgressHUD.plist -producttype com.apple.product-type.bundle -expandbuildsettings -format binary -platform watchos -o /Users/admin/builder/spi-builder-workspace/.derivedData/Build/Products/Debug-watchos/ProgressHUD_ProgressHUD.bundle/Info.plist
CpResource /Users/admin/builder/spi-builder-workspace/.derivedData/Build/Products/Debug-watchos/ProgressHUD_ProgressHUD.bundle/PrivacyInfo.xcprivacy /Users/admin/builder/spi-builder-workspace/SwiftUI/Sources/PrivacyInfo.xcprivacy (in target 'ProgressHUD_ProgressHUD' from project 'ProgressHUD')
cd /Users/admin/builder/spi-builder-workspace
builtin-copy -exclude .DS_Store -exclude CVS -exclude .svn -exclude .git -exclude .hg -resolve-src-symlinks /Users/admin/builder/spi-builder-workspace/SwiftUI/Sources/PrivacyInfo.xcprivacy /Users/admin/builder/spi-builder-workspace/.derivedData/Build/Products/Debug-watchos/ProgressHUD_ProgressHUD.bundle
RegisterExecutionPolicyException /Users/admin/builder/spi-builder-workspace/.derivedData/Build/Products/Debug-watchos/ProgressHUD_ProgressHUD.bundle (in target 'ProgressHUD_ProgressHUD' from project 'ProgressHUD')
cd /Users/admin/builder/spi-builder-workspace
builtin-RegisterExecutionPolicyException /Users/admin/builder/spi-builder-workspace/.derivedData/Build/Products/Debug-watchos/ProgressHUD_ProgressHUD.bundle
Touch /Users/admin/builder/spi-builder-workspace/.derivedData/Build/Products/Debug-watchos/ProgressHUD_ProgressHUD.bundle (in target 'ProgressHUD_ProgressHUD' from project 'ProgressHUD')
cd /Users/admin/builder/spi-builder-workspace
/usr/bin/touch -c /Users/admin/builder/spi-builder-workspace/.derivedData/Build/Products/Debug-watchos/ProgressHUD_ProgressHUD.bundle
SwiftDriver ProgressHUD normal arm64_32 com.apple.xcode.tools.swift.compiler (in target 'ProgressHUD' from project 'ProgressHUD')
cd /Users/admin/builder/spi-builder-workspace/.swiftpm/xcode
builtin-SwiftDriver -- /Applications/Xcode-27.0.0-Release.Candidate.app/Contents/Developer/Toolchains/XcodeDefault.xctoolchain/usr/bin/swiftc -parse-as-library -module-name ProgressHUD -Onone @/Users/admin/builder/spi-builder-workspace/.derivedData/Build/Intermediates.noindex/ProgressHUD.build/Debug-watchos/ProgressHUD-t.build/Objects-normal/arm64_32/ProgressHUD.SwiftFileList -DSWIFT_PACKAGE -DDEBUG -DSWIFT_MODULE_RESOURCE_BUNDLE_AVAILABLE -DXcode -plugin-path /Applications/Xcode-27.0.0-Release.Candidate.app/Contents/Developer/Toolchains/XcodeDefault.xctoolchain/usr/lib/swift/host/plugins/testing -enable-experimental-feature DebugDescriptionMacro -sdk /Applications/Xcode-27.0.0-Release.Candidate.app/Contents/Developer/Platforms/WatchOS.platform/Developer/SDKs/WatchOS27.0.sdk -target arm64_32-apple-watchos10.0 -g -module-cache-path /Users/admin/builder/spi-builder-workspace/.derivedData/ModuleCache.noindex -Xfrontend -serialize-debugging-options -enable-testing -index-store-path /Users/admin/builder/spi-builder-workspace/.derivedData/Index.noindex/DataStore -Xcc -D_LIBCPP_HARDENING_MODE\=_LIBCPP_HARDENING_MODE_DEBUG -swift-version 5 -I /Users/admin/builder/spi-builder-workspace/.derivedData/Build/Products/Debug-watchos -Isystem /Applications/Xcode-27.0.0-Release.Candidate.app/Contents/Developer/Platforms/WatchOS.platform/Developer/usr/lib -F /Users/admin/builder/spi-builder-workspace/.derivedData/Build/Products/Debug-watchos -F /Applications/Xcode-27.0.0-Release.Candidate.app/Contents/Developer/Platforms/WatchOS.platform/Developer/Library/Frameworks -F /Applications/Xcode-27.0.0-Release.Candidate.app/Contents/Developer/Platforms/WatchOS.platform/Developer/SDKs/WatchOS27.0.sdk/Developer/Library/Frameworks -emit-localized-strings -emit-localized-strings-path /Users/admin/builder/spi-builder-workspace/.derivedData/Build/Intermediates.noindex/ProgressHUD.build/Debug-watchos/ProgressHUD-t.build/Objects-normal/arm64_32 -c -j10 -enable-batch-mode -incremental -Xcc -ivfsstatcache -Xcc /Users/admin/builder/spi-builder-workspace/.derivedData/SDKStatCaches.noindex/watchos27.0-24R360-e829b21a6f8c9b70876ba0858053c04477534ef55a1706bf4c1112bbb242f0a2.sdkstatcache -output-file-map /Users/admin/builder/spi-builder-workspace/.derivedData/Build/Intermediates.noindex/ProgressHUD.build/Debug-watchos/ProgressHUD-t.build/Objects-normal/arm64_32/ProgressHUD-OutputFileMap.json -save-temps -no-color-diagnostics -explicit-module-build -module-cache-path /Users/admin/builder/spi-builder-workspace/.derivedData/Build/Intermediates.noindex/SwiftExplicitPrecompiledModules -clang-scanner-module-cache-path /Users/admin/builder/spi-builder-workspace/.derivedData/ModuleCache.noindex -sdk-module-cache-path /Users/admin/builder/spi-builder-workspace/.derivedData/SDKExplicitPrecompiledModules -emit-dependencies -emit-module -emit-module-path /Users/admin/builder/spi-builder-workspace/.derivedData/Build/Intermediates.noindex/ProgressHUD.build/Debug-watchos/ProgressHUD-t.build/Objects-normal/arm64_32/ProgressHUD.swiftmodule -serialize-diagnostics -dependency-scan-serialize-diagnostics-path /Users/admin/builder/spi-builder-workspace/.derivedData/Build/Intermediates.noindex/ProgressHUD.build/Debug-watchos/ProgressHUD-t.build/Objects-normal/arm64_32/ProgressHUD-dependency-scan.dia -validate-clang-modules-once -clang-build-session-file /Users/admin/builder/spi-builder-workspace/.derivedData/ModuleCache.noindex/Session.modulevalidation -Xcc -fmodules-prune-interval\=86400 -Xcc -fmodules-prune-after\=345600 -package-name spi_builder_workspace -emit-const-values -const-gather-protocols-list /Users/admin/builder/spi-builder-workspace/.derivedData/Build/Intermediates.noindex/ProgressHUD.build/Debug-watchos/ProgressHUD-t.build/Objects-normal/arm64_32/ProgressHUD_const_extract_protocols.json -Xcc -I/Users/admin/builder/spi-builder-workspace/.derivedData/Build/Products/Debug-watchos/include -Xcc -I/Users/admin/builder/spi-builder-workspace/.derivedData/Build/Intermediates.noindex/ProgressHUD.build/Debug-watchos/ProgressHUD-t.build/DerivedSources-normal/arm64_32 -Xcc -I/Users/admin/builder/spi-builder-workspace/.derivedData/Build/Intermediates.noindex/ProgressHUD.build/Debug-watchos/ProgressHUD-t.build/DerivedSources/arm64_32 -Xcc -I/Users/admin/builder/spi-builder-workspace/.derivedData/Build/Intermediates.noindex/ProgressHUD.build/Debug-watchos/ProgressHUD-t.build/DerivedSources -Xcc -DSWIFT_PACKAGE -Xcc -DDEBUG\=1 -emit-objc-header -emit-objc-header-path /Users/admin/builder/spi-builder-workspace/.derivedData/Build/Intermediates.noindex/ProgressHUD.build/Debug-watchos/ProgressHUD-t.build/Objects-normal/arm64_32/ProgressHUD-Swift.h -working-directory /Users/admin/builder/spi-builder-workspace/.swiftpm/xcode -experimental-emit-module-separately -disable-cmo
SwiftDriver ProgressHUD normal arm64 com.apple.xcode.tools.swift.compiler (in target 'ProgressHUD' from project 'ProgressHUD')
cd /Users/admin/builder/spi-builder-workspace/.swiftpm/xcode
builtin-SwiftDriver -- /Applications/Xcode-27.0.0-Release.Candidate.app/Contents/Developer/Toolchains/XcodeDefault.xctoolchain/usr/bin/swiftc -parse-as-library -module-name ProgressHUD -Onone @/Users/admin/builder/spi-builder-workspace/.derivedData/Build/Intermediates.noindex/ProgressHUD.build/Debug-watchos/ProgressHUD-t.build/Objects-normal/arm64/ProgressHUD.SwiftFileList -DSWIFT_PACKAGE -DDEBUG -DSWIFT_MODULE_RESOURCE_BUNDLE_AVAILABLE -DXcode -plugin-path /Applications/Xcode-27.0.0-Release.Candidate.app/Contents/Developer/Toolchains/XcodeDefault.xctoolchain/usr/lib/swift/host/plugins/testing -enable-experimental-feature DebugDescriptionMacro -sdk /Applications/Xcode-27.0.0-Release.Candidate.app/Contents/Developer/Platforms/WatchOS.platform/Developer/SDKs/WatchOS27.0.sdk -target arm64-apple-watchos10.0 -g -module-cache-path /Users/admin/builder/spi-builder-workspace/.derivedData/ModuleCache.noindex -Xfrontend -serialize-debugging-options -enable-testing -index-store-path /Users/admin/builder/spi-builder-workspace/.derivedData/Index.noindex/DataStore -Xcc -D_LIBCPP_HARDENING_MODE\=_LIBCPP_HARDENING_MODE_DEBUG -swift-version 5 -I /Users/admin/builder/spi-builder-workspace/.derivedData/Build/Products/Debug-watchos -Isystem /Applications/Xcode-27.0.0-Release.Candidate.app/Contents/Developer/Platforms/WatchOS.platform/Developer/usr/lib -F /Users/admin/builder/spi-builder-workspace/.derivedData/Build/Products/Debug-watchos -F /Applications/Xcode-27.0.0-Release.Candidate.app/Contents/Developer/Platforms/WatchOS.platform/Developer/Library/Frameworks -F /Applications/Xcode-27.0.0-Release.Candidate.app/Contents/Developer/Platforms/WatchOS.platform/Developer/SDKs/WatchOS27.0.sdk/Developer/Library/Frameworks -emit-localized-strings -emit-localized-strings-path /Users/admin/builder/spi-builder-workspace/.derivedData/Build/Intermediates.noindex/ProgressHUD.build/Debug-watchos/ProgressHUD-t.build/Objects-normal/arm64 -c -j10 -enable-batch-mode -incremental -Xcc -ivfsstatcache -Xcc /Users/admin/builder/spi-builder-workspace/.derivedData/SDKStatCaches.noindex/watchos27.0-24R360-e829b21a6f8c9b70876ba0858053c04477534ef55a1706bf4c1112bbb242f0a2.sdkstatcache -output-file-map /Users/admin/builder/spi-builder-workspace/.derivedData/Build/Intermediates.noindex/ProgressHUD.build/Debug-watchos/ProgressHUD-t.build/Objects-normal/arm64/ProgressHUD-OutputFileMap.json -save-temps -no-color-diagnostics -explicit-module-build -module-cache-path /Users/admin/builder/spi-builder-workspace/.derivedData/Build/Intermediates.noindex/SwiftExplicitPrecompiledModules -clang-scanner-module-cache-path /Users/admin/builder/spi-builder-workspace/.derivedData/ModuleCache.noindex -sdk-module-cache-path /Users/admin/builder/spi-builder-workspace/.derivedData/SDKExplicitPrecompiledModules -emit-dependencies -emit-module -emit-module-path /Users/admin/builder/spi-builder-workspace/.derivedData/Build/Intermediates.noindex/ProgressHUD.build/Debug-watchos/ProgressHUD-t.build/Objects-normal/arm64/ProgressHUD.swiftmodule -serialize-diagnostics -dependency-scan-serialize-diagnostics-path /Users/admin/builder/spi-builder-workspace/.derivedData/Build/Intermediates.noindex/ProgressHUD.build/Debug-watchos/ProgressHUD-t.build/Objects-normal/arm64/ProgressHUD-dependency-scan.dia -validate-clang-modules-once -clang-build-session-file /Users/admin/builder/spi-builder-workspace/.derivedData/ModuleCache.noindex/Session.modulevalidation -Xcc -fmodules-prune-interval\=86400 -Xcc -fmodules-prune-after\=345600 -package-name spi_builder_workspace -emit-const-values -const-gather-protocols-list /Users/admin/builder/spi-builder-workspace/.derivedData/Build/Intermediates.noindex/ProgressHUD.build/Debug-watchos/ProgressHUD-t.build/Objects-normal/arm64/ProgressHUD_const_extract_protocols.json -Xcc -I/Users/admin/builder/spi-builder-workspace/.derivedData/Build/Products/Debug-watchos/include -Xcc -I/Users/admin/builder/spi-builder-workspace/.derivedData/Build/Intermediates.noindex/ProgressHUD.build/Debug-watchos/ProgressHUD-t.build/DerivedSources-normal/arm64 -Xcc -I/Users/admin/builder/spi-builder-workspace/.derivedData/Build/Intermediates.noindex/ProgressHUD.build/Debug-watchos/ProgressHUD-t.build/DerivedSources/arm64 -Xcc -I/Users/admin/builder/spi-builder-workspace/.derivedData/Build/Intermediates.noindex/ProgressHUD.build/Debug-watchos/ProgressHUD-t.build/DerivedSources -Xcc -DSWIFT_PACKAGE -Xcc -DDEBUG\=1 -emit-objc-header -emit-objc-header-path /Users/admin/builder/spi-builder-workspace/.derivedData/Build/Intermediates.noindex/ProgressHUD.build/Debug-watchos/ProgressHUD-t.build/Objects-normal/arm64/ProgressHUD-Swift.h -working-directory /Users/admin/builder/spi-builder-workspace/.swiftpm/xcode -experimental-emit-module-separately -disable-cmo
SwiftExplicitDependencyGeneratePcm arm64_32 /Users/admin/builder/spi-builder-workspace/.derivedData/SDKExplicitPrecompiledModules/_Builtin_stdbool-A967K8W8YUYEC9SN52KJ7OO88.pcm
SwiftExplicitDependencyGeneratePcm arm64_32 /Users/admin/builder/spi-builder-workspace/.derivedData/SDKExplicitPrecompiledModules/_Builtin_stdarg-D305JG44A2WPI6CJY37X3QJE8.pcm
SwiftExplicitDependencyGeneratePcm arm64_32 /Users/admin/builder/spi-builder-workspace/.derivedData/SDKExplicitPrecompiledModules/_Builtin_float-6KO8O3PEWRCA4WC6PPLOYO6WJ.pcm
SwiftExplicitDependencyGeneratePcm arm64_32 /Users/admin/builder/spi-builder-workspace/.derivedData/SDKExplicitPrecompiledModules/SwiftShims-9CQQGWTSNTN9EB5NSHDWUJICH.pcm
SwiftExplicitDependencyGeneratePcm arm64_32 /Users/admin/builder/spi-builder-workspace/.derivedData/SDKExplicitPrecompiledModules/_SwiftConcurrencyShims-6RTBPQ03V7BM9SPRK8SUE055H.pcm
SwiftExplicitDependencyGeneratePcm arm64_32 /Users/admin/builder/spi-builder-workspace/.derivedData/SDKExplicitPrecompiledModules/ptrcheck-7ELIH9BTIGVKX3UBITM9N72WD.pcm
SwiftExplicitDependencyGeneratePcm arm64_32 /Users/admin/builder/spi-builder-workspace/.derivedData/SDKExplicitPrecompiledModules/_AvailabilityInternal-244WAN3Z1QBT7PIA64EZEFY1R.pcm
SwiftExplicitDependencyGeneratePcm arm64_32 /Users/admin/builder/spi-builder-workspace/.derivedData/SDKExplicitPrecompiledModules/_Builtin_stddef-H44EFHQX6XSS5MZ7QP6YJZ76.pcm
SwiftExplicitDependencyGeneratePcm arm64 /Users/admin/builder/spi-builder-workspace/.derivedData/SDKExplicitPrecompiledModules/DeveloperToolsSupport-E7CNISCB36UE8XQ9IOHK9XDX1.pcm
SwiftExplicitDependencyGeneratePcm arm64 /Users/admin/builder/spi-builder-workspace/.derivedData/SDKExplicitPrecompiledModules/_SwiftConcurrencyShims-659N52XSKR5F0QSB880BH2FJR.pcm
SwiftExplicitDependencyGeneratePcm arm64 /Users/admin/builder/spi-builder-workspace/.derivedData/SDKExplicitPrecompiledModules/ptrauth-3TZ9WJCGLYD25HQPWH4968ONX.pcm
SwiftExplicitDependencyGeneratePcm arm64 /Users/admin/builder/spi-builder-workspace/.derivedData/SDKExplicitPrecompiledModules/ptrcheck-AIF0NDOYZ8ORBNHQAQR5NNB8M.pcm
SwiftExplicitDependencyGeneratePcm arm64 /Users/admin/builder/spi-builder-workspace/.derivedData/SDKExplicitPrecompiledModules/_AvailabilityInternal-BUNV3UXM65NT37THI4W1AM0SF.pcm
SwiftExplicitDependencyGeneratePcm arm64 /Users/admin/builder/spi-builder-workspace/.derivedData/SDKExplicitPrecompiledModules/_Builtin_float-C0CW5Q4HGBQYKE77TC42IAFB5.pcm
SwiftExplicitDependencyGeneratePcm arm64_32 /Users/admin/builder/spi-builder-workspace/.derivedData/SDKExplicitPrecompiledModules/ptrauth-BFXF358ME5AK535N5A9Z766WU.pcm
SwiftExplicitDependencyGeneratePcm arm64 /Users/admin/builder/spi-builder-workspace/.derivedData/SDKExplicitPrecompiledModules/_Builtin_stdbool-83J96QSOFE9VX04AAS6310UAE.pcm
SwiftExplicitDependencyGeneratePcm arm64 /Users/admin/builder/spi-builder-workspace/.derivedData/SDKExplicitPrecompiledModules/_Builtin_stdarg-A7UU8LE6MP85SM26YO7PBZNUQ.pcm
SwiftExplicitDependencyGeneratePcm arm64_32 /Users/admin/builder/spi-builder-workspace/.derivedData/SDKExplicitPrecompiledModules/DeveloperToolsSupport-DZU5G1OCMNWU0AQRULIFHUJ1Z.pcm
SwiftExplicitDependencyGeneratePcm arm64 /Users/admin/builder/spi-builder-workspace/.derivedData/SDKExplicitPrecompiledModules/SwiftShims-4MXFZPV6FEB0XBYXCGPWAMQGL.pcm
SwiftExplicitDependencyGeneratePcm arm64 /Users/admin/builder/spi-builder-workspace/.derivedData/SDKExplicitPrecompiledModules/_Builtin_stddef-1FU30Y8SWFB7OUUHMJQH5J6FM.pcm
SwiftExplicitDependencyGeneratePcm arm64_32 /Users/admin/builder/spi-builder-workspace/.derivedData/SDKExplicitPrecompiledModules/_DarwinFoundation1-2GWF9RFMPLQW4PDHS3NARVI3G.pcm
SwiftExplicitDependencyGeneratePcm arm64 /Users/admin/builder/spi-builder-workspace/.derivedData/SDKExplicitPrecompiledModules/_DarwinFoundation1-7SPX3MD0HMP55E4OLNCPNDQ53.pcm
SwiftExplicitDependencyGeneratePcm arm64_32 /Users/admin/builder/spi-builder-workspace/.derivedData/SDKExplicitPrecompiledModules/_Builtin_limits-3VKBU2AFTD65PAJZ5CJ3LHFM2.pcm
SwiftExplicitDependencyGeneratePcm arm64_32 /Users/admin/builder/spi-builder-workspace/.derivedData/SDKExplicitPrecompiledModules/_DarwinFoundation2-9MY8GOSYRO0M9MKNXF6D3MBNK.pcm
SwiftExplicitDependencyGeneratePcm arm64 /Users/admin/builder/spi-builder-workspace/.derivedData/SDKExplicitPrecompiledModules/_DarwinFoundation2-D0XAPJU49S5E9XMKYOFGSTB1Q.pcm
SwiftExplicitDependencyGeneratePcm arm64 /Users/admin/builder/spi-builder-workspace/.derivedData/SDKExplicitPrecompiledModules/_Builtin_limits-9GWPA2B0H20DYUNYHYCWKABJG.pcm
SwiftExplicitDependencyGeneratePcm arm64_32 /Users/admin/builder/spi-builder-workspace/.derivedData/SDKExplicitPrecompiledModules/_Builtin_stdint-1HMXWI3V0V4TXHRWZOMZGZ80Y.pcm
SwiftExplicitDependencyGeneratePcm arm64_32 /Users/admin/builder/spi-builder-workspace/.derivedData/SDKExplicitPrecompiledModules/string_h-BFVLUQUSBZWYMLCU9QI7VZALW.pcm
SwiftExplicitDependencyGeneratePcm arm64_32 /Users/admin/builder/spi-builder-workspace/.derivedData/SDKExplicitPrecompiledModules/_Builtin_tgmath-23PGCKURCQILXMK0MYZRYDCOU.pcm
SwiftExplicitDependencyGeneratePcm arm64_32 /Users/admin/builder/spi-builder-workspace/.derivedData/SDKExplicitPrecompiledModules/sys_types-8TLLMW08ZJWDGIIPKOYFGHHZW.pcm
SwiftExplicitDependencyGeneratePcm arm64 /Users/admin/builder/spi-builder-workspace/.derivedData/SDKExplicitPrecompiledModules/string_h-E6PRXK75PHIPCZFWOFCQ3QBMK.pcm
SwiftExplicitDependencyGeneratePcm arm64 /Users/admin/builder/spi-builder-workspace/.derivedData/SDKExplicitPrecompiledModules/sys_types-2KXQLI78OUCDP779AE68GZJ2.pcm
SwiftExplicitDependencyGeneratePcm arm64 /Users/admin/builder/spi-builder-workspace/.derivedData/SDKExplicitPrecompiledModules/_Builtin_stdint-8XMILLJZEGRN2XG7XZUXZ5RLX.pcm
SwiftExplicitDependencyGeneratePcm arm64 /Users/admin/builder/spi-builder-workspace/.derivedData/SDKExplicitPrecompiledModules/_Builtin_tgmath-8NQ96OZ0YHXEC24JI95P01UF8.pcm
SwiftExplicitDependencyGeneratePcm arm64_32 /Users/admin/builder/spi-builder-workspace/.derivedData/SDKExplicitPrecompiledModules/_Builtin_stdatomic-1TY035TURL76BF2U98PZPPZRX.pcm
SwiftExplicitDependencyGeneratePcm arm64_32 /Users/admin/builder/spi-builder-workspace/.derivedData/SDKExplicitPrecompiledModules/_DarwinFoundation3-3DUTYQDQSD9HUAAVY947NMWOI.pcm
SwiftExplicitDependencyGeneratePcm arm64_32 /Users/admin/builder/spi-builder-workspace/.derivedData/SDKExplicitPrecompiledModules/_Builtin_intrinsics-196IIAKDQVU42DLOZP9OQCV76.pcm
SwiftExplicitDependencyGeneratePcm arm64 /Users/admin/builder/spi-builder-workspace/.derivedData/SDKExplicitPrecompiledModules/_Builtin_stdatomic-7JEFA3KBJJJN6TKJWY3OG1VG5.pcm
SwiftExplicitDependencyGeneratePcm arm64 /Users/admin/builder/spi-builder-workspace/.derivedData/SDKExplicitPrecompiledModules/_Builtin_intrinsics-75960HIPCIYA06IUW8FIIPQT.pcm
SwiftExplicitDependencyGeneratePcm arm64 /Users/admin/builder/spi-builder-workspace/.derivedData/SDKExplicitPrecompiledModules/_DarwinFoundation3-B97LRG0E9GON2NUE65TVG81HU.pcm
SwiftExplicitDependencyGeneratePcm arm64_32 /Users/admin/builder/spi-builder-workspace/.derivedData/SDKExplicitPrecompiledModules/_Builtin_inttypes-D2KPCR4PEX9AQA33NGLUT5SBR.pcm
SwiftExplicitDependencyGeneratePcm arm64 /Users/admin/builder/spi-builder-workspace/.derivedData/SDKExplicitPrecompiledModules/_Builtin_inttypes-3UQSCM7WNM9EK4HZML8TY5J3D.pcm
SwiftExplicitDependencyGeneratePcm arm64_32 /Users/admin/builder/spi-builder-workspace/.derivedData/SDKExplicitPrecompiledModules/Darwin-3FVT1SKLN2ZQ5RVOABMTQBB34.pcm
SwiftExplicitDependencyGeneratePcm arm64 /Users/admin/builder/spi-builder-workspace/.derivedData/SDKExplicitPrecompiledModules/Darwin-3984OXKFNSPE77NT743WK8SEX.pcm
SwiftExplicitDependencyGeneratePcm arm64_32 /Users/admin/builder/spi-builder-workspace/.derivedData/SDKExplicitPrecompiledModules/simd-21UNWYOBUZI1LVSQ99S1XBLMO.pcm
SwiftExplicitDependencyGeneratePcm arm64 /Users/admin/builder/spi-builder-workspace/.derivedData/SDKExplicitPrecompiledModules/simd-EH08NODU6574T74ZKU61VP9BW.pcm
SwiftExplicitDependencyGeneratePcm arm64 /Users/admin/builder/spi-builder-workspace/.derivedData/SDKExplicitPrecompiledModules/MachO-2U90NNSAQILBNBPS1SA4F8TYP.pcm
SwiftExplicitDependencyGeneratePcm arm64 /Users/admin/builder/spi-builder-workspace/.derivedData/SDKExplicitPrecompiledModules/ObjectiveC-72IVD3VS2RS8Q28D9PIMY0KQP.pcm
SwiftExplicitDependencyGeneratePcm arm64_32 /Users/admin/builder/spi-builder-workspace/.derivedData/SDKExplicitPrecompiledModules/MachO-56838ZJ0NC1EBAJ0O6O8QMPDX.pcm
SwiftExplicitDependencyGeneratePcm arm64_32 /Users/admin/builder/spi-builder-workspace/.derivedData/SDKExplicitPrecompiledModules/ObjectiveC-6IJNELR2E80E7LUKESVCP2KET.pcm
SwiftExplicitDependencyGeneratePcm arm64 /Users/admin/builder/spi-builder-workspace/.derivedData/SDKExplicitPrecompiledModules/os_object-3SDKD7F87FTZ26OON37DRYT6O.pcm
SwiftExplicitDependencyGeneratePcm arm64_32 /Users/admin/builder/spi-builder-workspace/.derivedData/SDKExplicitPrecompiledModules/os_object-5YWTC6L4756IWSTPGXS5NM0D0.pcm
SwiftExplicitDependencyGeneratePcm arm64 /Users/admin/builder/spi-builder-workspace/.derivedData/SDKExplicitPrecompiledModules/os_workgroup-89GG5G7YC2D0ZTK6AZXXQ20DH.pcm
SwiftExplicitDependencyGeneratePcm arm64_32 /Users/admin/builder/spi-builder-workspace/.derivedData/SDKExplicitPrecompiledModules/os_workgroup-5JHTPDMNBUNHLJI8LPHKQK1JK.pcm
SwiftExplicitDependencyGeneratePcm arm64 /Users/admin/builder/spi-builder-workspace/.derivedData/SDKExplicitPrecompiledModules/Spatial-44FJGYXFAT2AQAW9Z6T7YS02U.pcm
SwiftExplicitDependencyGeneratePcm arm64_32 /Users/admin/builder/spi-builder-workspace/.derivedData/SDKExplicitPrecompiledModules/Spatial-CWVWNML3T0NXVHZDKVLD3X1YZ.pcm
SwiftExplicitDependencyGeneratePcm arm64 /Users/admin/builder/spi-builder-workspace/.derivedData/SDKExplicitPrecompiledModules/Dispatch-1NLJOVAK60XP0DUB05XA59EIM.pcm
SwiftExplicitDependencyGeneratePcm arm64_32 /Users/admin/builder/spi-builder-workspace/.derivedData/SDKExplicitPrecompiledModules/Dispatch-2P62F1T4XV63S4P99TUDTOK2Q.pcm
SwiftExplicitDependencyGeneratePcm arm64_32 /Users/admin/builder/spi-builder-workspace/.derivedData/SDKExplicitPrecompiledModules/CoreFoundation-8E6Y4BA3EXYKUGJ24GT9LGV3N.pcm
SwiftExplicitDependencyGeneratePcm arm64_32 /Users/admin/builder/spi-builder-workspace/.derivedData/SDKExplicitPrecompiledModules/XPC-81Y45QFY96XYYFCW2GT6FY8S4.pcm
SwiftExplicitDependencyGeneratePcm arm64 /Users/admin/builder/spi-builder-workspace/.derivedData/SDKExplicitPrecompiledModules/CoreFoundation-8T2L24YC5NU7WO6WQJWRY7W08.pcm
SwiftExplicitDependencyGeneratePcm arm64 /Users/admin/builder/spi-builder-workspace/.derivedData/SDKExplicitPrecompiledModules/XPC-40DR0X1DHKGCV4J1IOLFS8MOU.pcm
SwiftExplicitDependencyGeneratePcm arm64_32 /Users/admin/builder/spi-builder-workspace/.derivedData/SDKExplicitPrecompiledModules/os-E5IGB442IA6SBB25TTCOLK2OC.pcm
SwiftExplicitDependencyGeneratePcm arm64 /Users/admin/builder/spi-builder-workspace/.derivedData/SDKExplicitPrecompiledModules/os-5DIL6Z9LFIGLMZAHM7X2T5435.pcm
SwiftExplicitDependencyGeneratePcm arm64_32 /Users/admin/builder/spi-builder-workspace/.derivedData/SDKExplicitPrecompiledModules/Security-D7TOWF88VWF67TB9HAFP5UWB1.pcm
SwiftExplicitDependencyGeneratePcm arm64_32 /Users/admin/builder/spi-builder-workspace/.derivedData/SDKExplicitPrecompiledModules/CoreGraphics-9FDXYX6BKBUT6TJ2VF819E7T5.pcm
SwiftExplicitDependencyGeneratePcm arm64_32 /Users/admin/builder/spi-builder-workspace/.derivedData/SDKExplicitPrecompiledModules/CoreAudioTypes-9GVB1DHA32M46R4A9NWSI3I2K.pcm
SwiftExplicitDependencyGeneratePcm arm64 /Users/admin/builder/spi-builder-workspace/.derivedData/SDKExplicitPrecompiledModules/CoreGraphics-DWNZ73GEH98SBJXZ7DEXB420K.pcm
SwiftExplicitDependencyGeneratePcm arm64 /Users/admin/builder/spi-builder-workspace/.derivedData/SDKExplicitPrecompiledModules/CoreAudioTypes-A9MF7N5LT63G21HNFVM6BT14B.pcm
SwiftExplicitDependencyGeneratePcm arm64 /Users/admin/builder/spi-builder-workspace/.derivedData/SDKExplicitPrecompiledModules/Security-6RZ6YBRU8WCUHRFFRVUK5WKMM.pcm
SwiftExplicitDependencyGeneratePcm arm64_32 /Users/admin/builder/spi-builder-workspace/.derivedData/SDKExplicitPrecompiledModules/CoreAudio-5W6MX6OUPWBMUR8VD5LHT1PZF.pcm
SwiftExplicitDependencyGeneratePcm arm64 /Users/admin/builder/spi-builder-workspace/.derivedData/SDKExplicitPrecompiledModules/CoreAudio-1B79RJJTP71GE6UY9WLESAN3C.pcm
SwiftExplicitDependencyGeneratePcm arm64_32 /Users/admin/builder/spi-builder-workspace/.derivedData/SDKExplicitPrecompiledModules/Foundation-BJ2VQGI3OGR34500MEQ1VKHPH.pcm
SwiftExplicitDependencyGeneratePcm arm64 /Users/admin/builder/spi-builder-workspace/.derivedData/SDKExplicitPrecompiledModules/Foundation-DLBKUSGXN8QHAT8W0OARR9S8A.pcm
SwiftExplicitDependencyGeneratePcm arm64 /Users/admin/builder/spi-builder-workspace/.derivedData/SDKExplicitPrecompiledModules/CoreVideo-8MRR5MNWUOAW2DBPGUQ8FKK4.pcm
SwiftExplicitDependencyGeneratePcm arm64 /Users/admin/builder/spi-builder-workspace/.derivedData/SDKExplicitPrecompiledModules/CoreText-970YJN6NIYGK1316L35Z0O8QT.pcm
SwiftExplicitDependencyGeneratePcm arm64_32 /Users/admin/builder/spi-builder-workspace/.derivedData/SDKExplicitPrecompiledModules/CoreVideo-2P8HI0403J99LBDPKNFJ5D4DL.pcm
SwiftExplicitDependencyGeneratePcm arm64_32 /Users/admin/builder/spi-builder-workspace/.derivedData/SDKExplicitPrecompiledModules/CoreText-C9X2REPZN2V5BSU4G80FCETDR.pcm
SwiftExplicitDependencyGeneratePcm arm64 /Users/admin/builder/spi-builder-workspace/.derivedData/SDKExplicitPrecompiledModules/CoreMedia-1AJVCUZNAO74KIKMFVFUUHWDI.pcm
SwiftExplicitDependencyGeneratePcm arm64_32 /Users/admin/builder/spi-builder-workspace/.derivedData/SDKExplicitPrecompiledModules/CoreMedia-AO387T8CHWTTZODD1DGT0UAFA.pcm
SwiftExplicitDependencyGeneratePcm arm64 /Users/admin/builder/spi-builder-workspace/.derivedData/SDKExplicitPrecompiledModules/UIUtilities-IR7RNW23VAUKYI9MLCS9NL9A.pcm
SwiftExplicitDependencyGeneratePcm arm64 /Users/admin/builder/spi-builder-workspace/.derivedData/SDKExplicitPrecompiledModules/UniformTypeIdentifiers-8L08Q8DQJV8C4AW84YVGFGTRN.pcm
SwiftExplicitDependencyGeneratePcm arm64 /Users/admin/builder/spi-builder-workspace/.derivedData/SDKExplicitPrecompiledModules/CoreTransferable-9PPG3SLJ55T4LITIFYX2M0NOZ.pcm
SwiftExplicitDependencyGeneratePcm arm64 /Users/admin/builder/spi-builder-workspace/.derivedData/SDKExplicitPrecompiledModules/SceneKit-5HZKIL7XETTTD8TOHYPN8JKRJ.pcm
SwiftExplicitDependencyGeneratePcm arm64 /Users/admin/builder/spi-builder-workspace/.derivedData/SDKExplicitPrecompiledModules/CoreData-9JFJC4UET8BAO5IPV2JU6W9V8.pcm
SwiftExplicitDependencyGeneratePcm arm64 /Users/admin/builder/spi-builder-workspace/.derivedData/SDKExplicitPrecompiledModules/OSLog-B7VGO357Y3GJG35TST7DKDSI3.pcm
SwiftExplicitDependencyGeneratePcm arm64 /Users/admin/builder/spi-builder-workspace/.derivedData/SDKExplicitPrecompiledModules/UserNotifications-ARAH8MEQ0C2L0FBO39HITJMAO.pcm
SwiftExplicitDependencyGeneratePcm arm64 /Users/admin/builder/spi-builder-workspace/.derivedData/SDKExplicitPrecompiledModules/DataDetection-7BNVI1SZW5ISQL5SX4WL2X7I5.pcm
SwiftExplicitDependencyGeneratePcm arm64 /Users/admin/builder/spi-builder-workspace/.derivedData/SDKExplicitPrecompiledModules/Accessibility-27QMG6ZQ1NKYTNBYFPM1XKNFC.pcm
SwiftExplicitDependencyGeneratePcm arm64 /Users/admin/builder/spi-builder-workspace/.derivedData/SDKExplicitPrecompiledModules/Symbols-3EFABTJ9L5PQDJ7RQCYQWEJMM.pcm
SwiftExplicitDependencyGeneratePcm arm64_32 /Users/admin/builder/spi-builder-workspace/.derivedData/SDKExplicitPrecompiledModules/QuartzCore-6375NPYACK5NYVHPMC1QQ8MC2.pcm
SwiftExplicitDependencyGeneratePcm arm64_32 /Users/admin/builder/spi-builder-workspace/.derivedData/SDKExplicitPrecompiledModules/_LocationEssentials-AQ1OL9QKC3LQLY5CNSRM1HB53.pcm
SwiftExplicitDependencyGeneratePcm arm64_32 /Users/admin/builder/spi-builder-workspace/.derivedData/SDKExplicitPrecompiledModules/DataDetection-U9BF7WHFVA6BZGFXXXP272PS.pcm
SwiftExplicitDependencyGeneratePcm arm64_32 /Users/admin/builder/spi-builder-workspace/.derivedData/SDKExplicitPrecompiledModules/OSLog-D9AVFY0KWO7RVBIQ73CBIJVCN.pcm
SwiftExplicitDependencyGeneratePcm arm64_32 /Users/admin/builder/spi-builder-workspace/.derivedData/SDKExplicitPrecompiledModules/CoreTransferable-5D4IR6X37682FPHJ5CBPTKQV6.pcm
SwiftExplicitDependencyGeneratePcm arm64_32 /Users/admin/builder/spi-builder-workspace/.derivedData/SDKExplicitPrecompiledModules/Symbols-1H97WMG76HU94F5VGJR19PXFY.pcm
SwiftExplicitDependencyGeneratePcm arm64_32 /Users/admin/builder/spi-builder-workspace/.derivedData/SDKExplicitPrecompiledModules/CoreData-7AU1AFQWUH88EAPDKVMLJPKVD.pcm
SwiftExplicitDependencyGeneratePcm arm64_32 /Users/admin/builder/spi-builder-workspace/.derivedData/SDKExplicitPrecompiledModules/UniformTypeIdentifiers-CJZ3NTHPSBH4XWX5EVOG56UZS.pcm
SwiftExplicitDependencyGeneratePcm arm64_32 /Users/admin/builder/spi-builder-workspace/.derivedData/SDKExplicitPrecompiledModules/UserNotifications-6TBN8TEAKO014N1T2QD926XED.pcm
SwiftExplicitDependencyGeneratePcm arm64 /Users/admin/builder/spi-builder-workspace/.derivedData/SDKExplicitPrecompiledModules/QuartzCore-94KFMWNOU7ZLUZNB4T5DLZC9D.pcm
SwiftExplicitDependencyGeneratePcm arm64_32 /Users/admin/builder/spi-builder-workspace/.derivedData/SDKExplicitPrecompiledModules/CoreLocation-8XU5YMYM4P11RQMYCQAG65ITK.pcm
SwiftExplicitDependencyGeneratePcm arm64_32 /Users/admin/builder/spi-builder-workspace/.derivedData/SDKExplicitPrecompiledModules/UIUtilities-9YFVNIMRC5HRVOIARNWHP1E3H.pcm
SwiftExplicitDependencyGeneratePcm arm64_32 /Users/admin/builder/spi-builder-workspace/.derivedData/SDKExplicitPrecompiledModules/Accessibility-F385OMZ5GYBUY5O4QAJB4NRII.pcm
SwiftExplicitDependencyGeneratePcm arm64 /Users/admin/builder/spi-builder-workspace/.derivedData/SDKExplicitPrecompiledModules/_LocationEssentials-5ZZDGDXB6HLQUC72SJW7YJ7MK.pcm
SwiftExplicitDependencyGeneratePcm arm64_32 /Users/admin/builder/spi-builder-workspace/.derivedData/SDKExplicitPrecompiledModules/SceneKit-DKNLHKM5FJBQ79LSNMSSMBUBR.pcm
SwiftExplicitDependencyGeneratePcm arm64_32 /Users/admin/builder/spi-builder-workspace/.derivedData/SDKExplicitPrecompiledModules/SwiftUICore-3Q7WLRD8MR9R3NGIPUBQCP6F6.pcm
SwiftExplicitDependencyGeneratePcm arm64 /Users/admin/builder/spi-builder-workspace/.derivedData/SDKExplicitPrecompiledModules/CoreLocation-ACKJ9K7ABI14F97Y46Y6SRR17.pcm
SwiftExplicitDependencyGeneratePcm arm64_32 /Users/admin/builder/spi-builder-workspace/.derivedData/SDKExplicitPrecompiledModules/CoreMotion-1XGTVTE5PP32UHME8AC63TL6.pcm
SwiftExplicitDependencyGeneratePcm arm64 /Users/admin/builder/spi-builder-workspace/.derivedData/SDKExplicitPrecompiledModules/SwiftUICore-C1DST1IX2Z0PTH5SJJZ1IULRB.pcm
SwiftExplicitDependencyGeneratePcm arm64 /Users/admin/builder/spi-builder-workspace/.derivedData/SDKExplicitPrecompiledModules/CoreMotion-6RD5K48QT1F4L9CATNFD2O7YB.pcm
SwiftExplicitDependencyGeneratePcm arm64_32 /Users/admin/builder/spi-builder-workspace/.derivedData/SDKExplicitPrecompiledModules/UIKit-6PPV7YPZ89CZPHYAP072QH8B6.pcm
SwiftExplicitDependencyGeneratePcm arm64 /Users/admin/builder/spi-builder-workspace/.derivedData/SDKExplicitPrecompiledModules/UIKit-27R3P1YMV4C6JLDT661G3MRIA.pcm
SwiftExplicitDependencyGeneratePcm arm64_32 /Users/admin/builder/spi-builder-workspace/.derivedData/SDKExplicitPrecompiledModules/HomeKit-DUDZOMSN3UK8GNTNBNMPIWJRN.pcm
SwiftExplicitDependencyGeneratePcm arm64_32 /Users/admin/builder/spi-builder-workspace/.derivedData/SDKExplicitPrecompiledModules/MapKit-CWGB4YMP1VX1NYQN5FULFD5DR.pcm
SwiftExplicitDependencyGeneratePcm arm64 /Users/admin/builder/spi-builder-workspace/.derivedData/SDKExplicitPrecompiledModules/HomeKit-DTS1N4AWILAL1URZ5IOXV5221.pcm
SwiftExplicitDependencyGeneratePcm arm64 /Users/admin/builder/spi-builder-workspace/.derivedData/SDKExplicitPrecompiledModules/MapKit-EJJWC7IL56MPLQMI93GJRE5OG.pcm
SwiftExplicitDependencyGeneratePcm arm64_32 /Users/admin/builder/spi-builder-workspace/.derivedData/SDKExplicitPrecompiledModules/WatchKit-FHF6WTKLC2APGK3LA2XJ6516.pcm
SwiftExplicitDependencyGeneratePcm arm64 /Users/admin/builder/spi-builder-workspace/.derivedData/SDKExplicitPrecompiledModules/WatchKit-3VT3K8YON6FJ6OWSUFJMFMP8J.pcm
SwiftExplicitDependencyGeneratePcm arm64_32 /Users/admin/builder/spi-builder-workspace/.derivedData/SDKExplicitPrecompiledModules/SwiftUI-9AYG9OCT5VOJK7V4MX1WYR86T.pcm
SwiftCompile normal arm64_32 Compiling\ ProgressHUD.swift,\ ProgressView.swift /Users/admin/builder/spi-builder-workspace/SwiftUI/Sources/ProgressHUD.swift /Users/admin/builder/spi-builder-workspace/SwiftUI/Sources/ProgressView.swift (in target 'ProgressHUD' from project 'ProgressHUD')
/Users/admin/builder/spi-builder-workspace/SwiftUI/Sources/ProgressHUD.swift:54:38: error: 'systemGray' is unavailable in watchOS
52 |
53 | public var colorBackground = Color.clear
54 | public var colorHUD = Color(UIColor.systemGray).opacity(0.1)
| `- error: 'systemGray' is unavailable in watchOS
55 | public var colorStatus = Color(UIColor.label)
56 | public var colorProgress = Color(UIColor.lightGray)
/Applications/Xcode-27.0.0-Release.Candidate.app/Contents/Developer/Platforms/WatchOS.platform/Developer/SDKs/WatchOS27.0.sdk/System/Library/Frameworks/UIKit.framework/Headers/UIInterface.h:136:49: note: 'systemGray' has been explicitly marked unavailable here
134 | /* Shades of gray. systemGray is the base gray color.
135 | */
136 | @property (class, nonatomic, readonly) UIColor *systemGrayColor API_AVAILABLE(ios(7.0), tvos(9.0)) API_UNAVAILABLE(watchos);
| `- note: 'systemGray' has been explicitly marked unavailable here
137 |
138 | /* The numbered variations, systemGray2 through systemGray6, are grays which increasingly
macro expansion @ObservationTracked:2:41: error: 'systemGray' is unavailable in watchOS
`- /Users/admin/builder/spi-builder-workspace/SwiftUI/Sources/ProgressHUD.swift:54:62: note: expanded code originates here
52 |
53 | public var colorBackground = Color.clear
54 | public var colorHUD = Color(UIColor.systemGray).opacity(0.1)
+--- macro expansion @ObservationTracked ---------------------------
|1 | @ObservationIgnored
|2 | private var _colorHUD = Color(UIColor.systemGray).opacity(0.1)
| | `- error: 'systemGray' is unavailable in watchOS
+-------------------------------------------------------------------
55 | public var colorStatus = Color(UIColor.label)
56 | public var colorProgress = Color(UIColor.lightGray)
/Applications/Xcode-27.0.0-Release.Candidate.app/Contents/Developer/Platforms/WatchOS.platform/Developer/SDKs/WatchOS27.0.sdk/System/Library/Frameworks/UIKit.framework/Headers/UIInterface.h:136:49: note: 'systemGray' has been explicitly marked unavailable here
134 | /* Shades of gray. systemGray is the base gray color.
135 | */
136 | @property (class, nonatomic, readonly) UIColor *systemGrayColor API_AVAILABLE(ios(7.0), tvos(9.0)) API_UNAVAILABLE(watchos);
| `- note: 'systemGray' has been explicitly marked unavailable here
137 |
138 | /* The numbered variations, systemGray2 through systemGray6, are grays which increasingly
/Users/admin/builder/spi-builder-workspace/SwiftUI/Sources/ProgressHUD.swift:55:41: error: 'label' is unavailable in watchOS
53 | public var colorBackground = Color.clear
54 | public var colorHUD = Color(UIColor.systemGray).opacity(0.1)
55 | public var colorStatus = Color(UIColor.label)
| `- error: 'label' is unavailable in watchOS
56 | public var colorProgress = Color(UIColor.lightGray)
57 | public var colorAnimation = Color(UIColor.lightGray)
/Applications/Xcode-27.0.0-Release.Candidate.app/Contents/Developer/Platforms/WatchOS.platform/Developer/SDKs/WatchOS27.0.sdk/System/Library/Frameworks/UIKit.framework/Headers/UIInterface.h:171:49: note: 'label' has been explicitly marked unavailable here
169 | /* Foreground colors for static text and related elements.
170 | */
171 | @property (class, nonatomic, readonly) UIColor *labelColor API_AVAILABLE(ios(13.0), tvos(13.0)) API_UNAVAILABLE(watchos);
| `- note: 'label' has been explicitly marked unavailable here
172 | @property (class, nonatomic, readonly) UIColor *secondaryLabelColor API_AVAILABLE(ios(13.0), tvos(13.0)) API_UNAVAILABLE(watchos);
173 | @property (class, nonatomic, readonly) UIColor *tertiaryLabelColor API_AVAILABLE(ios(13.0), tvos(13.0)) API_UNAVAILABLE(watchos);
macro expansion @ObservationTracked:2:44: error: 'label' is unavailable in watchOS
`- /Users/admin/builder/spi-builder-workspace/SwiftUI/Sources/ProgressHUD.swift:55:47: note: expanded code originates here
53 | public var colorBackground = Color.clear
54 | public var colorHUD = Color(UIColor.systemGray).opacity(0.1)
55 | public var colorStatus = Color(UIColor.label)
+--- macro expansion @ObservationTracked ---------------------------
|1 | @ObservationIgnored
|2 | private var _colorStatus = Color(UIColor.label)
| | `- error: 'label' is unavailable in watchOS
+-------------------------------------------------------------------
56 | public var colorProgress = Color(UIColor.lightGray)
57 | public var colorAnimation = Color(UIColor.lightGray)
/Applications/Xcode-27.0.0-Release.Candidate.app/Contents/Developer/Platforms/WatchOS.platform/Developer/SDKs/WatchOS27.0.sdk/System/Library/Frameworks/UIKit.framework/Headers/UIInterface.h:171:49: note: 'label' has been explicitly marked unavailable here
169 | /* Foreground colors for static text and related elements.
170 | */
171 | @property (class, nonatomic, readonly) UIColor *labelColor API_AVAILABLE(ios(13.0), tvos(13.0)) API_UNAVAILABLE(watchos);
| `- note: 'label' has been explicitly marked unavailable here
172 | @property (class, nonatomic, readonly) UIColor *secondaryLabelColor API_AVAILABLE(ios(13.0), tvos(13.0)) API_UNAVAILABLE(watchos);
173 | @property (class, nonatomic, readonly) UIColor *tertiaryLabelColor API_AVAILABLE(ios(13.0), tvos(13.0)) API_UNAVAILABLE(watchos);
/Users/admin/builder/spi-builder-workspace/SwiftUI/Sources/ProgressHUD.swift:67:46: error: 'label' is unavailable in watchOS
65 |
66 | public var colorBanner = Color.clear
67 | public var colorBannerTitle = Color(UIColor.label)
| `- error: 'label' is unavailable in watchOS
68 | public var colorBannerMessage = Color(UIColor.secondaryLabel)
69 | public var fontBannerTitle = Font.system(size: 16, weight: .semibold)
/Applications/Xcode-27.0.0-Release.Candidate.app/Contents/Developer/Platforms/WatchOS.platform/Developer/SDKs/WatchOS27.0.sdk/System/Library/Frameworks/UIKit.framework/Headers/UIInterface.h:171:49: note: 'label' has been explicitly marked unavailable here
169 | /* Foreground colors for static text and related elements.
170 | */
171 | @property (class, nonatomic, readonly) UIColor *labelColor API_AVAILABLE(ios(13.0), tvos(13.0)) API_UNAVAILABLE(watchos);
| `- note: 'label' has been explicitly marked unavailable here
172 | @property (class, nonatomic, readonly) UIColor *secondaryLabelColor API_AVAILABLE(ios(13.0), tvos(13.0)) API_UNAVAILABLE(watchos);
173 | @property (class, nonatomic, readonly) UIColor *tertiaryLabelColor API_AVAILABLE(ios(13.0), tvos(13.0)) API_UNAVAILABLE(watchos);
macro expansion @ObservationTracked:2:49: error: 'label' is unavailable in watchOS
`- /Users/admin/builder/spi-builder-workspace/SwiftUI/Sources/ProgressHUD.swift:67:52: note: expanded code originates here
65 |
66 | public var colorBanner = Color.clear
67 | public var colorBannerTitle = Color(UIColor.label)
+--- macro expansion @ObservationTracked ---------------------------
|1 | @ObservationIgnored
|2 | private var _colorBannerTitle = Color(UIColor.label)
| | `- error: 'label' is unavailable in watchOS
+-------------------------------------------------------------------
68 | public var colorBannerMessage = Color(UIColor.secondaryLabel)
69 | public var fontBannerTitle = Font.system(size: 16, weight: .semibold)
/Applications/Xcode-27.0.0-Release.Candidate.app/Contents/Developer/Platforms/WatchOS.platform/Developer/SDKs/WatchOS27.0.sdk/System/Library/Frameworks/UIKit.framework/Headers/UIInterface.h:171:49: note: 'label' has been explicitly marked unavailable here
169 | /* Foreground colors for static text and related elements.
170 | */
171 | @property (class, nonatomic, readonly) UIColor *labelColor API_AVAILABLE(ios(13.0), tvos(13.0)) API_UNAVAILABLE(watchos);
| `- note: 'label' has been explicitly marked unavailable here
172 | @property (class, nonatomic, readonly) UIColor *secondaryLabelColor API_AVAILABLE(ios(13.0), tvos(13.0)) API_UNAVAILABLE(watchos);
173 | @property (class, nonatomic, readonly) UIColor *tertiaryLabelColor API_AVAILABLE(ios(13.0), tvos(13.0)) API_UNAVAILABLE(watchos);
/Users/admin/builder/spi-builder-workspace/SwiftUI/Sources/ProgressHUD.swift:68:48: error: 'secondaryLabel' is unavailable in watchOS
66 | public var colorBanner = Color.clear
67 | public var colorBannerTitle = Color(UIColor.label)
68 | public var colorBannerMessage = Color(UIColor.secondaryLabel)
| `- error: 'secondaryLabel' is unavailable in watchOS
69 | public var fontBannerTitle = Font.system(size: 16, weight: .semibold)
70 | public var fontBannerMessage = Font.system(size: 14)
/Applications/Xcode-27.0.0-Release.Candidate.app/Contents/Developer/Platforms/WatchOS.platform/Developer/SDKs/WatchOS27.0.sdk/System/Library/Frameworks/UIKit.framework/Headers/UIInterface.h:172:49: note: 'secondaryLabel' has been explicitly marked unavailable here
170 | */
171 | @property (class, nonatomic, readonly) UIColor *labelColor API_AVAILABLE(ios(13.0), tvos(13.0)) API_UNAVAILABLE(watchos);
172 | @property (class, nonatomic, readonly) UIColor *secondaryLabelColor API_AVAILABLE(ios(13.0), tvos(13.0)) API_UNAVAILABLE(watchos);
| `- note: 'secondaryLabel' has been explicitly marked unavailable here
173 | @property (class, nonatomic, readonly) UIColor *tertiaryLabelColor API_AVAILABLE(ios(13.0), tvos(13.0)) API_UNAVAILABLE(watchos);
174 | @property (class, nonatomic, readonly) UIColor *quaternaryLabelColor API_AVAILABLE(ios(13.0), tvos(13.0)) API_UNAVAILABLE(watchos);
SwiftCompile normal arm64_32 /Users/admin/builder/spi-builder-workspace/SwiftUI/Sources/ProgressHUD.swift (in target 'ProgressHUD' from project 'ProgressHUD')
cd /Users/admin/builder/spi-builder-workspace/.swiftpm/xcode
builtin-SwiftPerFileCompile ProgressHUD.swift
SwiftCompile normal arm64_32 /Users/admin/builder/spi-builder-workspace/SwiftUI/Sources/ProgressView.swift (in target 'ProgressHUD' from project 'ProgressHUD')
cd /Users/admin/builder/spi-builder-workspace/.swiftpm/xcode
builtin-SwiftPerFileCompile ProgressView.swift
macro expansion @ObservationTracked:2:51: error: 'secondaryLabel' is unavailable in watchOS
`- /Users/admin/builder/spi-builder-workspace/SwiftUI/Sources/ProgressHUD.swift:68:63: note: expanded code originates here
66 | public var colorBanner = Color.clear
67 | public var colorBannerTitle = Color(UIColor.label)
68 | public var colorBannerMessage = Color(UIColor.secondaryLabel)
+--- macro expansion @ObservationTracked ---------------------------
|1 | @ObservationIgnored
|2 | private var _colorBannerMessage = Color(UIColor.secondaryLabel)
| | `- error: 'secondaryLabel' is unavailable in watchOS
+-------------------------------------------------------------------
69 | public var fontBannerTitle = Font.system(size: 16, weight: .semibold)
70 | public var fontBannerMessage = Font.system(size: 14)
/Applications/Xcode-27.0.0-Release.Candidate.app/Contents/Developer/Platforms/WatchOS.platform/Developer/SDKs/WatchOS27.0.sdk/System/Library/Frameworks/UIKit.framework/Headers/UIInterface.h:172:49: note: 'secondaryLabel' has been explicitly marked unavailable here
170 | */
171 | @property (class, nonatomic, readonly) UIColor *labelColor API_AVAILABLE(ios(13.0), tvos(13.0)) API_UNAVAILABLE(watchos);
172 | @property (class, nonatomic, readonly) UIColor *secondaryLabelColor API_AVAILABLE(ios(13.0), tvos(13.0)) API_UNAVAILABLE(watchos);
| `- note: 'secondaryLabel' has been explicitly marked unavailable here
173 | @property (class, nonatomic, readonly) UIColor *tertiaryLabelColor API_AVAILABLE(ios(13.0), tvos(13.0)) API_UNAVAILABLE(watchos);
174 | @property (class, nonatomic, readonly) UIColor *quaternaryLabelColor API_AVAILABLE(ios(13.0), tvos(13.0)) API_UNAVAILABLE(watchos);
/Users/admin/builder/spi-builder-workspace/SwiftUI/Sources/ProgressHUD.swift:108:56: error: 'UIResponder' is unavailable in watchOS
106 | .opacity(hud.isVisible ? 1 : 0)
107 | .allowsHitTesting(hud.isVisible)
108 | .onReceive(NotificationCenter.default.publisher(for: UIResponder.keyboardWillShowNotification)) { notification in
| `- error: 'UIResponder' is unavailable in watchOS
109 | if let frame = notification.userInfo?[UIResponder.keyboardFrameEndUserInfoKey] as? CGRect {
110 | withAnimation(.easeOut(duration: 0.25)) {
/Applications/Xcode-27.0.0-Release.Candidate.app/Contents/Developer/Platforms/WatchOS.platform/Developer/SDKs/WatchOS27.0.sdk/System/Library/Frameworks/UIKit.framework/Headers/UIResponder.h:82:12: note: 'UIResponder' has been explicitly marked unavailable here
80 |
81 | UIKIT_EXTERN API_AVAILABLE(ios(2.0)) API_UNAVAILABLE(watchos) NS_SWIFT_UI_ACTOR
82 | @interface UIResponder : NSObject <UIResponderStandardEditActions>
| `- note: 'UIResponder' has been explicitly marked unavailable here
83 |
84 | @property(nonatomic, readonly, nullable) UIResponder *nextResponder;
/Users/admin/builder/spi-builder-workspace/SwiftUI/Sources/ProgressHUD.swift:108:68: error: 'keyboardWillShowNotification' is unavailable in watchOS
106 | .opacity(hud.isVisible ? 1 : 0)
107 | .allowsHitTesting(hud.isVisible)
108 | .onReceive(NotificationCenter.default.publisher(for: UIResponder.keyboardWillShowNotification)) { notification in
| `- error: 'keyboardWillShowNotification' is unavailable in watchOS
109 | if let frame = notification.userInfo?[UIResponder.keyboardFrameEndUserInfoKey] as? CGRect {
110 | withAnimation(.easeOut(duration: 0.25)) {
/Applications/Xcode-27.0.0-Release.Candidate.app/Contents/Developer/Platforms/WatchOS.platform/Developer/SDKs/WatchOS27.0.sdk/System/Library/Frameworks/UIKit.framework/Headers/UIWindow.h:132:39: note: 'keyboardWillShowNotification' has been explicitly marked unavailable here
130 | // Use the various UICoordinateSpace convertRect facilities to get the frame in the desired coordinate system.
131 | // Animation key/value pairs are only available for the "will" family of notification.
132 | UIKIT_EXTERN NSNotificationName const UIKeyboardWillShowNotification API_UNAVAILABLE(tvos, watchos) NS_SWIFT_NONISOLATED;
| `- note: 'keyboardWillShowNotification' has been explicitly marked unavailable here
133 | UIKIT_EXTERN NSNotificationName const UIKeyboardDidShowNotification API_UNAVAILABLE(tvos, watchos) NS_SWIFT_NONISOLATED;
134 | UIKIT_EXTERN NSNotificationName const UIKeyboardWillHideNotification API_UNAVAILABLE(tvos, watchos) NS_SWIFT_NONISOLATED;
/Users/admin/builder/spi-builder-workspace/SwiftUI/Sources/ProgressHUD.swift:109:42: error: 'UIResponder' is unavailable in watchOS
107 | .allowsHitTesting(hud.isVisible)
108 | .onReceive(NotificationCenter.default.publisher(for: UIResponder.keyboardWillShowNotification)) { notification in
109 | if let frame = notification.userInfo?[UIResponder.keyboardFrameEndUserInfoKey] as? CGRect {
| `- error: 'UIResponder' is unavailable in watchOS
110 | withAnimation(.easeOut(duration: 0.25)) {
111 | hud.keyboardHeight = frame.height
/Applications/Xcode-27.0.0-Release.Candidate.app/Contents/Developer/Platforms/WatchOS.platform/Developer/SDKs/WatchOS27.0.sdk/System/Library/Frameworks/UIKit.framework/Headers/UIResponder.h:82:12: note: 'UIResponder' has been explicitly marked unavailable here
80 |
81 | UIKIT_EXTERN API_AVAILABLE(ios(2.0)) API_UNAVAILABLE(watchos) NS_SWIFT_UI_ACTOR
82 | @interface UIResponder : NSObject <UIResponderStandardEditActions>
| `- note: 'UIResponder' has been explicitly marked unavailable here
83 |
84 | @property(nonatomic, readonly, nullable) UIResponder *nextResponder;
/Users/admin/builder/spi-builder-workspace/SwiftUI/Sources/ProgressHUD.swift:109:54: error: 'keyboardFrameEndUserInfoKey' is unavailable in watchOS
107 | .allowsHitTesting(hud.isVisible)
108 | .onReceive(NotificationCenter.default.publisher(for: UIResponder.keyboardWillShowNotification)) { notification in
109 | if let frame = notification.userInfo?[UIResponder.keyboardFrameEndUserInfoKey] as? CGRect {
| `- error: 'keyboardFrameEndUserInfoKey' is unavailable in watchOS
110 | withAnimation(.easeOut(duration: 0.25)) {
111 | hud.keyboardHeight = frame.height
/Applications/Xcode-27.0.0-Release.Candidate.app/Contents/Developer/Platforms/WatchOS.platform/Developer/SDKs/WatchOS27.0.sdk/System/Library/Frameworks/UIKit.framework/Headers/UIWindow.h:138:30: note: 'keyboardFrameEndUserInfoKey' has been explicitly marked unavailable here
136 |
137 | UIKIT_EXTERN NSString *const UIKeyboardFrameBeginUserInfoKey API_AVAILABLE(ios(3.2)) API_UNAVAILABLE(tvos, watchos) NS_SWIFT_NONISOLATED; // NSValue of CGRect
138 | UIKIT_EXTERN NSString *const UIKeyboardFrameEndUserInfoKey API_AVAILABLE(ios(3.2)) API_UNAVAILABLE(tvos, watchos) NS_SWIFT_NONISOLATED; // NSValue of CGRect
| `- note: 'keyboardFrameEndUserInfoKey' has been explicitly marked unavailable here
139 | UIKIT_EXTERN NSString *const UIKeyboardAnimationDurationUserInfoKey API_AVAILABLE(ios(3.0)) API_UNAVAILABLE(tvos, watchos) NS_SWIFT_NONISOLATED; // NSNumber of double
140 | UIKIT_EXTERN NSString *const UIKeyboardAnimationCurveUserInfoKey API_AVAILABLE(ios(3.0)) API_UNAVAILABLE(tvos, watchos) NS_SWIFT_NONISOLATED; // NSNumber of NSUInteger (UIViewAnimationCurve)
/Users/admin/builder/spi-builder-workspace/SwiftUI/Sources/ProgressHUD.swift:115:56: error: 'UIResponder' is unavailable in watchOS
113 | }
114 | }
115 | .onReceive(NotificationCenter.default.publisher(for: UIResponder.keyboardWillHideNotification)) { _ in
| `- error: 'UIResponder' is unavailable in watchOS
116 | withAnimation(.easeOut(duration: 0.25)) {
117 | hud.keyboardHeight = 0
/Applications/Xcode-27.0.0-Release.Candidate.app/Contents/Developer/Platforms/WatchOS.platform/Developer/SDKs/WatchOS27.0.sdk/System/Library/Frameworks/UIKit.framework/Headers/UIResponder.h:82:12: note: 'UIResponder' has been explicitly marked unavailable here
80 |
81 | UIKIT_EXTERN API_AVAILABLE(ios(2.0)) API_UNAVAILABLE(watchos) NS_SWIFT_UI_ACTOR
82 | @interface UIResponder : NSObject <UIResponderStandardEditActions>
| `- note: 'UIResponder' has been explicitly marked unavailable here
83 |
84 | @property(nonatomic, readonly, nullable) UIResponder *nextResponder;
SwiftCompile normal arm64_32 Compiling\ SFSymbolBounceView.swift,\ SemiRingRotationView.swift,\ SquareCircuitSnakeView.swift /Users/admin/builder/spi-builder-workspace/SwiftUI/Sources/Animations/SFSymbolBounceView.swift /Users/admin/builder/spi-builder-workspace/SwiftUI/Sources/Animations/SemiRingRotationView.swift /Users/admin/builder/spi-builder-workspace/SwiftUI/Sources/Animations/SquareCircuitSnakeView.swift (in target 'ProgressHUD' from project 'ProgressHUD')
SwiftCompile normal arm64_32 /Users/admin/builder/spi-builder-workspace/SwiftUI/Sources/Animations/SFSymbolBounceView.swift (in target 'ProgressHUD' from project 'ProgressHUD')
cd /Users/admin/builder/spi-builder-workspace/.swiftpm/xcode
builtin-SwiftPerFileCompile SFSymbolBounceView.swift
SwiftCompile normal arm64_32 /Users/admin/builder/spi-builder-workspace/SwiftUI/Sources/Animations/SemiRingRotationView.swift (in target 'ProgressHUD' from project 'ProgressHUD')
cd /Users/admin/builder/spi-builder-workspace/.swiftpm/xcode
builtin-SwiftPerFileCompile SemiRingRotationView.swift
SwiftCompile normal arm64_32 /Users/admin/builder/spi-builder-workspace/SwiftUI/Sources/Animations/SquareCircuitSnakeView.swift (in target 'ProgressHUD' from project 'ProgressHUD')
cd /Users/admin/builder/spi-builder-workspace/.swiftpm/xcode
builtin-SwiftPerFileCompile SquareCircuitSnakeView.swift
SwiftCompile normal arm64_32 Compiling\ BarSweepToggleView.swift,\ CircleArcDotSpinView.swift,\ CircleBarSpinFadeView.swift /Users/admin/builder/spi-builder-workspace/SwiftUI/Sources/Animations/BarSweepToggleView.swift /Users/admin/builder/spi-builder-workspace/SwiftUI/Sources/Animations/CircleArcDotSpinView.swift /Users/admin/builder/spi-builder-workspace/SwiftUI/Sources/Animations/CircleBarSpinFadeView.swift (in target 'ProgressHUD' from project 'ProgressHUD')
SwiftCompile normal arm64_32 /Users/admin/builder/spi-builder-workspace/SwiftUI/Sources/Animations/BarSweepToggleView.swift (in target 'ProgressHUD' from project 'ProgressHUD')
cd /Users/admin/builder/spi-builder-workspace/.swiftpm/xcode
builtin-SwiftPerFileCompile BarSweepToggleView.swift
SwiftCompile normal arm64_32 /Users/admin/builder/spi-builder-workspace/SwiftUI/Sources/Animations/CircleArcDotSpinView.swift (in target 'ProgressHUD' from project 'ProgressHUD')
cd /Users/admin/builder/spi-builder-workspace/.swiftpm/xcode
builtin-SwiftPerFileCompile CircleArcDotSpinView.swift
SwiftCompile normal arm64_32 /Users/admin/builder/spi-builder-workspace/SwiftUI/Sources/Animations/CircleBarSpinFadeView.swift (in target 'ProgressHUD' from project 'ProgressHUD')
cd /Users/admin/builder/spi-builder-workspace/.swiftpm/xcode
builtin-SwiftPerFileCompile CircleBarSpinFadeView.swift
SwiftCompile normal arm64_32 Compiling\ HorizontalDotScalingView.swift,\ PacmanProgressView.swift,\ QuintupleDotDanceView.swift /Users/admin/builder/spi-builder-workspace/SwiftUI/Sources/Animations/HorizontalDotScalingView.swift /Users/admin/builder/spi-builder-workspace/SwiftUI/Sources/Animations/PacmanProgressView.swift /Users/admin/builder/spi-builder-workspace/SwiftUI/Sources/Animations/QuintupleDotDanceView.swift (in target 'ProgressHUD' from project 'ProgressHUD')
SwiftCompile normal arm64_32 /Users/admin/builder/spi-builder-workspace/SwiftUI/Sources/Animations/HorizontalDotScalingView.swift (in target 'ProgressHUD' from project 'ProgressHUD')
cd /Users/admin/builder/spi-builder-workspace/.swiftpm/xcode
builtin-SwiftPerFileCompile HorizontalDotScalingView.swift
SwiftCompile normal arm64_32 /Users/admin/builder/spi-builder-workspace/SwiftUI/Sources/Animations/PacmanProgressView.swift (in target 'ProgressHUD' from project 'ProgressHUD')
cd /Users/admin/builder/spi-builder-workspace/.swiftpm/xcode
builtin-SwiftPerFileCompile PacmanProgressView.swift
SwiftCompile normal arm64_32 /Users/admin/builder/spi-builder-workspace/SwiftUI/Sources/Animations/QuintupleDotDanceView.swift (in target 'ProgressHUD' from project 'ProgressHUD')
cd /Users/admin/builder/spi-builder-workspace/.swiftpm/xcode
builtin-SwiftPerFileCompile QuintupleDotDanceView.swift
SwiftCompile normal arm64_32 Compiling\ ProgressHUD+LiveIcon.swift,\ ProgressHUD+Public.swift /Users/admin/builder/spi-builder-workspace/SwiftUI/Sources/ProgressHUD+LiveIcon.swift /Users/admin/builder/spi-builder-workspace/SwiftUI/Sources/ProgressHUD+Public.swift (in target 'ProgressHUD' from project 'ProgressHUD')
/Users/admin/builder/spi-builder-workspace/SwiftUI/Sources/ProgressHUD.swift:54:38: error: 'systemGray' is unavailable in watchOS
52 |
53 | public var colorBackground = Color.clear
54 | public var colorHUD = Color(UIColor.systemGray).opacity(0.1)
| `- error: 'systemGray' is unavailable in watchOS
55 | public var colorStatus = Color(UIColor.label)
56 | public var colorProgress = Color(UIColor.lightGray)
/Applications/Xcode-27.0.0-Release.Candidate.app/Contents/Developer/Platforms/WatchOS.platform/Developer/SDKs/WatchOS27.0.sdk/System/Library/Frameworks/UIKit.framework/Headers/UIInterface.h:136:49: note: 'systemGray' has been explicitly marked unavailable here
134 | /* Shades of gray. systemGray is the base gray color.
135 | */
136 | @property (class, nonatomic, readonly) UIColor *systemGrayColor API_AVAILABLE(ios(7.0), tvos(9.0)) API_UNAVAILABLE(watchos);
| `- note: 'systemGray' has been explicitly marked unavailable here
137 |
138 | /* The numbered variations, systemGray2 through systemGray6, are grays which increasingly
/Users/admin/builder/spi-builder-workspace/SwiftUI/Sources/ProgressHUD.swift:55:41: error: 'label' is unavailable in watchOS
53 | public var colorBackground = Color.clear
54 | public var colorHUD = Color(UIColor.systemGray).opacity(0.1)
55 | public var colorStatus = Color(UIColor.label)
| `- error: 'label' is unavailable in watchOS
56 | public var colorProgress = Color(UIColor.lightGray)
57 | public var colorAnimation = Color(UIColor.lightGray)
/Applications/Xcode-27.0.0-Release.Candidate.app/Contents/Developer/Platforms/WatchOS.platform/Developer/SDKs/WatchOS27.0.sdk/System/Library/Frameworks/UIKit.framework/Headers/UIInterface.h:171:49: note: 'label' has been explicitly marked unavailable here
169 | /* Foreground colors for static text and related elements.
170 | */
171 | @property (class, nonatomic, readonly) UIColor *labelColor API_AVAILABLE(ios(13.0), tvos(13.0)) API_UNAVAILABLE(watchos);
| `- note: 'label' has been explicitly marked unavailable here
172 | @property (class, nonatomic, readonly) UIColor *secondaryLabelColor API_AVAILABLE(ios(13.0), tvos(13.0)) API_UNAVAILABLE(watchos);
173 | @property (class, nonatomic, readonly) UIColor *tertiaryLabelColor API_AVAILABLE(ios(13.0), tvos(13.0)) API_UNAVAILABLE(watchos);
/Users/admin/builder/spi-builder-workspace/SwiftUI/Sources/ProgressHUD.swift:67:46: error: 'label' is unavailable in watchOS
65 |
66 | public var colorBanner = Color.clear
67 | public var colorBannerTitle = Color(UIColor.label)
| `- error: 'label' is unavailable in watchOS
68 | public var colorBannerMessage = Color(UIColor.secondaryLabel)
69 | public var fontBannerTitle = Font.system(size: 16, weight: .semibold)
/Applications/Xcode-27.0.0-Release.Candidate.app/Contents/Developer/Platforms/WatchOS.platform/Developer/SDKs/WatchOS27.0.sdk/System/Library/Frameworks/UIKit.framework/Headers/UIInterface.h:171:49: note: 'label' has been explicitly marked unavailable here
169 | /* Foreground colors for static text and related elements.
170 | */
171 | @property (class, nonatomic, readonly) UIColor *labelColor API_AVAILABLE(ios(13.0), tvos(13.0)) API_UNAVAILABLE(watchos);
| `- note: 'label' has been explicitly marked unavailable here
172 | @property (class, nonatomic, readonly) UIColor *secondaryLabelColor API_AVAILABLE(ios(13.0), tvos(13.0)) API_UNAVAILABLE(watchos);
173 | @property (class, nonatomic, readonly) UIColor *tertiaryLabelColor API_AVAILABLE(ios(13.0), tvos(13.0)) API_UNAVAILABLE(watchos);
SwiftCompile normal arm64_32 /Users/admin/builder/spi-builder-workspace/SwiftUI/Sources/ProgressHUD+LiveIcon.swift (in target 'ProgressHUD' from project 'ProgressHUD')
cd /Users/admin/builder/spi-builder-workspace/.swiftpm/xcode
builtin-SwiftPerFileCompile ProgressHUD+LiveIcon.swift
SwiftCompile normal arm64_32 /Users/admin/builder/spi-builder-workspace/SwiftUI/Sources/ProgressHUD+Public.swift (in target 'ProgressHUD' from project 'ProgressHUD')
cd /Users/admin/builder/spi-builder-workspace/.swiftpm/xcode
builtin-SwiftPerFileCompile ProgressHUD+Public.swift
SwiftEmitModule normal arm64_32 Emitting\ module\ for\ ProgressHUD (in target 'ProgressHUD' from project 'ProgressHUD')
/Users/admin/builder/spi-builder-workspace/SwiftUI/Sources/ProgressHUD.swift:54:38: error: 'systemGray' is unavailable in watchOS
52 |
53 | public var colorBackground = Color.clear
54 | public var colorHUD = Color(UIColor.systemGray).opacity(0.1)
| `- error: 'systemGray' is unavailable in watchOS
55 | public var colorStatus = Color(UIColor.label)
56 | public var colorProgress = Color(UIColor.lightGray)
/Applications/Xcode-27.0.0-Release.Candidate.app/Contents/Developer/Platforms/WatchOS.platform/Developer/SDKs/WatchOS27.0.sdk/System/Library/Frameworks/UIKit.framework/Headers/UIInterface.h:136:49: note: 'systemGray' has been explicitly marked unavailable here
134 | /* Shades of gray. systemGray is the base gray color.
135 | */
136 | @property (class, nonatomic, readonly) UIColor *systemGrayColor API_AVAILABLE(ios(7.0), tvos(9.0)) API_UNAVAILABLE(watchos);
| `- note: 'systemGray' has been explicitly marked unavailable here
137 |
138 | /* The numbered variations, systemGray2 through systemGray6, are grays which increasingly
macro expansion @ObservationTracked:2:41: error: 'systemGray' is unavailable in watchOS
`- /Users/admin/builder/spi-builder-workspace/SwiftUI/Sources/ProgressHUD.swift:54:62: note: expanded code originates here
52 |
53 | public var colorBackground = Color.clear
54 | public var colorHUD = Color(UIColor.systemGray).opacity(0.1)
+--- macro expansion @ObservationTracked ---------------------------
|1 | @ObservationIgnored
|2 | private var _colorHUD = Color(UIColor.systemGray).opacity(0.1)
| | `- error: 'systemGray' is unavailable in watchOS
+-------------------------------------------------------------------
55 | public var colorStatus = Color(UIColor.label)
56 | public var colorProgress = Color(UIColor.lightGray)
/Applications/Xcode-27.0.0-Release.Candidate.app/Contents/Developer/Platforms/WatchOS.platform/Developer/SDKs/WatchOS27.0.sdk/System/Library/Frameworks/UIKit.framework/Headers/UIInterface.h:136:49: note: 'systemGray' has been explicitly marked unavailable here
134 | /* Shades of gray. systemGray is the base gray color.
135 | */
136 | @property (class, nonatomic, readonly) UIColor *systemGrayColor API_AVAILABLE(ios(7.0), tvos(9.0)) API_UNAVAILABLE(watchos);
| `- note: 'systemGray' has been explicitly marked unavailable here
137 |
138 | /* The numbered variations, systemGray2 through systemGray6, are grays which increasingly
/Users/admin/builder/spi-builder-workspace/SwiftUI/Sources/ProgressHUD.swift:55:41: error: 'label' is unavailable in watchOS
53 | public var colorBackground = Color.clear
54 | public var colorHUD = Color(UIColor.systemGray).opacity(0.1)
55 | public var colorStatus = Color(UIColor.label)
| `- error: 'label' is unavailable in watchOS
56 | public var colorProgress = Color(UIColor.lightGray)
57 | public var colorAnimation = Color(UIColor.lightGray)
/Applications/Xcode-27.0.0-Release.Candidate.app/Contents/Developer/Platforms/WatchOS.platform/Developer/SDKs/WatchOS27.0.sdk/System/Library/Frameworks/UIKit.framework/Headers/UIInterface.h:171:49: note: 'label' has been explicitly marked unavailable here
169 | /* Foreground colors for static text and related elements.
170 | */
171 | @property (class, nonatomic, readonly) UIColor *labelColor API_AVAILABLE(ios(13.0), tvos(13.0)) API_UNAVAILABLE(watchos);
| `- note: 'label' has been explicitly marked unavailable here
172 | @property (class, nonatomic, readonly) UIColor *secondaryLabelColor API_AVAILABLE(ios(13.0), tvos(13.0)) API_UNAVAILABLE(watchos);
173 | @property (class, nonatomic, readonly) UIColor *tertiaryLabelColor API_AVAILABLE(ios(13.0), tvos(13.0)) API_UNAVAILABLE(watchos);
macro expansion @ObservationTracked:2:44: error: 'label' is unavailable in watchOS
`- /Users/admin/builder/spi-builder-workspace/SwiftUI/Sources/ProgressHUD.swift:55:47: note: expanded code originates here
53 | public var colorBackground = Color.clear
54 | public var colorHUD = Color(UIColor.systemGray).opacity(0.1)
55 | public var colorStatus = Color(UIColor.label)
+--- macro expansion @ObservationTracked ---------------------------
|1 | @ObservationIgnored
|2 | private var _colorStatus = Color(UIColor.label)
| | `- error: 'label' is unavailable in watchOS
+-------------------------------------------------------------------
56 | public var colorProgress = Color(UIColor.lightGray)
57 | public var colorAnimation = Color(UIColor.lightGray)
/Applications/Xcode-27.0.0-Release.Candidate.app/Contents/Developer/Platforms/WatchOS.platform/Developer/SDKs/WatchOS27.0.sdk/System/Library/Frameworks/UIKit.framework/Headers/UIInterface.h:171:49: note: 'label' has been explicitly marked unavailable here
169 | /* Foreground colors for static text and related elements.
170 | */
171 | @property (class, nonatomic, readonly) UIColor *labelColor API_AVAILABLE(ios(13.0), tvos(13.0)) API_UNAVAILABLE(watchos);
| `- note: 'label' has been explicitly marked unavailable here
172 | @property (class, nonatomic, readonly) UIColor *secondaryLabelColor API_AVAILABLE(ios(13.0), tvos(13.0)) API_UNAVAILABLE(watchos);
173 | @property (class, nonatomic, readonly) UIColor *tertiaryLabelColor API_AVAILABLE(ios(13.0), tvos(13.0)) API_UNAVAILABLE(watchos);
/Users/admin/builder/spi-builder-workspace/SwiftUI/Sources/ProgressHUD.swift:67:46: error: 'label' is unavailable in watchOS
65 |
66 | public var colorBanner = Color.clear
67 | public var colorBannerTitle = Color(UIColor.label)
| `- error: 'label' is unavailable in watchOS
68 | public var colorBannerMessage = Color(UIColor.secondaryLabel)
69 | public var fontBannerTitle = Font.system(size: 16, weight: .semibold)
/Applications/Xcode-27.0.0-Release.Candidate.app/Contents/Developer/Platforms/WatchOS.platform/Developer/SDKs/WatchOS27.0.sdk/System/Library/Frameworks/UIKit.framework/Headers/UIInterface.h:171:49: note: 'label' has been explicitly marked unavailable here
169 | /* Foreground colors for static text and related elements.
170 | */
171 | @property (class, nonatomic, readonly) UIColor *labelColor API_AVAILABLE(ios(13.0), tvos(13.0)) API_UNAVAILABLE(watchos);
| `- note: 'label' has been explicitly marked unavailable here
172 | @property (class, nonatomic, readonly) UIColor *secondaryLabelColor API_AVAILABLE(ios(13.0), tvos(13.0)) API_UNAVAILABLE(watchos);
173 | @property (class, nonatomic, readonly) UIColor *tertiaryLabelColor API_AVAILABLE(ios(13.0), tvos(13.0)) API_UNAVAILABLE(watchos);
macro expansion @ObservationTracked:2:49: error: 'label' is unavailable in watchOS
`- /Users/admin/builder/spi-builder-workspace/SwiftUI/Sources/ProgressHUD.swift:67:52: note: expanded code originates here
65 |
66 | public var colorBanner = Color.clear
67 | public var colorBannerTitle = Color(UIColor.label)
+--- macro expansion @ObservationTracked ---------------------------
|1 | @ObservationIgnored
|2 | private var _colorBannerTitle = Color(UIColor.label)
| | `- error: 'label' is unavailable in watchOS
+-------------------------------------------------------------------
68 | public var colorBannerMessage = Color(UIColor.secondaryLabel)
69 | public var fontBannerTitle = Font.system(size: 16, weight: .semibold)
/Applications/Xcode-27.0.0-Release.Candidate.app/Contents/Developer/Platforms/WatchOS.platform/Developer/SDKs/WatchOS27.0.sdk/System/Library/Frameworks/UIKit.framework/Headers/UIInterface.h:171:49: note: 'label' has been explicitly marked unavailable here
169 | /* Foreground colors for static text and related elements.
170 | */
171 | @property (class, nonatomic, readonly) UIColor *labelColor API_AVAILABLE(ios(13.0), tvos(13.0)) API_UNAVAILABLE(watchos);
| `- note: 'label' has been explicitly marked unavailable here
172 | @property (class, nonatomic, readonly) UIColor *secondaryLabelColor API_AVAILABLE(ios(13.0), tvos(13.0)) API_UNAVAILABLE(watchos);
173 | @property (class, nonatomic, readonly) UIColor *tertiaryLabelColor API_AVAILABLE(ios(13.0), tvos(13.0)) API_UNAVAILABLE(watchos);
/Users/admin/builder/spi-builder-workspace/SwiftUI/Sources/ProgressHUD.swift:68:48: error: 'secondaryLabel' is unavailable in watchOS
66 | public var colorBanner = Color.clear
67 | public var colorBannerTitle = Color(UIColor.label)
68 | public var colorBannerMessage = Color(UIColor.secondaryLabel)
| `- error: 'secondaryLabel' is unavailable in watchOS
69 | public var fontBannerTitle = Font.system(size: 16, weight: .semibold)
70 | public var fontBannerMessage = Font.system(size: 14)
/Applications/Xcode-27.0.0-Release.Candidate.app/Contents/Developer/Platforms/WatchOS.platform/Developer/SDKs/WatchOS27.0.sdk/System/Library/Frameworks/UIKit.framework/Headers/UIInterface.h:172:49: note: 'secondaryLabel' has been explicitly marked unavailable here
170 | */
171 | @property (class, nonatomic, readonly) UIColor *labelColor API_AVAILABLE(ios(13.0), tvos(13.0)) API_UNAVAILABLE(watchos);
172 | @property (class, nonatomic, readonly) UIColor *secondaryLabelColor API_AVAILABLE(ios(13.0), tvos(13.0)) API_UNAVAILABLE(watchos);
| `- note: 'secondaryLabel' has been explicitly marked unavailable here
173 | @property (class, nonatomic, readonly) UIColor *tertiaryLabelColor API_AVAILABLE(ios(13.0), tvos(13.0)) API_UNAVAILABLE(watchos);
174 | @property (class, nonatomic, readonly) UIColor *quaternaryLabelColor API_AVAILABLE(ios(13.0), tvos(13.0)) API_UNAVAILABLE(watchos);
macro expansion @ObservationTracked:2:51: error: 'secondaryLabel' is unavailable in watchOS
`- /Users/admin/builder/spi-builder-workspace/SwiftUI/Sources/ProgressHUD.swift:68:63: note: expanded code originates here
66 | public var colorBanner = Color.clear
67 | public var colorBannerTitle = Color(UIColor.label)
68 | public var colorBannerMessage = Color(UIColor.secondaryLabel)
+--- macro expansion @ObservationTracked ---------------------------
|1 | @ObservationIgnored
|2 | private var _colorBannerMessage = Color(UIColor.secondaryLabel)
| | `- error: 'secondaryLabel' is unavailable in watchOS
+-------------------------------------------------------------------
69 | public var fontBannerTitle = Font.system(size: 16, weight: .semibold)
70 | public var fontBannerMessage = Font.system(size: 14)
/Applications/Xcode-27.0.0-Release.Candidate.app/Contents/Developer/Platforms/WatchOS.platform/Developer/SDKs/WatchOS27.0.sdk/System/Library/Frameworks/UIKit.framework/Headers/UIInterface.h:172:49: note: 'secondaryLabel' has been explicitly marked unavailable here
170 | */
171 | @property (class, nonatomic, readonly) UIColor *labelColor API_AVAILABLE(ios(13.0), tvos(13.0)) API_UNAVAILABLE(watchos);
172 | @property (class, nonatomic, readonly) UIColor *secondaryLabelColor API_AVAILABLE(ios(13.0), tvos(13.0)) API_UNAVAILABLE(watchos);
| `- note: 'secondaryLabel' has been explicitly marked unavailable here
173 | @property (class, nonatomic, readonly) UIColor *tertiaryLabelColor API_AVAILABLE(ios(13.0), tvos(13.0)) API_UNAVAILABLE(watchos);
174 | @property (class, nonatomic, readonly) UIColor *quaternaryLabelColor API_AVAILABLE(ios(13.0), tvos(13.0)) API_UNAVAILABLE(watchos);
Failed frontend command:
/Applications/Xcode-27.0.0-Release.Candidate.app/Contents/Developer/Toolchains/XcodeDefault.xctoolchain/usr/bin/swift-frontend -frontend -emit-module -experimental-skip-non-inlinable-function-bodies-without-types /Users/admin/builder/spi-builder-workspace/.derivedData/Build/Intermediates.noindex/ProgressHUD.build/Debug-watchos/ProgressHUD-t.build/DerivedSources/resource_bundle_accessor.swift /Users/admin/builder/spi-builder-workspace/SwiftUI/Sources/Animations/ActivityIndicatorView.swift /Users/admin/builder/spi-builder-workspace/SwiftUI/Sources/Animations/BallVerticalBounceView.swift /Users/admin/builder/spi-builder-workspace/SwiftUI/Sources/Animations/BarSweepToggleView.swift /Users/admin/builder/spi-builder-workspace/SwiftUI/Sources/Animations/CircleArcDotSpinView.swift /Users/admin/builder/spi-builder-workspace/SwiftUI/Sources/Animations/CircleBarSpinFadeView.swift /Users/admin/builder/spi-builder-workspace/SwiftUI/Sources/Animations/CircleDotSpinFadeView.swift /Users/admin/builder/spi-builder-workspace/SwiftUI/Sources/Animations/CirclePulseMultipleView.swift /Users/admin/builder/spi-builder-workspace/SwiftUI/Sources/Animations/CirclePulseSingleView.swift /Users/admin/builder/spi-builder-workspace/SwiftUI/Sources/Animations/CircleRippleMultipleView.swift /Users/admin/builder/spi-builder-workspace/SwiftUI/Sources/Animations/CircleRippleSingleView.swift /Users/admin/builder/spi-builder-workspace/SwiftUI/Sources/Animations/CircleRotateChaseView.swift /Users/admin/builder/spi-builder-workspace/SwiftUI/Sources/Animations/CircleStrokeSpinView.swift /Users/admin/builder/spi-builder-workspace/SwiftUI/Sources/Animations/DualDotSidestepView.swift /Users/admin/builder/spi-builder-workspace/SwiftUI/Sources/Animations/HorizontalBarScalingView.swift /Users/admin/builder/spi-builder-workspace/SwiftUI/Sources/Animations/HorizontalDotScalingView.swift /Users/admin/builder/spi-builder-workspace/SwiftUI/Sources/Animations/PacmanProgressView.swift /Users/admin/builder/spi-builder-workspace/SwiftUI/Sources/Animations/QuintupleDotDanceView.swift /Users/admin/builder/spi-builder-workspace/SwiftUI/Sources/Animations/SFSymbolBounceView.swift /Users/admin/builder/spi-builder-workspace/SwiftUI/Sources/Animations/SemiRingRotationView.swift /Users/admin/builder/spi-builder-workspace/SwiftUI/Sources/Animations/SquareCircuitSnakeView.swift /Users/admin/builder/spi-builder-workspace/SwiftUI/Sources/Animations/TriangleDotShiftView.swift /Users/admin/builder/spi-builder-workspace/SwiftUI/Sources/ProgressHUD+Banner.swift /Users/admin/builder/spi-builder-workspace/SwiftUI/Sources/ProgressHUD+Enums.swift /Users/admin/builder/spi-builder-workspace/SwiftUI/Sources/ProgressHUD+LiveIcon.swift /Users/admin/builder/spi-builder-workspace/SwiftUI/Sources/ProgressHUD+Public.swift /Users/admin/builder/spi-builder-workspace/SwiftUI/Sources/ProgressHUD.swift /Users/admin/builder/spi-builder-workspace/SwiftUI/Sources/ProgressView.swift -target arm64_32-apple-watchos10.0 -disable-cross-import-overlay-search -load-resolved-plugin /Applications/Xcode-27.0.0-Release.Candidate.app/Contents/Developer/Platforms/WatchOS.platform/Developer/usr/lib/swift/host/plugins/libFoundationMacros.dylib\#/Applications/Xcode-27.0.0-Release.Candidate.app/Contents/Developer/Platforms/WatchOS.platform/Developer/usr/bin/swift-plugin-server\#FoundationMacros -load-resolved-plugin /Applications/Xcode-27.0.0-Release.Candidate.app/Contents/Developer/Platforms/WatchOS.platform/Developer/usr/lib/swift/host/plugins/libObservationMacros.dylib\#/Applications/Xcode-27.0.0-Release.Candidate.app/Contents/Developer/Platforms/WatchOS.platform/Developer/usr/bin/swift-plugin-server\#ObservationMacros -load-resolved-plugin /Applications/Xcode-27.0.0-Release.Candidate.app/Contents/Developer/Platforms/WatchOS.platform/Developer/usr/lib/swift/host/plugins/libPreviewsMacros.dylib\#/Applications/Xcode-27.0.0-Release.Candidate.app/Contents/Developer/Platforms/WatchOS.platform/Developer/usr/bin/swift-plugin-server\#PreviewsMacros -load-resolved-plugin /Applications/Xcode-27.0.0-Release.Candidate.app/Contents/Developer/Platforms/WatchOS.platform/Developer/usr/lib/swift/host/plugins/libSwiftMacros.dylib\#/Applications/Xcode-27.0.0-Release.Candidate.app/Contents/Developer/Platforms/WatchOS.platform/Developer/usr/bin/swift-plugin-server\#SwiftMacros -load-resolved-plugin /Applications/Xcode-27.0.0-Release.Candidate.app/Contents/Developer/Platforms/WatchOS.platform/Developer/usr/lib/swift/host/plugins/libSwiftUIMacros.dylib\#/Applications/Xcode-27.0.0-Release.Candidate.app/Contents/Developer/Platforms/WatchOS.platform/Developer/usr/bin/swift-plugin-server\#SwiftUIMacros -disable-implicit-swift-modules -Xcc -fno-implicit-modules -Xcc -fno-implicit-module-maps -explicit-swift-module-map-file /Users/admin/builder/spi-builder-workspace/.derivedData/Build/Intermediates.noindex/ProgressHUD.build/Debug-watchos/ProgressHUD-t.build/Objects-normal/arm64_32/ProgressHUD-dependencies-1.json -enable-objc-interop -sdk /Applications/Xcode-27.0.0-Release.Candidate.app/Contents/Developer/Platforms/WatchOS.platform/Developer/SDKs/WatchOS27.0.sdk -I /Users/admin/builder/spi-builder-workspace/.derivedData/Build/Products/Debug-watchos -Isystem /Applications/Xcode-27.0.0-Release.Candidate.app/Contents/Developer/Platforms/WatchOS.platform/Developer/usr/lib -F /Users/admin/builder/spi-builder-workspace/.derivedData/Build/Products/Debug-watchos -F /Applications/Xcode-27.0.0-Release.Candidate.app/Contents/Developer/Platforms/WatchOS.platform/Developer/Library/Frameworks -F /Applications/Xcode-27.0.0-Release.Candidate.app/Contents/Developer/Platforms/WatchOS.platform/Developer/SDKs/WatchOS27.0.sdk/Developer/Library/Frameworks -module-cache-path /Users/admin/builder/spi-builder-workspace/.derivedData/Build/Intermediates.noindex/SwiftExplicitPrecompiledModules -no-color-diagnostics -Xcc -fno-color-diagnostics -enable-testing -g -debug-info-format\=dwarf -dwarf-version\=4 -swift-version 5 -Onone -D SWIFT_PACKAGE -D DEBUG -D SWIFT_MODULE_RESOURCE_BUNDLE_AVAILABLE -D Xcode -serialize-debugging-options -enable-experimental-feature DebugDescriptionMacro -empty-abi-descriptor -validate-clang-modules-once -clang-build-session-file /Users/admin/builder/spi-builder-workspace/.derivedData/ModuleCache.noindex/Session.modulevalidation -Xcc -working-directory -Xcc /Users/admin/builder/spi-builder-workspace/.swiftpm/xcode -enable-anonymous-context-mangled-names -file-compilation-dir /Users/admin/builder/spi-builder-workspace/.swiftpm/xcode -Xcc -D_LIBCPP_HARDENING_MODE\=_LIBCPP_HARDENING_MODE_DEBUG -Xcc -ivfsstatcache -Xcc /Users/admin/builder/spi-builder-workspace/.derivedData/SDKStatCaches.noindex/watchos27.0-24R360-e829b21a6f8c9b70876ba0858053c04477534ef55a1706bf4c1112bbb242f0a2.sdkstatcache -Xcc -fmodules-prune-interval\=86400 -Xcc -fmodules-prune-after\=345600 -Xcc -I/Users/admin/builder/spi-builder-workspace/.derivedData/Build/Products/Debug-watchos/include -Xcc -I/Users/admin/builder/spi-builder-workspace/.derivedData/Build/Intermediates.noindex/ProgressHUD.build/Debug-watchos/ProgressHUD-t.build/DerivedSources-normal/arm64_32 -Xcc -I/Users/admin/builder/spi-builder-workspace/.derivedData/Build/Intermediates.noindex/ProgressHUD.build/Debug-watchos/ProgressHUD-t.build/DerivedSources/arm64_32 -Xcc -I/Users/admin/builder/spi-builder-workspace/.derivedData/Build/Intermediates.noindex/ProgressHUD.build/Debug-watchos/ProgressHUD-t.build/DerivedSources -Xcc -DSWIFT_PACKAGE -Xcc -DDEBUG\=1 -no-auto-bridging-header-chaining -module-name ProgressHUD -package-name spi_builder_workspace -const-gather-protocols-file /Users/admin/builder/spi-builder-workspace/.derivedData/Build/Intermediates.noindex/ProgressHUD.build/Debug-watchos/ProgressHUD-t.build/Objects-normal/arm64_32/ProgressHUD_const_extract_protocols.json -disable-clang-spi -clang-target arm64_32-apple-watchos27.0 -target-sdk-version 27.0 -target-sdk-name watchos27.0 -in-process-plugin-server-path /Applications/Xcode-27.0.0-Release.Candidate.app/Contents/Developer/Toolchains/XcodeDefault.xctoolchain/usr/lib/swift/host/libSwiftInProcPluginServer.dylib -emit-module-doc-path /Users/admin/builder/spi-builder-workspace/.derivedData/Build/Intermediates.noindex/ProgressHUD.build/Debug-watchos/ProgressHUD-t.build/Objects-normal/arm64_32/ProgressHUD.swiftdoc -emit-module-source-info-path /Users/admin/builder/spi-builder-workspace/.derivedData/Build/Intermediates.noindex/ProgressHUD.build/Debug-watchos/ProgressHUD-t.build/Objects-normal/arm64_32/ProgressHUD.swiftsourceinfo -emit-objc-header-path /Users/admin/builder/spi-builder-workspace/.derivedData/Build/Intermediates.noindex/ProgressHUD.build/Debug-watchos/ProgressHUD-t.build/Objects-normal/arm64_32/ProgressHUD-Swift.h -serialize-diagnostics-path /Users/admin/builder/spi-builder-workspace/.derivedData/Build/Intermediates.noindex/ProgressHUD.build/Debug-watchos/ProgressHUD-t.build/Objects-normal/arm64_32/ProgressHUD-primary-emit-module.dia -emit-dependencies-path /Users/admin/builder/spi-builder-workspace/.derivedData/Build/Intermediates.noindex/ProgressHUD.build/Debug-watchos/ProgressHUD-t.build/Objects-normal/arm64_32/ProgressHUD-primary-emit-module.d -parse-as-library -o /Users/admin/builder/spi-builder-workspace/.derivedData/Build/Intermediates.noindex/ProgressHUD.build/Debug-watchos/ProgressHUD-t.build/Objects-normal/arm64_32/ProgressHUD.swiftmodule -emit-abi-descriptor-path /Users/admin/builder/spi-builder-workspace/.derivedData/Build/Intermediates.noindex/ProgressHUD.build/Debug-watchos/ProgressHUD-t.build/Objects-normal/arm64_32/ProgressHUD.abi.json
SwiftCompile normal arm64_32 (in target 'ProgressHUD' from project 'ProgressHUD')
cd /Users/admin/builder/spi-builder-workspace/.swiftpm/xcode
SwiftCompile normal arm64_32 Compiling\ CircleRippleMultipleView.swift,\ CircleRippleSingleView.swift,\ CircleRotateChaseView.swift /Users/admin/builder/spi-builder-workspace/SwiftUI/Sources/Animations/CircleRippleMultipleView.swift /Users/admin/builder/spi-builder-workspace/SwiftUI/Sources/Animations/CircleRippleSingleView.swift /Users/admin/builder/spi-builder-workspace/SwiftUI/Sources/Animations/CircleRotateChaseView.swift (in target 'ProgressHUD' from project 'ProgressHUD')
SwiftCompile normal arm64_32 /Users/admin/builder/spi-builder-workspace/SwiftUI/Sources/Animations/CircleRippleMultipleView.swift (in target 'ProgressHUD' from project 'ProgressHUD')
cd /Users/admin/builder/spi-builder-workspace/.swiftpm/xcode
builtin-SwiftPerFileCompile CircleRippleMultipleView.swift
SwiftCompile normal arm64_32 /Users/admin/builder/spi-builder-workspace/SwiftUI/Sources/Animations/CircleRippleSingleView.swift (in target 'ProgressHUD' from project 'ProgressHUD')
cd /Users/admin/builder/spi-builder-workspace/.swiftpm/xcode
builtin-SwiftPerFileCompile CircleRippleSingleView.swift
SwiftCompile normal arm64_32 /Users/admin/builder/spi-builder-workspace/SwiftUI/Sources/Animations/CircleRotateChaseView.swift (in target 'ProgressHUD' from project 'ProgressHUD')
cd /Users/admin/builder/spi-builder-workspace/.swiftpm/xcode
builtin-SwiftPerFileCompile CircleRotateChaseView.swift
SwiftCompile normal arm64_32 Compiling\ resource_bundle_accessor.swift,\ ActivityIndicatorView.swift,\ BallVerticalBounceView.swift /Users/admin/builder/spi-builder-workspace/.derivedData/Build/Intermediates.noindex/ProgressHUD.build/Debug-watchos/ProgressHUD-t.build/DerivedSources/resource_bundle_accessor.swift /Users/admin/builder/spi-builder-workspace/SwiftUI/Sources/Animations/ActivityIndicatorView.swift /Users/admin/builder/spi-builder-workspace/SwiftUI/Sources/Animations/BallVerticalBounceView.swift (in target 'ProgressHUD' from project 'ProgressHUD')
SwiftCompile normal arm64_32 /Users/admin/builder/spi-builder-workspace/.derivedData/Build/Intermediates.noindex/ProgressHUD.build/Debug-watchos/ProgressHUD-t.build/DerivedSources/resource_bundle_accessor.swift (in target 'ProgressHUD' from project 'ProgressHUD')
cd /Users/admin/builder/spi-builder-workspace/.swiftpm/xcode
builtin-SwiftPerFileCompile resource_bundle_accessor.swift
SwiftCompile normal arm64_32 /Users/admin/builder/spi-builder-workspace/SwiftUI/Sources/Animations/ActivityIndicatorView.swift (in target 'ProgressHUD' from project 'ProgressHUD')
cd /Users/admin/builder/spi-builder-workspace/.swiftpm/xcode
builtin-SwiftPerFileCompile ActivityIndicatorView.swift
SwiftCompile normal arm64_32 /Users/admin/builder/spi-builder-workspace/SwiftUI/Sources/Animations/BallVerticalBounceView.swift (in target 'ProgressHUD' from project 'ProgressHUD')
cd /Users/admin/builder/spi-builder-workspace/.swiftpm/xcode
builtin-SwiftPerFileCompile BallVerticalBounceView.swift
SwiftCompile normal arm64_32 Compiling\ TriangleDotShiftView.swift,\ ProgressHUD+Banner.swift,\ ProgressHUD+Enums.swift /Users/admin/builder/spi-builder-workspace/SwiftUI/Sources/Animations/TriangleDotShiftView.swift /Users/admin/builder/spi-builder-workspace/SwiftUI/Sources/ProgressHUD+Banner.swift /Users/admin/builder/spi-builder-workspace/SwiftUI/Sources/ProgressHUD+Enums.swift (in target 'ProgressHUD' from project 'ProgressHUD')
/Users/admin/builder/spi-builder-workspace/SwiftUI/Sources/ProgressHUD.swift:67:46: error: 'label' is unavailable in watchOS
65 |
66 | public var colorBanner = Color.clear
67 | public var colorBannerTitle = Color(UIColor.label)
| `- error: 'label' is unavailable in watchOS
68 | public var colorBannerMessage = Color(UIColor.secondaryLabel)
69 | public var fontBannerTitle = Font.system(size: 16, weight: .semibold)
/Applications/Xcode-27.0.0-Release.Candidate.app/Contents/Developer/Platforms/WatchOS.platform/Developer/SDKs/WatchOS27.0.sdk/System/Library/Frameworks/UIKit.framework/Headers/UIInterface.h:171:49: note: 'label' has been explicitly marked unavailable here
169 | /* Foreground colors for static text and related elements.
170 | */
171 | @property (class, nonatomic, readonly) UIColor *labelColor API_AVAILABLE(ios(13.0), tvos(13.0)) API_UNAVAILABLE(watchos);
| `- note: 'label' has been explicitly marked unavailable here
172 | @property (class, nonatomic, readonly) UIColor *secondaryLabelColor API_AVAILABLE(ios(13.0), tvos(13.0)) API_UNAVAILABLE(watchos);
173 | @property (class, nonatomic, readonly) UIColor *tertiaryLabelColor API_AVAILABLE(ios(13.0), tvos(13.0)) API_UNAVAILABLE(watchos);
SwiftCompile normal arm64_32 /Users/admin/builder/spi-builder-workspace/SwiftUI/Sources/Animations/TriangleDotShiftView.swift (in target 'ProgressHUD' from project 'ProgressHUD')
cd /Users/admin/builder/spi-builder-workspace/.swiftpm/xcode
builtin-SwiftPerFileCompile TriangleDotShiftView.swift
SwiftCompile normal arm64_32 /Users/admin/builder/spi-builder-workspace/SwiftUI/Sources/ProgressHUD+Banner.swift (in target 'ProgressHUD' from project 'ProgressHUD')
cd /Users/admin/builder/spi-builder-workspace/.swiftpm/xcode
builtin-SwiftPerFileCompile ProgressHUD+Banner.swift
SwiftCompile normal arm64_32 /Users/admin/builder/spi-builder-workspace/SwiftUI/Sources/ProgressHUD+Enums.swift (in target 'ProgressHUD' from project 'ProgressHUD')
cd /Users/admin/builder/spi-builder-workspace/.swiftpm/xcode
builtin-SwiftPerFileCompile ProgressHUD+Enums.swift
SwiftCompile normal arm64_32 Compiling\ CircleDotSpinFadeView.swift,\ CirclePulseMultipleView.swift,\ CirclePulseSingleView.swift /Users/admin/builder/spi-builder-workspace/SwiftUI/Sources/Animations/CircleDotSpinFadeView.swift /Users/admin/builder/spi-builder-workspace/SwiftUI/Sources/Animations/CirclePulseMultipleView.swift /Users/admin/builder/spi-builder-workspace/SwiftUI/Sources/Animations/CirclePulseSingleView.swift (in target 'ProgressHUD' from project 'ProgressHUD')
SwiftCompile normal arm64_32 /Users/admin/builder/spi-builder-workspace/SwiftUI/Sources/Animations/CircleDotSpinFadeView.swift (in target 'ProgressHUD' from project 'ProgressHUD')
cd /Users/admin/builder/spi-builder-workspace/.swiftpm/xcode
builtin-SwiftPerFileCompile CircleDotSpinFadeView.swift
SwiftCompile normal arm64_32 /Users/admin/builder/spi-builder-workspace/SwiftUI/Sources/Animations/CirclePulseMultipleView.swift (in target 'ProgressHUD' from project 'ProgressHUD')
cd /Users/admin/builder/spi-builder-workspace/.swiftpm/xcode
builtin-SwiftPerFileCompile CirclePulseMultipleView.swift
SwiftCompile normal arm64_32 /Users/admin/builder/spi-builder-workspace/SwiftUI/Sources/Animations/CirclePulseSingleView.swift (in target 'ProgressHUD' from project 'ProgressHUD')
cd /Users/admin/builder/spi-builder-workspace/.swiftpm/xcode
builtin-SwiftPerFileCompile CirclePulseSingleView.swift
SwiftExplicitDependencyGeneratePcm arm64 /Users/admin/builder/spi-builder-workspace/.derivedData/SDKExplicitPrecompiledModules/SwiftUI-APXDH8ULYLM6FD17YRA73TULO.pcm
PruneExplicitPrecompiledModules /Users/admin/builder/spi-builder-workspace/.derivedData/Build/Intermediates.noindex/SwiftExplicitPrecompiledModules
PruneExplicitPrecompiledModules /Users/admin/builder/spi-builder-workspace/.derivedData/Build/Intermediates.noindex/ExplicitPrecompiledModules
PruneExplicitPrecompiledModules /Users/admin/builder/spi-builder-workspace/.derivedData/SDKExplicitPrecompiledModules
2026-09-28 02:18:13.558 xcodebuild[627:3912] [MT] IDERunDestination: Supported platforms for the buildables in the current scheme is empty.
** BUILD FAILED **
The following build commands failed:
SwiftEmitModule normal arm64_32 Emitting\ module\ for\ ProgressHUD (in target 'ProgressHUD' from project 'ProgressHUD')
SwiftCompile normal arm64_32 (in target 'ProgressHUD' from project 'ProgressHUD')
Building workspace ProgressHUD with scheme ProgressHUD
(3 failures)
Command line invocation:
/Applications/Xcode-27.0.0-Release.Candidate.app/Contents/Developer/usr/bin/xcodebuild -IDEClonedSourcePackagesDirPathOverride=/Users/admin/builder/spi-builder-workspace/.dependencies -resolvePackageDependencies
Resolve Package Graph
Resolved source packages:
ProgressHUD: /Users/admin/builder/spi-builder-workspace
resolved source packages: ProgressHUD
2026-09-28 02:18:21.548 xcodebuild[818:4763] [MT] IDERunDestination: Supported platforms for the buildables in the current scheme is empty.
{
"default_localization" : "en",
"dependencies" : [
],
"manifest_display_name" : "ProgressHUD",
"name" : "ProgressHUD",
"path" : "/Users/admin/builder/spi-builder-workspace",
"platforms" : [
{
"name" : "ios",
"version" : "17.0"
}
],
"products" : [
{
"name" : "ProgressHUD",
"targets" : [
"ProgressHUD"
],
"type" : {
"library" : [
"automatic"
]
}
}
],
"targets" : [
{
"c99name" : "ProgressHUD",
"module_type" : "SwiftTarget",
"name" : "ProgressHUD",
"path" : "SwiftUI/Sources",
"product_memberships" : [
"ProgressHUD"
],
"resources" : [
{
"path" : "/Users/admin/builder/spi-builder-workspace/SwiftUI/Sources/PrivacyInfo.xcprivacy",
"rule" : {
"process" : {
}
}
}
],
"sources" : [
"Animations/ActivityIndicatorView.swift",
"Animations/BallVerticalBounceView.swift",
"Animations/BarSweepToggleView.swift",
"Animations/CircleArcDotSpinView.swift",
"Animations/CircleBarSpinFadeView.swift",
"Animations/CircleDotSpinFadeView.swift",
"Animations/CirclePulseMultipleView.swift",
"Animations/CirclePulseSingleView.swift",
"Animations/CircleRippleMultipleView.swift",
"Animations/CircleRippleSingleView.swift",
"Animations/CircleRotateChaseView.swift",
"Animations/CircleStrokeSpinView.swift",
"Animations/DualDotSidestepView.swift",
"Animations/HorizontalBarScalingView.swift",
"Animations/HorizontalDotScalingView.swift",
"Animations/PacmanProgressView.swift",
"Animations/QuintupleDotDanceView.swift",
"Animations/SFSymbolBounceView.swift",
"Animations/SemiRingRotationView.swift",
"Animations/SquareCircuitSnakeView.swift",
"Animations/TriangleDotShiftView.swift",
"ProgressHUD+Banner.swift",
"ProgressHUD+Enums.swift",
"ProgressHUD+LiveIcon.swift",
"ProgressHUD+Public.swift",
"ProgressHUD.swift",
"ProgressView.swift"
],
"type" : "library"
}
],
"tools_version" : "5.9"
}
{
"workspace" : {
"name" : "ProgressHUD",
"schemes" : [
"ProgressHUD"
]
}
}
2026-09-28 02:18:22.833 xcodebuild[826:4827] [MT] IDERunDestination: Supported platforms for the buildables in the current scheme is empty.
Running build ...
env DEVELOPER_DIR=/Applications/Xcode-27.0.0-Release.Candidate.app xcrun xcodebuild -IDEClonedSourcePackagesDirPathOverride=$PWD/.dependencies -skipMacroValidation -skipPackagePluginValidation -derivedDataPath $PWD/.derivedData build -scheme ProgressHUD -destination generic/platform=watchOS
Command line invocation:
/Applications/Xcode-27.0.0-Release.Candidate.app/Contents/Developer/usr/bin/xcodebuild -IDEClonedSourcePackagesDirPathOverride=/Users/admin/builder/spi-builder-workspace/.dependencies -skipMacroValidation -skipPackagePluginValidation -derivedDataPath /Users/admin/builder/spi-builder-workspace/.derivedData build -scheme ProgressHUD -destination generic/platform=watchOS
Resolve Package Graph
Resolved source packages:
ProgressHUD: /Users/admin/builder/spi-builder-workspace
ComputePackagePrebuildTargetDependencyGraph
Prepare packages
CreateBuildRequest
SendProjectDescription
CreateBuildOperation
ComputeTargetDependencyGraph
note: Building targets in dependency order
note: Target dependency graph (3 targets)
Target 'ProgressHUD-product' in project 'ProgressHUD'
➜ Explicit dependency on target 'ProgressHUD' in project 'ProgressHUD'
➜ Explicit dependency on target 'ProgressHUD_ProgressHUD' in project 'ProgressHUD'
Target 'ProgressHUD' in project 'ProgressHUD'
➜ Explicit dependency on target 'ProgressHUD_ProgressHUD' in project 'ProgressHUD'
Target 'ProgressHUD_ProgressHUD' in project 'ProgressHUD' (no dependencies)
GatherProvisioningInputs
CreateBuildDescription
ClangStatCache /Applications/Xcode-27.0.0-Release.Candidate.app/Contents/Developer/Toolchains/XcodeDefault.xctoolchain/usr/bin/clang-stat-cache /Applications/Xcode-27.0.0-Release.Candidate.app/Contents/Developer/Platforms/WatchOS.platform/Developer/SDKs/WatchOS27.0.sdk /Users/admin/builder/spi-builder-workspace/.derivedData/SDKStatCaches.noindex/watchos27.0-24R360-e829b21a6f8c9b70876ba0858053c04477534ef55a1706bf4c1112bbb242f0a2.sdkstatcache
cd /Users/admin/builder/spi-builder-workspace/.swiftpm/xcode
/Applications/Xcode-27.0.0-Release.Candidate.app/Contents/Developer/Toolchains/XcodeDefault.xctoolchain/usr/bin/clang-stat-cache /Applications/Xcode-27.0.0-Release.Candidate.app/Contents/Developer/Platforms/WatchOS.platform/Developer/SDKs/WatchOS27.0.sdk -o /Users/admin/builder/spi-builder-workspace/.derivedData/SDKStatCaches.noindex/watchos27.0-24R360-e829b21a6f8c9b70876ba0858053c04477534ef55a1706bf4c1112bbb242f0a2.sdkstatcache
SwiftDriver ProgressHUD normal arm64_32 com.apple.xcode.tools.swift.compiler (in target 'ProgressHUD' from project 'ProgressHUD')
cd /Users/admin/builder/spi-builder-workspace/.swiftpm/xcode
builtin-SwiftDriver -- /Applications/Xcode-27.0.0-Release.Candidate.app/Contents/Developer/Toolchains/XcodeDefault.xctoolchain/usr/bin/swiftc -parse-as-library -module-name ProgressHUD -Onone @/Users/admin/builder/spi-builder-workspace/.derivedData/Build/Intermediates.noindex/ProgressHUD.build/Debug-watchos/ProgressHUD-t.build/Objects-normal/arm64_32/ProgressHUD.SwiftFileList -DSWIFT_PACKAGE -DDEBUG -DSWIFT_MODULE_RESOURCE_BUNDLE_AVAILABLE -DXcode -plugin-path /Applications/Xcode-27.0.0-Release.Candidate.app/Contents/Developer/Toolchains/XcodeDefault.xctoolchain/usr/lib/swift/host/plugins/testing -enable-experimental-feature DebugDescriptionMacro -sdk /Applications/Xcode-27.0.0-Release.Candidate.app/Contents/Developer/Platforms/WatchOS.platform/Developer/SDKs/WatchOS27.0.sdk -target arm64_32-apple-watchos10.0 -g -module-cache-path /Users/admin/builder/spi-builder-workspace/.derivedData/ModuleCache.noindex -Xfrontend -serialize-debugging-options -enable-testing -index-store-path /Users/admin/builder/spi-builder-workspace/.derivedData/Index.noindex/DataStore -Xcc -D_LIBCPP_HARDENING_MODE\=_LIBCPP_HARDENING_MODE_DEBUG -swift-version 5 -I /Users/admin/builder/spi-builder-workspace/.derivedData/Build/Products/Debug-watchos -Isystem /Applications/Xcode-27.0.0-Release.Candidate.app/Contents/Developer/Platforms/WatchOS.platform/Developer/usr/lib -F /Users/admin/builder/spi-builder-workspace/.derivedData/Build/Products/Debug-watchos -F /Applications/Xcode-27.0.0-Release.Candidate.app/Contents/Developer/Platforms/WatchOS.platform/Developer/Library/Frameworks -F /Applications/Xcode-27.0.0-Release.Candidate.app/Contents/Developer/Platforms/WatchOS.platform/Developer/SDKs/WatchOS27.0.sdk/Developer/Library/Frameworks -emit-localized-strings -emit-localized-strings-path /Users/admin/builder/spi-builder-workspace/.derivedData/Build/Intermediates.noindex/ProgressHUD.build/Debug-watchos/ProgressHUD-t.build/Objects-normal/arm64_32 -c -j10 -enable-batch-mode -incremental -Xcc -ivfsstatcache -Xcc /Users/admin/builder/spi-builder-workspace/.derivedData/SDKStatCaches.noindex/watchos27.0-24R360-e829b21a6f8c9b70876ba0858053c04477534ef55a1706bf4c1112bbb242f0a2.sdkstatcache -output-file-map /Users/admin/builder/spi-builder-workspace/.derivedData/Build/Intermediates.noindex/ProgressHUD.build/Debug-watchos/ProgressHUD-t.build/Objects-normal/arm64_32/ProgressHUD-OutputFileMap.json -save-temps -no-color-diagnostics -explicit-module-build -module-cache-path /Users/admin/builder/spi-builder-workspace/.derivedData/Build/Intermediates.noindex/SwiftExplicitPrecompiledModules -clang-scanner-module-cache-path /Users/admin/builder/spi-builder-workspace/.derivedData/ModuleCache.noindex -sdk-module-cache-path /Users/admin/builder/spi-builder-workspace/.derivedData/SDKExplicitPrecompiledModules -emit-dependencies -emit-module -emit-module-path /Users/admin/builder/spi-builder-workspace/.derivedData/Build/Intermediates.noindex/ProgressHUD.build/Debug-watchos/ProgressHUD-t.build/Objects-normal/arm64_32/ProgressHUD.swiftmodule -serialize-diagnostics -dependency-scan-serialize-diagnostics-path /Users/admin/builder/spi-builder-workspace/.derivedData/Build/Intermediates.noindex/ProgressHUD.build/Debug-watchos/ProgressHUD-t.build/Objects-normal/arm64_32/ProgressHUD-dependency-scan.dia -validate-clang-modules-once -clang-build-session-file /Users/admin/builder/spi-builder-workspace/.derivedData/ModuleCache.noindex/Session.modulevalidation -Xcc -fmodules-prune-interval\=86400 -Xcc -fmodules-prune-after\=345600 -package-name spi_builder_workspace -emit-const-values -const-gather-protocols-list /Users/admin/builder/spi-builder-workspace/.derivedData/Build/Intermediates.noindex/ProgressHUD.build/Debug-watchos/ProgressHUD-t.build/Objects-normal/arm64_32/ProgressHUD_const_extract_protocols.json -Xcc -I/Users/admin/builder/spi-builder-workspace/.derivedData/Build/Products/Debug-watchos/include -Xcc -I/Users/admin/builder/spi-builder-workspace/.derivedData/Build/Intermediates.noindex/ProgressHUD.build/Debug-watchos/ProgressHUD-t.build/DerivedSources-normal/arm64_32 -Xcc -I/Users/admin/builder/spi-builder-workspace/.derivedData/Build/Intermediates.noindex/ProgressHUD.build/Debug-watchos/ProgressHUD-t.build/DerivedSources/arm64_32 -Xcc -I/Users/admin/builder/spi-builder-workspace/.derivedData/Build/Intermediates.noindex/ProgressHUD.build/Debug-watchos/ProgressHUD-t.build/DerivedSources -Xcc -DSWIFT_PACKAGE -Xcc -DDEBUG\=1 -emit-objc-header -emit-objc-header-path /Users/admin/builder/spi-builder-workspace/.derivedData/Build/Intermediates.noindex/ProgressHUD.build/Debug-watchos/ProgressHUD-t.build/Objects-normal/arm64_32/ProgressHUD-Swift.h -working-directory /Users/admin/builder/spi-builder-workspace/.swiftpm/xcode -experimental-emit-module-separately -disable-cmo
SwiftDriver ProgressHUD normal arm64 com.apple.xcode.tools.swift.compiler (in target 'ProgressHUD' from project 'ProgressHUD')
cd /Users/admin/builder/spi-builder-workspace/.swiftpm/xcode
builtin-SwiftDriver -- /Applications/Xcode-27.0.0-Release.Candidate.app/Contents/Developer/Toolchains/XcodeDefault.xctoolchain/usr/bin/swiftc -parse-as-library -module-name ProgressHUD -Onone @/Users/admin/builder/spi-builder-workspace/.derivedData/Build/Intermediates.noindex/ProgressHUD.build/Debug-watchos/ProgressHUD-t.build/Objects-normal/arm64/ProgressHUD.SwiftFileList -DSWIFT_PACKAGE -DDEBUG -DSWIFT_MODULE_RESOURCE_BUNDLE_AVAILABLE -DXcode -plugin-path /Applications/Xcode-27.0.0-Release.Candidate.app/Contents/Developer/Toolchains/XcodeDefault.xctoolchain/usr/lib/swift/host/plugins/testing -enable-experimental-feature DebugDescriptionMacro -sdk /Applications/Xcode-27.0.0-Release.Candidate.app/Contents/Developer/Platforms/WatchOS.platform/Developer/SDKs/WatchOS27.0.sdk -target arm64-apple-watchos10.0 -g -module-cache-path /Users/admin/builder/spi-builder-workspace/.derivedData/ModuleCache.noindex -Xfrontend -serialize-debugging-options -enable-testing -index-store-path /Users/admin/builder/spi-builder-workspace/.derivedData/Index.noindex/DataStore -Xcc -D_LIBCPP_HARDENING_MODE\=_LIBCPP_HARDENING_MODE_DEBUG -swift-version 5 -I /Users/admin/builder/spi-builder-workspace/.derivedData/Build/Products/Debug-watchos -Isystem /Applications/Xcode-27.0.0-Release.Candidate.app/Contents/Developer/Platforms/WatchOS.platform/Developer/usr/lib -F /Users/admin/builder/spi-builder-workspace/.derivedData/Build/Products/Debug-watchos -F /Applications/Xcode-27.0.0-Release.Candidate.app/Contents/Developer/Platforms/WatchOS.platform/Developer/Library/Frameworks -F /Applications/Xcode-27.0.0-Release.Candidate.app/Contents/Developer/Platforms/WatchOS.platform/Developer/SDKs/WatchOS27.0.sdk/Developer/Library/Frameworks -emit-localized-strings -emit-localized-strings-path /Users/admin/builder/spi-builder-workspace/.derivedData/Build/Intermediates.noindex/ProgressHUD.build/Debug-watchos/ProgressHUD-t.build/Objects-normal/arm64 -c -j10 -enable-batch-mode -incremental -Xcc -ivfsstatcache -Xcc /Users/admin/builder/spi-builder-workspace/.derivedData/SDKStatCaches.noindex/watchos27.0-24R360-e829b21a6f8c9b70876ba0858053c04477534ef55a1706bf4c1112bbb242f0a2.sdkstatcache -output-file-map /Users/admin/builder/spi-builder-workspace/.derivedData/Build/Intermediates.noindex/ProgressHUD.build/Debug-watchos/ProgressHUD-t.build/Objects-normal/arm64/ProgressHUD-OutputFileMap.json -save-temps -no-color-diagnostics -explicit-module-build -module-cache-path /Users/admin/builder/spi-builder-workspace/.derivedData/Build/Intermediates.noindex/SwiftExplicitPrecompiledModules -clang-scanner-module-cache-path /Users/admin/builder/spi-builder-workspace/.derivedData/ModuleCache.noindex -sdk-module-cache-path /Users/admin/builder/spi-builder-workspace/.derivedData/SDKExplicitPrecompiledModules -emit-dependencies -emit-module -emit-module-path /Users/admin/builder/spi-builder-workspace/.derivedData/Build/Intermediates.noindex/ProgressHUD.build/Debug-watchos/ProgressHUD-t.build/Objects-normal/arm64/ProgressHUD.swiftmodule -serialize-diagnostics -dependency-scan-serialize-diagnostics-path /Users/admin/builder/spi-builder-workspace/.derivedData/Build/Intermediates.noindex/ProgressHUD.build/Debug-watchos/ProgressHUD-t.build/Objects-normal/arm64/ProgressHUD-dependency-scan.dia -validate-clang-modules-once -clang-build-session-file /Users/admin/builder/spi-builder-workspace/.derivedData/ModuleCache.noindex/Session.modulevalidation -Xcc -fmodules-prune-interval\=86400 -Xcc -fmodules-prune-after\=345600 -package-name spi_builder_workspace -emit-const-values -const-gather-protocols-list /Users/admin/builder/spi-builder-workspace/.derivedData/Build/Intermediates.noindex/ProgressHUD.build/Debug-watchos/ProgressHUD-t.build/Objects-normal/arm64/ProgressHUD_const_extract_protocols.json -Xcc -I/Users/admin/builder/spi-builder-workspace/.derivedData/Build/Products/Debug-watchos/include -Xcc -I/Users/admin/builder/spi-builder-workspace/.derivedData/Build/Intermediates.noindex/ProgressHUD.build/Debug-watchos/ProgressHUD-t.build/DerivedSources-normal/arm64 -Xcc -I/Users/admin/builder/spi-builder-workspace/.derivedData/Build/Intermediates.noindex/ProgressHUD.build/Debug-watchos/ProgressHUD-t.build/DerivedSources/arm64 -Xcc -I/Users/admin/builder/spi-builder-workspace/.derivedData/Build/Intermediates.noindex/ProgressHUD.build/Debug-watchos/ProgressHUD-t.build/DerivedSources -Xcc -DSWIFT_PACKAGE -Xcc -DDEBUG\=1 -emit-objc-header -emit-objc-header-path /Users/admin/builder/spi-builder-workspace/.derivedData/Build/Intermediates.noindex/ProgressHUD.build/Debug-watchos/ProgressHUD-t.build/Objects-normal/arm64/ProgressHUD-Swift.h -working-directory /Users/admin/builder/spi-builder-workspace/.swiftpm/xcode -experimental-emit-module-separately -disable-cmo
SwiftExplicitDependencyGeneratePcm arm64 /Users/admin/builder/spi-builder-workspace/.derivedData/SDKExplicitPrecompiledModules/SwiftUI-APXDH8ULYLM6FD17YRA73TULO.pcm
SwiftEmitModule normal arm64_32 Emitting\ module\ for\ ProgressHUD (in target 'ProgressHUD' from project 'ProgressHUD')
/Users/admin/builder/spi-builder-workspace/SwiftUI/Sources/ProgressHUD.swift:54:38: error: 'systemGray' is unavailable in watchOS
52 |
53 | public var colorBackground = Color.clear
54 | public var colorHUD = Color(UIColor.systemGray).opacity(0.1)
| `- error: 'systemGray' is unavailable in watchOS
55 | public var colorStatus = Color(UIColor.label)
56 | public var colorProgress = Color(UIColor.lightGray)
/Applications/Xcode-27.0.0-Release.Candidate.app/Contents/Developer/Platforms/WatchOS.platform/Developer/SDKs/WatchOS27.0.sdk/System/Library/Frameworks/UIKit.framework/Headers/UIInterface.h:136:49: note: 'systemGray' has been explicitly marked unavailable here
134 | /* Shades of gray. systemGray is the base gray color.
135 | */
136 | @property (class, nonatomic, readonly) UIColor *systemGrayColor API_AVAILABLE(ios(7.0), tvos(9.0)) API_UNAVAILABLE(watchos);
| `- note: 'systemGray' has been explicitly marked unavailable here
137 |
138 | /* The numbered variations, systemGray2 through systemGray6, are grays which increasingly
macro expansion @ObservationTracked:2:41: error: 'systemGray' is unavailable in watchOS
`- /Users/admin/builder/spi-builder-workspace/SwiftUI/Sources/ProgressHUD.swift:54:62: note: expanded code originates here
52 |
53 | public var colorBackground = Color.clear
54 | public var colorHUD = Color(UIColor.systemGray).opacity(0.1)
+--- macro expansion @ObservationTracked ---------------------------
|1 | @ObservationIgnored
|2 | private var _colorHUD = Color(UIColor.systemGray).opacity(0.1)
| | `- error: 'systemGray' is unavailable in watchOS
+-------------------------------------------------------------------
55 | public var colorStatus = Color(UIColor.label)
56 | public var colorProgress = Color(UIColor.lightGray)
/Applications/Xcode-27.0.0-Release.Candidate.app/Contents/Developer/Platforms/WatchOS.platform/Developer/SDKs/WatchOS27.0.sdk/System/Library/Frameworks/UIKit.framework/Headers/UIInterface.h:136:49: note: 'systemGray' has been explicitly marked unavailable here
134 | /* Shades of gray. systemGray is the base gray color.
135 | */
136 | @property (class, nonatomic, readonly) UIColor *systemGrayColor API_AVAILABLE(ios(7.0), tvos(9.0)) API_UNAVAILABLE(watchos);
| `- note: 'systemGray' has been explicitly marked unavailable here
137 |
138 | /* The numbered variations, systemGray2 through systemGray6, are grays which increasingly
/Users/admin/builder/spi-builder-workspace/SwiftUI/Sources/ProgressHUD.swift:55:41: error: 'label' is unavailable in watchOS
53 | public var colorBackground = Color.clear
54 | public var colorHUD = Color(UIColor.systemGray).opacity(0.1)
55 | public var colorStatus = Color(UIColor.label)
| `- error: 'label' is unavailable in watchOS
56 | public var colorProgress = Color(UIColor.lightGray)
57 | public var colorAnimation = Color(UIColor.lightGray)
/Applications/Xcode-27.0.0-Release.Candidate.app/Contents/Developer/Platforms/WatchOS.platform/Developer/SDKs/WatchOS27.0.sdk/System/Library/Frameworks/UIKit.framework/Headers/UIInterface.h:171:49: note: 'label' has been explicitly marked unavailable here
169 | /* Foreground colors for static text and related elements.
170 | */
171 | @property (class, nonatomic, readonly) UIColor *labelColor API_AVAILABLE(ios(13.0), tvos(13.0)) API_UNAVAILABLE(watchos);
| `- note: 'label' has been explicitly marked unavailable here
172 | @property (class, nonatomic, readonly) UIColor *secondaryLabelColor API_AVAILABLE(ios(13.0), tvos(13.0)) API_UNAVAILABLE(watchos);
173 | @property (class, nonatomic, readonly) UIColor *tertiaryLabelColor API_AVAILABLE(ios(13.0), tvos(13.0)) API_UNAVAILABLE(watchos);
macro expansion @ObservationTracked:2:44: error: 'label' is unavailable in watchOS
`- /Users/admin/builder/spi-builder-workspace/SwiftUI/Sources/ProgressHUD.swift:55:47: note: expanded code originates here
53 | public var colorBackground = Color.clear
54 | public var colorHUD = Color(UIColor.systemGray).opacity(0.1)
55 | public var colorStatus = Color(UIColor.label)
+--- macro expansion @ObservationTracked ---------------------------
|1 | @ObservationIgnored
|2 | private var _colorStatus = Color(UIColor.label)
| | `- error: 'label' is unavailable in watchOS
+-------------------------------------------------------------------
56 | public var colorProgress = Color(UIColor.lightGray)
57 | public var colorAnimation = Color(UIColor.lightGray)
/Applications/Xcode-27.0.0-Release.Candidate.app/Contents/Developer/Platforms/WatchOS.platform/Developer/SDKs/WatchOS27.0.sdk/System/Library/Frameworks/UIKit.framework/Headers/UIInterface.h:171:49: note: 'label' has been explicitly marked unavailable here
169 | /* Foreground colors for static text and related elements.
170 | */
171 | @property (class, nonatomic, readonly) UIColor *labelColor API_AVAILABLE(ios(13.0), tvos(13.0)) API_UNAVAILABLE(watchos);
| `- note: 'label' has been explicitly marked unavailable here
172 | @property (class, nonatomic, readonly) UIColor *secondaryLabelColor API_AVAILABLE(ios(13.0), tvos(13.0)) API_UNAVAILABLE(watchos);
173 | @property (class, nonatomic, readonly) UIColor *tertiaryLabelColor API_AVAILABLE(ios(13.0), tvos(13.0)) API_UNAVAILABLE(watchos);
/Users/admin/builder/spi-builder-workspace/SwiftUI/Sources/ProgressHUD.swift:67:46: error: 'label' is unavailable in watchOS
65 |
66 | public var colorBanner = Color.clear
67 | public var colorBannerTitle = Color(UIColor.label)
| `- error: 'label' is unavailable in watchOS
68 | public var colorBannerMessage = Color(UIColor.secondaryLabel)
69 | public var fontBannerTitle = Font.system(size: 16, weight: .semibold)
/Applications/Xcode-27.0.0-Release.Candidate.app/Contents/Developer/Platforms/WatchOS.platform/Developer/SDKs/WatchOS27.0.sdk/System/Library/Frameworks/UIKit.framework/Headers/UIInterface.h:171:49: note: 'label' has been explicitly marked unavailable here
169 | /* Foreground colors for static text and related elements.
170 | */
171 | @property (class, nonatomic, readonly) UIColor *labelColor API_AVAILABLE(ios(13.0), tvos(13.0)) API_UNAVAILABLE(watchos);
| `- note: 'label' has been explicitly marked unavailable here
172 | @property (class, nonatomic, readonly) UIColor *secondaryLabelColor API_AVAILABLE(ios(13.0), tvos(13.0)) API_UNAVAILABLE(watchos);
173 | @property (class, nonatomic, readonly) UIColor *tertiaryLabelColor API_AVAILABLE(ios(13.0), tvos(13.0)) API_UNAVAILABLE(watchos);
macro expansion @ObservationTracked:2:49: error: 'label' is unavailable in watchOS
`- /Users/admin/builder/spi-builder-workspace/SwiftUI/Sources/ProgressHUD.swift:67:52: note: expanded code originates here
65 |
66 | public var colorBanner = Color.clear
67 | public var colorBannerTitle = Color(UIColor.label)
+--- macro expansion @ObservationTracked ---------------------------
|1 | @ObservationIgnored
|2 | private var _colorBannerTitle = Color(UIColor.label)
| | `- error: 'label' is unavailable in watchOS
+-------------------------------------------------------------------
68 | public var colorBannerMessage = Color(UIColor.secondaryLabel)
69 | public var fontBannerTitle = Font.system(size: 16, weight: .semibold)
/Applications/Xcode-27.0.0-Release.Candidate.app/Contents/Developer/Platforms/WatchOS.platform/Developer/SDKs/WatchOS27.0.sdk/System/Library/Frameworks/UIKit.framework/Headers/UIInterface.h:171:49: note: 'label' has been explicitly marked unavailable here
169 | /* Foreground colors for static text and related elements.
170 | */
171 | @property (class, nonatomic, readonly) UIColor *labelColor API_AVAILABLE(ios(13.0), tvos(13.0)) API_UNAVAILABLE(watchos);
| `- note: 'label' has been explicitly marked unavailable here
172 | @property (class, nonatomic, readonly) UIColor *secondaryLabelColor API_AVAILABLE(ios(13.0), tvos(13.0)) API_UNAVAILABLE(watchos);
173 | @property (class, nonatomic, readonly) UIColor *tertiaryLabelColor API_AVAILABLE(ios(13.0), tvos(13.0)) API_UNAVAILABLE(watchos);
/Users/admin/builder/spi-builder-workspace/SwiftUI/Sources/ProgressHUD.swift:68:48: error: 'secondaryLabel' is unavailable in watchOS
66 | public var colorBanner = Color.clear
67 | public var colorBannerTitle = Color(UIColor.label)
68 | public var colorBannerMessage = Color(UIColor.secondaryLabel)
| `- error: 'secondaryLabel' is unavailable in watchOS
69 | public var fontBannerTitle = Font.system(size: 16, weight: .semibold)
70 | public var fontBannerMessage = Font.system(size: 14)
/Applications/Xcode-27.0.0-Release.Candidate.app/Contents/Developer/Platforms/WatchOS.platform/Developer/SDKs/WatchOS27.0.sdk/System/Library/Frameworks/UIKit.framework/Headers/UIInterface.h:172:49: note: 'secondaryLabel' has been explicitly marked unavailable here
170 | */
171 | @property (class, nonatomic, readonly) UIColor *labelColor API_AVAILABLE(ios(13.0), tvos(13.0)) API_UNAVAILABLE(watchos);
172 | @property (class, nonatomic, readonly) UIColor *secondaryLabelColor API_AVAILABLE(ios(13.0), tvos(13.0)) API_UNAVAILABLE(watchos);
| `- note: 'secondaryLabel' has been explicitly marked unavailable here
173 | @property (class, nonatomic, readonly) UIColor *tertiaryLabelColor API_AVAILABLE(ios(13.0), tvos(13.0)) API_UNAVAILABLE(watchos);
174 | @property (class, nonatomic, readonly) UIColor *quaternaryLabelColor API_AVAILABLE(ios(13.0), tvos(13.0)) API_UNAVAILABLE(watchos);
macro expansion @ObservationTracked:2:51: error: 'secondaryLabel' is unavailable in watchOS
`- /Users/admin/builder/spi-builder-workspace/SwiftUI/Sources/ProgressHUD.swift:68:63: note: expanded code originates here
66 | public var colorBanner = Color.clear
67 | public var colorBannerTitle = Color(UIColor.label)
68 | public var colorBannerMessage = Color(UIColor.secondaryLabel)
+--- macro expansion @ObservationTracked ---------------------------
|1 | @ObservationIgnored
|2 | private var _colorBannerMessage = Color(UIColor.secondaryLabel)
| | `- error: 'secondaryLabel' is unavailable in watchOS
+-------------------------------------------------------------------
69 | public var fontBannerTitle = Font.system(size: 16, weight: .semibold)
70 | public var fontBannerMessage = Font.system(size: 14)
/Applications/Xcode-27.0.0-Release.Candidate.app/Contents/Developer/Platforms/WatchOS.platform/Developer/SDKs/WatchOS27.0.sdk/System/Library/Frameworks/UIKit.framework/Headers/UIInterface.h:172:49: note: 'secondaryLabel' has been explicitly marked unavailable here
170 | */
171 | @property (class, nonatomic, readonly) UIColor *labelColor API_AVAILABLE(ios(13.0), tvos(13.0)) API_UNAVAILABLE(watchos);
172 | @property (class, nonatomic, readonly) UIColor *secondaryLabelColor API_AVAILABLE(ios(13.0), tvos(13.0)) API_UNAVAILABLE(watchos);
| `- note: 'secondaryLabel' has been explicitly marked unavailable here
173 | @property (class, nonatomic, readonly) UIColor *tertiaryLabelColor API_AVAILABLE(ios(13.0), tvos(13.0)) API_UNAVAILABLE(watchos);
174 | @property (class, nonatomic, readonly) UIColor *quaternaryLabelColor API_AVAILABLE(ios(13.0), tvos(13.0)) API_UNAVAILABLE(watchos);
Failed frontend command:
SwiftCompile normal arm64_32 (in target 'ProgressHUD' from project 'ProgressHUD')
cd /Users/admin/builder/spi-builder-workspace/.swiftpm/xcode
/Applications/Xcode-27.0.0-Release.Candidate.app/Contents/Developer/Toolchains/XcodeDefault.xctoolchain/usr/bin/swift-frontend -frontend -emit-module -experimental-skip-non-inlinable-function-bodies-without-types /Users/admin/builder/spi-builder-workspace/.derivedData/Build/Intermediates.noindex/ProgressHUD.build/Debug-watchos/ProgressHUD-t.build/DerivedSources/resource_bundle_accessor.swift /Users/admin/builder/spi-builder-workspace/SwiftUI/Sources/Animations/ActivityIndicatorView.swift /Users/admin/builder/spi-builder-workspace/SwiftUI/Sources/Animations/BallVerticalBounceView.swift /Users/admin/builder/spi-builder-workspace/SwiftUI/Sources/Animations/BarSweepToggleView.swift /Users/admin/builder/spi-builder-workspace/SwiftUI/Sources/Animations/CircleArcDotSpinView.swift /Users/admin/builder/spi-builder-workspace/SwiftUI/Sources/Animations/CircleBarSpinFadeView.swift /Users/admin/builder/spi-builder-workspace/SwiftUI/Sources/Animations/CircleDotSpinFadeView.swift /Users/admin/builder/spi-builder-workspace/SwiftUI/Sources/Animations/CirclePulseMultipleView.swift /Users/admin/builder/spi-builder-workspace/SwiftUI/Sources/Animations/CirclePulseSingleView.swift /Users/admin/builder/spi-builder-workspace/SwiftUI/Sources/Animations/CircleRippleMultipleView.swift /Users/admin/builder/spi-builder-workspace/SwiftUI/Sources/Animations/CircleRippleSingleView.swift /Users/admin/builder/spi-builder-workspace/SwiftUI/Sources/Animations/CircleRotateChaseView.swift /Users/admin/builder/spi-builder-workspace/SwiftUI/Sources/Animations/CircleStrokeSpinView.swift /Users/admin/builder/spi-builder-workspace/SwiftUI/Sources/Animations/DualDotSidestepView.swift /Users/admin/builder/spi-builder-workspace/SwiftUI/Sources/Animations/HorizontalBarScalingView.swift /Users/admin/builder/spi-builder-workspace/SwiftUI/Sources/Animations/HorizontalDotScalingView.swift /Users/admin/builder/spi-builder-workspace/SwiftUI/Sources/Animations/PacmanProgressView.swift /Users/admin/builder/spi-builder-workspace/SwiftUI/Sources/Animations/QuintupleDotDanceView.swift /Users/admin/builder/spi-builder-workspace/SwiftUI/Sources/Animations/SFSymbolBounceView.swift /Users/admin/builder/spi-builder-workspace/SwiftUI/Sources/Animations/SemiRingRotationView.swift /Users/admin/builder/spi-builder-workspace/SwiftUI/Sources/Animations/SquareCircuitSnakeView.swift /Users/admin/builder/spi-builder-workspace/SwiftUI/Sources/Animations/TriangleDotShiftView.swift /Users/admin/builder/spi-builder-workspace/SwiftUI/Sources/ProgressHUD+Banner.swift /Users/admin/builder/spi-builder-workspace/SwiftUI/Sources/ProgressHUD+Enums.swift /Users/admin/builder/spi-builder-workspace/SwiftUI/Sources/ProgressHUD+LiveIcon.swift /Users/admin/builder/spi-builder-workspace/SwiftUI/Sources/ProgressHUD+Public.swift /Users/admin/builder/spi-builder-workspace/SwiftUI/Sources/ProgressHUD.swift /Users/admin/builder/spi-builder-workspace/SwiftUI/Sources/ProgressView.swift -target arm64_32-apple-watchos10.0 -disable-cross-import-overlay-search -load-resolved-plugin /Applications/Xcode-27.0.0-Release.Candidate.app/Contents/Developer/Platforms/WatchOS.platform/Developer/usr/lib/swift/host/plugins/libFoundationMacros.dylib\#/Applications/Xcode-27.0.0-Release.Candidate.app/Contents/Developer/Platforms/WatchOS.platform/Developer/usr/bin/swift-plugin-server\#FoundationMacros -load-resolved-plugin /Applications/Xcode-27.0.0-Release.Candidate.app/Contents/Developer/Platforms/WatchOS.platform/Developer/usr/lib/swift/host/plugins/libObservationMacros.dylib\#/Applications/Xcode-27.0.0-Release.Candidate.app/Contents/Developer/Platforms/WatchOS.platform/Developer/usr/bin/swift-plugin-server\#ObservationMacros -load-resolved-plugin /Applications/Xcode-27.0.0-Release.Candidate.app/Contents/Developer/Platforms/WatchOS.platform/Developer/usr/lib/swift/host/plugins/libPreviewsMacros.dylib\#/Applications/Xcode-27.0.0-Release.Candidate.app/Contents/Developer/Platforms/WatchOS.platform/Developer/usr/bin/swift-plugin-server\#PreviewsMacros -load-resolved-plugin /Applications/Xcode-27.0.0-Release.Candidate.app/Contents/Developer/Platforms/WatchOS.platform/Developer/usr/lib/swift/host/plugins/libSwiftMacros.dylib\#/Applications/Xcode-27.0.0-Release.Candidate.app/Contents/Developer/Platforms/WatchOS.platform/Developer/usr/bin/swift-plugin-server\#SwiftMacros -load-resolved-plugin /Applications/Xcode-27.0.0-Release.Candidate.app/Contents/Developer/Platforms/WatchOS.platform/Developer/usr/lib/swift/host/plugins/libSwiftUIMacros.dylib\#/Applications/Xcode-27.0.0-Release.Candidate.app/Contents/Developer/Platforms/WatchOS.platform/Developer/usr/bin/swift-plugin-server\#SwiftUIMacros -disable-implicit-swift-modules -Xcc -fno-implicit-modules -Xcc -fno-implicit-module-maps -explicit-swift-module-map-file /Users/admin/builder/spi-builder-workspace/.derivedData/Build/Intermediates.noindex/ProgressHUD.build/Debug-watchos/ProgressHUD-t.build/Objects-normal/arm64_32/ProgressHUD-dependencies-2.json -enable-objc-interop -sdk /Applications/Xcode-27.0.0-Release.Candidate.app/Contents/Developer/Platforms/WatchOS.platform/Developer/SDKs/WatchOS27.0.sdk -I /Users/admin/builder/spi-builder-workspace/.derivedData/Build/Products/Debug-watchos -Isystem /Applications/Xcode-27.0.0-Release.Candidate.app/Contents/Developer/Platforms/WatchOS.platform/Developer/usr/lib -F /Users/admin/builder/spi-builder-workspace/.derivedData/Build/Products/Debug-watchos -F /Applications/Xcode-27.0.0-Release.Candidate.app/Contents/Developer/Platforms/WatchOS.platform/Developer/Library/Frameworks -F /Applications/Xcode-27.0.0-Release.Candidate.app/Contents/Developer/Platforms/WatchOS.platform/Developer/SDKs/WatchOS27.0.sdk/Developer/Library/Frameworks -module-cache-path /Users/admin/builder/spi-builder-workspace/.derivedData/Build/Intermediates.noindex/SwiftExplicitPrecompiledModules -no-color-diagnostics -Xcc -fno-color-diagnostics -enable-testing -g -debug-info-format\=dwarf -dwarf-version\=4 -swift-version 5 -Onone -D SWIFT_PACKAGE -D DEBUG -D SWIFT_MODULE_RESOURCE_BUNDLE_AVAILABLE -D Xcode -serialize-debugging-options -enable-experimental-feature DebugDescriptionMacro -empty-abi-descriptor -validate-clang-modules-once -clang-build-session-file /Users/admin/builder/spi-builder-workspace/.derivedData/ModuleCache.noindex/Session.modulevalidation -Xcc -working-directory -Xcc /Users/admin/builder/spi-builder-workspace/.swiftpm/xcode -enable-anonymous-context-mangled-names -file-compilation-dir /Users/admin/builder/spi-builder-workspace/.swiftpm/xcode -Xcc -D_LIBCPP_HARDENING_MODE\=_LIBCPP_HARDENING_MODE_DEBUG -Xcc -ivfsstatcache -Xcc /Users/admin/builder/spi-builder-workspace/.derivedData/SDKStatCaches.noindex/watchos27.0-24R360-e829b21a6f8c9b70876ba0858053c04477534ef55a1706bf4c1112bbb242f0a2.sdkstatcache -Xcc -fmodules-prune-interval\=86400 -Xcc -fmodules-prune-after\=345600 -Xcc -I/Users/admin/builder/spi-builder-workspace/.derivedData/Build/Products/Debug-watchos/include -Xcc -I/Users/admin/builder/spi-builder-workspace/.derivedData/Build/Intermediates.noindex/ProgressHUD.build/Debug-watchos/ProgressHUD-t.build/DerivedSources-normal/arm64_32 -Xcc -I/Users/admin/builder/spi-builder-workspace/.derivedData/Build/Intermediates.noindex/ProgressHUD.build/Debug-watchos/ProgressHUD-t.build/DerivedSources/arm64_32 -Xcc -I/Users/admin/builder/spi-builder-workspace/.derivedData/Build/Intermediates.noindex/ProgressHUD.build/Debug-watchos/ProgressHUD-t.build/DerivedSources -Xcc -DSWIFT_PACKAGE -Xcc -DDEBUG\=1 -no-auto-bridging-header-chaining -module-name ProgressHUD -package-name spi_builder_workspace -const-gather-protocols-file /Users/admin/builder/spi-builder-workspace/.derivedData/Build/Intermediates.noindex/ProgressHUD.build/Debug-watchos/ProgressHUD-t.build/Objects-normal/arm64_32/ProgressHUD_const_extract_protocols.json -disable-clang-spi -clang-target arm64_32-apple-watchos27.0 -target-sdk-version 27.0 -target-sdk-name watchos27.0 -in-process-plugin-server-path /Applications/Xcode-27.0.0-Release.Candidate.app/Contents/Developer/Toolchains/XcodeDefault.xctoolchain/usr/lib/swift/host/libSwiftInProcPluginServer.dylib -emit-module-doc-path /Users/admin/builder/spi-builder-workspace/.derivedData/Build/Intermediates.noindex/ProgressHUD.build/Debug-watchos/ProgressHUD-t.build/Objects-normal/arm64_32/ProgressHUD.swiftdoc -emit-module-source-info-path /Users/admin/builder/spi-builder-workspace/.derivedData/Build/Intermediates.noindex/ProgressHUD.build/Debug-watchos/ProgressHUD-t.build/Objects-normal/arm64_32/ProgressHUD.swiftsourceinfo -emit-objc-header-path /Users/admin/builder/spi-builder-workspace/.derivedData/Build/Intermediates.noindex/ProgressHUD.build/Debug-watchos/ProgressHUD-t.build/Objects-normal/arm64_32/ProgressHUD-Swift.h -serialize-diagnostics-path /Users/admin/builder/spi-builder-workspace/.derivedData/Build/Intermediates.noindex/ProgressHUD.build/Debug-watchos/ProgressHUD-t.build/Objects-normal/arm64_32/ProgressHUD-primary-emit-module.dia -emit-dependencies-path /Users/admin/builder/spi-builder-workspace/.derivedData/Build/Intermediates.noindex/ProgressHUD.build/Debug-watchos/ProgressHUD-t.build/Objects-normal/arm64_32/ProgressHUD-primary-emit-module.d -parse-as-library -o /Users/admin/builder/spi-builder-workspace/.derivedData/Build/Intermediates.noindex/ProgressHUD.build/Debug-watchos/ProgressHUD-t.build/Objects-normal/arm64_32/ProgressHUD.swiftmodule -emit-abi-descriptor-path /Users/admin/builder/spi-builder-workspace/.derivedData/Build/Intermediates.noindex/ProgressHUD.build/Debug-watchos/ProgressHUD-t.build/Objects-normal/arm64_32/ProgressHUD.abi.json
SwiftCompile normal arm64_32 Compiling\ resource_bundle_accessor.swift,\ ActivityIndicatorView.swift,\ BallVerticalBounceView.swift /Users/admin/builder/spi-builder-workspace/.derivedData/Build/Intermediates.noindex/ProgressHUD.build/Debug-watchos/ProgressHUD-t.build/DerivedSources/resource_bundle_accessor.swift /Users/admin/builder/spi-builder-workspace/SwiftUI/Sources/Animations/ActivityIndicatorView.swift /Users/admin/builder/spi-builder-workspace/SwiftUI/Sources/Animations/BallVerticalBounceView.swift (in target 'ProgressHUD' from project 'ProgressHUD')
SwiftCompile normal arm64_32 /Users/admin/builder/spi-builder-workspace/.derivedData/Build/Intermediates.noindex/ProgressHUD.build/Debug-watchos/ProgressHUD-t.build/DerivedSources/resource_bundle_accessor.swift (in target 'ProgressHUD' from project 'ProgressHUD')
cd /Users/admin/builder/spi-builder-workspace/.swiftpm/xcode
builtin-SwiftPerFileCompile resource_bundle_accessor.swift
SwiftCompile normal arm64_32 /Users/admin/builder/spi-builder-workspace/SwiftUI/Sources/Animations/ActivityIndicatorView.swift (in target 'ProgressHUD' from project 'ProgressHUD')
cd /Users/admin/builder/spi-builder-workspace/.swiftpm/xcode
builtin-SwiftPerFileCompile ActivityIndicatorView.swift
SwiftCompile normal arm64_32 /Users/admin/builder/spi-builder-workspace/SwiftUI/Sources/Animations/BallVerticalBounceView.swift (in target 'ProgressHUD' from project 'ProgressHUD')
cd /Users/admin/builder/spi-builder-workspace/.swiftpm/xcode
builtin-SwiftPerFileCompile BallVerticalBounceView.swift
SwiftCompile normal arm64_32 Compiling\ ProgressHUD.swift,\ ProgressView.swift /Users/admin/builder/spi-builder-workspace/SwiftUI/Sources/ProgressHUD.swift /Users/admin/builder/spi-builder-workspace/SwiftUI/Sources/ProgressView.swift (in target 'ProgressHUD' from project 'ProgressHUD')
/Users/admin/builder/spi-builder-workspace/SwiftUI/Sources/ProgressHUD.swift:54:38: error: 'systemGray' is unavailable in watchOS
52 |
53 | public var colorBackground = Color.clear
54 | public var colorHUD = Color(UIColor.systemGray).opacity(0.1)
| `- error: 'systemGray' is unavailable in watchOS
55 | public var colorStatus = Color(UIColor.label)
56 | public var colorProgress = Color(UIColor.lightGray)
/Applications/Xcode-27.0.0-Release.Candidate.app/Contents/Developer/Platforms/WatchOS.platform/Developer/SDKs/WatchOS27.0.sdk/System/Library/Frameworks/UIKit.framework/Headers/UIInterface.h:136:49: note: 'systemGray' has been explicitly marked unavailable here
134 | /* Shades of gray. systemGray is the base gray color.
135 | */
136 | @property (class, nonatomic, readonly) UIColor *systemGrayColor API_AVAILABLE(ios(7.0), tvos(9.0)) API_UNAVAILABLE(watchos);
| `- note: 'systemGray' has been explicitly marked unavailable here
137 |
138 | /* The numbered variations, systemGray2 through systemGray6, are grays which increasingly
macro expansion @ObservationTracked:2:41: error: 'systemGray' is unavailable in watchOS
`- /Users/admin/builder/spi-builder-workspace/SwiftUI/Sources/ProgressHUD.swift:54:62: note: expanded code originates here
52 |
53 | public var colorBackground = Color.clear
54 | public var colorHUD = Color(UIColor.systemGray).opacity(0.1)
+--- macro expansion @ObservationTracked ---------------------------
|1 | @ObservationIgnored
|2 | private var _colorHUD = Color(UIColor.systemGray).opacity(0.1)
| | `- error: 'systemGray' is unavailable in watchOS
+-------------------------------------------------------------------
55 | public var colorStatus = Color(UIColor.label)
56 | public var colorProgress = Color(UIColor.lightGray)
/Applications/Xcode-27.0.0-Release.Candidate.app/Contents/Developer/Platforms/WatchOS.platform/Developer/SDKs/WatchOS27.0.sdk/System/Library/Frameworks/UIKit.framework/Headers/UIInterface.h:136:49: note: 'systemGray' has been explicitly marked unavailable here
134 | /* Shades of gray. systemGray is the base gray color.
135 | */
136 | @property (class, nonatomic, readonly) UIColor *systemGrayColor API_AVAILABLE(ios(7.0), tvos(9.0)) API_UNAVAILABLE(watchos);
| `- note: 'systemGray' has been explicitly marked unavailable here
137 |
138 | /* The numbered variations, systemGray2 through systemGray6, are grays which increasingly
/Users/admin/builder/spi-builder-workspace/SwiftUI/Sources/ProgressHUD.swift:55:41: error: 'label' is unavailable in watchOS
53 | public var colorBackground = Color.clear
54 | public var colorHUD = Color(UIColor.systemGray).opacity(0.1)
55 | public var colorStatus = Color(UIColor.label)
| `- error: 'label' is unavailable in watchOS
56 | public var colorProgress = Color(UIColor.lightGray)
57 | public var colorAnimation = Color(UIColor.lightGray)
/Applications/Xcode-27.0.0-Release.Candidate.app/Contents/Developer/Platforms/WatchOS.platform/Developer/SDKs/WatchOS27.0.sdk/System/Library/Frameworks/UIKit.framework/Headers/UIInterface.h:171:49: note: 'label' has been explicitly marked unavailable here
169 | /* Foreground colors for static text and related elements.
170 | */
171 | @property (class, nonatomic, readonly) UIColor *labelColor API_AVAILABLE(ios(13.0), tvos(13.0)) API_UNAVAILABLE(watchos);
| `- note: 'label' has been explicitly marked unavailable here
172 | @property (class, nonatomic, readonly) UIColor *secondaryLabelColor API_AVAILABLE(ios(13.0), tvos(13.0)) API_UNAVAILABLE(watchos);
173 | @property (class, nonatomic, readonly) UIColor *tertiaryLabelColor API_AVAILABLE(ios(13.0), tvos(13.0)) API_UNAVAILABLE(watchos);
macro expansion @ObservationTracked:2:44: error: 'label' is unavailable in watchOS
`- /Users/admin/builder/spi-builder-workspace/SwiftUI/Sources/ProgressHUD.swift:55:47: note: expanded code originates here
53 | public var colorBackground = Color.clear
54 | public var colorHUD = Color(UIColor.systemGray).opacity(0.1)
55 | public var colorStatus = Color(UIColor.label)
+--- macro expansion @ObservationTracked ---------------------------
|1 | @ObservationIgnored
|2 | private var _colorStatus = Color(UIColor.label)
| | `- error: 'label' is unavailable in watchOS
+-------------------------------------------------------------------
56 | public var colorProgress = Color(UIColor.lightGray)
57 | public var colorAnimation = Color(UIColor.lightGray)
/Applications/Xcode-27.0.0-Release.Candidate.app/Contents/Developer/Platforms/WatchOS.platform/Developer/SDKs/WatchOS27.0.sdk/System/Library/Frameworks/UIKit.framework/Headers/UIInterface.h:171:49: note: 'label' has been explicitly marked unavailable here
169 | /* Foreground colors for static text and related elements.
170 | */
171 | @property (class, nonatomic, readonly) UIColor *labelColor API_AVAILABLE(ios(13.0), tvos(13.0)) API_UNAVAILABLE(watchos);
| `- note: 'label' has been explicitly marked unavailable here
172 | @property (class, nonatomic, readonly) UIColor *secondaryLabelColor API_AVAILABLE(ios(13.0), tvos(13.0)) API_UNAVAILABLE(watchos);
173 | @property (class, nonatomic, readonly) UIColor *tertiaryLabelColor API_AVAILABLE(ios(13.0), tvos(13.0)) API_UNAVAILABLE(watchos);
/Users/admin/builder/spi-builder-workspace/SwiftUI/Sources/ProgressHUD.swift:67:46: error: 'label' is unavailable in watchOS
65 |
66 | public var colorBanner = Color.clear
67 | public var colorBannerTitle = Color(UIColor.label)
| `- error: 'label' is unavailable in watchOS
68 | public var colorBannerMessage = Color(UIColor.secondaryLabel)
69 | public var fontBannerTitle = Font.system(size: 16, weight: .semibold)
/Applications/Xcode-27.0.0-Release.Candidate.app/Contents/Developer/Platforms/WatchOS.platform/Developer/SDKs/WatchOS27.0.sdk/System/Library/Frameworks/UIKit.framework/Headers/UIInterface.h:171:49: note: 'label' has been explicitly marked unavailable here
169 | /* Foreground colors for static text and related elements.
170 | */
171 | @property (class, nonatomic, readonly) UIColor *labelColor API_AVAILABLE(ios(13.0), tvos(13.0)) API_UNAVAILABLE(watchos);
| `- note: 'label' has been explicitly marked unavailable here
172 | @property (class, nonatomic, readonly) UIColor *secondaryLabelColor API_AVAILABLE(ios(13.0), tvos(13.0)) API_UNAVAILABLE(watchos);
173 | @property (class, nonatomic, readonly) UIColor *tertiaryLabelColor API_AVAILABLE(ios(13.0), tvos(13.0)) API_UNAVAILABLE(watchos);
macro expansion @ObservationTracked:2:49: error: 'label' is unavailable in watchOS
`- /Users/admin/builder/spi-builder-workspace/SwiftUI/Sources/ProgressHUD.swift:67:52: note: expanded code originates here
65 |
66 | public var colorBanner = Color.clear
67 | public var colorBannerTitle = Color(UIColor.label)
+--- macro expansion @ObservationTracked ---------------------------
|1 | @ObservationIgnored
|2 | private var _colorBannerTitle = Color(UIColor.label)
| | `- error: 'label' is unavailable in watchOS
+-------------------------------------------------------------------
68 | public var colorBannerMessage = Color(UIColor.secondaryLabel)
69 | public var fontBannerTitle = Font.system(size: 16, weight: .semibold)
/Applications/Xcode-27.0.0-Release.Candidate.app/Contents/Developer/Platforms/WatchOS.platform/Developer/SDKs/WatchOS27.0.sdk/System/Library/Frameworks/UIKit.framework/Headers/UIInterface.h:171:49: note: 'label' has been explicitly marked unavailable here
169 | /* Foreground colors for static text and related elements.
170 | */
171 | @property (class, nonatomic, readonly) UIColor *labelColor API_AVAILABLE(ios(13.0), tvos(13.0)) API_UNAVAILABLE(watchos);
| `- note: 'label' has been explicitly marked unavailable here
172 | @property (class, nonatomic, readonly) UIColor *secondaryLabelColor API_AVAILABLE(ios(13.0), tvos(13.0)) API_UNAVAILABLE(watchos);
173 | @property (class, nonatomic, readonly) UIColor *tertiaryLabelColor API_AVAILABLE(ios(13.0), tvos(13.0)) API_UNAVAILABLE(watchos);
/Users/admin/builder/spi-builder-workspace/SwiftUI/Sources/ProgressHUD.swift:68:48: error: 'secondaryLabel' is unavailable in watchOS
66 | public var colorBanner = Color.clear
67 | public var colorBannerTitle = Color(UIColor.label)
68 | public var colorBannerMessage = Color(UIColor.secondaryLabel)
| `- error: 'secondaryLabel' is unavailable in watchOS
69 | public var fontBannerTitle = Font.system(size: 16, weight: .semibold)
70 | public var fontBannerMessage = Font.system(size: 14)
/Applications/Xcode-27.0.0-Release.Candidate.app/Contents/Developer/Platforms/WatchOS.platform/Developer/SDKs/WatchOS27.0.sdk/System/Library/Frameworks/UIKit.framework/Headers/UIInterface.h:172:49: note: 'secondaryLabel' has been explicitly marked unavailable here
170 | */
171 | @property (class, nonatomic, readonly) UIColor *labelColor API_AVAILABLE(ios(13.0), tvos(13.0)) API_UNAVAILABLE(watchos);
172 | @property (class, nonatomic, readonly) UIColor *secondaryLabelColor API_AVAILABLE(ios(13.0), tvos(13.0)) API_UNAVAILABLE(watchos);
| `- note: 'secondaryLabel' has been explicitly marked unavailable here
173 | @property (class, nonatomic, readonly) UIColor *tertiaryLabelColor API_AVAILABLE(ios(13.0), tvos(13.0)) API_UNAVAILABLE(watchos);
174 | @property (class, nonatomic, readonly) UIColor *quaternaryLabelColor API_AVAILABLE(ios(13.0), tvos(13.0)) API_UNAVAILABLE(watchos);
macro expansion @ObservationTracked:2:51: error: 'secondaryLabel' is unavailable in watchOS
`- /Users/admin/builder/spi-builder-workspace/SwiftUI/Sources/ProgressHUD.swift:68:63: note: expanded code originates here
66 | public var colorBanner = Color.clear
67 | public var colorBannerTitle = Color(UIColor.label)
68 | public var colorBannerMessage = Color(UIColor.secondaryLabel)
+--- macro expansion @ObservationTracked ---------------------------
|1 | @ObservationIgnored
|2 | private var _colorBannerMessage = Color(UIColor.secondaryLabel)
| | `- error: 'secondaryLabel' is unavailable in watchOS
+-------------------------------------------------------------------
69 | public var fontBannerTitle = Font.system(size: 16, weight: .semibold)
70 | public var fontBannerMessage = Font.system(size: 14)
/Applications/Xcode-27.0.0-Release.Candidate.app/Contents/Developer/Platforms/WatchOS.platform/Developer/SDKs/WatchOS27.0.sdk/System/Library/Frameworks/UIKit.framework/Headers/UIInterface.h:172:49: note: 'secondaryLabel' has been explicitly marked unavailable here
170 | */
171 | @property (class, nonatomic, readonly) UIColor *labelColor API_AVAILABLE(ios(13.0), tvos(13.0)) API_UNAVAILABLE(watchos);
172 | @property (class, nonatomic, readonly) UIColor *secondaryLabelColor API_AVAILABLE(ios(13.0), tvos(13.0)) API_UNAVAILABLE(watchos);
| `- note: 'secondaryLabel' has been explicitly marked unavailable here
173 | @property (class, nonatomic, readonly) UIColor *tertiaryLabelColor API_AVAILABLE(ios(13.0), tvos(13.0)) API_UNAVAILABLE(watchos);
174 | @property (class, nonatomic, readonly) UIColor *quaternaryLabelColor API_AVAILABLE(ios(13.0), tvos(13.0)) API_UNAVAILABLE(watchos);
/Users/admin/builder/spi-builder-workspace/SwiftUI/Sources/ProgressHUD.swift:108:56: error: 'UIResponder' is unavailable in watchOS
106 | .opacity(hud.isVisible ? 1 : 0)
107 | .allowsHitTesting(hud.isVisible)
108 | .onReceive(NotificationCenter.default.publisher(for: UIResponder.keyboardWillShowNotification)) { notification in
| `- error: 'UIResponder' is unavailable in watchOS
109 | if let frame = notification.userInfo?[UIResponder.keyboardFrameEndUserInfoKey] as? CGRect {
110 | withAnimation(.easeOut(duration: 0.25)) {
/Applications/Xcode-27.0.0-Release.Candidate.app/Contents/Developer/Platforms/WatchOS.platform/Developer/SDKs/WatchOS27.0.sdk/System/Library/Frameworks/UIKit.framework/Headers/UIResponder.h:82:12: note: 'UIResponder' has been explicitly marked unavailable here
80 |
81 | UIKIT_EXTERN API_AVAILABLE(ios(2.0)) API_UNAVAILABLE(watchos) NS_SWIFT_UI_ACTOR
82 | @interface UIResponder : NSObject <UIResponderStandardEditActions>
| `- note: 'UIResponder' has been explicitly marked unavailable here
83 |
84 | @property(nonatomic, readonly, nullable) UIResponder *nextResponder;
/Users/admin/builder/spi-builder-workspace/SwiftUI/Sources/ProgressHUD.swift:108:68: error: 'keyboardWillShowNotification' is unavailable in watchOS
106 | .opacity(hud.isVisible ? 1 : 0)
107 | .allowsHitTesting(hud.isVisible)
108 | .onReceive(NotificationCenter.default.publisher(for: UIResponder.keyboardWillShowNotification)) { notification in
| `- error: 'keyboardWillShowNotification' is unavailable in watchOS
109 | if let frame = notification.userInfo?[UIResponder.keyboardFrameEndUserInfoKey] as? CGRect {
110 | withAnimation(.easeOut(duration: 0.25)) {
/Applications/Xcode-27.0.0-Release.Candidate.app/Contents/Developer/Platforms/WatchOS.platform/Developer/SDKs/WatchOS27.0.sdk/System/Library/Frameworks/UIKit.framework/Headers/UIWindow.h:132:39: note: 'keyboardWillShowNotification' has been explicitly marked unavailable here
130 | // Use the various UICoordinateSpace convertRect facilities to get the frame in the desired coordinate system.
131 | // Animation key/value pairs are only available for the "will" family of notification.
132 | UIKIT_EXTERN NSNotificationName const UIKeyboardWillShowNotification API_UNAVAILABLE(tvos, watchos) NS_SWIFT_NONISOLATED;
| `- note: 'keyboardWillShowNotification' has been explicitly marked unavailable here
133 | UIKIT_EXTERN NSNotificationName const UIKeyboardDidShowNotification API_UNAVAILABLE(tvos, watchos) NS_SWIFT_NONISOLATED;
134 | UIKIT_EXTERN NSNotificationName const UIKeyboardWillHideNotification API_UNAVAILABLE(tvos, watchos) NS_SWIFT_NONISOLATED;
/Users/admin/builder/spi-builder-workspace/SwiftUI/Sources/ProgressHUD.swift:109:42: error: 'UIResponder' is unavailable in watchOS
107 | .allowsHitTesting(hud.isVisible)
108 | .onReceive(NotificationCenter.default.publisher(for: UIResponder.keyboardWillShowNotification)) { notification in
109 | if let frame = notification.userInfo?[UIResponder.keyboardFrameEndUserInfoKey] as? CGRect {
| `- error: 'UIResponder' is unavailable in watchOS
110 | withAnimation(.easeOut(duration: 0.25)) {
111 | hud.keyboardHeight = frame.height
/Applications/Xcode-27.0.0-Release.Candidate.app/Contents/Developer/Platforms/WatchOS.platform/Developer/SDKs/WatchOS27.0.sdk/System/Library/Frameworks/UIKit.framework/Headers/UIResponder.h:82:12: note: 'UIResponder' has been explicitly marked unavailable here
80 |
81 | UIKIT_EXTERN API_AVAILABLE(ios(2.0)) API_UNAVAILABLE(watchos) NS_SWIFT_UI_ACTOR
82 | @interface UIResponder : NSObject <UIResponderStandardEditActions>
| `- note: 'UIResponder' has been explicitly marked unavailable here
83 |
84 | @property(nonatomic, readonly, nullable) UIResponder *nextResponder;
/Users/admin/builder/spi-builder-workspace/SwiftUI/Sources/ProgressHUD.swift:109:54: error: 'keyboardFrameEndUserInfoKey' is unavailable in watchOS
107 | .allowsHitTesting(hud.isVisible)
108 | .onReceive(NotificationCenter.default.publisher(for: UIResponder.keyboardWillShowNotification)) { notification in
109 | if let frame = notification.userInfo?[UIResponder.keyboardFrameEndUserInfoKey] as? CGRect {
| `- error: 'keyboardFrameEndUserInfoKey' is unavailable in watchOS
110 | withAnimation(.easeOut(duration: 0.25)) {
111 | hud.keyboardHeight = frame.height
/Applications/Xcode-27.0.0-Release.Candidate.app/Contents/Developer/Platforms/WatchOS.platform/Developer/SDKs/WatchOS27.0.sdk/System/Library/Frameworks/UIKit.framework/Headers/UIWindow.h:138:30: note: 'keyboardFrameEndUserInfoKey' has been explicitly marked unavailable here
136 |
137 | UIKIT_EXTERN NSString *const UIKeyboardFrameBeginUserInfoKey API_AVAILABLE(ios(3.2)) API_UNAVAILABLE(tvos, watchos) NS_SWIFT_NONISOLATED; // NSValue of CGRect
138 | UIKIT_EXTERN NSString *const UIKeyboardFrameEndUserInfoKey API_AVAILABLE(ios(3.2)) API_UNAVAILABLE(tvos, watchos) NS_SWIFT_NONISOLATED; // NSValue of CGRect
| `- note: 'keyboardFrameEndUserInfoKey' has been explicitly marked unavailable here
139 | UIKIT_EXTERN NSString *const UIKeyboardAnimationDurationUserInfoKey API_AVAILABLE(ios(3.0)) API_UNAVAILABLE(tvos, watchos) NS_SWIFT_NONISOLATED; // NSNumber of double
140 | UIKIT_EXTERN NSString *const UIKeyboardAnimationCurveUserInfoKey API_AVAILABLE(ios(3.0)) API_UNAVAILABLE(tvos, watchos) NS_SWIFT_NONISOLATED; // NSNumber of NSUInteger (UIViewAnimationCurve)
/Users/admin/builder/spi-builder-workspace/SwiftUI/Sources/ProgressHUD.swift:115:56: error: 'UIResponder' is unavailable in watchOS
113 | }
114 | }
115 | .onReceive(NotificationCenter.default.publisher(for: UIResponder.keyboardWillHideNotification)) { _ in
| `- error: 'UIResponder' is unavailable in watchOS
116 | withAnimation(.easeOut(duration: 0.25)) {
117 | hud.keyboardHeight = 0
/Applications/Xcode-27.0.0-Release.Candidate.app/Contents/Developer/Platforms/WatchOS.platform/Developer/SDKs/WatchOS27.0.sdk/System/Library/Frameworks/UIKit.framework/Headers/UIResponder.h:82:12: note: 'UIResponder' has been explicitly marked unavailable here
80 |
81 | UIKIT_EXTERN API_AVAILABLE(ios(2.0)) API_UNAVAILABLE(watchos) NS_SWIFT_UI_ACTOR
82 | @interface UIResponder : NSObject <UIResponderStandardEditActions>
| `- note: 'UIResponder' has been explicitly marked unavailable here
83 |
84 | @property(nonatomic, readonly, nullable) UIResponder *nextResponder;
SwiftCompile normal arm64_32 /Users/admin/builder/spi-builder-workspace/SwiftUI/Sources/ProgressHUD.swift (in target 'ProgressHUD' from project 'ProgressHUD')
cd /Users/admin/builder/spi-builder-workspace/.swiftpm/xcode
builtin-SwiftPerFileCompile ProgressHUD.swift
SwiftCompile normal arm64_32 /Users/admin/builder/spi-builder-workspace/SwiftUI/Sources/ProgressView.swift (in target 'ProgressHUD' from project 'ProgressHUD')
cd /Users/admin/builder/spi-builder-workspace/.swiftpm/xcode
builtin-SwiftPerFileCompile ProgressView.swift
SwiftCompile normal arm64_32 Compiling\ ProgressHUD+LiveIcon.swift,\ ProgressHUD+Public.swift /Users/admin/builder/spi-builder-workspace/SwiftUI/Sources/ProgressHUD+LiveIcon.swift /Users/admin/builder/spi-builder-workspace/SwiftUI/Sources/ProgressHUD+Public.swift (in target 'ProgressHUD' from project 'ProgressHUD')
/Users/admin/builder/spi-builder-workspace/SwiftUI/Sources/ProgressHUD.swift:54:38: error: 'systemGray' is unavailable in watchOS
52 |
53 | public var colorBackground = Color.clear
54 | public var colorHUD = Color(UIColor.systemGray).opacity(0.1)
| `- error: 'systemGray' is unavailable in watchOS
55 | public var colorStatus = Color(UIColor.label)
56 | public var colorProgress = Color(UIColor.lightGray)
/Applications/Xcode-27.0.0-Release.Candidate.app/Contents/Developer/Platforms/WatchOS.platform/Developer/SDKs/WatchOS27.0.sdk/System/Library/Frameworks/UIKit.framework/Headers/UIInterface.h:136:49: note: 'systemGray' has been explicitly marked unavailable here
134 | /* Shades of gray. systemGray is the base gray color.
135 | */
136 | @property (class, nonatomic, readonly) UIColor *systemGrayColor API_AVAILABLE(ios(7.0), tvos(9.0)) API_UNAVAILABLE(watchos);
| `- note: 'systemGray' has been explicitly marked unavailable here
137 |
138 | /* The numbered variations, systemGray2 through systemGray6, are grays which increasingly
/Users/admin/builder/spi-builder-workspace/SwiftUI/Sources/ProgressHUD.swift:55:41: error: 'label' is unavailable in watchOS
53 | public var colorBackground = Color.clear
54 | public var colorHUD = Color(UIColor.systemGray).opacity(0.1)
55 | public var colorStatus = Color(UIColor.label)
| `- error: 'label' is unavailable in watchOS
56 | public var colorProgress = Color(UIColor.lightGray)
57 | public var colorAnimation = Color(UIColor.lightGray)
/Applications/Xcode-27.0.0-Release.Candidate.app/Contents/Developer/Platforms/WatchOS.platform/Developer/SDKs/WatchOS27.0.sdk/System/Library/Frameworks/UIKit.framework/Headers/UIInterface.h:171:49: note: 'label' has been explicitly marked unavailable here
169 | /* Foreground colors for static text and related elements.
170 | */
171 | @property (class, nonatomic, readonly) UIColor *labelColor API_AVAILABLE(ios(13.0), tvos(13.0)) API_UNAVAILABLE(watchos);
| `- note: 'label' has been explicitly marked unavailable here
172 | @property (class, nonatomic, readonly) UIColor *secondaryLabelColor API_AVAILABLE(ios(13.0), tvos(13.0)) API_UNAVAILABLE(watchos);
173 | @property (class, nonatomic, readonly) UIColor *tertiaryLabelColor API_AVAILABLE(ios(13.0), tvos(13.0)) API_UNAVAILABLE(watchos);
/Users/admin/builder/spi-builder-workspace/SwiftUI/Sources/ProgressHUD.swift:67:46: error: 'label' is unavailable in watchOS
65 |
66 | public var colorBanner = Color.clear
67 | public var colorBannerTitle = Color(UIColor.label)
| `- error: 'label' is unavailable in watchOS
68 | public var colorBannerMessage = Color(UIColor.secondaryLabel)
69 | public var fontBannerTitle = Font.system(size: 16, weight: .semibold)
/Applications/Xcode-27.0.0-Release.Candidate.app/Contents/Developer/Platforms/WatchOS.platform/Developer/SDKs/WatchOS27.0.sdk/System/Library/Frameworks/UIKit.framework/Headers/UIInterface.h:171:49: note: 'label' has been explicitly marked unavailable here
169 | /* Foreground colors for static text and related elements.
170 | */
171 | @property (class, nonatomic, readonly) UIColor *labelColor API_AVAILABLE(ios(13.0), tvos(13.0)) API_UNAVAILABLE(watchos);
| `- note: 'label' has been explicitly marked unavailable here
172 | @property (class, nonatomic, readonly) UIColor *secondaryLabelColor API_AVAILABLE(ios(13.0), tvos(13.0)) API_UNAVAILABLE(watchos);
173 | @property (class, nonatomic, readonly) UIColor *tertiaryLabelColor API_AVAILABLE(ios(13.0), tvos(13.0)) API_UNAVAILABLE(watchos);
SwiftCompile normal arm64_32 /Users/admin/builder/spi-builder-workspace/SwiftUI/Sources/ProgressHUD+LiveIcon.swift (in target 'ProgressHUD' from project 'ProgressHUD')
cd /Users/admin/builder/spi-builder-workspace/.swiftpm/xcode
builtin-SwiftPerFileCompile ProgressHUD+LiveIcon.swift
SwiftCompile normal arm64_32 /Users/admin/builder/spi-builder-workspace/SwiftUI/Sources/ProgressHUD+Public.swift (in target 'ProgressHUD' from project 'ProgressHUD')
cd /Users/admin/builder/spi-builder-workspace/.swiftpm/xcode
builtin-SwiftPerFileCompile ProgressHUD+Public.swift
SwiftCompile normal arm64_32 Compiling\ CircleStrokeSpinView.swift,\ DualDotSidestepView.swift,\ HorizontalBarScalingView.swift /Users/admin/builder/spi-builder-workspace/SwiftUI/Sources/Animations/CircleStrokeSpinView.swift /Users/admin/builder/spi-builder-workspace/SwiftUI/Sources/Animations/DualDotSidestepView.swift /Users/admin/builder/spi-builder-workspace/SwiftUI/Sources/Animations/HorizontalBarScalingView.swift (in target 'ProgressHUD' from project 'ProgressHUD')
SwiftCompile normal arm64_32 /Users/admin/builder/spi-builder-workspace/SwiftUI/Sources/Animations/CircleStrokeSpinView.swift (in target 'ProgressHUD' from project 'ProgressHUD')
cd /Users/admin/builder/spi-builder-workspace/.swiftpm/xcode
builtin-SwiftPerFileCompile CircleStrokeSpinView.swift
SwiftCompile normal arm64_32 /Users/admin/builder/spi-builder-workspace/SwiftUI/Sources/Animations/DualDotSidestepView.swift (in target 'ProgressHUD' from project 'ProgressHUD')
cd /Users/admin/builder/spi-builder-workspace/.swiftpm/xcode
builtin-SwiftPerFileCompile DualDotSidestepView.swift
SwiftCompile normal arm64_32 /Users/admin/builder/spi-builder-workspace/SwiftUI/Sources/Animations/HorizontalBarScalingView.swift (in target 'ProgressHUD' from project 'ProgressHUD')
cd /Users/admin/builder/spi-builder-workspace/.swiftpm/xcode
builtin-SwiftPerFileCompile HorizontalBarScalingView.swift
SwiftCompile normal arm64_32 Compiling\ TriangleDotShiftView.swift,\ ProgressHUD+Banner.swift,\ ProgressHUD+Enums.swift /Users/admin/builder/spi-builder-workspace/SwiftUI/Sources/Animations/TriangleDotShiftView.swift /Users/admin/builder/spi-builder-workspace/SwiftUI/Sources/ProgressHUD+Banner.swift /Users/admin/builder/spi-builder-workspace/SwiftUI/Sources/ProgressHUD+Enums.swift (in target 'ProgressHUD' from project 'ProgressHUD')
SwiftCompile normal arm64_32 /Users/admin/builder/spi-builder-workspace/SwiftUI/Sources/Animations/TriangleDotShiftView.swift (in target 'ProgressHUD' from project 'ProgressHUD')
cd /Users/admin/builder/spi-builder-workspace/.swiftpm/xcode
builtin-SwiftPerFileCompile TriangleDotShiftView.swift
SwiftCompile normal arm64_32 /Users/admin/builder/spi-builder-workspace/SwiftUI/Sources/ProgressHUD+Banner.swift (in target 'ProgressHUD' from project 'ProgressHUD')
cd /Users/admin/builder/spi-builder-workspace/.swiftpm/xcode
builtin-SwiftPerFileCompile ProgressHUD+Banner.swift
SwiftCompile normal arm64_32 /Users/admin/builder/spi-builder-workspace/SwiftUI/Sources/ProgressHUD+Enums.swift (in target 'ProgressHUD' from project 'ProgressHUD')
cd /Users/admin/builder/spi-builder-workspace/.swiftpm/xcode
builtin-SwiftPerFileCompile ProgressHUD+Enums.swift
/Users/admin/builder/spi-builder-workspace/SwiftUI/Sources/ProgressHUD.swift:67:46: error: 'label' is unavailable in watchOS
65 |
66 | public var colorBanner = Color.clear
67 | public var colorBannerTitle = Color(UIColor.label)
| `- error: 'label' is unavailable in watchOS
68 | public var colorBannerMessage = Color(UIColor.secondaryLabel)
69 | public var fontBannerTitle = Font.system(size: 16, weight: .semibold)
/Applications/Xcode-27.0.0-Release.Candidate.app/Contents/Developer/Platforms/WatchOS.platform/Developer/SDKs/WatchOS27.0.sdk/System/Library/Frameworks/UIKit.framework/Headers/UIInterface.h:171:49: note: 'label' has been explicitly marked unavailable here
169 | /* Foreground colors for static text and related elements.
170 | */
171 | @property (class, nonatomic, readonly) UIColor *labelColor API_AVAILABLE(ios(13.0), tvos(13.0)) API_UNAVAILABLE(watchos);
| `- note: 'label' has been explicitly marked unavailable here
172 | @property (class, nonatomic, readonly) UIColor *secondaryLabelColor API_AVAILABLE(ios(13.0), tvos(13.0)) API_UNAVAILABLE(watchos);
173 | @property (class, nonatomic, readonly) UIColor *tertiaryLabelColor API_AVAILABLE(ios(13.0), tvos(13.0)) API_UNAVAILABLE(watchos);
SwiftCompile normal arm64_32 Compiling\ HorizontalDotScalingView.swift,\ PacmanProgressView.swift,\ QuintupleDotDanceView.swift /Users/admin/builder/spi-builder-workspace/SwiftUI/Sources/Animations/HorizontalDotScalingView.swift /Users/admin/builder/spi-builder-workspace/SwiftUI/Sources/Animations/PacmanProgressView.swift /Users/admin/builder/spi-builder-workspace/SwiftUI/Sources/Animations/QuintupleDotDanceView.swift (in target 'ProgressHUD' from project 'ProgressHUD')
SwiftCompile normal arm64_32 /Users/admin/builder/spi-builder-workspace/SwiftUI/Sources/Animations/HorizontalDotScalingView.swift (in target 'ProgressHUD' from project 'ProgressHUD')
cd /Users/admin/builder/spi-builder-workspace/.swiftpm/xcode
builtin-SwiftPerFileCompile HorizontalDotScalingView.swift
SwiftCompile normal arm64_32 /Users/admin/builder/spi-builder-workspace/SwiftUI/Sources/Animations/PacmanProgressView.swift (in target 'ProgressHUD' from project 'ProgressHUD')
cd /Users/admin/builder/spi-builder-workspace/.swiftpm/xcode
builtin-SwiftPerFileCompile PacmanProgressView.swift
SwiftCompile normal arm64_32 /Users/admin/builder/spi-builder-workspace/SwiftUI/Sources/Animations/QuintupleDotDanceView.swift (in target 'ProgressHUD' from project 'ProgressHUD')
cd /Users/admin/builder/spi-builder-workspace/.swiftpm/xcode
builtin-SwiftPerFileCompile QuintupleDotDanceView.swift
SwiftCompile normal arm64_32 Compiling\ SFSymbolBounceView.swift,\ SemiRingRotationView.swift,\ SquareCircuitSnakeView.swift /Users/admin/builder/spi-builder-workspace/SwiftUI/Sources/Animations/SFSymbolBounceView.swift /Users/admin/builder/spi-builder-workspace/SwiftUI/Sources/Animations/SemiRingRotationView.swift /Users/admin/builder/spi-builder-workspace/SwiftUI/Sources/Animations/SquareCircuitSnakeView.swift (in target 'ProgressHUD' from project 'ProgressHUD')
SwiftCompile normal arm64_32 /Users/admin/builder/spi-builder-workspace/SwiftUI/Sources/Animations/SFSymbolBounceView.swift (in target 'ProgressHUD' from project 'ProgressHUD')
cd /Users/admin/builder/spi-builder-workspace/.swiftpm/xcode
builtin-SwiftPerFileCompile SFSymbolBounceView.swift
SwiftCompile normal arm64_32 /Users/admin/builder/spi-builder-workspace/SwiftUI/Sources/Animations/SemiRingRotationView.swift (in target 'ProgressHUD' from project 'ProgressHUD')
cd /Users/admin/builder/spi-builder-workspace/.swiftpm/xcode
builtin-SwiftPerFileCompile SemiRingRotationView.swift
SwiftCompile normal arm64_32 /Users/admin/builder/spi-builder-workspace/SwiftUI/Sources/Animations/SquareCircuitSnakeView.swift (in target 'ProgressHUD' from project 'ProgressHUD')
cd /Users/admin/builder/spi-builder-workspace/.swiftpm/xcode
builtin-SwiftPerFileCompile SquareCircuitSnakeView.swift
SwiftCompile normal arm64_32 Compiling\ CircleRippleMultipleView.swift,\ CircleRippleSingleView.swift,\ CircleRotateChaseView.swift /Users/admin/builder/spi-builder-workspace/SwiftUI/Sources/Animations/CircleRippleMultipleView.swift /Users/admin/builder/spi-builder-workspace/SwiftUI/Sources/Animations/CircleRippleSingleView.swift /Users/admin/builder/spi-builder-workspace/SwiftUI/Sources/Animations/CircleRotateChaseView.swift (in target 'ProgressHUD' from project 'ProgressHUD')
SwiftCompile normal arm64_32 /Users/admin/builder/spi-builder-workspace/SwiftUI/Sources/Animations/CircleRippleMultipleView.swift (in target 'ProgressHUD' from project 'ProgressHUD')
cd /Users/admin/builder/spi-builder-workspace/.swiftpm/xcode
builtin-SwiftPerFileCompile CircleRippleMultipleView.swift
SwiftCompile normal arm64_32 /Users/admin/builder/spi-builder-workspace/SwiftUI/Sources/Animations/CircleRippleSingleView.swift (in target 'ProgressHUD' from project 'ProgressHUD')
cd /Users/admin/builder/spi-builder-workspace/.swiftpm/xcode
builtin-SwiftPerFileCompile CircleRippleSingleView.swift
SwiftCompile normal arm64_32 /Users/admin/builder/spi-builder-workspace/SwiftUI/Sources/Animations/CircleRotateChaseView.swift (in target 'ProgressHUD' from project 'ProgressHUD')
cd /Users/admin/builder/spi-builder-workspace/.swiftpm/xcode
builtin-SwiftPerFileCompile CircleRotateChaseView.swift
SwiftCompile normal arm64_32 Compiling\ CircleDotSpinFadeView.swift,\ CirclePulseMultipleView.swift,\ CirclePulseSingleView.swift /Users/admin/builder/spi-builder-workspace/SwiftUI/Sources/Animations/CircleDotSpinFadeView.swift /Users/admin/builder/spi-builder-workspace/SwiftUI/Sources/Animations/CirclePulseMultipleView.swift /Users/admin/builder/spi-builder-workspace/SwiftUI/Sources/Animations/CirclePulseSingleView.swift (in target 'ProgressHUD' from project 'ProgressHUD')
SwiftCompile normal arm64_32 /Users/admin/builder/spi-builder-workspace/SwiftUI/Sources/Animations/CircleDotSpinFadeView.swift (in target 'ProgressHUD' from project 'ProgressHUD')
cd /Users/admin/builder/spi-builder-workspace/.swiftpm/xcode
builtin-SwiftPerFileCompile CircleDotSpinFadeView.swift
SwiftCompile normal arm64_32 /Users/admin/builder/spi-builder-workspace/SwiftUI/Sources/Animations/CirclePulseMultipleView.swift (in target 'ProgressHUD' from project 'ProgressHUD')
cd /Users/admin/builder/spi-builder-workspace/.swiftpm/xcode
builtin-SwiftPerFileCompile CirclePulseMultipleView.swift
SwiftCompile normal arm64_32 /Users/admin/builder/spi-builder-workspace/SwiftUI/Sources/Animations/CirclePulseSingleView.swift (in target 'ProgressHUD' from project 'ProgressHUD')
cd /Users/admin/builder/spi-builder-workspace/.swiftpm/xcode
builtin-SwiftPerFileCompile CirclePulseSingleView.swift
SwiftEmitModule normal arm64 Emitting\ module\ for\ ProgressHUD (in target 'ProgressHUD' from project 'ProgressHUD')
SwiftCompile normal arm64 (in target 'ProgressHUD' from project 'ProgressHUD')
cd /Users/admin/builder/spi-builder-workspace/.swiftpm/xcode
PruneExplicitPrecompiledModules /Users/admin/builder/spi-builder-workspace/.derivedData/Build/Intermediates.noindex/SwiftExplicitPrecompiledModules
PruneExplicitPrecompiledModules /Users/admin/builder/spi-builder-workspace/.derivedData/Build/Intermediates.noindex/ExplicitPrecompiledModules
PruneExplicitPrecompiledModules /Users/admin/builder/spi-builder-workspace/.derivedData/SDKExplicitPrecompiledModules
2026-09-28 02:18:23.844 xcodebuild[827:4857] [MT] IDERunDestination: Supported platforms for the buildables in the current scheme is empty.
** BUILD FAILED **
The following build commands failed:
SwiftCompile normal arm64_32 (in target 'ProgressHUD' from project 'ProgressHUD')
SwiftEmitModule normal arm64_32 Emitting\ module\ for\ ProgressHUD (in target 'ProgressHUD' from project 'ProgressHUD')
Building workspace ProgressHUD with scheme ProgressHUD
(3 failures)
BUILD FAILURE 6.4 watchOS