Build Information
Failed to build DevTesting, reference 1.6.0 (4fb3c4), with Swift 6.1 for tvOS using Xcode 16.3 on 7 Jul 2026 02:11:46 UTC.
Build Command
No build command. This typically means the build failed at an early stage where we determine the build command.Build Log
========================================
RunAll
========================================
Builder version: undefined version: run 'make version' to update
Interrupt handler set up.
========================================
Checkout
========================================
Clone URL: https://github.com/DevKitOrganization/DevTesting.git
Reference: 1.6.0
Initialized empty Git repository in /Users/admin/builder/spi-builder-workspace/.git/
From https://github.com/DevKitOrganization/DevTesting
* tag 1.6.0 -> FETCH_HEAD
HEAD is now at 4fb3c49 Move RNG and extensions into their own DevRandom library
Cloned https://github.com/DevKitOrganization/DevTesting.git
Revision (git rev-parse @):
4fb3c49dcb9cd6c9e02987671bedd6b467a5a356
SPI manifest file found: $PWD/.spi.yml
SUCCESS checkout https://github.com/DevKitOrganization/DevTesting.git at 1.6.0
========================================
Build
========================================
Selected platform: tvOS
Swift version: 6.1
Building package at path: $PWD
https://github.com/DevKitOrganization/DevTesting.git
https://github.com/DevKitOrganization/DevTesting.git
error: 'spi-builder-workspace': package 'spi-builder-workspace' is using Swift tools version 6.2.0 but the installed version is 6.1.0
error: fatalError
Command line invocation:
/Applications/Xcode-16.3.0.app/Contents/Developer/usr/bin/xcodebuild -IDEClonedSourcePackagesDirPathOverride=/Users/admin/builder/spi-builder-workspace/.dependencies -resolvePackageDependencies
Resolve Package Graph
package 'spi-builder-workspace' is using Swift tools version 6.2.0 but the installed version is 6.1.0
Resolved source packages:
spi-builder-workspace: (null)
2026-07-06 19:11:45.667 xcodebuild[503:2877] Writing error result bundle to /var/folders/5k/5yc19ymj0jqd5v0zvgfqz0xw0000gn/T/ResultBundle_2026-06-07_19-11-0045.xcresult
xcodebuild: error: Could not resolve package dependencies:
package 'spi-builder-workspace' is using Swift tools version 6.2.0 but the installed version is 6.1.0
Command line invocation:
/Applications/Xcode-16.3.0.app/Contents/Developer/usr/bin/xcodebuild -IDEClonedSourcePackagesDirPathOverride=/Users/admin/builder/spi-builder-workspace/.dependencies -resolvePackageDependencies
Resolve Package Graph
package 'spi-builder-workspace' is using Swift tools version 6.2.0 but the installed version is 6.1.0
Resolved source packages:
spi-builder-workspace: (null)
2026-07-06 19:11:46.378 xcodebuild[514:2979] Writing error result bundle to /var/folders/5k/5yc19ymj0jqd5v0zvgfqz0xw0000gn/T/ResultBundle_2026-06-07_19-11-0046.xcresult
xcodebuild: error: Could not resolve package dependencies:
package 'spi-builder-workspace' is using Swift tools version 6.2.0 but the installed version is 6.1.0
BUILD FAILURE 6.1 tvOS