Build Information
Failed to build BlankSlate, reference main (7d6a71), with Swift 6.1 for watchOS using Xcode 16.3 on 27 Jun 2026 13:35:22 UTC.
Build Command
env DEVELOPER_DIR=/Applications/Xcode-16.3.0.app xcrun xcodebuild -IDEClonedSourcePackagesDirPathOverride=$PWD/.dependencies -skipMacroValidation -skipPackagePluginValidation -derivedDataPath $PWD/.derivedData build -scheme BlankSlate -destination generic/platform=watchOSBuild Log
========================================
RunAll
========================================
Builder version: undefined version: run 'make version' to update
Interrupt handler set up.
========================================
Checkout
========================================
Clone URL: https://github.com/liam-i/BlankSlate.git
Reference: main
Initialized empty Git repository in /Users/admin/builder/spi-builder-workspace/.git/
From https://github.com/liam-i/BlankSlate
* branch main -> FETCH_HEAD
* [new branch] main -> origin/main
HEAD is now at 7d6a710 feat(BlankSlate): 更新项目配置支持Swift 6.0并调整部署目标
Cloned https://github.com/liam-i/BlankSlate.git
Revision (git rev-parse @):
7d6a710668fb5c753d15fbb62ed87c811cd80006
SUCCESS checkout https://github.com/liam-i/BlankSlate.git at main
========================================
Build
========================================
Selected platform: watchOS
Swift version: 6.1
Building package at path: $PWD
https://github.com/liam-i/BlankSlate.git
https://github.com/liam-i/BlankSlate.git
{
"dependencies" : [
],
"manifest_display_name" : "BlankSlate",
"name" : "BlankSlate",
"path" : "/Users/admin/builder/spi-builder-workspace",
"platforms" : [
{
"name" : "ios",
"version" : "13.0"
},
{
"name" : "tvos",
"version" : "13.0"
},
{
"name" : "visionos",
"version" : "1.0"
}
],
"products" : [
{
"name" : "BlankSlate",
"targets" : [
"BlankSlate"
],
"type" : {
"library" : [
"automatic"
]
}
}
],
"targets" : [
{
"c99name" : "BlankSlateTests",
"module_type" : "SwiftTarget",
"name" : "BlankSlateTests",
"path" : "Tests",
"sources" : [
"Tests.swift"
],
"target_dependencies" : [
"BlankSlate"
],
"type" : "test"
},
{
"c99name" : "BlankSlate",
"module_type" : "SwiftTarget",
"name" : "BlankSlate",
"path" : "Sources",
"product_memberships" : [
"BlankSlate"
],
"resources" : [
{
"path" : "/Users/admin/builder/spi-builder-workspace/Sources/PrivacyInfo.xcprivacy",
"rule" : {
"copy" : {
}
}
}
],
"sources" : [
"BlankSlate.swift",
"Convenience.swift",
"DataSource.swift",
"Delegate.swift",
"Internal/Impl.swift",
"Internal/View.swift",
"Model.swift",
"SwiftUI.swift"
],
"type" : "library"
}
],
"tools_version" : "6.0"
}
Command line invocation:
/Applications/Xcode-16.3.0.app/Contents/Developer/usr/bin/xcodebuild -IDEClonedSourcePackagesDirPathOverride=/Users/admin/builder/spi-builder-workspace/.dependencies -resolvePackageDependencies
resolved source packages:
{
"dependencies" : [
],
"manifest_display_name" : "BlankSlate",
"name" : "BlankSlate",
"path" : "/Users/admin/builder/spi-builder-workspace",
"platforms" : [
{
"name" : "ios",
"version" : "13.0"
},
{
"name" : "tvos",
"version" : "13.0"
},
{
"name" : "visionos",
"version" : "1.0"
}
],
"products" : [
{
"name" : "BlankSlate",
"targets" : [
"BlankSlate"
],
"type" : {
"library" : [
"automatic"
]
}
}
],
"targets" : [
{
"c99name" : "BlankSlateTests",
"module_type" : "SwiftTarget",
"name" : "BlankSlateTests",
"path" : "Tests",
"sources" : [
"Tests.swift"
],
"target_dependencies" : [
"BlankSlate"
],
"type" : "test"
},
{
"c99name" : "BlankSlate",
"module_type" : "SwiftTarget",
"name" : "BlankSlate",
"path" : "Sources",
"product_memberships" : [
"BlankSlate"
],
"resources" : [
{
"path" : "/Users/admin/builder/spi-builder-workspace/Sources/PrivacyInfo.xcprivacy",
"rule" : {
"copy" : {
}
}
}
],
"sources" : [
"BlankSlate.swift",
"Convenience.swift",
"DataSource.swift",
"Delegate.swift",
"Internal/Impl.swift",
"Internal/View.swift",
"Model.swift",
"SwiftUI.swift"
],
"type" : "library"
}
],
"tools_version" : "6.0"
}
{
"project" : {
"configurations" : [
"Debug",
"Release"
],
"name" : "BlankSlate",
"schemes" : [
"Example iOS",
"Example tvOS"
],
"targets" : [
"Example iOS",
"Example tvOS",
"Example Tests"
]
}
}
{
"workspace" : {
"name" : "spi-builder-workspace",
"schemes" : [
"BlankSlate"
]
}
}
Running build ...
env DEVELOPER_DIR=/Applications/Xcode-16.3.0.app xcrun xcodebuild -IDEClonedSourcePackagesDirPathOverride=$PWD/.dependencies -skipMacroValidation -skipPackagePluginValidation -derivedDataPath $PWD/.derivedData build -scheme BlankSlate -destination generic/platform=watchOS OTHER_SWIFT_FLAGS=-stats-output-dir .stats
Command line invocation:
/Applications/Xcode-16.3.0.app/Contents/Developer/usr/bin/xcodebuild -IDEClonedSourcePackagesDirPathOverride=/Users/admin/builder/spi-builder-workspace/.dependencies -skipMacroValidation -skipPackagePluginValidation -derivedDataPath /Users/admin/builder/spi-builder-workspace/.derivedData build -scheme BlankSlate -destination generic/platform=watchOS "OTHER_SWIFT_FLAGS=-stats-output-dir .stats"
Build settings from command line:
OTHER_SWIFT_FLAGS = -stats-output-dir .stats
Resolve Package Graph
Resolved source packages:
BlankSlate: /Users/admin/builder/spi-builder-workspace
ComputePackagePrebuildTargetDependencyGraph
Prepare packages
CreateBuildRequest
SendProjectDescription
CreateBuildOperation
ComputeTargetDependencyGraph
note: Building targets in dependency order
note: Target dependency graph (3 targets)
Target 'BlankSlate' in project 'BlankSlate'
➜ Explicit dependency on target 'BlankSlate' in project 'BlankSlate'
➜ Explicit dependency on target 'BlankSlate_BlankSlate' in project 'BlankSlate'
Target 'BlankSlate' in project 'BlankSlate'
➜ Explicit dependency on target 'BlankSlate_BlankSlate' in project 'BlankSlate'
Target 'BlankSlate_BlankSlate' in project 'BlankSlate' (no dependencies)
GatherProvisioningInputs
CreateBuildDescription
ExecuteExternalTool /Applications/Xcode-16.3.0.app/Contents/Developer/Toolchains/XcodeDefault.xctoolchain/usr/bin/clang -v -E -dM -isysroot /Applications/Xcode-16.3.0.app/Contents/Developer/Platforms/WatchOS.platform/Developer/SDKs/WatchOS11.4.sdk -x c -c /dev/null
ExecuteExternalTool /Applications/Xcode-16.3.0.app/Contents/Developer/Toolchains/XcodeDefault.xctoolchain/usr/bin/swiftc --version
ExecuteExternalTool /Applications/Xcode-16.3.0.app/Contents/Developer/Toolchains/XcodeDefault.xctoolchain/usr/bin/ld -version_details
Build description signature: 3db4af54bb64a98c067fc74a87124d57
Build description path: /Users/admin/builder/spi-builder-workspace/.derivedData/Build/Intermediates.noindex/XCBuildData/3db4af54bb64a98c067fc74a87124d57.xcbuilddata
CreateBuildDirectory /Users/admin/builder/spi-builder-workspace/.derivedData/Build/Products
cd /Users/admin/builder/spi-builder-workspace/.swiftpm/xcode
builtin-create-build-directory /Users/admin/builder/spi-builder-workspace/.derivedData/Build/Products
ClangStatCache /Applications/Xcode-16.3.0.app/Contents/Developer/Toolchains/XcodeDefault.xctoolchain/usr/bin/clang-stat-cache /Applications/Xcode-16.3.0.app/Contents/Developer/Platforms/WatchOS.platform/Developer/SDKs/WatchOS11.4.sdk /Users/admin/builder/spi-builder-workspace/.derivedData/SDKStatCaches.noindex/watchos11.4-22T246-43efb940ff07ba2497b70ec94253f576.sdkstatcache
cd /Users/admin/builder/spi-builder-workspace/.swiftpm/xcode
/Applications/Xcode-16.3.0.app/Contents/Developer/Toolchains/XcodeDefault.xctoolchain/usr/bin/clang-stat-cache /Applications/Xcode-16.3.0.app/Contents/Developer/Platforms/WatchOS.platform/Developer/SDKs/WatchOS11.4.sdk -o /Users/admin/builder/spi-builder-workspace/.derivedData/SDKStatCaches.noindex/watchos11.4-22T246-43efb940ff07ba2497b70ec94253f576.sdkstatcache
CreateBuildDirectory /Users/admin/builder/spi-builder-workspace/.derivedData/Build/Intermediates.noindex
cd /Users/admin/builder/spi-builder-workspace/.swiftpm/xcode
builtin-create-build-directory /Users/admin/builder/spi-builder-workspace/.derivedData/Build/Intermediates.noindex
CreateBuildDirectory /Users/admin/builder/spi-builder-workspace/.derivedData/Build/Intermediates.noindex/EagerLinkingTBDs/Debug-watchos
cd /Users/admin/builder/spi-builder-workspace/.swiftpm/xcode
builtin-create-build-directory /Users/admin/builder/spi-builder-workspace/.derivedData/Build/Intermediates.noindex/EagerLinkingTBDs/Debug-watchos
CreateBuildDirectory /Users/admin/builder/spi-builder-workspace/.derivedData/Build/Products/Debug-watchos
cd /Users/admin/builder/spi-builder-workspace/.swiftpm/xcode
builtin-create-build-directory /Users/admin/builder/spi-builder-workspace/.derivedData/Build/Products/Debug-watchos
CreateBuildDirectory /Users/admin/builder/spi-builder-workspace/.derivedData/Build/Products/Debug-watchos/PackageFrameworks
cd /Users/admin/builder/spi-builder-workspace/.swiftpm/xcode
builtin-create-build-directory /Users/admin/builder/spi-builder-workspace/.derivedData/Build/Products/Debug-watchos/PackageFrameworks
WriteAuxiliaryFile /Users/admin/builder/spi-builder-workspace/.derivedData/Build/Intermediates.noindex/BlankSlate.build/Debug-watchos/BlankSlate_BlankSlate.build/empty-BlankSlate_BlankSlate.plist (in target 'BlankSlate_BlankSlate' from project 'BlankSlate')
cd /Users/admin/builder/spi-builder-workspace
write-file /Users/admin/builder/spi-builder-workspace/.derivedData/Build/Intermediates.noindex/BlankSlate.build/Debug-watchos/BlankSlate_BlankSlate.build/empty-BlankSlate_BlankSlate.plist
WriteAuxiliaryFile /Users/admin/builder/spi-builder-workspace/.derivedData/Build/Intermediates.noindex/BlankSlate.build/Debug-watchos/BlankSlate_BlankSlate.build/BlankSlate_BlankSlate.DependencyMetadataFileList (in target 'BlankSlate_BlankSlate' from project 'BlankSlate')
cd /Users/admin/builder/spi-builder-workspace
write-file /Users/admin/builder/spi-builder-workspace/.derivedData/Build/Intermediates.noindex/BlankSlate.build/Debug-watchos/BlankSlate_BlankSlate.build/BlankSlate_BlankSlate.DependencyMetadataFileList
WriteAuxiliaryFile /Users/admin/builder/spi-builder-workspace/.derivedData/Build/Intermediates.noindex/BlankSlate.build/Debug-watchos/BlankSlate_BlankSlate.build/BlankSlate_BlankSlate.DependencyStaticMetadataFileList (in target 'BlankSlate_BlankSlate' from project 'BlankSlate')
cd /Users/admin/builder/spi-builder-workspace
write-file /Users/admin/builder/spi-builder-workspace/.derivedData/Build/Intermediates.noindex/BlankSlate.build/Debug-watchos/BlankSlate_BlankSlate.build/BlankSlate_BlankSlate.DependencyStaticMetadataFileList
WriteAuxiliaryFile /Users/admin/builder/spi-builder-workspace/.derivedData/Build/Intermediates.noindex/BlankSlate.build/Debug-watchos/BlankSlate.build/BlankSlate.modulemap (in target 'BlankSlate' from project 'BlankSlate')
cd /Users/admin/builder/spi-builder-workspace
write-file /Users/admin/builder/spi-builder-workspace/.derivedData/Build/Intermediates.noindex/BlankSlate.build/Debug-watchos/BlankSlate.build/BlankSlate.modulemap
WriteAuxiliaryFile /Users/admin/builder/spi-builder-workspace/.derivedData/Build/Intermediates.noindex/BlankSlate.build/Debug-watchos/BlankSlate.build/Objects-normal/arm64_32/BlankSlate-OutputFileMap.json (in target 'BlankSlate' from project 'BlankSlate')
cd /Users/admin/builder/spi-builder-workspace
write-file /Users/admin/builder/spi-builder-workspace/.derivedData/Build/Intermediates.noindex/BlankSlate.build/Debug-watchos/BlankSlate.build/Objects-normal/arm64_32/BlankSlate-OutputFileMap.json
WriteAuxiliaryFile /Users/admin/builder/spi-builder-workspace/.derivedData/Build/Intermediates.noindex/BlankSlate.build/Debug-watchos/BlankSlate.build/Objects-normal/arm64_32/BlankSlate_const_extract_protocols.json (in target 'BlankSlate' from project 'BlankSlate')
cd /Users/admin/builder/spi-builder-workspace
write-file /Users/admin/builder/spi-builder-workspace/.derivedData/Build/Intermediates.noindex/BlankSlate.build/Debug-watchos/BlankSlate.build/Objects-normal/arm64_32/BlankSlate_const_extract_protocols.json
WriteAuxiliaryFile /Users/admin/builder/spi-builder-workspace/.derivedData/Build/Intermediates.noindex/BlankSlate.build/Debug-watchos/BlankSlate.build/Objects-normal/armv7k/BlankSlate-OutputFileMap.json (in target 'BlankSlate' from project 'BlankSlate')
cd /Users/admin/builder/spi-builder-workspace
write-file /Users/admin/builder/spi-builder-workspace/.derivedData/Build/Intermediates.noindex/BlankSlate.build/Debug-watchos/BlankSlate.build/Objects-normal/armv7k/BlankSlate-OutputFileMap.json
WriteAuxiliaryFile /Users/admin/builder/spi-builder-workspace/.derivedData/Build/Intermediates.noindex/BlankSlate.build/Debug-watchos/BlankSlate.build/Objects-normal/armv7k/BlankSlate.SwiftFileList (in target 'BlankSlate' from project 'BlankSlate')
cd /Users/admin/builder/spi-builder-workspace
write-file /Users/admin/builder/spi-builder-workspace/.derivedData/Build/Intermediates.noindex/BlankSlate.build/Debug-watchos/BlankSlate.build/Objects-normal/armv7k/BlankSlate.SwiftFileList
WriteAuxiliaryFile /Users/admin/builder/spi-builder-workspace/.derivedData/Build/Intermediates.noindex/BlankSlate.build/Debug-watchos/BlankSlate.build/Objects-normal/armv7k/BlankSlate_const_extract_protocols.json (in target 'BlankSlate' from project 'BlankSlate')
cd /Users/admin/builder/spi-builder-workspace
write-file /Users/admin/builder/spi-builder-workspace/.derivedData/Build/Intermediates.noindex/BlankSlate.build/Debug-watchos/BlankSlate.build/Objects-normal/armv7k/BlankSlate_const_extract_protocols.json
WriteAuxiliaryFile /Users/admin/builder/spi-builder-workspace/.derivedData/Build/Intermediates.noindex/BlankSlate.build/Debug-watchos/BlankSlate.build/Objects-normal/armv7k/BlankSlate.SwiftConstValuesFileList (in target 'BlankSlate' from project 'BlankSlate')
cd /Users/admin/builder/spi-builder-workspace
write-file /Users/admin/builder/spi-builder-workspace/.derivedData/Build/Intermediates.noindex/BlankSlate.build/Debug-watchos/BlankSlate.build/Objects-normal/armv7k/BlankSlate.SwiftConstValuesFileList
WriteAuxiliaryFile /Users/admin/builder/spi-builder-workspace/.derivedData/Build/Intermediates.noindex/BlankSlate.build/Debug-watchos/BlankSlate.build/Objects-normal/armv7k/BlankSlate.LinkFileList (in target 'BlankSlate' from project 'BlankSlate')
cd /Users/admin/builder/spi-builder-workspace
write-file /Users/admin/builder/spi-builder-workspace/.derivedData/Build/Intermediates.noindex/BlankSlate.build/Debug-watchos/BlankSlate.build/Objects-normal/armv7k/BlankSlate.LinkFileList
WriteAuxiliaryFile /Users/admin/builder/spi-builder-workspace/.derivedData/Build/Intermediates.noindex/BlankSlate.build/Debug-watchos/BlankSlate.build/Objects-normal/arm64_32/BlankSlate.SwiftFileList (in target 'BlankSlate' from project 'BlankSlate')
cd /Users/admin/builder/spi-builder-workspace
write-file /Users/admin/builder/spi-builder-workspace/.derivedData/Build/Intermediates.noindex/BlankSlate.build/Debug-watchos/BlankSlate.build/Objects-normal/arm64_32/BlankSlate.SwiftFileList
WriteAuxiliaryFile /Users/admin/builder/spi-builder-workspace/.derivedData/Build/Intermediates.noindex/BlankSlate.build/Debug-watchos/BlankSlate.build/Objects-normal/arm64_32/BlankSlate.SwiftConstValuesFileList (in target 'BlankSlate' from project 'BlankSlate')
cd /Users/admin/builder/spi-builder-workspace
write-file /Users/admin/builder/spi-builder-workspace/.derivedData/Build/Intermediates.noindex/BlankSlate.build/Debug-watchos/BlankSlate.build/Objects-normal/arm64_32/BlankSlate.SwiftConstValuesFileList
WriteAuxiliaryFile /Users/admin/builder/spi-builder-workspace/.derivedData/Build/Intermediates.noindex/BlankSlate.build/Debug-watchos/BlankSlate.build/Objects-normal/arm64_32/BlankSlate.LinkFileList (in target 'BlankSlate' from project 'BlankSlate')
cd /Users/admin/builder/spi-builder-workspace
write-file /Users/admin/builder/spi-builder-workspace/.derivedData/Build/Intermediates.noindex/BlankSlate.build/Debug-watchos/BlankSlate.build/Objects-normal/arm64_32/BlankSlate.LinkFileList
WriteAuxiliaryFile /Users/admin/builder/spi-builder-workspace/.derivedData/Build/Intermediates.noindex/BlankSlate.build/Debug-watchos/BlankSlate.build/Objects-normal/arm64/BlankSlate.SwiftConstValuesFileList (in target 'BlankSlate' from project 'BlankSlate')
cd /Users/admin/builder/spi-builder-workspace
write-file /Users/admin/builder/spi-builder-workspace/.derivedData/Build/Intermediates.noindex/BlankSlate.build/Debug-watchos/BlankSlate.build/Objects-normal/arm64/BlankSlate.SwiftConstValuesFileList
WriteAuxiliaryFile /Users/admin/builder/spi-builder-workspace/.derivedData/Build/Intermediates.noindex/BlankSlate.build/Debug-watchos/BlankSlate.build/Objects-normal/arm64/BlankSlate.SwiftFileList (in target 'BlankSlate' from project 'BlankSlate')
cd /Users/admin/builder/spi-builder-workspace
write-file /Users/admin/builder/spi-builder-workspace/.derivedData/Build/Intermediates.noindex/BlankSlate.build/Debug-watchos/BlankSlate.build/Objects-normal/arm64/BlankSlate.SwiftFileList
WriteAuxiliaryFile /Users/admin/builder/spi-builder-workspace/.derivedData/Build/Intermediates.noindex/BlankSlate.build/Debug-watchos/BlankSlate.build/Objects-normal/arm64/BlankSlate_const_extract_protocols.json (in target 'BlankSlate' from project 'BlankSlate')
cd /Users/admin/builder/spi-builder-workspace
write-file /Users/admin/builder/spi-builder-workspace/.derivedData/Build/Intermediates.noindex/BlankSlate.build/Debug-watchos/BlankSlate.build/Objects-normal/arm64/BlankSlate_const_extract_protocols.json
WriteAuxiliaryFile /Users/admin/builder/spi-builder-workspace/.derivedData/Build/Intermediates.noindex/BlankSlate.build/Debug-watchos/BlankSlate.build/Objects-normal/arm64/BlankSlate.LinkFileList (in target 'BlankSlate' from project 'BlankSlate')
cd /Users/admin/builder/spi-builder-workspace
write-file /Users/admin/builder/spi-builder-workspace/.derivedData/Build/Intermediates.noindex/BlankSlate.build/Debug-watchos/BlankSlate.build/Objects-normal/arm64/BlankSlate.LinkFileList
WriteAuxiliaryFile /Users/admin/builder/spi-builder-workspace/.derivedData/Build/Intermediates.noindex/BlankSlate.build/Debug-watchos/BlankSlate.build/Objects-normal/arm64/BlankSlate-OutputFileMap.json (in target 'BlankSlate' from project 'BlankSlate')
cd /Users/admin/builder/spi-builder-workspace
write-file /Users/admin/builder/spi-builder-workspace/.derivedData/Build/Intermediates.noindex/BlankSlate.build/Debug-watchos/BlankSlate.build/Objects-normal/arm64/BlankSlate-OutputFileMap.json
WriteAuxiliaryFile /Users/admin/builder/spi-builder-workspace/.derivedData/Build/Intermediates.noindex/BlankSlate.build/Debug-watchos/BlankSlate.build/DerivedSources/resource_bundle_accessor.swift (in target 'BlankSlate' from project 'BlankSlate')
cd /Users/admin/builder/spi-builder-workspace
write-file /Users/admin/builder/spi-builder-workspace/.derivedData/Build/Intermediates.noindex/BlankSlate.build/Debug-watchos/BlankSlate.build/DerivedSources/resource_bundle_accessor.swift
WriteAuxiliaryFile /Users/admin/builder/spi-builder-workspace/.derivedData/Build/Intermediates.noindex/BlankSlate.build/Debug-watchos/BlankSlate.build/BlankSlate.DependencyStaticMetadataFileList (in target 'BlankSlate' from project 'BlankSlate')
cd /Users/admin/builder/spi-builder-workspace
write-file /Users/admin/builder/spi-builder-workspace/.derivedData/Build/Intermediates.noindex/BlankSlate.build/Debug-watchos/BlankSlate.build/BlankSlate.DependencyStaticMetadataFileList
WriteAuxiliaryFile /Users/admin/builder/spi-builder-workspace/.derivedData/Build/Intermediates.noindex/BlankSlate.build/Debug-watchos/BlankSlate.build/BlankSlate.DependencyMetadataFileList (in target 'BlankSlate' from project 'BlankSlate')
cd /Users/admin/builder/spi-builder-workspace
write-file /Users/admin/builder/spi-builder-workspace/.derivedData/Build/Intermediates.noindex/BlankSlate.build/Debug-watchos/BlankSlate.build/BlankSlate.DependencyMetadataFileList
Copy /Users/admin/builder/spi-builder-workspace/.derivedData/Build/Intermediates.noindex/GeneratedModuleMaps-watchos/BlankSlate.modulemap /Users/admin/builder/spi-builder-workspace/.derivedData/Build/Intermediates.noindex/BlankSlate.build/Debug-watchos/BlankSlate.build/BlankSlate.modulemap (in target 'BlankSlate' from project 'BlankSlate')
cd /Users/admin/builder/spi-builder-workspace
builtin-copy -exclude .DS_Store -exclude CVS -exclude .svn -exclude .git -exclude .hg -resolve-src-symlinks /Users/admin/builder/spi-builder-workspace/.derivedData/Build/Intermediates.noindex/BlankSlate.build/Debug-watchos/BlankSlate.build/BlankSlate.modulemap /Users/admin/builder/spi-builder-workspace/.derivedData/Build/Intermediates.noindex/GeneratedModuleMaps-watchos
MkDir /Users/admin/builder/spi-builder-workspace/.derivedData/Build/Products/Debug-watchos/BlankSlate_BlankSlate.bundle (in target 'BlankSlate_BlankSlate' from project 'BlankSlate')
cd /Users/admin/builder/spi-builder-workspace
/bin/mkdir -p /Users/admin/builder/spi-builder-workspace/.derivedData/Build/Products/Debug-watchos/BlankSlate_BlankSlate.bundle
CpResource /Users/admin/builder/spi-builder-workspace/.derivedData/Build/Products/Debug-watchos/BlankSlate_BlankSlate.bundle/PrivacyInfo.xcprivacy /Users/admin/builder/spi-builder-workspace/Sources/PrivacyInfo.xcprivacy (in target 'BlankSlate_BlankSlate' from project 'BlankSlate')
cd /Users/admin/builder/spi-builder-workspace
builtin-copy -exclude .DS_Store -exclude CVS -exclude .svn -exclude .git -exclude .hg -resolve-src-symlinks /Users/admin/builder/spi-builder-workspace/Sources/PrivacyInfo.xcprivacy /Users/admin/builder/spi-builder-workspace/.derivedData/Build/Products/Debug-watchos/BlankSlate_BlankSlate.bundle
ProcessInfoPlistFile /Users/admin/builder/spi-builder-workspace/.derivedData/Build/Products/Debug-watchos/BlankSlate_BlankSlate.bundle/Info.plist /Users/admin/builder/spi-builder-workspace/.derivedData/Build/Intermediates.noindex/BlankSlate.build/Debug-watchos/BlankSlate_BlankSlate.build/empty-BlankSlate_BlankSlate.plist (in target 'BlankSlate_BlankSlate' from project 'BlankSlate')
cd /Users/admin/builder/spi-builder-workspace
builtin-infoPlistUtility /Users/admin/builder/spi-builder-workspace/.derivedData/Build/Intermediates.noindex/BlankSlate.build/Debug-watchos/BlankSlate_BlankSlate.build/empty-BlankSlate_BlankSlate.plist -producttype com.apple.product-type.bundle -expandbuildsettings -format binary -platform watchos -o /Users/admin/builder/spi-builder-workspace/.derivedData/Build/Products/Debug-watchos/BlankSlate_BlankSlate.bundle/Info.plist
RegisterExecutionPolicyException /Users/admin/builder/spi-builder-workspace/.derivedData/Build/Products/Debug-watchos/BlankSlate_BlankSlate.bundle (in target 'BlankSlate_BlankSlate' from project 'BlankSlate')
cd /Users/admin/builder/spi-builder-workspace
builtin-RegisterExecutionPolicyException /Users/admin/builder/spi-builder-workspace/.derivedData/Build/Products/Debug-watchos/BlankSlate_BlankSlate.bundle
Touch /Users/admin/builder/spi-builder-workspace/.derivedData/Build/Products/Debug-watchos/BlankSlate_BlankSlate.bundle (in target 'BlankSlate_BlankSlate' from project 'BlankSlate')
cd /Users/admin/builder/spi-builder-workspace
/usr/bin/touch -c /Users/admin/builder/spi-builder-workspace/.derivedData/Build/Products/Debug-watchos/BlankSlate_BlankSlate.bundle
SwiftDriver BlankSlate normal arm64 com.apple.xcode.tools.swift.compiler (in target 'BlankSlate' from project 'BlankSlate')
cd /Users/admin/builder/spi-builder-workspace/.swiftpm/xcode
builtin-SwiftDriver -- /Applications/Xcode-16.3.0.app/Contents/Developer/Toolchains/XcodeDefault.xctoolchain/usr/bin/swiftc -module-name BlankSlate -Onone -enforce-exclusivity\=checked @/Users/admin/builder/spi-builder-workspace/.derivedData/Build/Intermediates.noindex/BlankSlate.build/Debug-watchos/BlankSlate.build/Objects-normal/arm64/BlankSlate.SwiftFileList -DSWIFT_PACKAGE -DDEBUG -stats-output-dir .stats -plugin-path /Applications/Xcode-16.3.0.app/Contents/Developer/Toolchains/XcodeDefault.xctoolchain/usr/lib/swift/host/plugins/testing -enable-experimental-feature DebugDescriptionMacro -sdk /Applications/Xcode-16.3.0.app/Contents/Developer/Platforms/WatchOS.platform/Developer/SDKs/WatchOS11.4.sdk -target arm64-apple-watchos6.0 -g -module-cache-path /Users/admin/builder/spi-builder-workspace/.derivedData/ModuleCache.noindex -Xfrontend -serialize-debugging-options -profile-coverage-mapping -profile-generate -enable-testing -index-store-path /Users/admin/builder/spi-builder-workspace/.derivedData/Index.noindex/DataStore -swift-version 6 -I /Users/admin/builder/spi-builder-workspace/.derivedData/Build/Products/Debug-watchos -I /Applications/Xcode-16.3.0.app/Contents/Developer/Platforms/WatchOS.platform/Developer/usr/lib -F /Users/admin/builder/spi-builder-workspace/.derivedData/Build/Products/Debug-watchos -F /Applications/Xcode-16.3.0.app/Contents/Developer/Platforms/WatchOS.platform/Developer/Library/Frameworks -F /Applications/Xcode-16.3.0.app/Contents/Developer/Platforms/WatchOS.platform/Developer/SDKs/WatchOS11.4.sdk/Developer/Library/Frameworks -c -j10 -enable-batch-mode -incremental -Xcc -ivfsstatcache -Xcc /Users/admin/builder/spi-builder-workspace/.derivedData/SDKStatCaches.noindex/watchos11.4-22T246-43efb940ff07ba2497b70ec94253f576.sdkstatcache -output-file-map /Users/admin/builder/spi-builder-workspace/.derivedData/Build/Intermediates.noindex/BlankSlate.build/Debug-watchos/BlankSlate.build/Objects-normal/arm64/BlankSlate-OutputFileMap.json -use-frontend-parseable-output -save-temps -no-color-diagnostics -serialize-diagnostics -emit-dependencies -emit-module -emit-module-path /Users/admin/builder/spi-builder-workspace/.derivedData/Build/Intermediates.noindex/BlankSlate.build/Debug-watchos/BlankSlate.build/Objects-normal/arm64/BlankSlate.swiftmodule -validate-clang-modules-once -clang-build-session-file /Users/admin/builder/spi-builder-workspace/.derivedData/ModuleCache.noindex/Session.modulevalidation -package-name spi_builder_workspace -Xcc -I/Users/admin/builder/spi-builder-workspace/.derivedData/Build/Intermediates.noindex/BlankSlate.build/Debug-watchos/BlankSlate.build/swift-overrides.hmap -emit-const-values -Xfrontend -const-gather-protocols-file -Xfrontend /Users/admin/builder/spi-builder-workspace/.derivedData/Build/Intermediates.noindex/BlankSlate.build/Debug-watchos/BlankSlate.build/Objects-normal/arm64/BlankSlate_const_extract_protocols.json -Xcc -I/Users/admin/builder/spi-builder-workspace/.derivedData/Build/Products/Debug-watchos/include -Xcc -I/Users/admin/builder/spi-builder-workspace/.derivedData/Build/Intermediates.noindex/BlankSlate.build/Debug-watchos/BlankSlate.build/DerivedSources-normal/arm64 -Xcc -I/Users/admin/builder/spi-builder-workspace/.derivedData/Build/Intermediates.noindex/BlankSlate.build/Debug-watchos/BlankSlate.build/DerivedSources/arm64 -Xcc -I/Users/admin/builder/spi-builder-workspace/.derivedData/Build/Intermediates.noindex/BlankSlate.build/Debug-watchos/BlankSlate.build/DerivedSources -Xcc -DSWIFT_PACKAGE -Xcc -DDEBUG\=1 -emit-objc-header -emit-objc-header-path /Users/admin/builder/spi-builder-workspace/.derivedData/Build/Intermediates.noindex/BlankSlate.build/Debug-watchos/BlankSlate.build/Objects-normal/arm64/BlankSlate-Swift.h -working-directory /Users/admin/builder/spi-builder-workspace/.swiftpm/xcode -experimental-emit-module-separately -disable-cmo
SwiftDriver BlankSlate normal armv7k com.apple.xcode.tools.swift.compiler (in target 'BlankSlate' from project 'BlankSlate')
cd /Users/admin/builder/spi-builder-workspace/.swiftpm/xcode
builtin-SwiftDriver -- /Applications/Xcode-16.3.0.app/Contents/Developer/Toolchains/XcodeDefault.xctoolchain/usr/bin/swiftc -module-name BlankSlate -Onone -enforce-exclusivity\=checked @/Users/admin/builder/spi-builder-workspace/.derivedData/Build/Intermediates.noindex/BlankSlate.build/Debug-watchos/BlankSlate.build/Objects-normal/armv7k/BlankSlate.SwiftFileList -DSWIFT_PACKAGE -DDEBUG -stats-output-dir .stats -plugin-path /Applications/Xcode-16.3.0.app/Contents/Developer/Toolchains/XcodeDefault.xctoolchain/usr/lib/swift/host/plugins/testing -enable-experimental-feature DebugDescriptionMacro -sdk /Applications/Xcode-16.3.0.app/Contents/Developer/Platforms/WatchOS.platform/Developer/SDKs/WatchOS11.4.sdk -target armv7k-apple-watchos6.0 -g -module-cache-path /Users/admin/builder/spi-builder-workspace/.derivedData/ModuleCache.noindex -Xfrontend -serialize-debugging-options -profile-coverage-mapping -profile-generate -enable-testing -index-store-path /Users/admin/builder/spi-builder-workspace/.derivedData/Index.noindex/DataStore -swift-version 6 -I /Users/admin/builder/spi-builder-workspace/.derivedData/Build/Products/Debug-watchos -I /Applications/Xcode-16.3.0.app/Contents/Developer/Platforms/WatchOS.platform/Developer/usr/lib -F /Users/admin/builder/spi-builder-workspace/.derivedData/Build/Products/Debug-watchos -F /Applications/Xcode-16.3.0.app/Contents/Developer/Platforms/WatchOS.platform/Developer/Library/Frameworks -F /Applications/Xcode-16.3.0.app/Contents/Developer/Platforms/WatchOS.platform/Developer/SDKs/WatchOS11.4.sdk/Developer/Library/Frameworks -c -j10 -enable-batch-mode -incremental -Xcc -ivfsstatcache -Xcc /Users/admin/builder/spi-builder-workspace/.derivedData/SDKStatCaches.noindex/watchos11.4-22T246-43efb940ff07ba2497b70ec94253f576.sdkstatcache -output-file-map /Users/admin/builder/spi-builder-workspace/.derivedData/Build/Intermediates.noindex/BlankSlate.build/Debug-watchos/BlankSlate.build/Objects-normal/armv7k/BlankSlate-OutputFileMap.json -use-frontend-parseable-output -save-temps -no-color-diagnostics -serialize-diagnostics -emit-dependencies -emit-module -emit-module-path /Users/admin/builder/spi-builder-workspace/.derivedData/Build/Intermediates.noindex/BlankSlate.build/Debug-watchos/BlankSlate.build/Objects-normal/armv7k/BlankSlate.swiftmodule -validate-clang-modules-once -clang-build-session-file /Users/admin/builder/spi-builder-workspace/.derivedData/ModuleCache.noindex/Session.modulevalidation -package-name spi_builder_workspace -Xcc -I/Users/admin/builder/spi-builder-workspace/.derivedData/Build/Intermediates.noindex/BlankSlate.build/Debug-watchos/BlankSlate.build/swift-overrides.hmap -emit-const-values -Xfrontend -const-gather-protocols-file -Xfrontend /Users/admin/builder/spi-builder-workspace/.derivedData/Build/Intermediates.noindex/BlankSlate.build/Debug-watchos/BlankSlate.build/Objects-normal/armv7k/BlankSlate_const_extract_protocols.json -Xcc -I/Users/admin/builder/spi-builder-workspace/.derivedData/Build/Products/Debug-watchos/include -Xcc -I/Users/admin/builder/spi-builder-workspace/.derivedData/Build/Intermediates.noindex/BlankSlate.build/Debug-watchos/BlankSlate.build/DerivedSources-normal/armv7k -Xcc -I/Users/admin/builder/spi-builder-workspace/.derivedData/Build/Intermediates.noindex/BlankSlate.build/Debug-watchos/BlankSlate.build/DerivedSources/armv7k -Xcc -I/Users/admin/builder/spi-builder-workspace/.derivedData/Build/Intermediates.noindex/BlankSlate.build/Debug-watchos/BlankSlate.build/DerivedSources -Xcc -DSWIFT_PACKAGE -Xcc -DDEBUG\=1 -emit-objc-header -emit-objc-header-path /Users/admin/builder/spi-builder-workspace/.derivedData/Build/Intermediates.noindex/BlankSlate.build/Debug-watchos/BlankSlate.build/Objects-normal/armv7k/BlankSlate-Swift.h -working-directory /Users/admin/builder/spi-builder-workspace/.swiftpm/xcode -experimental-emit-module-separately -disable-cmo
SwiftDriver BlankSlate normal arm64_32 com.apple.xcode.tools.swift.compiler (in target 'BlankSlate' from project 'BlankSlate')
cd /Users/admin/builder/spi-builder-workspace/.swiftpm/xcode
builtin-SwiftDriver -- /Applications/Xcode-16.3.0.app/Contents/Developer/Toolchains/XcodeDefault.xctoolchain/usr/bin/swiftc -module-name BlankSlate -Onone -enforce-exclusivity\=checked @/Users/admin/builder/spi-builder-workspace/.derivedData/Build/Intermediates.noindex/BlankSlate.build/Debug-watchos/BlankSlate.build/Objects-normal/arm64_32/BlankSlate.SwiftFileList -DSWIFT_PACKAGE -DDEBUG -stats-output-dir .stats -plugin-path /Applications/Xcode-16.3.0.app/Contents/Developer/Toolchains/XcodeDefault.xctoolchain/usr/lib/swift/host/plugins/testing -enable-experimental-feature DebugDescriptionMacro -sdk /Applications/Xcode-16.3.0.app/Contents/Developer/Platforms/WatchOS.platform/Developer/SDKs/WatchOS11.4.sdk -target arm64_32-apple-watchos6.0 -g -module-cache-path /Users/admin/builder/spi-builder-workspace/.derivedData/ModuleCache.noindex -Xfrontend -serialize-debugging-options -profile-coverage-mapping -profile-generate -enable-testing -index-store-path /Users/admin/builder/spi-builder-workspace/.derivedData/Index.noindex/DataStore -swift-version 6 -I /Users/admin/builder/spi-builder-workspace/.derivedData/Build/Products/Debug-watchos -I /Applications/Xcode-16.3.0.app/Contents/Developer/Platforms/WatchOS.platform/Developer/usr/lib -F /Users/admin/builder/spi-builder-workspace/.derivedData/Build/Products/Debug-watchos -F /Applications/Xcode-16.3.0.app/Contents/Developer/Platforms/WatchOS.platform/Developer/Library/Frameworks -F /Applications/Xcode-16.3.0.app/Contents/Developer/Platforms/WatchOS.platform/Developer/SDKs/WatchOS11.4.sdk/Developer/Library/Frameworks -c -j10 -enable-batch-mode -incremental -Xcc -ivfsstatcache -Xcc /Users/admin/builder/spi-builder-workspace/.derivedData/SDKStatCaches.noindex/watchos11.4-22T246-43efb940ff07ba2497b70ec94253f576.sdkstatcache -output-file-map /Users/admin/builder/spi-builder-workspace/.derivedData/Build/Intermediates.noindex/BlankSlate.build/Debug-watchos/BlankSlate.build/Objects-normal/arm64_32/BlankSlate-OutputFileMap.json -use-frontend-parseable-output -save-temps -no-color-diagnostics -serialize-diagnostics -emit-dependencies -emit-module -emit-module-path /Users/admin/builder/spi-builder-workspace/.derivedData/Build/Intermediates.noindex/BlankSlate.build/Debug-watchos/BlankSlate.build/Objects-normal/arm64_32/BlankSlate.swiftmodule -validate-clang-modules-once -clang-build-session-file /Users/admin/builder/spi-builder-workspace/.derivedData/ModuleCache.noindex/Session.modulevalidation -package-name spi_builder_workspace -Xcc -I/Users/admin/builder/spi-builder-workspace/.derivedData/Build/Intermediates.noindex/BlankSlate.build/Debug-watchos/BlankSlate.build/swift-overrides.hmap -emit-const-values -Xfrontend -const-gather-protocols-file -Xfrontend /Users/admin/builder/spi-builder-workspace/.derivedData/Build/Intermediates.noindex/BlankSlate.build/Debug-watchos/BlankSlate.build/Objects-normal/arm64_32/BlankSlate_const_extract_protocols.json -Xcc -I/Users/admin/builder/spi-builder-workspace/.derivedData/Build/Products/Debug-watchos/include -Xcc -I/Users/admin/builder/spi-builder-workspace/.derivedData/Build/Intermediates.noindex/BlankSlate.build/Debug-watchos/BlankSlate.build/DerivedSources-normal/arm64_32 -Xcc -I/Users/admin/builder/spi-builder-workspace/.derivedData/Build/Intermediates.noindex/BlankSlate.build/Debug-watchos/BlankSlate.build/DerivedSources/arm64_32 -Xcc -I/Users/admin/builder/spi-builder-workspace/.derivedData/Build/Intermediates.noindex/BlankSlate.build/Debug-watchos/BlankSlate.build/DerivedSources -Xcc -DSWIFT_PACKAGE -Xcc -DDEBUG\=1 -emit-objc-header -emit-objc-header-path /Users/admin/builder/spi-builder-workspace/.derivedData/Build/Intermediates.noindex/BlankSlate.build/Debug-watchos/BlankSlate.build/Objects-normal/arm64_32/BlankSlate-Swift.h -working-directory /Users/admin/builder/spi-builder-workspace/.swiftpm/xcode -experimental-emit-module-separately -disable-cmo
SwiftEmitModule normal arm64_32 Emitting\ module\ for\ BlankSlate (in target 'BlankSlate' from project 'BlankSlate')
EmitSwiftModule normal arm64_32 (in target 'BlankSlate' from project 'BlankSlate')
cd /Users/admin/builder/spi-builder-workspace/.swiftpm/xcode
/Users/admin/builder/spi-builder-workspace/Sources/BlankSlate.swift:51:1: warning: unavailable class 'UIView' was used to satisfy a requirement of protocol 'Extended': This Objective-C class has only been forward-declared; import its owning module to use it; this will be an error in a future Swift language mode
extension UIView: BlankSlate.Extended {}
^
UIKit.UIView:2:14: note: 'UIView' declared here
public class UIView {
^
/Users/admin/builder/spi-builder-workspace/Sources/BlankSlate.swift:38:24: note: requirement 'ExtendedType' declared here
associatedtype ExtendedType
^
/Users/admin/builder/spi-builder-workspace/Sources/BlankSlate.swift:51:11: error: 'UIView' is unavailable: This Objective-C class has only been forward-declared; import its owning module to use it
extension UIView: BlankSlate.Extended {}
^~~~~~
UIKit.UIView:2:14: note: 'UIView' has been explicitly marked unavailable here
public class UIView {
^
/Users/admin/builder/spi-builder-workspace/Sources/DataSource.swift:61:60: error: cannot find type 'CAAnimation' in scope
func imageAnimation(forBlankSlate view: UIView) -> CAAnimation?
^~~~~~~~~~~
/Users/admin/builder/spi-builder-workspace/Sources/DataSource.swift:87:65: error: cannot find type 'UIControl' in scope
func buttonTitle(forBlankSlate view: UIView, for state: UIControl.State) -> NSAttributedString?
^~~~~~~~~
/Users/admin/builder/spi-builder-workspace/Sources/DataSource.swift:95:75: error: cannot find type 'UIControl' in scope
func buttonBackgroundImage(forBlankSlate view: UIView, for state: UIControl.State) -> UIImage?
^~~~~~~~~
/Users/admin/builder/spi-builder-workspace/Sources/DataSource.swift:104:65: error: cannot find type 'UIControl' in scope
func buttonImage(forBlankSlate view: UIView, for state: UIControl.State) -> UIImage?
^~~~~~~~~
/Users/admin/builder/spi-builder-workspace/Sources/DataSource.swift:113:59: error: cannot find type 'UIButton' in scope
func blankSlate(_ view: UIView, configure button: UIButton)
^~~~~~~~
/Users/admin/builder/spi-builder-workspace/Sources/DataSource.swift:152:64: error: cannot find type 'CAGradientLayer' in scope
func backgroundGradient(forBlankSlate view: UIView) -> CAGradientLayer?
^~~~~~~~~~~~~~~
/Users/admin/builder/spi-builder-workspace/Sources/Delegate.swift:69:56: error: cannot find type 'UIScrollView' in scope
func blankSlateShouldAllowScroll(_ scrollView: UIScrollView) -> Bool
^~~~~~~~~~~~
/Users/admin/builder/spi-builder-workspace/Sources/Delegate.swift:77:70: error: cannot find type 'UIScrollView' in scope
func shouldAllowScrollAfterBlankSlateDisappear(_ scrollView: UIScrollView) -> Bool
^~~~~~~~~~~~
/Users/admin/builder/spi-builder-workspace/Sources/Delegate.swift:94:62: error: cannot find type 'UIButton' in scope
func blankSlate(_ view: UIView, didTapButton sender: UIButton)
^~~~~~~~
/Users/admin/builder/spi-builder-workspace/Sources/BlankSlate.swift:109:22: error: 'UIView' is unavailable: This Objective-C class has only been forward-declared; import its owning module to use it
public var view: UIView? {
^~~~~~
UIKit.UIView:2:14: note: 'UIView' has been explicitly marked unavailable here
public class UIView {
^
/Users/admin/builder/spi-builder-workspace/Sources/BlankSlate.swift:54:56: error: 'UIView' is unavailable: This Objective-C class has only been forward-declared; import its owning module to use it
extension BlankSlate.Extension where ExtendedViewType: UIView {
^~~~~~
UIKit.UIView:2:14: note: 'UIView' has been explicitly marked unavailable here
public class UIView {
^
/Users/admin/builder/spi-builder-workspace/Sources/Convenience.swift:42:65: error: cannot find 'UIActivityIndicatorView' in scope
loading: StateContent = .init(customView: { let v = UIActivityIndicatorView(style: .large); v.startAnimating(); return v }()),
^~~~~~~~~~~~~~~~~~~~~~~
/Users/admin/builder/spi-builder-workspace/Sources/Convenience.swift:42:97: error: cannot infer contextual base in reference to member 'large'
loading: StateContent = .init(customView: { let v = UIActivityIndicatorView(style: .large); v.startAnimating(); return v }()),
~^~~~~
/Users/admin/builder/spi-builder-workspace/Sources/Convenience.swift:43:180: error: type 'UIColor' has no member 'secondaryLabel'
empty: StateContent = .init(title: NSAttributedString(string: "No Data", attributes: [.font: UIFont.systemFont(ofSize: 22, weight: .medium), .foregroundColor: UIColor.secondaryLabel])),
~~~~~~~ ^~~~~~~~~~~~~~
/Users/admin/builder/spi-builder-workspace/Sources/Convenience.swift:45:169: error: type 'UIColor' has no member 'label'
title: NSAttributedString(string: "Something Went Wrong", attributes: [.font: UIFont.systemFont(ofSize: 22, weight: .medium), .foregroundColor: UIColor.label]),
~~~~~~~ ^~~~~
/Users/admin/builder/spi-builder-workspace/Sources/Convenience.swift:46:176: error: type 'UIColor' has no member 'secondaryLabel'
detail: NSAttributedString(string: "Please check your connection and try again.", attributes: [.font: UIFont.systemFont(ofSize: 15), .foregroundColor: UIColor.secondaryLabel]),
~~~~~~~ ^~~~~~~~~~~~~~
/Users/admin/builder/spi-builder-workspace/Sources/Convenience.swift:47:162: error: type 'UIColor' has no member 'systemBlue'
buttonTitle: NSAttributedString(string: "Retry", attributes: [.font: UIFont.systemFont(ofSize: 16, weight: .semibold), .foregroundColor: UIColor.systemBlue])
~~~~~~~ ^~~~~~~~~~
/Users/admin/builder/spi-builder-workspace/Sources/Convenience.swift:70:32: error: 'UIView' is unavailable: This Objective-C class has only been forward-declared; import its owning module to use it
public var customView: UIView?
^~~~~~
UIKit.UIView:2:14: note: 'UIView' has been explicitly marked unavailable here
public class UIView {
^
/Users/admin/builder/spi-builder-workspace/Sources/Convenience.swift:78:25: error: 'UIView' is unavailable: This Objective-C class has only been forward-declared; import its owning module to use it
customView: UIView? = nil
^~~~~~
UIKit.UIView:2:14: note: 'UIView' has been explicitly marked unavailable here
public class UIView {
^
/Users/admin/builder/spi-builder-workspace/Sources/Convenience.swift:106:32: error: 'UIView' is unavailable: This Objective-C class has only been forward-declared; import its owning module to use it
private weak var view: UIView?
^~~~~~
UIKit.UIView:2:14: note: 'UIView' has been explicitly marked unavailable here
public class UIView {
^
/Users/admin/builder/spi-builder-workspace/Sources/Convenience.swift:127:27: error: 'UIView' is unavailable: This Objective-C class has only been forward-declared; import its owning module to use it
public init(view: UIView, configuration: StatusConfiguration = .init()) {
^~~~~~
UIKit.UIView:2:14: note: 'UIView' has been explicitly marked unavailable here
public class UIView {
^
/Users/admin/builder/spi-builder-workspace/Sources/Convenience.swift:143:47: error: 'UIView' is unavailable: This Objective-C class has only been forward-declared; import its owning module to use it
public func image(forBlankSlate view: UIView) -> UIImage? { currentContent.image }
^~~~~~
UIKit.UIView:2:14: note: 'UIView' has been explicitly marked unavailable here
public class UIView {
^
/Users/admin/builder/spi-builder-workspace/Sources/Convenience.swift:144:47: error: 'UIView' is unavailable: This Objective-C class has only been forward-declared; import its owning module to use it
public func title(forBlankSlate view: UIView) -> NSAttributedString? { currentContent.title }
^~~~~~
UIKit.UIView:2:14: note: 'UIView' has been explicitly marked unavailable here
public class UIView {
^
/Users/admin/builder/spi-builder-workspace/Sources/Convenience.swift:145:48: error: 'UIView' is unavailable: This Objective-C class has only been forward-declared; import its owning module to use it
public func detail(forBlankSlate view: UIView) -> NSAttributedString? { currentContent.detail }
^~~~~~
UIKit.UIView:2:14: note: 'UIView' has been explicitly marked unavailable here
public class UIView {
^
/Users/admin/builder/spi-builder-workspace/Sources/Convenience.swift:146:72: error: cannot find type 'UIControl' in scope
public func buttonTitle(forBlankSlate view: UIView, for state: UIControl.State) -> NSAttributedString? {
^~~~~~~~~
/Users/admin/builder/spi-builder-workspace/Sources/Convenience.swift:146:53: error: 'UIView' is unavailable: This Objective-C class has only been forward-declared; import its owning module to use it
public func buttonTitle(forBlankSlate view: UIView, for state: UIControl.State) -> NSAttributedString? {
^~~~~~
UIKit.UIView:2:14: note: 'UIView' has been explicitly marked unavailable here
public class UIView {
^
/Users/admin/builder/spi-builder-workspace/Sources/Convenience.swift:149:52: error: 'UIView' is unavailable: This Objective-C class has only been forward-declared; import its owning module to use it
public func customView(forBlankSlate view: UIView) -> UIView? { currentContent.customView }
^~~~~~
UIKit.UIView:2:14: note: 'UIView' has been explicitly marked unavailable here
public class UIView {
^
/Users/admin/builder/spi-builder-workspace/Sources/Convenience.swift:149:63: error: 'UIView' is unavailable: This Objective-C class has only been forward-declared; import its owning module to use it
public func customView(forBlankSlate view: UIView) -> UIView? { currentContent.customView }
^~~~~~
UIKit.UIView:2:14: note: 'UIView' has been explicitly marked unavailable here
public class UIView {
^
/Users/admin/builder/spi-builder-workspace/Sources/Convenience.swift:150:52: error: 'UIView' is unavailable: This Objective-C class has only been forward-declared; import its owning module to use it
public func transition(forBlankSlate view: UIView) -> BlankSlate.Transition { transition }
^~~~~~
UIKit.UIView:2:14: note: 'UIView' has been explicitly marked unavailable here
public class UIView {
^
/Users/admin/builder/spi-builder-workspace/Sources/Convenience.swift:153:69: error: cannot find type 'UIButton' in scope
public func blankSlate(_ view: UIView, didTapButton sender: UIButton) {
^~~~~~~~
/Users/admin/builder/spi-builder-workspace/Sources/Convenience.swift:153:40: error: 'UIView' is unavailable: This Objective-C class has only been forward-declared; import its owning module to use it
public func blankSlate(_ view: UIView, didTapButton sender: UIButton) {
^~~~~~
UIKit.UIView:2:14: note: 'UIView' has been explicitly marked unavailable here
public class UIView {
^
/Users/admin/builder/spi-builder-workspace/Sources/Convenience.swift:161:40: error: 'UIView' is unavailable: This Objective-C class has only been forward-declared; import its owning module to use it
public func blankSlate(_ view: UIView, didTapView sender: UIView) {
^~~~~~
UIKit.UIView:2:14: note: 'UIView' has been explicitly marked unavailable here
public class UIView {
^
/Users/admin/builder/spi-builder-workspace/Sources/Convenience.swift:161:67: error: 'UIView' is unavailable: This Objective-C class has only been forward-declared; import its owning module to use it
public func blankSlate(_ view: UIView, didTapView sender: UIView) {
^~~~~~
UIKit.UIView:2:14: note: 'UIView' has been explicitly marked unavailable here
public class UIView {
^
/Users/admin/builder/spi-builder-workspace/Sources/Convenience.swift:170:56: error: 'UIView' is unavailable: This Objective-C class has only been forward-declared; import its owning module to use it
extension BlankSlate.Extension where ExtendedViewType: UIView {
^~~~~~
UIKit.UIView:2:14: note: 'UIView' has been explicitly marked unavailable here
public class UIView {
^
/Users/admin/builder/spi-builder-workspace/Sources/DataSource.swift:41:40: error: 'UIView' is unavailable: This Objective-C class has only been forward-declared; import its owning module to use it
func image(forBlankSlate view: UIView) -> UIImage?
^~~~~~
UIKit.UIView:2:14: note: 'UIView' has been explicitly marked unavailable here
public class UIView {
^
/Users/admin/builder/spi-builder-workspace/Sources/DataSource.swift:47:45: error: 'UIView' is unavailable: This Objective-C class has only been forward-declared; import its owning module to use it
func imageAlpha(forBlankSlate view: UIView) -> CGFloat
^~~~~~
UIKit.UIView:2:14: note: 'UIView' has been explicitly marked unavailable here
public class UIView {
^
/Users/admin/builder/spi-builder-workspace/Sources/DataSource.swift:54:49: error: 'UIView' is unavailable: This Objective-C class has only been forward-declared; import its owning module to use it
func imageTintColor(forBlankSlate view: UIView) -> UIColor?
^~~~~~
UIKit.UIView:2:14: note: 'UIView' has been explicitly marked unavailable here
public class UIView {
^
/Users/admin/builder/spi-builder-workspace/Sources/DataSource.swift:61:49: error: 'UIView' is unavailable: This Objective-C class has only been forward-declared; import its owning module to use it
func imageAnimation(forBlankSlate view: UIView) -> CAAnimation?
^~~~~~
UIKit.UIView:2:14: note: 'UIView' has been explicitly marked unavailable here
public class UIView {
^
/Users/admin/builder/spi-builder-workspace/Sources/DataSource.swift:69:40: error: 'UIView' is unavailable: This Objective-C class has only been forward-declared; import its owning module to use it
func title(forBlankSlate view: UIView) -> NSAttributedString?
^~~~~~
UIKit.UIView:2:14: note: 'UIView' has been explicitly marked unavailable here
public class UIView {
^
/Users/admin/builder/spi-builder-workspace/Sources/DataSource.swift:77:41: error: 'UIView' is unavailable: This Objective-C class has only been forward-declared; import its owning module to use it
func detail(forBlankSlate view: UIView) -> NSAttributedString?
^~~~~~
UIKit.UIView:2:14: note: 'UIView' has been explicitly marked unavailable here
public class UIView {
^
/Users/admin/builder/spi-builder-workspace/Sources/DataSource.swift:87:46: error: 'UIView' is unavailable: This Objective-C class has only been forward-declared; import its owning module to use it
func buttonTitle(forBlankSlate view: UIView, for state: UIControl.State) -> NSAttributedString?
^~~~~~
UIKit.UIView:2:14: note: 'UIView' has been explicitly marked unavailable here
public class UIView {
^
/Users/admin/builder/spi-builder-workspace/Sources/DataSource.swift:95:56: error: 'UIView' is unavailable: This Objective-C class has only been forward-declared; import its owning module to use it
func buttonBackgroundImage(forBlankSlate view: UIView, for state: UIControl.State) -> UIImage?
^~~~~~
UIKit.UIView:2:14: note: 'UIView' has been explicitly marked unavailable here
public class UIView {
^
/Users/admin/builder/spi-builder-workspace/Sources/DataSource.swift:104:46: error: 'UIView' is unavailable: This Objective-C class has only been forward-declared; import its owning module to use it
func buttonImage(forBlankSlate view: UIView, for state: UIControl.State) -> UIImage?
^~~~~~
UIKit.UIView:2:14: note: 'UIView' has been explicitly marked unavailable here
public class UIView {
^
/Users/admin/builder/spi-builder-workspace/Sources/DataSource.swift:113:33: error: 'UIView' is unavailable: This Objective-C class has only been forward-declared; import its owning module to use it
func blankSlate(_ view: UIView, configure button: UIButton)
^~~~~~
UIKit.UIView:2:14: note: 'UIView' has been explicitly marked unavailable here
public class UIView {
^
/Users/admin/builder/spi-builder-workspace/Sources/DataSource.swift:122:45: error: 'UIView' is unavailable: This Objective-C class has only been forward-declared; import its owning module to use it
func customView(forBlankSlate view: UIView) -> UIView?
^~~~~~
UIKit.UIView:2:14: note: 'UIView' has been explicitly marked unavailable here
public class UIView {
^
/Users/admin/builder/spi-builder-workspace/Sources/DataSource.swift:122:56: error: 'UIView' is unavailable: This Objective-C class has only been forward-declared; import its owning module to use it
func customView(forBlankSlate view: UIView) -> UIView?
^~~~~~
UIKit.UIView:2:14: note: 'UIView' has been explicitly marked unavailable here
public class UIView {
^
/Users/admin/builder/spi-builder-workspace/Sources/DataSource.swift:131:41: error: 'UIView' is unavailable: This Objective-C class has only been forward-declared; import its owning module to use it
func layout(forBlankSlate view: UIView, for element: BlankSlate.Element) -> BlankSlate.Layout
^~~~~~
UIKit.UIView:2:14: note: 'UIView' has been explicitly marked unavailable here
public class UIView {
^
/Users/admin/builder/spi-builder-workspace/Sources/DataSource.swift:138:44: error: 'UIView' is unavailable: This Objective-C class has only been forward-declared; import its owning module to use it
func alignment(forBlankSlate view: UIView) -> BlankSlate.Alignment
^~~~~~
UIKit.UIView:2:14: note: 'UIView' has been explicitly marked unavailable here
public class UIView {
^
/Users/admin/builder/spi-builder-workspace/Sources/DataSource.swift:144:50: error: 'UIView' is unavailable: This Objective-C class has only been forward-declared; import its owning module to use it
func backgroundColor(forBlankSlate view: UIView) -> UIColor?
^~~~~~
UIKit.UIView:2:14: note: 'UIView' has been explicitly marked unavailable here
public class UIView {
^
/Users/admin/builder/spi-builder-workspace/Sources/DataSource.swift:152:53: error: 'UIView' is unavailable: This Objective-C class has only been forward-declared; import its owning module to use it
func backgroundGradient(forBlankSlate view: UIView) -> CAGradientLayer?
^~~~~~
UIKit.UIView:2:14: note: 'UIView' has been explicitly marked unavailable here
public class UIView {
^
/Users/admin/builder/spi-builder-workspace/Sources/DataSource.swift:160:49: error: 'UIView' is unavailable: This Objective-C class has only been forward-declared; import its owning module to use it
func fadeInDuration(forBlankSlate view: UIView) -> TimeInterval
^~~~~~
UIKit.UIView:2:14: note: 'UIView' has been explicitly marked unavailable here
public class UIView {
^
/Users/admin/builder/spi-builder-workspace/Sources/DataSource.swift:168:45: error: 'UIView' is unavailable: This Objective-C class has only been forward-declared; import its owning module to use it
func transition(forBlankSlate view: UIView) -> BlankSlate.Transition
^~~~~~
UIKit.UIView:2:14: note: 'UIView' has been explicitly marked unavailable here
public class UIView {
^
/Users/admin/builder/spi-builder-workspace/Sources/DataSource.swift:173:43: error: 'UIView' is unavailable: This Objective-C class has only been forward-declared; import its owning module to use it
public func image(forBlankSlate view: UIView) -> UIImage? { nil }
^~~~~~
UIKit.UIView:2:14: note: 'UIView' has been explicitly marked unavailable here
public class UIView {
^
/Users/admin/builder/spi-builder-workspace/Sources/DataSource.swift:174:48: error: 'UIView' is unavailable: This Objective-C class has only been forward-declared; import its owning module to use it
public func imageAlpha(forBlankSlate view: UIView) -> CGFloat { 1.0 }
^~~~~~
UIKit.UIView:2:14: note: 'UIView' has been explicitly marked unavailable here
public class UIView {
^
/Users/admin/builder/spi-builder-workspace/Sources/DataSource.swift:175:52: error: 'UIView' is unavailable: This Objective-C class has only been forward-declared; import its owning module to use it
public func imageTintColor(forBlankSlate view: UIView) -> UIColor? { nil }
^~~~~~
UIKit.UIView:2:14: note: 'UIView' has been explicitly marked unavailable here
public class UIView {
^
/Users/admin/builder/spi-builder-workspace/Sources/DataSource.swift:176:63: error: cannot find type 'CAAnimation' in scope
public func imageAnimation(forBlankSlate view: UIView) -> CAAnimation? { nil }
^~~~~~~~~~~
/Users/admin/builder/spi-builder-workspace/Sources/DataSource.swift:176:52: error: 'UIView' is unavailable: This Objective-C class has only been forward-declared; import its owning module to use it
public func imageAnimation(forBlankSlate view: UIView) -> CAAnimation? { nil }
^~~~~~
UIKit.UIView:2:14: note: 'UIView' has been explicitly marked unavailable here
public class UIView {
^
/Users/admin/builder/spi-builder-workspace/Sources/DataSource.swift:178:43: error: 'UIView' is unavailable: This Objective-C class has only been forward-declared; import its owning module to use it
public func title(forBlankSlate view: UIView) -> NSAttributedString? { nil }
^~~~~~
UIKit.UIView:2:14: note: 'UIView' has been explicitly marked unavailable here
public class UIView {
^
/Users/admin/builder/spi-builder-workspace/Sources/DataSource.swift:180:44: error: 'UIView' is unavailable: This Objective-C class has only been forward-declared; import its owning module to use it
public func detail(forBlankSlate view: UIView) -> NSAttributedString? { nil }
^~~~~~
UIKit.UIView:2:14: note: 'UIView' has been explicitly marked unavailable here
public class UIView {
^
/Users/admin/builder/spi-builder-workspace/Sources/DataSource.swift:182:68: error: cannot find type 'UIControl' in scope
public func buttonTitle(forBlankSlate view: UIView, for state: UIControl.State) -> NSAttributedString? { nil }
^~~~~~~~~
/Users/admin/builder/spi-builder-workspace/Sources/DataSource.swift:182:49: error: 'UIView' is unavailable: This Objective-C class has only been forward-declared; import its owning module to use it
public func buttonTitle(forBlankSlate view: UIView, for state: UIControl.State) -> NSAttributedString? { nil }
^~~~~~
UIKit.UIView:2:14: note: 'UIView' has been explicitly marked unavailable here
public class UIView {
^
/Users/admin/builder/spi-builder-workspace/Sources/DataSource.swift:183:78: error: cannot find type 'UIControl' in scope
public func buttonBackgroundImage(forBlankSlate view: UIView, for state: UIControl.State) -> UIImage? { nil }
^~~~~~~~~
/Users/admin/builder/spi-builder-workspace/Sources/DataSource.swift:183:59: error: 'UIView' is unavailable: This Objective-C class has only been forward-declared; import its owning module to use it
public func buttonBackgroundImage(forBlankSlate view: UIView, for state: UIControl.State) -> UIImage? { nil }
^~~~~~
UIKit.UIView:2:14: note: 'UIView' has been explicitly marked unavailable here
public class UIView {
^
/Users/admin/builder/spi-builder-workspace/Sources/DataSource.swift:184:68: error: cannot find type 'UIControl' in scope
public func buttonImage(forBlankSlate view: UIView, for state: UIControl.State) -> UIImage? { nil }
^~~~~~~~~
/Users/admin/builder/spi-builder-workspace/Sources/DataSource.swift:184:49: error: 'UIView' is unavailable: This Objective-C class has only been forward-declared; import its owning module to use it
public func buttonImage(forBlankSlate view: UIView, for state: UIControl.State) -> UIImage? { nil }
^~~~~~
UIKit.UIView:2:14: note: 'UIView' has been explicitly marked unavailable here
public class UIView {
^
/Users/admin/builder/spi-builder-workspace/Sources/DataSource.swift:185:62: error: cannot find type 'UIButton' in scope
public func blankSlate(_ view: UIView, configure button: UIButton) { }
^~~~~~~~
/Users/admin/builder/spi-builder-workspace/Sources/DataSource.swift:185:36: error: 'UIView' is unavailable: This Objective-C class has only been forward-declared; import its owning module to use it
public func blankSlate(_ view: UIView, configure button: UIButton) { }
^~~~~~
UIKit.UIView:2:14: note: 'UIView' has been explicitly marked unavailable here
public class UIView {
^
/Users/admin/builder/spi-builder-workspace/Sources/DataSource.swift:187:48: error: 'UIView' is unavailable: This Objective-C class has only been forward-declared; import its owning module to use it
public func customView(forBlankSlate view: UIView) -> UIView? { nil }
^~~~~~
UIKit.UIView:2:14: note: 'UIView' has been explicitly marked unavailable here
public class UIView {
^
/Users/admin/builder/spi-builder-workspace/Sources/DataSource.swift:187:59: error: 'UIView' is unavailable: This Objective-C class has only been forward-declared; import its owning module to use it
public func customView(forBlankSlate view: UIView) -> UIView? { nil }
^~~~~~
UIKit.UIView:2:14: note: 'UIView' has been explicitly marked unavailable here
public class UIView {
^
/Users/admin/builder/spi-builder-workspace/Sources/DataSource.swift:189:44: error: 'UIView' is unavailable: This Objective-C class has only been forward-declared; import its owning module to use it
public func layout(forBlankSlate view: UIView, for element: BlankSlate.Element) -> BlankSlate.Layout { .init() }
^~~~~~
UIKit.UIView:2:14: note: 'UIView' has been explicitly marked unavailable here
public class UIView {
^
/Users/admin/builder/spi-builder-workspace/Sources/DataSource.swift:191:47: error: 'UIView' is unavailable: This Objective-C class has only been forward-declared; import its owning module to use it
public func alignment(forBlankSlate view: UIView) -> BlankSlate.Alignment { .center() }
^~~~~~
UIKit.UIView:2:14: note: 'UIView' has been explicitly marked unavailable here
public class UIView {
^
/Users/admin/builder/spi-builder-workspace/Sources/DataSource.swift:192:53: error: 'UIView' is unavailable: This Objective-C class has only been forward-declared; import its owning module to use it
public func backgroundColor(forBlankSlate view: UIView) -> UIColor? { .clear }
^~~~~~
UIKit.UIView:2:14: note: 'UIView' has been explicitly marked unavailable here
public class UIView {
^
/Users/admin/builder/spi-builder-workspace/Sources/DataSource.swift:193:67: error: cannot find type 'CAGradientLayer' in scope
public func backgroundGradient(forBlankSlate view: UIView) -> CAGradientLayer? { nil }
^~~~~~~~~~~~~~~
/Users/admin/builder/spi-builder-workspace/Sources/DataSource.swift:193:56: error: 'UIView' is unavailable: This Objective-C class has only been forward-declared; import its owning module to use it
public func backgroundGradient(forBlankSlate view: UIView) -> CAGradientLayer? { nil }
^~~~~~
UIKit.UIView:2:14: note: 'UIView' has been explicitly marked unavailable here
public class UIView {
^
/Users/admin/builder/spi-builder-workspace/Sources/DataSource.swift:194:52: error: 'UIView' is unavailable: This Objective-C class has only been forward-declared; import its owning module to use it
public func fadeInDuration(forBlankSlate view: UIView) -> TimeInterval { 0.0 }
^~~~~~
UIKit.UIView:2:14: note: 'UIView' has been explicitly marked unavailable here
public class UIView {
^
/Users/admin/builder/spi-builder-workspace/Sources/DataSource.swift:195:48: error: 'UIView' is unavailable: This Objective-C class has only been forward-declared; import its owning module to use it
public func transition(forBlankSlate view: UIView) -> BlankSlate.Transition { .none }
^~~~~~
UIKit.UIView:2:14: note: 'UIView' has been explicitly marked unavailable here
public class UIView {
^
/Users/admin/builder/spi-builder-workspace/Sources/Delegate.swift:39:56: error: 'UIView' is unavailable: This Objective-C class has only been forward-declared; import its owning module to use it
func blankSlateShouldBeForcedToDisplay(_ view: UIView) -> Bool
^~~~~~
UIKit.UIView:2:14: note: 'UIView' has been explicitly marked unavailable here
public class UIView {
^
/Users/admin/builder/spi-builder-workspace/Sources/Delegate.swift:47:46: error: 'UIView' is unavailable: This Objective-C class has only been forward-declared; import its owning module to use it
func blankSlateShouldDisplay(_ view: UIView) -> Bool
^~~~~~
UIKit.UIView:2:14: note: 'UIView' has been explicitly marked unavailable here
public class UIView {
^
/Users/admin/builder/spi-builder-workspace/Sources/Delegate.swift:55:55: error: 'UIView' is unavailable: This Objective-C class has only been forward-declared; import its owning module to use it
func blankSlateShouldBeInsertedAtBack(_ view: UIView) -> Bool
^~~~~~
UIKit.UIView:2:14: note: 'UIView' has been explicitly marked unavailable here
public class UIView {
^
/Users/admin/builder/spi-builder-workspace/Sources/Delegate.swift:62:49: error: 'UIView' is unavailable: This Objective-C class has only been forward-declared; import its owning module to use it
func blankSlateShouldAllowTouch(_ view: UIView) -> Bool
^~~~~~
UIKit.UIView:2:14: note: 'UIView' has been explicitly marked unavailable here
public class UIView {
^
/Users/admin/builder/spi-builder-workspace/Sources/Delegate.swift:86:33: error: 'UIView' is unavailable: This Objective-C class has only been forward-declared; import its owning module to use it
func blankSlate(_ view: UIView, didTapView sender: UIView)
^~~~~~
UIKit.UIView:2:14: note: 'UIView' has been explicitly marked unavailable here
public class UIView {
^
/Users/admin/builder/spi-builder-workspace/Sources/Delegate.swift:86:60: error: 'UIView' is unavailable: This Objective-C class has only been forward-declared; import its owning module to use it
func blankSlate(_ view: UIView, didTapView sender: UIView)
^~~~~~
UIKit.UIView:2:14: note: 'UIView' has been explicitly marked unavailable here
public class UIView {
^
/Users/admin/builder/spi-builder-workspace/Sources/Delegate.swift:94:33: error: 'UIView' is unavailable: This Objective-C class has only been forward-declared; import its owning module to use it
func blankSlate(_ view: UIView, didTapButton sender: UIButton)
^~~~~~
UIKit.UIView:2:14: note: 'UIView' has been explicitly marked unavailable here
public class UIView {
^
/Users/admin/builder/spi-builder-workspace/Sources/Delegate.swift:100:43: error: 'UIView' is unavailable: This Objective-C class has only been forward-declared; import its owning module to use it
func blankSlateWillAppear(_ view: UIView)
^~~~~~
UIKit.UIView:2:14: note: 'UIView' has been explicitly marked unavailable here
public class UIView {
^
/Users/admin/builder/spi-builder-workspace/Sources/Delegate.swift:106:42: error: 'UIView' is unavailable: This Objective-C class has only been forward-declared; import its owning module to use it
func blankSlateDidAppear(_ view: UIView)
^~~~~~
UIKit.UIView:2:14: note: 'UIView' has been explicitly marked unavailable here
public class UIView {
^
/Users/admin/builder/spi-builder-workspace/Sources/Delegate.swift:112:46: error: 'UIView' is unavailable: This Objective-C class has only been forward-declared; import its owning module to use it
func blankSlateWillDisappear(_ view: UIView)
^~~~~~
UIKit.UIView:2:14: note: 'UIView' has been explicitly marked unavailable here
public class UIView {
^
/Users/admin/builder/spi-builder-workspace/Sources/Delegate.swift:118:45: error: 'UIView' is unavailable: This Objective-C class has only been forward-declared; import its owning module to use it
func blankSlateDidDisappear(_ view: UIView)
^~~~~~
UIKit.UIView:2:14: note: 'UIView' has been explicitly marked unavailable here
public class UIView {
^
/Users/admin/builder/spi-builder-workspace/Sources/Delegate.swift:123:59: error: 'UIView' is unavailable: This Objective-C class has only been forward-declared; import its owning module to use it
public func blankSlateShouldBeForcedToDisplay(_ view: UIView) -> Bool { false }
^~~~~~
UIKit.UIView:2:14: note: 'UIView' has been explicitly marked unavailable here
public class UIView {
^
/Users/admin/builder/spi-builder-workspace/Sources/Delegate.swift:124:49: error: 'UIView' is unavailable: This Objective-C class has only been forward-declared; import its owning module to use it
public func blankSlateShouldDisplay(_ view: UIView) -> Bool { true }
^~~~~~
UIKit.UIView:2:14: note: 'UIView' has been explicitly marked unavailable here
public class UIView {
^
/Users/admin/builder/spi-builder-workspace/Sources/Delegate.swift:126:58: error: 'UIView' is unavailable: This Objective-C class has only been forward-declared; import its owning module to use it
public func blankSlateShouldBeInsertedAtBack(_ view: UIView) -> Bool { true }
^~~~~~
UIKit.UIView:2:14: note: 'UIView' has been explicitly marked unavailable here
public class UIView {
^
/Users/admin/builder/spi-builder-workspace/Sources/Delegate.swift:128:52: error: 'UIView' is unavailable: This Objective-C class has only been forward-declared; import its owning module to use it
public func blankSlateShouldAllowTouch(_ view: UIView) -> Bool { true }
^~~~~~
UIKit.UIView:2:14: note: 'UIView' has been explicitly marked unavailable here
public class UIView {
^
/Users/admin/builder/spi-builder-workspace/Sources/Delegate.swift:130:59: error: cannot find type 'UIScrollView' in scope
public func blankSlateShouldAllowScroll(_ scrollView: UIScrollView) -> Bool { false }
^~~~~~~~~~~~
/Users/admin/builder/spi-builder-workspace/Sources/Delegate.swift:131:73: error: cannot find type 'UIScrollView' in scope
public func shouldAllowScrollAfterBlankSlateDisappear(_ scrollView: UIScrollView) -> Bool { true }
^~~~~~~~~~~~
/Users/admin/builder/spi-builder-workspace/Sources/Delegate.swift:133:36: error: 'UIView' is unavailable: This Objective-C class has only been forward-declared; import its owning module to use it
public func blankSlate(_ view: UIView, didTapView sender: UIView) { }
^~~~~~
UIKit.UIView:2:14: note: 'UIView' has been explicitly marked unavailable here
public class UIView {
^
/Users/admin/builder/spi-builder-workspace/Sources/Delegate.swift:133:63: error: 'UIView' is unavailable: This Objective-C class has only been forward-declared; import its owning module to use it
public func blankSlate(_ view: UIView, didTapView sender: UIView) { }
^~~~~~
UIKit.UIView:2:14: note: 'UIView' has been explicitly marked unavailable here
public class UIView {
^
/Users/admin/builder/spi-builder-workspace/Sources/Delegate.swift:134:65: error: cannot find type 'UIButton' in scope
public func blankSlate(_ view: UIView, didTapButton sender: UIButton) { }
^~~~~~~~
/Users/admin/builder/spi-builder-workspace/Sources/Delegate.swift:134:36: error: 'UIView' is unavailable: This Objective-C class has only been forward-declared; import its owning module to use it
public func blankSlate(_ view: UIView, didTapButton sender: UIButton) { }
^~~~~~
UIKit.UIView:2:14: note: 'UIView' has been explicitly marked unavailable here
public class UIView {
^
/Users/admin/builder/spi-builder-workspace/Sources/Delegate.swift:136:46: error: 'UIView' is unavailable: This Objective-C class has only been forward-declared; import its owning module to use it
public func blankSlateWillAppear(_ view: UIView) { }
^~~~~~
UIKit.UIView:2:14: note: 'UIView' has been explicitly marked unavailable here
public class UIView {
^
/Users/admin/builder/spi-builder-workspace/Sources/Delegate.swift:137:45: error: 'UIView' is unavailable: This Objective-C class has only been forward-declared; import its owning module to use it
public func blankSlateDidAppear(_ view: UIView) { }
^~~~~~
UIKit.UIView:2:14: note: 'UIView' has been explicitly marked unavailable here
public class UIView {
^
/Users/admin/builder/spi-builder-workspace/Sources/Delegate.swift:138:49: error: 'UIView' is unavailable: This Objective-C class has only been forward-declared; import its owning module to use it
public func blankSlateWillDisappear(_ view: UIView) { }
^~~~~~
UIKit.UIView:2:14: note: 'UIView' has been explicitly marked unavailable here
public class UIView {
^
/Users/admin/builder/spi-builder-workspace/Sources/Delegate.swift:139:48: error: 'UIView' is unavailable: This Objective-C class has only been forward-declared; import its owning module to use it
public func blankSlateDidDisappear(_ view: UIView) { }
^~~~~~
UIKit.UIView:2:14: note: 'UIView' has been explicitly marked unavailable here
public class UIView {
^
/Users/admin/builder/spi-builder-workspace/Sources/Internal/Impl.swift:175:80: error: 'UIView' is unavailable: This Objective-C class has only been forward-declared; import its owning module to use it
private func applyTransition(_ transition: BlankSlate.Transition, to view: UIView) {
^~~~~~
UIKit.UIView:2:14: note: 'UIView' has been explicitly marked unavailable here
public class UIView {
^
/Users/admin/builder/spi-builder-workspace/Sources/Internal/Impl.swift:17:11: error: 'UIView' is unavailable: This Objective-C class has only been forward-declared; import its owning module to use it
extension UIView {
^~~~~~
UIKit.UIView:2:14: note: 'UIView' has been explicitly marked unavailable here
public class UIView {
^
/Users/admin/builder/spi-builder-workspace/Sources/Internal/Impl.swift:334:49: error: cannot find type 'UIScrollView' in scope
typealias OriginalIMP = @convention(c) (UIScrollView, Selector) -> Void
^~~~~~~~~~~~
/Users/admin/builder/spi-builder-workspace/Sources/Internal/Impl.swift:336:31: error: generic parameter 'U' could not be inferred
let originalClosure = unsafeBitCast(originalImplementation, to: OriginalIMP.self)
^
Swift.unsafeBitCast:1:24: note: in call to function 'unsafeBitCast(_:to:)'
@inlinable public func unsafeBitCast<T, U>(_ x: T, to type: U.Type) -> U
^
/Users/admin/builder/spi-builder-workspace/Sources/Internal/Impl.swift:338:48: error: cannot find type 'UIScrollView' in scope
let swizzledBlock: @convention(block) (UIScrollView) -> Void = { owner in
^~~~~~~~~~~~
/Users/admin/builder/spi-builder-workspace/Sources/Internal/View.swift:17:25: error: cannot find type 'UIGestureRecognizerDelegate' in scope
class View: UIView, UIGestureRecognizerDelegate {
^~~~~~~~~~~~~~~~~~~~~~~~~~~
/Users/admin/builder/spi-builder-workspace/Sources/Internal/View.swift:19:34: error: 'UIView' is unavailable: This Objective-C class has only been forward-declared; import its owning module to use it
private let contentView: UIView = {
^~~~~~
UIKit.UIView:2:14: note: 'UIView' has been explicitly marked unavailable here
public class UIView {
^
/Users/admin/builder/spi-builder-workspace/Sources/Internal/View.swift:20:31: error: 'UIView' cannot be constructed because it has no accessible initializers
let contentView = UIView()
^~~~~~
/Users/admin/builder/spi-builder-workspace/Sources/Internal/View.swift:32:52: error: cannot find type 'UIImageView' in scope
func makeImageView(with layout: Layout) -> UIImageView {
^~~~~~~~~~~
/Users/admin/builder/spi-builder-workspace/Sources/Internal/View.swift:45:53: error: cannot find type 'UILabel' in scope
func makeTitleLabel(with layout: Layout) -> UILabel {
^~~~~~~
/Users/admin/builder/spi-builder-workspace/Sources/Internal/View.swift:61:54: error: cannot find type 'UILabel' in scope
func makeDetailLabel(with layout: Layout) -> UILabel {
^~~~~~~
/Users/admin/builder/spi-builder-workspace/Sources/Internal/View.swift:77:49: error: cannot find type 'UIButton' in scope
func makeButton(with layout: Layout) -> UIButton {
^~~~~~~~
/Users/admin/builder/spi-builder-workspace/Sources/Internal/View.swift:92:36: error: 'UIView' is unavailable: This Objective-C class has only been forward-declared; import its owning module to use it
func setCustomView(_ view: UIView, layout: Layout) {
^~~~~~
UIKit.UIView:2:14: note: 'UIView' has been explicitly marked unavailable here
public class UIView {
^
/Users/admin/builder/spi-builder-workspace/Sources/Internal/View.swift:99:38: error: cannot find type 'UITapGestureRecognizer' in scope
private weak var tapGesture: UITapGestureRecognizer?
^~~~~~~~~~~~~~~~~~~~~~
/Users/admin/builder/spi-builder-workspace/Sources/Internal/View.swift:106:58: error: cannot find type 'UIGestureRecognizer' in scope
var shouldRecognizeSimultaneously: (_ withOther: UIGestureRecognizer, _ of: UIGestureRecognizer) -> Bool = { _, _ in false }
^~~~~~~~~~~~~~~~~~~
/Users/admin/builder/spi-builder-workspace/Sources/Internal/View.swift:106:85: error: cannot find type 'UIGestureRecognizer' in scope
var shouldRecognizeSimultaneously: (_ withOther: UIGestureRecognizer, _ of: UIGestureRecognizer) -> Bool = { _, _ in false }
^~~~~~~~~~~~~~~~~~~
/Users/admin/builder/spi-builder-workspace/Sources/Internal/View.swift:108:31: error: 'UIView' is unavailable: This Objective-C class has only been forward-declared; import its owning module to use it
var didTap: ((_ view: UIView) -> Void)?
^~~~~~
UIKit.UIView:2:14: note: 'UIView' has been explicitly marked unavailable here
public class UIView {
^
/Users/admin/builder/spi-builder-workspace/Sources/Internal/View.swift:110:18: error: initializer does not override a designated initializer from its superclass
override init(frame: CGRect) {
~~~~~~~~ ^
/Users/admin/builder/spi-builder-workspace/Sources/Internal/View.swift:142:23: error: method does not override any method from its superclass
override func didMoveToSuperview() {
~~~~~~~~ ^
/Users/admin/builder/spi-builder-workspace/Sources/Internal/View.swift:146:23: error: method does not override any method from its superclass
override func didMoveToWindow() {
~~~~~~~~ ^
/Users/admin/builder/spi-builder-workspace/Sources/Internal/View.swift:189:23: error: method does not override any method from its superclass
override func layoutSubviews() {
~~~~~~~~ ^
/Users/admin/builder/spi-builder-workspace/Sources/Internal/View.swift:196:45: error: cannot find type 'UIButton' in scope
private func didTapButton(_ sender: UIButton) {
^~~~~~~~
/Users/admin/builder/spi-builder-workspace/Sources/Internal/View.swift:201:50: error: cannot find type 'UITapGestureRecognizer' in scope
private func didTapContentView(_ sender: UITapGestureRecognizer) {
^~~~~~~~~~~~~~~~~~~~~~
/Users/admin/builder/spi-builder-workspace/Sources/Internal/View.swift:278:61: error: cannot find type 'UIEvent' in scope
override func hitTest(_ point: CGPoint, with event: UIEvent?) -> UIView? {
^~~~~~~
/Users/admin/builder/spi-builder-workspace/Sources/Internal/View.swift:278:74: error: 'UIView' is unavailable: This Objective-C class has only been forward-declared; import its owning module to use it
override func hitTest(_ point: CGPoint, with event: UIEvent?) -> UIView? {
^~~~~~
UIKit.UIView:2:14: note: 'UIView' has been explicitly marked unavailable here
public class UIView {
^
/Users/admin/builder/spi-builder-workspace/Sources/Internal/View.swift:328:73: error: cannot find type 'UIGestureRecognizer' in scope
override func gestureRecognizerShouldBegin(_ gestureRecognizer: UIGestureRecognizer) -> Bool {
^~~~~~~~~~~~~~~~~~~
/Users/admin/builder/spi-builder-workspace/Sources/Internal/View.swift:335:53: error: cannot find type 'UIGestureRecognizer' in scope
func gestureRecognizer(_ gestureRecognizer: UIGestureRecognizer,
^~~~~~~~~~~~~~~~~~~
/Users/admin/builder/spi-builder-workspace/Sources/Internal/View.swift:336:90: error: cannot find type 'UIGestureRecognizer' in scope
shouldRecognizeSimultaneouslyWith otherGestureRecognizer: UIGestureRecognizer) -> Bool {
^~~~~~~~~~~~~~~~~~~
/Users/admin/builder/spi-builder-workspace/Sources/Internal/View.swift:17:11: error: cannot inherit from non-open class 'UIView' outside of its defining module
class View: UIView, UIGestureRecognizerDelegate {
^
/Users/admin/builder/spi-builder-workspace/Sources/Internal/View.swift:17:17: error: 'UIView' is unavailable: This Objective-C class has only been forward-declared; import its owning module to use it
class View: UIView, UIGestureRecognizerDelegate {
^~~~~~
UIKit.UIView:2:14: note: 'UIView' has been explicitly marked unavailable here
public class UIView {
^
/Users/admin/builder/spi-builder-workspace/Sources/Internal/View.swift:347:15: error: 'UIView' is unavailable: This Objective-C class has only been forward-declared; import its owning module to use it
let view: UIView
^~~~~~
UIKit.UIView:2:14: note: 'UIView' has been explicitly marked unavailable here
public class UIView {
^
/Users/admin/builder/spi-builder-workspace/Sources/Internal/View.swift:353:66: error: 'UIView' is unavailable: This Objective-C class has only been forward-declared; import its owning module to use it
@discardableResult fileprivate mutating func updateLayout<T: UIView>(
^~~~~~
UIKit.UIView:2:14: note: 'UIView' has been explicitly marked unavailable here
public class UIView {
^
Failed frontend command:
/Applications/Xcode-16.3.0.app/Contents/Developer/Toolchains/XcodeDefault.xctoolchain/usr/bin/swift-frontend -frontend -emit-module -experimental-skip-non-inlinable-function-bodies-without-types /Users/admin/builder/spi-builder-workspace/.derivedData/Build/Intermediates.noindex/BlankSlate.build/Debug-watchos/BlankSlate.build/DerivedSources/resource_bundle_accessor.swift /Users/admin/builder/spi-builder-workspace/Sources/BlankSlate.swift /Users/admin/builder/spi-builder-workspace/Sources/Convenience.swift /Users/admin/builder/spi-builder-workspace/Sources/DataSource.swift /Users/admin/builder/spi-builder-workspace/Sources/Delegate.swift /Users/admin/builder/spi-builder-workspace/Sources/Internal/Impl.swift /Users/admin/builder/spi-builder-workspace/Sources/Internal/View.swift /Users/admin/builder/spi-builder-workspace/Sources/Model.swift /Users/admin/builder/spi-builder-workspace/Sources/SwiftUI.swift -target arm64_32-apple-watchos6.0 -enable-objc-interop -sdk /Applications/Xcode-16.3.0.app/Contents/Developer/Platforms/WatchOS.platform/Developer/SDKs/WatchOS11.4.sdk -I /Users/admin/builder/spi-builder-workspace/.derivedData/Build/Products/Debug-watchos -I /Applications/Xcode-16.3.0.app/Contents/Developer/Platforms/WatchOS.platform/Developer/usr/lib -F /Users/admin/builder/spi-builder-workspace/.derivedData/Build/Products/Debug-watchos -F /Applications/Xcode-16.3.0.app/Contents/Developer/Platforms/WatchOS.platform/Developer/Library/Frameworks -F /Applications/Xcode-16.3.0.app/Contents/Developer/Platforms/WatchOS.platform/Developer/SDKs/WatchOS11.4.sdk/Developer/Library/Frameworks -no-color-diagnostics -enable-testing -g -debug-info-format\=dwarf -dwarf-version\=4 -module-cache-path /Users/admin/builder/spi-builder-workspace/.derivedData/ModuleCache.noindex -profile-generate -profile-coverage-mapping -swift-version 6 -enforce-exclusivity\=checked -stats-output-dir /Users/admin/builder/spi-builder-workspace/.swiftpm/xcode/.stats -Onone -D SWIFT_PACKAGE -D DEBUG -serialize-debugging-options -const-gather-protocols-file /Users/admin/builder/spi-builder-workspace/.derivedData/Build/Intermediates.noindex/BlankSlate.build/Debug-watchos/BlankSlate.build/Objects-normal/arm64_32/BlankSlate_const_extract_protocols.json -enable-experimental-feature DebugDescriptionMacro -empty-abi-descriptor -plugin-path /Applications/Xcode-16.3.0.app/Contents/Developer/Toolchains/XcodeDefault.xctoolchain/usr/lib/swift/host/plugins/testing -validate-clang-modules-once -clang-build-session-file /Users/admin/builder/spi-builder-workspace/.derivedData/ModuleCache.noindex/Session.modulevalidation -Xcc -working-directory -Xcc /Users/admin/builder/spi-builder-workspace/.swiftpm/xcode -resource-dir /Applications/Xcode-16.3.0.app/Contents/Developer/Toolchains/XcodeDefault.xctoolchain/usr/lib/swift -enable-anonymous-context-mangled-names -file-compilation-dir /Users/admin/builder/spi-builder-workspace/.swiftpm/xcode -Xcc -ivfsstatcache -Xcc /Users/admin/builder/spi-builder-workspace/.derivedData/SDKStatCaches.noindex/watchos11.4-22T246-43efb940ff07ba2497b70ec94253f576.sdkstatcache -Xcc -I/Users/admin/builder/spi-builder-workspace/.derivedData/Build/Intermediates.noindex/BlankSlate.build/Debug-watchos/BlankSlate.build/swift-overrides.hmap -Xcc -I/Users/admin/builder/spi-builder-workspace/.derivedData/Build/Products/Debug-watchos/include -Xcc -I/Users/admin/builder/spi-builder-workspace/.derivedData/Build/Intermediates.noindex/BlankSlate.build/Debug-watchos/BlankSlate.build/DerivedSources-normal/arm64_32 -Xcc -I/Users/admin/builder/spi-builder-workspace/.derivedData/Build/Intermediates.noindex/BlankSlate.build/Debug-watchos/BlankSlate.build/DerivedSources/arm64_32 -Xcc -I/Users/admin/builder/spi-builder-workspace/.derivedData/Build/Intermediates.noindex/BlankSlate.build/Debug-watchos/BlankSlate.build/DerivedSources -Xcc -DSWIFT_PACKAGE -Xcc -DDEBUG\=1 -module-name BlankSlate -package-name spi_builder_workspace -frontend-parseable-output -disable-clang-spi -target-sdk-version 11.4 -target-sdk-name watchos11.4 -external-plugin-path /Applications/Xcode-16.3.0.app/Contents/Developer/Platforms/WatchOS.platform/Developer/usr/lib/swift/host/plugins\#/Applications/Xcode-16.3.0.app/Contents/Developer/Platforms/WatchOS.platform/Developer/usr/bin/swift-plugin-server -external-plugin-path /Applications/Xcode-16.3.0.app/Contents/Developer/Platforms/WatchOS.platform/Developer/usr/local/lib/swift/host/plugins\#/Applications/Xcode-16.3.0.app/Contents/Developer/Platforms/WatchOS.platform/Developer/usr/bin/swift-plugin-server -in-process-plugin-server-path /Applications/Xcode-16.3.0.app/Contents/Developer/Toolchains/XcodeDefault.xctoolchain/usr/lib/swift/host/libSwiftInProcPluginServer.dylib -plugin-path /Applications/Xcode-16.3.0.app/Contents/Developer/Toolchains/XcodeDefault.xctoolchain/usr/lib/swift/host/plugins -plugin-path /Applications/Xcode-16.3.0.app/Contents/Developer/Toolchains/XcodeDefault.xctoolchain/usr/local/lib/swift/host/plugins -emit-module-doc-path /Users/admin/builder/spi-builder-workspace/.derivedData/Build/Intermediates.noindex/BlankSlate.build/Debug-watchos/BlankSlate.build/Objects-normal/arm64_32/BlankSlate.swiftdoc -emit-module-source-info-path /Users/admin/builder/spi-builder-workspace/.derivedData/Build/Intermediates.noindex/BlankSlate.build/Debug-watchos/BlankSlate.build/Objects-normal/arm64_32/BlankSlate.swiftsourceinfo -emit-objc-header-path /Users/admin/builder/spi-builder-workspace/.derivedData/Build/Intermediates.noindex/BlankSlate.build/Debug-watchos/BlankSlate.build/Objects-normal/arm64_32/BlankSlate-Swift.h -serialize-diagnostics-path /Users/admin/builder/spi-builder-workspace/.derivedData/Build/Intermediates.noindex/BlankSlate.build/Debug-watchos/BlankSlate.build/Objects-normal/arm64_32/BlankSlate-master-emit-module.dia -emit-dependencies-path /Users/admin/builder/spi-builder-workspace/.derivedData/Build/Intermediates.noindex/BlankSlate.build/Debug-watchos/BlankSlate.build/Objects-normal/arm64_32/BlankSlate-master-emit-module.d -o /Users/admin/builder/spi-builder-workspace/.derivedData/Build/Intermediates.noindex/BlankSlate.build/Debug-watchos/BlankSlate.build/Objects-normal/arm64_32/BlankSlate.swiftmodule -emit-abi-descriptor-path /Users/admin/builder/spi-builder-workspace/.derivedData/Build/Intermediates.noindex/BlankSlate.build/Debug-watchos/BlankSlate.build/Objects-normal/arm64_32/BlankSlate.abi.json
SwiftCompile normal arm64_32 Compiling\ BlankSlate.swift /Users/admin/builder/spi-builder-workspace/Sources/BlankSlate.swift (in target 'BlankSlate' from project 'BlankSlate')
SwiftCompile normal arm64_32 /Users/admin/builder/spi-builder-workspace/Sources/BlankSlate.swift (in target 'BlankSlate' from project 'BlankSlate')
cd /Users/admin/builder/spi-builder-workspace/.swiftpm/xcode
SwiftCompile normal arm64_32 Compiling\ resource_bundle_accessor.swift /Users/admin/builder/spi-builder-workspace/.derivedData/Build/Intermediates.noindex/BlankSlate.build/Debug-watchos/BlankSlate.build/DerivedSources/resource_bundle_accessor.swift (in target 'BlankSlate' from project 'BlankSlate')
SwiftCompile normal arm64_32 /Users/admin/builder/spi-builder-workspace/.derivedData/Build/Intermediates.noindex/BlankSlate.build/Debug-watchos/BlankSlate.build/DerivedSources/resource_bundle_accessor.swift (in target 'BlankSlate' from project 'BlankSlate')
cd /Users/admin/builder/spi-builder-workspace/.swiftpm/xcode
SwiftCompile normal arm64_32 Compiling\ Convenience.swift /Users/admin/builder/spi-builder-workspace/Sources/Convenience.swift (in target 'BlankSlate' from project 'BlankSlate')
SwiftCompile normal arm64_32 /Users/admin/builder/spi-builder-workspace/Sources/Convenience.swift (in target 'BlankSlate' from project 'BlankSlate')
cd /Users/admin/builder/spi-builder-workspace/.swiftpm/xcode
SwiftCompile normal arm64_32 Compiling\ DataSource.swift /Users/admin/builder/spi-builder-workspace/Sources/DataSource.swift (in target 'BlankSlate' from project 'BlankSlate')
SwiftCompile normal arm64_32 /Users/admin/builder/spi-builder-workspace/Sources/DataSource.swift (in target 'BlankSlate' from project 'BlankSlate')
cd /Users/admin/builder/spi-builder-workspace/.swiftpm/xcode
SwiftCompile normal arm64_32 Compiling\ SwiftUI.swift /Users/admin/builder/spi-builder-workspace/Sources/SwiftUI.swift (in target 'BlankSlate' from project 'BlankSlate')
SwiftCompile normal arm64_32 /Users/admin/builder/spi-builder-workspace/Sources/SwiftUI.swift (in target 'BlankSlate' from project 'BlankSlate')
cd /Users/admin/builder/spi-builder-workspace/.swiftpm/xcode
SwiftCompile normal arm64_32 Compiling\ Model.swift /Users/admin/builder/spi-builder-workspace/Sources/Model.swift (in target 'BlankSlate' from project 'BlankSlate')
SwiftCompile normal arm64_32 /Users/admin/builder/spi-builder-workspace/Sources/Model.swift (in target 'BlankSlate' from project 'BlankSlate')
cd /Users/admin/builder/spi-builder-workspace/.swiftpm/xcode
SwiftCompile normal arm64_32 Compiling\ Delegate.swift /Users/admin/builder/spi-builder-workspace/Sources/Delegate.swift (in target 'BlankSlate' from project 'BlankSlate')
SwiftCompile normal arm64_32 /Users/admin/builder/spi-builder-workspace/Sources/Delegate.swift (in target 'BlankSlate' from project 'BlankSlate')
cd /Users/admin/builder/spi-builder-workspace/.swiftpm/xcode
SwiftCompile normal arm64_32 Compiling\ Impl.swift /Users/admin/builder/spi-builder-workspace/Sources/Internal/Impl.swift (in target 'BlankSlate' from project 'BlankSlate')
SwiftCompile normal arm64_32 /Users/admin/builder/spi-builder-workspace/Sources/Internal/Impl.swift (in target 'BlankSlate' from project 'BlankSlate')
cd /Users/admin/builder/spi-builder-workspace/.swiftpm/xcode
SwiftCompile normal arm64_32 Compiling\ View.swift /Users/admin/builder/spi-builder-workspace/Sources/Internal/View.swift (in target 'BlankSlate' from project 'BlankSlate')
SwiftCompile normal arm64_32 /Users/admin/builder/spi-builder-workspace/Sources/Internal/View.swift (in target 'BlankSlate' from project 'BlankSlate')
cd /Users/admin/builder/spi-builder-workspace/.swiftpm/xcode
SwiftEmitModule normal arm64 Emitting\ module\ for\ BlankSlate (in target 'BlankSlate' from project 'BlankSlate')
Command SwiftEmitModule failed with a nonzero exit code
** BUILD FAILED **
The following build commands failed:
EmitSwiftModule normal arm64_32 (in target 'BlankSlate' from project 'BlankSlate')
SwiftEmitModule normal arm64_32 Emitting\ module\ for\ BlankSlate (in target 'BlankSlate' from project 'BlankSlate')
SwiftEmitModule normal arm64 Emitting\ module\ for\ BlankSlate (in target 'BlankSlate' from project 'BlankSlate')
Building workspace spi-builder-workspace with scheme BlankSlate
(4 failures)
Command line invocation:
/Applications/Xcode-16.3.0.app/Contents/Developer/usr/bin/xcodebuild -IDEClonedSourcePackagesDirPathOverride=/Users/admin/builder/spi-builder-workspace/.dependencies -resolvePackageDependencies
Resolve Package Graph
Resolved source packages:
BlankSlate: /Users/admin/builder/spi-builder-workspace
resolved source packages: BlankSlate
{
"dependencies" : [
],
"manifest_display_name" : "BlankSlate",
"name" : "BlankSlate",
"path" : "/Users/admin/builder/spi-builder-workspace",
"platforms" : [
{
"name" : "ios",
"version" : "13.0"
},
{
"name" : "tvos",
"version" : "13.0"
},
{
"name" : "visionos",
"version" : "1.0"
}
],
"products" : [
{
"name" : "BlankSlate",
"targets" : [
"BlankSlate"
],
"type" : {
"library" : [
"automatic"
]
}
}
],
"targets" : [
{
"c99name" : "BlankSlateTests",
"module_type" : "SwiftTarget",
"name" : "BlankSlateTests",
"path" : "Tests",
"sources" : [
"Tests.swift"
],
"target_dependencies" : [
"BlankSlate"
],
"type" : "test"
},
{
"c99name" : "BlankSlate",
"module_type" : "SwiftTarget",
"name" : "BlankSlate",
"path" : "Sources",
"product_memberships" : [
"BlankSlate"
],
"resources" : [
{
"path" : "/Users/admin/builder/spi-builder-workspace/Sources/PrivacyInfo.xcprivacy",
"rule" : {
"copy" : {
}
}
}
],
"sources" : [
"BlankSlate.swift",
"Convenience.swift",
"DataSource.swift",
"Delegate.swift",
"Internal/Impl.swift",
"Internal/View.swift",
"Model.swift",
"SwiftUI.swift"
],
"type" : "library"
}
],
"tools_version" : "6.0"
}
{
"workspace" : {
"name" : "spi-builder-workspace",
"schemes" : [
"BlankSlate"
]
}
}
Running build ...
env DEVELOPER_DIR=/Applications/Xcode-16.3.0.app xcrun xcodebuild -IDEClonedSourcePackagesDirPathOverride=$PWD/.dependencies -skipMacroValidation -skipPackagePluginValidation -derivedDataPath $PWD/.derivedData build -scheme BlankSlate -destination generic/platform=watchOS
Command line invocation:
/Applications/Xcode-16.3.0.app/Contents/Developer/usr/bin/xcodebuild -IDEClonedSourcePackagesDirPathOverride=/Users/admin/builder/spi-builder-workspace/.dependencies -skipMacroValidation -skipPackagePluginValidation -derivedDataPath /Users/admin/builder/spi-builder-workspace/.derivedData build -scheme BlankSlate -destination generic/platform=watchOS
Resolve Package Graph
Resolved source packages:
BlankSlate: /Users/admin/builder/spi-builder-workspace
ComputePackagePrebuildTargetDependencyGraph
Prepare packages
CreateBuildRequest
SendProjectDescription
CreateBuildOperation
ComputeTargetDependencyGraph
note: Building targets in dependency order
note: Target dependency graph (3 targets)
Target 'BlankSlate' in project 'BlankSlate'
➜ Explicit dependency on target 'BlankSlate' in project 'BlankSlate'
➜ Explicit dependency on target 'BlankSlate_BlankSlate' in project 'BlankSlate'
Target 'BlankSlate' in project 'BlankSlate'
➜ Explicit dependency on target 'BlankSlate_BlankSlate' in project 'BlankSlate'
Target 'BlankSlate_BlankSlate' in project 'BlankSlate' (no dependencies)
GatherProvisioningInputs
CreateBuildDescription
ExecuteExternalTool /Applications/Xcode-16.3.0.app/Contents/Developer/Toolchains/XcodeDefault.xctoolchain/usr/bin/clang -v -E -dM -isysroot /Applications/Xcode-16.3.0.app/Contents/Developer/Platforms/WatchOS.platform/Developer/SDKs/WatchOS11.4.sdk -x c -c /dev/null
ExecuteExternalTool /Applications/Xcode-16.3.0.app/Contents/Developer/Toolchains/XcodeDefault.xctoolchain/usr/bin/swiftc --version
ExecuteExternalTool /Applications/Xcode-16.3.0.app/Contents/Developer/Toolchains/XcodeDefault.xctoolchain/usr/bin/ld -version_details
Build description signature: acafd3561978267f533cbdf91a1e13ea
Build description path: /Users/admin/builder/spi-builder-workspace/.derivedData/Build/Intermediates.noindex/XCBuildData/acafd3561978267f533cbdf91a1e13ea.xcbuilddata
ClangStatCache /Applications/Xcode-16.3.0.app/Contents/Developer/Toolchains/XcodeDefault.xctoolchain/usr/bin/clang-stat-cache /Applications/Xcode-16.3.0.app/Contents/Developer/Platforms/WatchOS.platform/Developer/SDKs/WatchOS11.4.sdk /Users/admin/builder/spi-builder-workspace/.derivedData/SDKStatCaches.noindex/watchos11.4-22T246-43efb940ff07ba2497b70ec94253f576.sdkstatcache
cd /Users/admin/builder/spi-builder-workspace/.swiftpm/xcode
/Applications/Xcode-16.3.0.app/Contents/Developer/Toolchains/XcodeDefault.xctoolchain/usr/bin/clang-stat-cache /Applications/Xcode-16.3.0.app/Contents/Developer/Platforms/WatchOS.platform/Developer/SDKs/WatchOS11.4.sdk -o /Users/admin/builder/spi-builder-workspace/.derivedData/SDKStatCaches.noindex/watchos11.4-22T246-43efb940ff07ba2497b70ec94253f576.sdkstatcache
ProcessInfoPlistFile /Users/admin/builder/spi-builder-workspace/.derivedData/Build/Products/Debug-watchos/BlankSlate_BlankSlate.bundle/Info.plist /Users/admin/builder/spi-builder-workspace/.derivedData/Build/Intermediates.noindex/BlankSlate.build/Debug-watchos/BlankSlate_BlankSlate.build/empty-BlankSlate_BlankSlate.plist (in target 'BlankSlate_BlankSlate' from project 'BlankSlate')
cd /Users/admin/builder/spi-builder-workspace
builtin-infoPlistUtility /Users/admin/builder/spi-builder-workspace/.derivedData/Build/Intermediates.noindex/BlankSlate.build/Debug-watchos/BlankSlate_BlankSlate.build/empty-BlankSlate_BlankSlate.plist -producttype com.apple.product-type.bundle -expandbuildsettings -format binary -platform watchos -o /Users/admin/builder/spi-builder-workspace/.derivedData/Build/Products/Debug-watchos/BlankSlate_BlankSlate.bundle/Info.plist
SwiftDriver BlankSlate normal armv7k com.apple.xcode.tools.swift.compiler (in target 'BlankSlate' from project 'BlankSlate')
cd /Users/admin/builder/spi-builder-workspace/.swiftpm/xcode
builtin-SwiftDriver -- /Applications/Xcode-16.3.0.app/Contents/Developer/Toolchains/XcodeDefault.xctoolchain/usr/bin/swiftc -module-name BlankSlate -Onone -enforce-exclusivity\=checked @/Users/admin/builder/spi-builder-workspace/.derivedData/Build/Intermediates.noindex/BlankSlate.build/Debug-watchos/BlankSlate.build/Objects-normal/armv7k/BlankSlate.SwiftFileList -DSWIFT_PACKAGE -DDEBUG -DXcode -plugin-path /Applications/Xcode-16.3.0.app/Contents/Developer/Toolchains/XcodeDefault.xctoolchain/usr/lib/swift/host/plugins/testing -enable-experimental-feature DebugDescriptionMacro -sdk /Applications/Xcode-16.3.0.app/Contents/Developer/Platforms/WatchOS.platform/Developer/SDKs/WatchOS11.4.sdk -target armv7k-apple-watchos6.0 -g -module-cache-path /Users/admin/builder/spi-builder-workspace/.derivedData/ModuleCache.noindex -Xfrontend -serialize-debugging-options -profile-coverage-mapping -profile-generate -enable-testing -index-store-path /Users/admin/builder/spi-builder-workspace/.derivedData/Index.noindex/DataStore -swift-version 6 -I /Users/admin/builder/spi-builder-workspace/.derivedData/Build/Products/Debug-watchos -I /Applications/Xcode-16.3.0.app/Contents/Developer/Platforms/WatchOS.platform/Developer/usr/lib -F /Users/admin/builder/spi-builder-workspace/.derivedData/Build/Products/Debug-watchos -F /Applications/Xcode-16.3.0.app/Contents/Developer/Platforms/WatchOS.platform/Developer/Library/Frameworks -F /Applications/Xcode-16.3.0.app/Contents/Developer/Platforms/WatchOS.platform/Developer/SDKs/WatchOS11.4.sdk/Developer/Library/Frameworks -c -j10 -enable-batch-mode -incremental -Xcc -ivfsstatcache -Xcc /Users/admin/builder/spi-builder-workspace/.derivedData/SDKStatCaches.noindex/watchos11.4-22T246-43efb940ff07ba2497b70ec94253f576.sdkstatcache -output-file-map /Users/admin/builder/spi-builder-workspace/.derivedData/Build/Intermediates.noindex/BlankSlate.build/Debug-watchos/BlankSlate.build/Objects-normal/armv7k/BlankSlate-OutputFileMap.json -use-frontend-parseable-output -save-temps -no-color-diagnostics -serialize-diagnostics -emit-dependencies -emit-module -emit-module-path /Users/admin/builder/spi-builder-workspace/.derivedData/Build/Intermediates.noindex/BlankSlate.build/Debug-watchos/BlankSlate.build/Objects-normal/armv7k/BlankSlate.swiftmodule -validate-clang-modules-once -clang-build-session-file /Users/admin/builder/spi-builder-workspace/.derivedData/ModuleCache.noindex/Session.modulevalidation -package-name spi_builder_workspace -Xcc -I/Users/admin/builder/spi-builder-workspace/.derivedData/Build/Intermediates.noindex/BlankSlate.build/Debug-watchos/BlankSlate.build/swift-overrides.hmap -emit-const-values -Xfrontend -const-gather-protocols-file -Xfrontend /Users/admin/builder/spi-builder-workspace/.derivedData/Build/Intermediates.noindex/BlankSlate.build/Debug-watchos/BlankSlate.build/Objects-normal/armv7k/BlankSlate_const_extract_protocols.json -Xcc -I/Users/admin/builder/spi-builder-workspace/.derivedData/Build/Products/Debug-watchos/include -Xcc -I/Users/admin/builder/spi-builder-workspace/.derivedData/Build/Intermediates.noindex/BlankSlate.build/Debug-watchos/BlankSlate.build/DerivedSources-normal/armv7k -Xcc -I/Users/admin/builder/spi-builder-workspace/.derivedData/Build/Intermediates.noindex/BlankSlate.build/Debug-watchos/BlankSlate.build/DerivedSources/armv7k -Xcc -I/Users/admin/builder/spi-builder-workspace/.derivedData/Build/Intermediates.noindex/BlankSlate.build/Debug-watchos/BlankSlate.build/DerivedSources -Xcc -DSWIFT_PACKAGE -Xcc -DDEBUG\=1 -emit-objc-header -emit-objc-header-path /Users/admin/builder/spi-builder-workspace/.derivedData/Build/Intermediates.noindex/BlankSlate.build/Debug-watchos/BlankSlate.build/Objects-normal/armv7k/BlankSlate-Swift.h -working-directory /Users/admin/builder/spi-builder-workspace/.swiftpm/xcode -experimental-emit-module-separately -disable-cmo
SwiftDriver BlankSlate normal arm64 com.apple.xcode.tools.swift.compiler (in target 'BlankSlate' from project 'BlankSlate')
cd /Users/admin/builder/spi-builder-workspace/.swiftpm/xcode
builtin-SwiftDriver -- /Applications/Xcode-16.3.0.app/Contents/Developer/Toolchains/XcodeDefault.xctoolchain/usr/bin/swiftc -module-name BlankSlate -Onone -enforce-exclusivity\=checked @/Users/admin/builder/spi-builder-workspace/.derivedData/Build/Intermediates.noindex/BlankSlate.build/Debug-watchos/BlankSlate.build/Objects-normal/arm64/BlankSlate.SwiftFileList -DSWIFT_PACKAGE -DDEBUG -DXcode -plugin-path /Applications/Xcode-16.3.0.app/Contents/Developer/Toolchains/XcodeDefault.xctoolchain/usr/lib/swift/host/plugins/testing -enable-experimental-feature DebugDescriptionMacro -sdk /Applications/Xcode-16.3.0.app/Contents/Developer/Platforms/WatchOS.platform/Developer/SDKs/WatchOS11.4.sdk -target arm64-apple-watchos6.0 -g -module-cache-path /Users/admin/builder/spi-builder-workspace/.derivedData/ModuleCache.noindex -Xfrontend -serialize-debugging-options -profile-coverage-mapping -profile-generate -enable-testing -index-store-path /Users/admin/builder/spi-builder-workspace/.derivedData/Index.noindex/DataStore -swift-version 6 -I /Users/admin/builder/spi-builder-workspace/.derivedData/Build/Products/Debug-watchos -I /Applications/Xcode-16.3.0.app/Contents/Developer/Platforms/WatchOS.platform/Developer/usr/lib -F /Users/admin/builder/spi-builder-workspace/.derivedData/Build/Products/Debug-watchos -F /Applications/Xcode-16.3.0.app/Contents/Developer/Platforms/WatchOS.platform/Developer/Library/Frameworks -F /Applications/Xcode-16.3.0.app/Contents/Developer/Platforms/WatchOS.platform/Developer/SDKs/WatchOS11.4.sdk/Developer/Library/Frameworks -c -j10 -enable-batch-mode -incremental -Xcc -ivfsstatcache -Xcc /Users/admin/builder/spi-builder-workspace/.derivedData/SDKStatCaches.noindex/watchos11.4-22T246-43efb940ff07ba2497b70ec94253f576.sdkstatcache -output-file-map /Users/admin/builder/spi-builder-workspace/.derivedData/Build/Intermediates.noindex/BlankSlate.build/Debug-watchos/BlankSlate.build/Objects-normal/arm64/BlankSlate-OutputFileMap.json -use-frontend-parseable-output -save-temps -no-color-diagnostics -serialize-diagnostics -emit-dependencies -emit-module -emit-module-path /Users/admin/builder/spi-builder-workspace/.derivedData/Build/Intermediates.noindex/BlankSlate.build/Debug-watchos/BlankSlate.build/Objects-normal/arm64/BlankSlate.swiftmodule -validate-clang-modules-once -clang-build-session-file /Users/admin/builder/spi-builder-workspace/.derivedData/ModuleCache.noindex/Session.modulevalidation -package-name spi_builder_workspace -Xcc -I/Users/admin/builder/spi-builder-workspace/.derivedData/Build/Intermediates.noindex/BlankSlate.build/Debug-watchos/BlankSlate.build/swift-overrides.hmap -emit-const-values -Xfrontend -const-gather-protocols-file -Xfrontend /Users/admin/builder/spi-builder-workspace/.derivedData/Build/Intermediates.noindex/BlankSlate.build/Debug-watchos/BlankSlate.build/Objects-normal/arm64/BlankSlate_const_extract_protocols.json -Xcc -I/Users/admin/builder/spi-builder-workspace/.derivedData/Build/Products/Debug-watchos/include -Xcc -I/Users/admin/builder/spi-builder-workspace/.derivedData/Build/Intermediates.noindex/BlankSlate.build/Debug-watchos/BlankSlate.build/DerivedSources-normal/arm64 -Xcc -I/Users/admin/builder/spi-builder-workspace/.derivedData/Build/Intermediates.noindex/BlankSlate.build/Debug-watchos/BlankSlate.build/DerivedSources/arm64 -Xcc -I/Users/admin/builder/spi-builder-workspace/.derivedData/Build/Intermediates.noindex/BlankSlate.build/Debug-watchos/BlankSlate.build/DerivedSources -Xcc -DSWIFT_PACKAGE -Xcc -DDEBUG\=1 -emit-objc-header -emit-objc-header-path /Users/admin/builder/spi-builder-workspace/.derivedData/Build/Intermediates.noindex/BlankSlate.build/Debug-watchos/BlankSlate.build/Objects-normal/arm64/BlankSlate-Swift.h -working-directory /Users/admin/builder/spi-builder-workspace/.swiftpm/xcode -experimental-emit-module-separately -disable-cmo
SwiftDriver BlankSlate normal arm64_32 com.apple.xcode.tools.swift.compiler (in target 'BlankSlate' from project 'BlankSlate')
cd /Users/admin/builder/spi-builder-workspace/.swiftpm/xcode
builtin-SwiftDriver -- /Applications/Xcode-16.3.0.app/Contents/Developer/Toolchains/XcodeDefault.xctoolchain/usr/bin/swiftc -module-name BlankSlate -Onone -enforce-exclusivity\=checked @/Users/admin/builder/spi-builder-workspace/.derivedData/Build/Intermediates.noindex/BlankSlate.build/Debug-watchos/BlankSlate.build/Objects-normal/arm64_32/BlankSlate.SwiftFileList -DSWIFT_PACKAGE -DDEBUG -DXcode -plugin-path /Applications/Xcode-16.3.0.app/Contents/Developer/Toolchains/XcodeDefault.xctoolchain/usr/lib/swift/host/plugins/testing -enable-experimental-feature DebugDescriptionMacro -sdk /Applications/Xcode-16.3.0.app/Contents/Developer/Platforms/WatchOS.platform/Developer/SDKs/WatchOS11.4.sdk -target arm64_32-apple-watchos6.0 -g -module-cache-path /Users/admin/builder/spi-builder-workspace/.derivedData/ModuleCache.noindex -Xfrontend -serialize-debugging-options -profile-coverage-mapping -profile-generate -enable-testing -index-store-path /Users/admin/builder/spi-builder-workspace/.derivedData/Index.noindex/DataStore -swift-version 6 -I /Users/admin/builder/spi-builder-workspace/.derivedData/Build/Products/Debug-watchos -I /Applications/Xcode-16.3.0.app/Contents/Developer/Platforms/WatchOS.platform/Developer/usr/lib -F /Users/admin/builder/spi-builder-workspace/.derivedData/Build/Products/Debug-watchos -F /Applications/Xcode-16.3.0.app/Contents/Developer/Platforms/WatchOS.platform/Developer/Library/Frameworks -F /Applications/Xcode-16.3.0.app/Contents/Developer/Platforms/WatchOS.platform/Developer/SDKs/WatchOS11.4.sdk/Developer/Library/Frameworks -c -j10 -enable-batch-mode -incremental -Xcc -ivfsstatcache -Xcc /Users/admin/builder/spi-builder-workspace/.derivedData/SDKStatCaches.noindex/watchos11.4-22T246-43efb940ff07ba2497b70ec94253f576.sdkstatcache -output-file-map /Users/admin/builder/spi-builder-workspace/.derivedData/Build/Intermediates.noindex/BlankSlate.build/Debug-watchos/BlankSlate.build/Objects-normal/arm64_32/BlankSlate-OutputFileMap.json -use-frontend-parseable-output -save-temps -no-color-diagnostics -serialize-diagnostics -emit-dependencies -emit-module -emit-module-path /Users/admin/builder/spi-builder-workspace/.derivedData/Build/Intermediates.noindex/BlankSlate.build/Debug-watchos/BlankSlate.build/Objects-normal/arm64_32/BlankSlate.swiftmodule -validate-clang-modules-once -clang-build-session-file /Users/admin/builder/spi-builder-workspace/.derivedData/ModuleCache.noindex/Session.modulevalidation -package-name spi_builder_workspace -Xcc -I/Users/admin/builder/spi-builder-workspace/.derivedData/Build/Intermediates.noindex/BlankSlate.build/Debug-watchos/BlankSlate.build/swift-overrides.hmap -emit-const-values -Xfrontend -const-gather-protocols-file -Xfrontend /Users/admin/builder/spi-builder-workspace/.derivedData/Build/Intermediates.noindex/BlankSlate.build/Debug-watchos/BlankSlate.build/Objects-normal/arm64_32/BlankSlate_const_extract_protocols.json -Xcc -I/Users/admin/builder/spi-builder-workspace/.derivedData/Build/Products/Debug-watchos/include -Xcc -I/Users/admin/builder/spi-builder-workspace/.derivedData/Build/Intermediates.noindex/BlankSlate.build/Debug-watchos/BlankSlate.build/DerivedSources-normal/arm64_32 -Xcc -I/Users/admin/builder/spi-builder-workspace/.derivedData/Build/Intermediates.noindex/BlankSlate.build/Debug-watchos/BlankSlate.build/DerivedSources/arm64_32 -Xcc -I/Users/admin/builder/spi-builder-workspace/.derivedData/Build/Intermediates.noindex/BlankSlate.build/Debug-watchos/BlankSlate.build/DerivedSources -Xcc -DSWIFT_PACKAGE -Xcc -DDEBUG\=1 -emit-objc-header -emit-objc-header-path /Users/admin/builder/spi-builder-workspace/.derivedData/Build/Intermediates.noindex/BlankSlate.build/Debug-watchos/BlankSlate.build/Objects-normal/arm64_32/BlankSlate-Swift.h -working-directory /Users/admin/builder/spi-builder-workspace/.swiftpm/xcode -experimental-emit-module-separately -disable-cmo
SwiftEmitModule normal arm64_32 Emitting\ module\ for\ BlankSlate (in target 'BlankSlate' from project 'BlankSlate')
EmitSwiftModule normal arm64_32 (in target 'BlankSlate' from project 'BlankSlate')
cd /Users/admin/builder/spi-builder-workspace/.swiftpm/xcode
/Users/admin/builder/spi-builder-workspace/Sources/BlankSlate.swift:51:1: warning: unavailable class 'UIView' was used to satisfy a requirement of protocol 'Extended': This Objective-C class has only been forward-declared; import its owning module to use it; this will be an error in a future Swift language mode
extension UIView: BlankSlate.Extended {}
^
UIKit.UIView:2:14: note: 'UIView' declared here
public class UIView {
^
/Users/admin/builder/spi-builder-workspace/Sources/BlankSlate.swift:38:24: note: requirement 'ExtendedType' declared here
associatedtype ExtendedType
^
/Users/admin/builder/spi-builder-workspace/Sources/BlankSlate.swift:51:11: error: 'UIView' is unavailable: This Objective-C class has only been forward-declared; import its owning module to use it
extension UIView: BlankSlate.Extended {}
^~~~~~
UIKit.UIView:2:14: note: 'UIView' has been explicitly marked unavailable here
public class UIView {
^
/Users/admin/builder/spi-builder-workspace/Sources/DataSource.swift:61:60: error: cannot find type 'CAAnimation' in scope
func imageAnimation(forBlankSlate view: UIView) -> CAAnimation?
^~~~~~~~~~~
/Users/admin/builder/spi-builder-workspace/Sources/DataSource.swift:87:65: error: cannot find type 'UIControl' in scope
func buttonTitle(forBlankSlate view: UIView, for state: UIControl.State) -> NSAttributedString?
^~~~~~~~~
/Users/admin/builder/spi-builder-workspace/Sources/DataSource.swift:95:75: error: cannot find type 'UIControl' in scope
func buttonBackgroundImage(forBlankSlate view: UIView, for state: UIControl.State) -> UIImage?
^~~~~~~~~
/Users/admin/builder/spi-builder-workspace/Sources/DataSource.swift:104:65: error: cannot find type 'UIControl' in scope
func buttonImage(forBlankSlate view: UIView, for state: UIControl.State) -> UIImage?
^~~~~~~~~
/Users/admin/builder/spi-builder-workspace/Sources/DataSource.swift:113:59: error: cannot find type 'UIButton' in scope
func blankSlate(_ view: UIView, configure button: UIButton)
^~~~~~~~
/Users/admin/builder/spi-builder-workspace/Sources/DataSource.swift:152:64: error: cannot find type 'CAGradientLayer' in scope
func backgroundGradient(forBlankSlate view: UIView) -> CAGradientLayer?
^~~~~~~~~~~~~~~
/Users/admin/builder/spi-builder-workspace/Sources/Delegate.swift:69:56: error: cannot find type 'UIScrollView' in scope
func blankSlateShouldAllowScroll(_ scrollView: UIScrollView) -> Bool
^~~~~~~~~~~~
/Users/admin/builder/spi-builder-workspace/Sources/Delegate.swift:77:70: error: cannot find type 'UIScrollView' in scope
func shouldAllowScrollAfterBlankSlateDisappear(_ scrollView: UIScrollView) -> Bool
^~~~~~~~~~~~
/Users/admin/builder/spi-builder-workspace/Sources/Delegate.swift:94:62: error: cannot find type 'UIButton' in scope
func blankSlate(_ view: UIView, didTapButton sender: UIButton)
^~~~~~~~
/Users/admin/builder/spi-builder-workspace/Sources/BlankSlate.swift:109:22: error: 'UIView' is unavailable: This Objective-C class has only been forward-declared; import its owning module to use it
public var view: UIView? {
^~~~~~
UIKit.UIView:2:14: note: 'UIView' has been explicitly marked unavailable here
public class UIView {
^
/Users/admin/builder/spi-builder-workspace/Sources/BlankSlate.swift:54:56: error: 'UIView' is unavailable: This Objective-C class has only been forward-declared; import its owning module to use it
extension BlankSlate.Extension where ExtendedViewType: UIView {
^~~~~~
UIKit.UIView:2:14: note: 'UIView' has been explicitly marked unavailable here
public class UIView {
^
/Users/admin/builder/spi-builder-workspace/Sources/Convenience.swift:42:65: error: cannot find 'UIActivityIndicatorView' in scope
loading: StateContent = .init(customView: { let v = UIActivityIndicatorView(style: .large); v.startAnimating(); return v }()),
^~~~~~~~~~~~~~~~~~~~~~~
/Users/admin/builder/spi-builder-workspace/Sources/Convenience.swift:42:97: error: cannot infer contextual base in reference to member 'large'
loading: StateContent = .init(customView: { let v = UIActivityIndicatorView(style: .large); v.startAnimating(); return v }()),
~^~~~~
/Users/admin/builder/spi-builder-workspace/Sources/Convenience.swift:43:180: error: type 'UIColor' has no member 'secondaryLabel'
empty: StateContent = .init(title: NSAttributedString(string: "No Data", attributes: [.font: UIFont.systemFont(ofSize: 22, weight: .medium), .foregroundColor: UIColor.secondaryLabel])),
~~~~~~~ ^~~~~~~~~~~~~~
/Users/admin/builder/spi-builder-workspace/Sources/Convenience.swift:45:169: error: type 'UIColor' has no member 'label'
title: NSAttributedString(string: "Something Went Wrong", attributes: [.font: UIFont.systemFont(ofSize: 22, weight: .medium), .foregroundColor: UIColor.label]),
~~~~~~~ ^~~~~
/Users/admin/builder/spi-builder-workspace/Sources/Convenience.swift:46:176: error: type 'UIColor' has no member 'secondaryLabel'
detail: NSAttributedString(string: "Please check your connection and try again.", attributes: [.font: UIFont.systemFont(ofSize: 15), .foregroundColor: UIColor.secondaryLabel]),
~~~~~~~ ^~~~~~~~~~~~~~
/Users/admin/builder/spi-builder-workspace/Sources/Convenience.swift:47:162: error: type 'UIColor' has no member 'systemBlue'
buttonTitle: NSAttributedString(string: "Retry", attributes: [.font: UIFont.systemFont(ofSize: 16, weight: .semibold), .foregroundColor: UIColor.systemBlue])
~~~~~~~ ^~~~~~~~~~
/Users/admin/builder/spi-builder-workspace/Sources/Convenience.swift:70:32: error: 'UIView' is unavailable: This Objective-C class has only been forward-declared; import its owning module to use it
public var customView: UIView?
^~~~~~
UIKit.UIView:2:14: note: 'UIView' has been explicitly marked unavailable here
public class UIView {
^
/Users/admin/builder/spi-builder-workspace/Sources/Convenience.swift:78:25: error: 'UIView' is unavailable: This Objective-C class has only been forward-declared; import its owning module to use it
customView: UIView? = nil
^~~~~~
UIKit.UIView:2:14: note: 'UIView' has been explicitly marked unavailable here
public class UIView {
^
/Users/admin/builder/spi-builder-workspace/Sources/Convenience.swift:106:32: error: 'UIView' is unavailable: This Objective-C class has only been forward-declared; import its owning module to use it
private weak var view: UIView?
^~~~~~
UIKit.UIView:2:14: note: 'UIView' has been explicitly marked unavailable here
public class UIView {
^
/Users/admin/builder/spi-builder-workspace/Sources/Convenience.swift:127:27: error: 'UIView' is unavailable: This Objective-C class has only been forward-declared; import its owning module to use it
public init(view: UIView, configuration: StatusConfiguration = .init()) {
^~~~~~
UIKit.UIView:2:14: note: 'UIView' has been explicitly marked unavailable here
public class UIView {
^
/Users/admin/builder/spi-builder-workspace/Sources/Convenience.swift:143:47: error: 'UIView' is unavailable: This Objective-C class has only been forward-declared; import its owning module to use it
public func image(forBlankSlate view: UIView) -> UIImage? { currentContent.image }
^~~~~~
UIKit.UIView:2:14: note: 'UIView' has been explicitly marked unavailable here
public class UIView {
^
/Users/admin/builder/spi-builder-workspace/Sources/Convenience.swift:144:47: error: 'UIView' is unavailable: This Objective-C class has only been forward-declared; import its owning module to use it
public func title(forBlankSlate view: UIView) -> NSAttributedString? { currentContent.title }
^~~~~~
UIKit.UIView:2:14: note: 'UIView' has been explicitly marked unavailable here
public class UIView {
^
/Users/admin/builder/spi-builder-workspace/Sources/Convenience.swift:145:48: error: 'UIView' is unavailable: This Objective-C class has only been forward-declared; import its owning module to use it
public func detail(forBlankSlate view: UIView) -> NSAttributedString? { currentContent.detail }
^~~~~~
UIKit.UIView:2:14: note: 'UIView' has been explicitly marked unavailable here
public class UIView {
^
/Users/admin/builder/spi-builder-workspace/Sources/Convenience.swift:146:72: error: cannot find type 'UIControl' in scope
public func buttonTitle(forBlankSlate view: UIView, for state: UIControl.State) -> NSAttributedString? {
^~~~~~~~~
/Users/admin/builder/spi-builder-workspace/Sources/Convenience.swift:146:53: error: 'UIView' is unavailable: This Objective-C class has only been forward-declared; import its owning module to use it
public func buttonTitle(forBlankSlate view: UIView, for state: UIControl.State) -> NSAttributedString? {
^~~~~~
UIKit.UIView:2:14: note: 'UIView' has been explicitly marked unavailable here
public class UIView {
^
/Users/admin/builder/spi-builder-workspace/Sources/Convenience.swift:149:52: error: 'UIView' is unavailable: This Objective-C class has only been forward-declared; import its owning module to use it
public func customView(forBlankSlate view: UIView) -> UIView? { currentContent.customView }
^~~~~~
UIKit.UIView:2:14: note: 'UIView' has been explicitly marked unavailable here
public class UIView {
^
/Users/admin/builder/spi-builder-workspace/Sources/Convenience.swift:149:63: error: 'UIView' is unavailable: This Objective-C class has only been forward-declared; import its owning module to use it
public func customView(forBlankSlate view: UIView) -> UIView? { currentContent.customView }
^~~~~~
UIKit.UIView:2:14: note: 'UIView' has been explicitly marked unavailable here
public class UIView {
^
/Users/admin/builder/spi-builder-workspace/Sources/Convenience.swift:150:52: error: 'UIView' is unavailable: This Objective-C class has only been forward-declared; import its owning module to use it
public func transition(forBlankSlate view: UIView) -> BlankSlate.Transition { transition }
^~~~~~
UIKit.UIView:2:14: note: 'UIView' has been explicitly marked unavailable here
public class UIView {
^
/Users/admin/builder/spi-builder-workspace/Sources/Convenience.swift:153:69: error: cannot find type 'UIButton' in scope
public func blankSlate(_ view: UIView, didTapButton sender: UIButton) {
^~~~~~~~
/Users/admin/builder/spi-builder-workspace/Sources/Convenience.swift:153:40: error: 'UIView' is unavailable: This Objective-C class has only been forward-declared; import its owning module to use it
public func blankSlate(_ view: UIView, didTapButton sender: UIButton) {
^~~~~~
UIKit.UIView:2:14: note: 'UIView' has been explicitly marked unavailable here
public class UIView {
^
/Users/admin/builder/spi-builder-workspace/Sources/Convenience.swift:161:40: error: 'UIView' is unavailable: This Objective-C class has only been forward-declared; import its owning module to use it
public func blankSlate(_ view: UIView, didTapView sender: UIView) {
^~~~~~
UIKit.UIView:2:14: note: 'UIView' has been explicitly marked unavailable here
public class UIView {
^
/Users/admin/builder/spi-builder-workspace/Sources/Convenience.swift:161:67: error: 'UIView' is unavailable: This Objective-C class has only been forward-declared; import its owning module to use it
public func blankSlate(_ view: UIView, didTapView sender: UIView) {
^~~~~~
UIKit.UIView:2:14: note: 'UIView' has been explicitly marked unavailable here
public class UIView {
^
/Users/admin/builder/spi-builder-workspace/Sources/Convenience.swift:170:56: error: 'UIView' is unavailable: This Objective-C class has only been forward-declared; import its owning module to use it
extension BlankSlate.Extension where ExtendedViewType: UIView {
^~~~~~
UIKit.UIView:2:14: note: 'UIView' has been explicitly marked unavailable here
public class UIView {
^
/Users/admin/builder/spi-builder-workspace/Sources/DataSource.swift:41:40: error: 'UIView' is unavailable: This Objective-C class has only been forward-declared; import its owning module to use it
func image(forBlankSlate view: UIView) -> UIImage?
^~~~~~
UIKit.UIView:2:14: note: 'UIView' has been explicitly marked unavailable here
public class UIView {
^
/Users/admin/builder/spi-builder-workspace/Sources/DataSource.swift:47:45: error: 'UIView' is unavailable: This Objective-C class has only been forward-declared; import its owning module to use it
func imageAlpha(forBlankSlate view: UIView) -> CGFloat
^~~~~~
UIKit.UIView:2:14: note: 'UIView' has been explicitly marked unavailable here
public class UIView {
^
/Users/admin/builder/spi-builder-workspace/Sources/DataSource.swift:54:49: error: 'UIView' is unavailable: This Objective-C class has only been forward-declared; import its owning module to use it
func imageTintColor(forBlankSlate view: UIView) -> UIColor?
^~~~~~
UIKit.UIView:2:14: note: 'UIView' has been explicitly marked unavailable here
public class UIView {
^
/Users/admin/builder/spi-builder-workspace/Sources/DataSource.swift:61:49: error: 'UIView' is unavailable: This Objective-C class has only been forward-declared; import its owning module to use it
func imageAnimation(forBlankSlate view: UIView) -> CAAnimation?
^~~~~~
UIKit.UIView:2:14: note: 'UIView' has been explicitly marked unavailable here
public class UIView {
^
/Users/admin/builder/spi-builder-workspace/Sources/DataSource.swift:69:40: error: 'UIView' is unavailable: This Objective-C class has only been forward-declared; import its owning module to use it
func title(forBlankSlate view: UIView) -> NSAttributedString?
^~~~~~
UIKit.UIView:2:14: note: 'UIView' has been explicitly marked unavailable here
public class UIView {
^
/Users/admin/builder/spi-builder-workspace/Sources/DataSource.swift:77:41: error: 'UIView' is unavailable: This Objective-C class has only been forward-declared; import its owning module to use it
func detail(forBlankSlate view: UIView) -> NSAttributedString?
^~~~~~
UIKit.UIView:2:14: note: 'UIView' has been explicitly marked unavailable here
public class UIView {
^
/Users/admin/builder/spi-builder-workspace/Sources/DataSource.swift:87:46: error: 'UIView' is unavailable: This Objective-C class has only been forward-declared; import its owning module to use it
func buttonTitle(forBlankSlate view: UIView, for state: UIControl.State) -> NSAttributedString?
^~~~~~
UIKit.UIView:2:14: note: 'UIView' has been explicitly marked unavailable here
public class UIView {
^
/Users/admin/builder/spi-builder-workspace/Sources/DataSource.swift:95:56: error: 'UIView' is unavailable: This Objective-C class has only been forward-declared; import its owning module to use it
func buttonBackgroundImage(forBlankSlate view: UIView, for state: UIControl.State) -> UIImage?
^~~~~~
UIKit.UIView:2:14: note: 'UIView' has been explicitly marked unavailable here
public class UIView {
^
/Users/admin/builder/spi-builder-workspace/Sources/DataSource.swift:104:46: error: 'UIView' is unavailable: This Objective-C class has only been forward-declared; import its owning module to use it
func buttonImage(forBlankSlate view: UIView, for state: UIControl.State) -> UIImage?
^~~~~~
UIKit.UIView:2:14: note: 'UIView' has been explicitly marked unavailable here
public class UIView {
^
/Users/admin/builder/spi-builder-workspace/Sources/DataSource.swift:113:33: error: 'UIView' is unavailable: This Objective-C class has only been forward-declared; import its owning module to use it
func blankSlate(_ view: UIView, configure button: UIButton)
^~~~~~
UIKit.UIView:2:14: note: 'UIView' has been explicitly marked unavailable here
public class UIView {
^
/Users/admin/builder/spi-builder-workspace/Sources/DataSource.swift:122:45: error: 'UIView' is unavailable: This Objective-C class has only been forward-declared; import its owning module to use it
func customView(forBlankSlate view: UIView) -> UIView?
^~~~~~
UIKit.UIView:2:14: note: 'UIView' has been explicitly marked unavailable here
public class UIView {
^
/Users/admin/builder/spi-builder-workspace/Sources/DataSource.swift:122:56: error: 'UIView' is unavailable: This Objective-C class has only been forward-declared; import its owning module to use it
func customView(forBlankSlate view: UIView) -> UIView?
^~~~~~
UIKit.UIView:2:14: note: 'UIView' has been explicitly marked unavailable here
public class UIView {
^
/Users/admin/builder/spi-builder-workspace/Sources/DataSource.swift:131:41: error: 'UIView' is unavailable: This Objective-C class has only been forward-declared; import its owning module to use it
func layout(forBlankSlate view: UIView, for element: BlankSlate.Element) -> BlankSlate.Layout
^~~~~~
UIKit.UIView:2:14: note: 'UIView' has been explicitly marked unavailable here
public class UIView {
^
/Users/admin/builder/spi-builder-workspace/Sources/DataSource.swift:138:44: error: 'UIView' is unavailable: This Objective-C class has only been forward-declared; import its owning module to use it
func alignment(forBlankSlate view: UIView) -> BlankSlate.Alignment
^~~~~~
UIKit.UIView:2:14: note: 'UIView' has been explicitly marked unavailable here
public class UIView {
^
/Users/admin/builder/spi-builder-workspace/Sources/DataSource.swift:144:50: error: 'UIView' is unavailable: This Objective-C class has only been forward-declared; import its owning module to use it
func backgroundColor(forBlankSlate view: UIView) -> UIColor?
^~~~~~
UIKit.UIView:2:14: note: 'UIView' has been explicitly marked unavailable here
public class UIView {
^
/Users/admin/builder/spi-builder-workspace/Sources/DataSource.swift:152:53: error: 'UIView' is unavailable: This Objective-C class has only been forward-declared; import its owning module to use it
func backgroundGradient(forBlankSlate view: UIView) -> CAGradientLayer?
^~~~~~
UIKit.UIView:2:14: note: 'UIView' has been explicitly marked unavailable here
public class UIView {
^
/Users/admin/builder/spi-builder-workspace/Sources/DataSource.swift:160:49: error: 'UIView' is unavailable: This Objective-C class has only been forward-declared; import its owning module to use it
func fadeInDuration(forBlankSlate view: UIView) -> TimeInterval
^~~~~~
UIKit.UIView:2:14: note: 'UIView' has been explicitly marked unavailable here
public class UIView {
^
/Users/admin/builder/spi-builder-workspace/Sources/DataSource.swift:168:45: error: 'UIView' is unavailable: This Objective-C class has only been forward-declared; import its owning module to use it
func transition(forBlankSlate view: UIView) -> BlankSlate.Transition
^~~~~~
UIKit.UIView:2:14: note: 'UIView' has been explicitly marked unavailable here
public class UIView {
^
/Users/admin/builder/spi-builder-workspace/Sources/DataSource.swift:173:43: error: 'UIView' is unavailable: This Objective-C class has only been forward-declared; import its owning module to use it
public func image(forBlankSlate view: UIView) -> UIImage? { nil }
^~~~~~
UIKit.UIView:2:14: note: 'UIView' has been explicitly marked unavailable here
public class UIView {
^
/Users/admin/builder/spi-builder-workspace/Sources/DataSource.swift:174:48: error: 'UIView' is unavailable: This Objective-C class has only been forward-declared; import its owning module to use it
public func imageAlpha(forBlankSlate view: UIView) -> CGFloat { 1.0 }
^~~~~~
UIKit.UIView:2:14: note: 'UIView' has been explicitly marked unavailable here
public class UIView {
^
/Users/admin/builder/spi-builder-workspace/Sources/DataSource.swift:175:52: error: 'UIView' is unavailable: This Objective-C class has only been forward-declared; import its owning module to use it
public func imageTintColor(forBlankSlate view: UIView) -> UIColor? { nil }
^~~~~~
UIKit.UIView:2:14: note: 'UIView' has been explicitly marked unavailable here
public class UIView {
^
/Users/admin/builder/spi-builder-workspace/Sources/DataSource.swift:176:63: error: cannot find type 'CAAnimation' in scope
public func imageAnimation(forBlankSlate view: UIView) -> CAAnimation? { nil }
^~~~~~~~~~~
/Users/admin/builder/spi-builder-workspace/Sources/DataSource.swift:176:52: error: 'UIView' is unavailable: This Objective-C class has only been forward-declared; import its owning module to use it
public func imageAnimation(forBlankSlate view: UIView) -> CAAnimation? { nil }
^~~~~~
UIKit.UIView:2:14: note: 'UIView' has been explicitly marked unavailable here
public class UIView {
^
/Users/admin/builder/spi-builder-workspace/Sources/DataSource.swift:178:43: error: 'UIView' is unavailable: This Objective-C class has only been forward-declared; import its owning module to use it
public func title(forBlankSlate view: UIView) -> NSAttributedString? { nil }
^~~~~~
UIKit.UIView:2:14: note: 'UIView' has been explicitly marked unavailable here
public class UIView {
^
/Users/admin/builder/spi-builder-workspace/Sources/DataSource.swift:180:44: error: 'UIView' is unavailable: This Objective-C class has only been forward-declared; import its owning module to use it
public func detail(forBlankSlate view: UIView) -> NSAttributedString? { nil }
^~~~~~
UIKit.UIView:2:14: note: 'UIView' has been explicitly marked unavailable here
public class UIView {
^
/Users/admin/builder/spi-builder-workspace/Sources/DataSource.swift:182:68: error: cannot find type 'UIControl' in scope
public func buttonTitle(forBlankSlate view: UIView, for state: UIControl.State) -> NSAttributedString? { nil }
^~~~~~~~~
/Users/admin/builder/spi-builder-workspace/Sources/DataSource.swift:182:49: error: 'UIView' is unavailable: This Objective-C class has only been forward-declared; import its owning module to use it
public func buttonTitle(forBlankSlate view: UIView, for state: UIControl.State) -> NSAttributedString? { nil }
^~~~~~
UIKit.UIView:2:14: note: 'UIView' has been explicitly marked unavailable here
public class UIView {
^
/Users/admin/builder/spi-builder-workspace/Sources/DataSource.swift:183:78: error: cannot find type 'UIControl' in scope
public func buttonBackgroundImage(forBlankSlate view: UIView, for state: UIControl.State) -> UIImage? { nil }
^~~~~~~~~
/Users/admin/builder/spi-builder-workspace/Sources/DataSource.swift:183:59: error: 'UIView' is unavailable: This Objective-C class has only been forward-declared; import its owning module to use it
public func buttonBackgroundImage(forBlankSlate view: UIView, for state: UIControl.State) -> UIImage? { nil }
^~~~~~
UIKit.UIView:2:14: note: 'UIView' has been explicitly marked unavailable here
public class UIView {
^
/Users/admin/builder/spi-builder-workspace/Sources/DataSource.swift:184:68: error: cannot find type 'UIControl' in scope
public func buttonImage(forBlankSlate view: UIView, for state: UIControl.State) -> UIImage? { nil }
^~~~~~~~~
/Users/admin/builder/spi-builder-workspace/Sources/DataSource.swift:184:49: error: 'UIView' is unavailable: This Objective-C class has only been forward-declared; import its owning module to use it
public func buttonImage(forBlankSlate view: UIView, for state: UIControl.State) -> UIImage? { nil }
^~~~~~
UIKit.UIView:2:14: note: 'UIView' has been explicitly marked unavailable here
public class UIView {
^
/Users/admin/builder/spi-builder-workspace/Sources/DataSource.swift:185:62: error: cannot find type 'UIButton' in scope
public func blankSlate(_ view: UIView, configure button: UIButton) { }
^~~~~~~~
/Users/admin/builder/spi-builder-workspace/Sources/DataSource.swift:185:36: error: 'UIView' is unavailable: This Objective-C class has only been forward-declared; import its owning module to use it
public func blankSlate(_ view: UIView, configure button: UIButton) { }
^~~~~~
UIKit.UIView:2:14: note: 'UIView' has been explicitly marked unavailable here
public class UIView {
^
/Users/admin/builder/spi-builder-workspace/Sources/DataSource.swift:187:48: error: 'UIView' is unavailable: This Objective-C class has only been forward-declared; import its owning module to use it
public func customView(forBlankSlate view: UIView) -> UIView? { nil }
^~~~~~
UIKit.UIView:2:14: note: 'UIView' has been explicitly marked unavailable here
public class UIView {
^
/Users/admin/builder/spi-builder-workspace/Sources/DataSource.swift:187:59: error: 'UIView' is unavailable: This Objective-C class has only been forward-declared; import its owning module to use it
public func customView(forBlankSlate view: UIView) -> UIView? { nil }
^~~~~~
UIKit.UIView:2:14: note: 'UIView' has been explicitly marked unavailable here
public class UIView {
^
/Users/admin/builder/spi-builder-workspace/Sources/DataSource.swift:189:44: error: 'UIView' is unavailable: This Objective-C class has only been forward-declared; import its owning module to use it
public func layout(forBlankSlate view: UIView, for element: BlankSlate.Element) -> BlankSlate.Layout { .init() }
^~~~~~
UIKit.UIView:2:14: note: 'UIView' has been explicitly marked unavailable here
public class UIView {
^
/Users/admin/builder/spi-builder-workspace/Sources/DataSource.swift:191:47: error: 'UIView' is unavailable: This Objective-C class has only been forward-declared; import its owning module to use it
public func alignment(forBlankSlate view: UIView) -> BlankSlate.Alignment { .center() }
^~~~~~
UIKit.UIView:2:14: note: 'UIView' has been explicitly marked unavailable here
public class UIView {
^
/Users/admin/builder/spi-builder-workspace/Sources/DataSource.swift:192:53: error: 'UIView' is unavailable: This Objective-C class has only been forward-declared; import its owning module to use it
public func backgroundColor(forBlankSlate view: UIView) -> UIColor? { .clear }
^~~~~~
UIKit.UIView:2:14: note: 'UIView' has been explicitly marked unavailable here
public class UIView {
^
/Users/admin/builder/spi-builder-workspace/Sources/DataSource.swift:193:67: error: cannot find type 'CAGradientLayer' in scope
public func backgroundGradient(forBlankSlate view: UIView) -> CAGradientLayer? { nil }
^~~~~~~~~~~~~~~
/Users/admin/builder/spi-builder-workspace/Sources/DataSource.swift:193:56: error: 'UIView' is unavailable: This Objective-C class has only been forward-declared; import its owning module to use it
public func backgroundGradient(forBlankSlate view: UIView) -> CAGradientLayer? { nil }
^~~~~~
UIKit.UIView:2:14: note: 'UIView' has been explicitly marked unavailable here
public class UIView {
^
/Users/admin/builder/spi-builder-workspace/Sources/DataSource.swift:194:52: error: 'UIView' is unavailable: This Objective-C class has only been forward-declared; import its owning module to use it
public func fadeInDuration(forBlankSlate view: UIView) -> TimeInterval { 0.0 }
^~~~~~
UIKit.UIView:2:14: note: 'UIView' has been explicitly marked unavailable here
public class UIView {
^
/Users/admin/builder/spi-builder-workspace/Sources/DataSource.swift:195:48: error: 'UIView' is unavailable: This Objective-C class has only been forward-declared; import its owning module to use it
public func transition(forBlankSlate view: UIView) -> BlankSlate.Transition { .none }
^~~~~~
UIKit.UIView:2:14: note: 'UIView' has been explicitly marked unavailable here
public class UIView {
^
/Users/admin/builder/spi-builder-workspace/Sources/Delegate.swift:39:56: error: 'UIView' is unavailable: This Objective-C class has only been forward-declared; import its owning module to use it
func blankSlateShouldBeForcedToDisplay(_ view: UIView) -> Bool
^~~~~~
UIKit.UIView:2:14: note: 'UIView' has been explicitly marked unavailable here
public class UIView {
^
/Users/admin/builder/spi-builder-workspace/Sources/Delegate.swift:47:46: error: 'UIView' is unavailable: This Objective-C class has only been forward-declared; import its owning module to use it
func blankSlateShouldDisplay(_ view: UIView) -> Bool
^~~~~~
UIKit.UIView:2:14: note: 'UIView' has been explicitly marked unavailable here
public class UIView {
^
/Users/admin/builder/spi-builder-workspace/Sources/Delegate.swift:55:55: error: 'UIView' is unavailable: This Objective-C class has only been forward-declared; import its owning module to use it
func blankSlateShouldBeInsertedAtBack(_ view: UIView) -> Bool
^~~~~~
UIKit.UIView:2:14: note: 'UIView' has been explicitly marked unavailable here
public class UIView {
^
/Users/admin/builder/spi-builder-workspace/Sources/Delegate.swift:62:49: error: 'UIView' is unavailable: This Objective-C class has only been forward-declared; import its owning module to use it
func blankSlateShouldAllowTouch(_ view: UIView) -> Bool
^~~~~~
UIKit.UIView:2:14: note: 'UIView' has been explicitly marked unavailable here
public class UIView {
^
/Users/admin/builder/spi-builder-workspace/Sources/Delegate.swift:86:33: error: 'UIView' is unavailable: This Objective-C class has only been forward-declared; import its owning module to use it
func blankSlate(_ view: UIView, didTapView sender: UIView)
^~~~~~
UIKit.UIView:2:14: note: 'UIView' has been explicitly marked unavailable here
public class UIView {
^
/Users/admin/builder/spi-builder-workspace/Sources/Delegate.swift:86:60: error: 'UIView' is unavailable: This Objective-C class has only been forward-declared; import its owning module to use it
func blankSlate(_ view: UIView, didTapView sender: UIView)
^~~~~~
UIKit.UIView:2:14: note: 'UIView' has been explicitly marked unavailable here
public class UIView {
^
/Users/admin/builder/spi-builder-workspace/Sources/Delegate.swift:94:33: error: 'UIView' is unavailable: This Objective-C class has only been forward-declared; import its owning module to use it
func blankSlate(_ view: UIView, didTapButton sender: UIButton)
^~~~~~
UIKit.UIView:2:14: note: 'UIView' has been explicitly marked unavailable here
public class UIView {
^
/Users/admin/builder/spi-builder-workspace/Sources/Delegate.swift:100:43: error: 'UIView' is unavailable: This Objective-C class has only been forward-declared; import its owning module to use it
func blankSlateWillAppear(_ view: UIView)
^~~~~~
UIKit.UIView:2:14: note: 'UIView' has been explicitly marked unavailable here
public class UIView {
^
/Users/admin/builder/spi-builder-workspace/Sources/Delegate.swift:106:42: error: 'UIView' is unavailable: This Objective-C class has only been forward-declared; import its owning module to use it
func blankSlateDidAppear(_ view: UIView)
^~~~~~
UIKit.UIView:2:14: note: 'UIView' has been explicitly marked unavailable here
public class UIView {
^
/Users/admin/builder/spi-builder-workspace/Sources/Delegate.swift:112:46: error: 'UIView' is unavailable: This Objective-C class has only been forward-declared; import its owning module to use it
func blankSlateWillDisappear(_ view: UIView)
^~~~~~
UIKit.UIView:2:14: note: 'UIView' has been explicitly marked unavailable here
public class UIView {
^
/Users/admin/builder/spi-builder-workspace/Sources/Delegate.swift:118:45: error: 'UIView' is unavailable: This Objective-C class has only been forward-declared; import its owning module to use it
func blankSlateDidDisappear(_ view: UIView)
^~~~~~
UIKit.UIView:2:14: note: 'UIView' has been explicitly marked unavailable here
public class UIView {
^
/Users/admin/builder/spi-builder-workspace/Sources/Delegate.swift:123:59: error: 'UIView' is unavailable: This Objective-C class has only been forward-declared; import its owning module to use it
public func blankSlateShouldBeForcedToDisplay(_ view: UIView) -> Bool { false }
^~~~~~
UIKit.UIView:2:14: note: 'UIView' has been explicitly marked unavailable here
public class UIView {
^
/Users/admin/builder/spi-builder-workspace/Sources/Delegate.swift:124:49: error: 'UIView' is unavailable: This Objective-C class has only been forward-declared; import its owning module to use it
public func blankSlateShouldDisplay(_ view: UIView) -> Bool { true }
^~~~~~
UIKit.UIView:2:14: note: 'UIView' has been explicitly marked unavailable here
public class UIView {
^
/Users/admin/builder/spi-builder-workspace/Sources/Delegate.swift:126:58: error: 'UIView' is unavailable: This Objective-C class has only been forward-declared; import its owning module to use it
public func blankSlateShouldBeInsertedAtBack(_ view: UIView) -> Bool { true }
^~~~~~
UIKit.UIView:2:14: note: 'UIView' has been explicitly marked unavailable here
public class UIView {
^
/Users/admin/builder/spi-builder-workspace/Sources/Delegate.swift:128:52: error: 'UIView' is unavailable: This Objective-C class has only been forward-declared; import its owning module to use it
public func blankSlateShouldAllowTouch(_ view: UIView) -> Bool { true }
^~~~~~
UIKit.UIView:2:14: note: 'UIView' has been explicitly marked unavailable here
public class UIView {
^
/Users/admin/builder/spi-builder-workspace/Sources/Delegate.swift:130:59: error: cannot find type 'UIScrollView' in scope
public func blankSlateShouldAllowScroll(_ scrollView: UIScrollView) -> Bool { false }
^~~~~~~~~~~~
/Users/admin/builder/spi-builder-workspace/Sources/Delegate.swift:131:73: error: cannot find type 'UIScrollView' in scope
public func shouldAllowScrollAfterBlankSlateDisappear(_ scrollView: UIScrollView) -> Bool { true }
^~~~~~~~~~~~
/Users/admin/builder/spi-builder-workspace/Sources/Delegate.swift:133:36: error: 'UIView' is unavailable: This Objective-C class has only been forward-declared; import its owning module to use it
public func blankSlate(_ view: UIView, didTapView sender: UIView) { }
^~~~~~
UIKit.UIView:2:14: note: 'UIView' has been explicitly marked unavailable here
public class UIView {
^
/Users/admin/builder/spi-builder-workspace/Sources/Delegate.swift:133:63: error: 'UIView' is unavailable: This Objective-C class has only been forward-declared; import its owning module to use it
public func blankSlate(_ view: UIView, didTapView sender: UIView) { }
^~~~~~
UIKit.UIView:2:14: note: 'UIView' has been explicitly marked unavailable here
public class UIView {
^
/Users/admin/builder/spi-builder-workspace/Sources/Delegate.swift:134:65: error: cannot find type 'UIButton' in scope
public func blankSlate(_ view: UIView, didTapButton sender: UIButton) { }
^~~~~~~~
/Users/admin/builder/spi-builder-workspace/Sources/Delegate.swift:134:36: error: 'UIView' is unavailable: This Objective-C class has only been forward-declared; import its owning module to use it
public func blankSlate(_ view: UIView, didTapButton sender: UIButton) { }
^~~~~~
UIKit.UIView:2:14: note: 'UIView' has been explicitly marked unavailable here
public class UIView {
^
/Users/admin/builder/spi-builder-workspace/Sources/Delegate.swift:136:46: error: 'UIView' is unavailable: This Objective-C class has only been forward-declared; import its owning module to use it
public func blankSlateWillAppear(_ view: UIView) { }
^~~~~~
UIKit.UIView:2:14: note: 'UIView' has been explicitly marked unavailable here
public class UIView {
^
/Users/admin/builder/spi-builder-workspace/Sources/Delegate.swift:137:45: error: 'UIView' is unavailable: This Objective-C class has only been forward-declared; import its owning module to use it
public func blankSlateDidAppear(_ view: UIView) { }
^~~~~~
UIKit.UIView:2:14: note: 'UIView' has been explicitly marked unavailable here
public class UIView {
^
/Users/admin/builder/spi-builder-workspace/Sources/Delegate.swift:138:49: error: 'UIView' is unavailable: This Objective-C class has only been forward-declared; import its owning module to use it
public func blankSlateWillDisappear(_ view: UIView) { }
^~~~~~
UIKit.UIView:2:14: note: 'UIView' has been explicitly marked unavailable here
public class UIView {
^
/Users/admin/builder/spi-builder-workspace/Sources/Delegate.swift:139:48: error: 'UIView' is unavailable: This Objective-C class has only been forward-declared; import its owning module to use it
public func blankSlateDidDisappear(_ view: UIView) { }
^~~~~~
UIKit.UIView:2:14: note: 'UIView' has been explicitly marked unavailable here
public class UIView {
^
/Users/admin/builder/spi-builder-workspace/Sources/Internal/Impl.swift:175:80: error: 'UIView' is unavailable: This Objective-C class has only been forward-declared; import its owning module to use it
private func applyTransition(_ transition: BlankSlate.Transition, to view: UIView) {
^~~~~~
UIKit.UIView:2:14: note: 'UIView' has been explicitly marked unavailable here
public class UIView {
^
/Users/admin/builder/spi-builder-workspace/Sources/Internal/Impl.swift:17:11: error: 'UIView' is unavailable: This Objective-C class has only been forward-declared; import its owning module to use it
extension UIView {
^~~~~~
UIKit.UIView:2:14: note: 'UIView' has been explicitly marked unavailable here
public class UIView {
^
/Users/admin/builder/spi-builder-workspace/Sources/Internal/Impl.swift:334:49: error: cannot find type 'UIScrollView' in scope
typealias OriginalIMP = @convention(c) (UIScrollView, Selector) -> Void
^~~~~~~~~~~~
/Users/admin/builder/spi-builder-workspace/Sources/Internal/Impl.swift:336:31: error: generic parameter 'U' could not be inferred
let originalClosure = unsafeBitCast(originalImplementation, to: OriginalIMP.self)
^
Swift.unsafeBitCast:1:24: note: in call to function 'unsafeBitCast(_:to:)'
@inlinable public func unsafeBitCast<T, U>(_ x: T, to type: U.Type) -> U
^
/Users/admin/builder/spi-builder-workspace/Sources/Internal/Impl.swift:338:48: error: cannot find type 'UIScrollView' in scope
let swizzledBlock: @convention(block) (UIScrollView) -> Void = { owner in
^~~~~~~~~~~~
/Users/admin/builder/spi-builder-workspace/Sources/Internal/View.swift:17:25: error: cannot find type 'UIGestureRecognizerDelegate' in scope
class View: UIView, UIGestureRecognizerDelegate {
^~~~~~~~~~~~~~~~~~~~~~~~~~~
/Users/admin/builder/spi-builder-workspace/Sources/Internal/View.swift:19:34: error: 'UIView' is unavailable: This Objective-C class has only been forward-declared; import its owning module to use it
private let contentView: UIView = {
^~~~~~
UIKit.UIView:2:14: note: 'UIView' has been explicitly marked unavailable here
public class UIView {
^
/Users/admin/builder/spi-builder-workspace/Sources/Internal/View.swift:20:31: error: 'UIView' cannot be constructed because it has no accessible initializers
let contentView = UIView()
^~~~~~
/Users/admin/builder/spi-builder-workspace/Sources/Internal/View.swift:32:52: error: cannot find type 'UIImageView' in scope
func makeImageView(with layout: Layout) -> UIImageView {
^~~~~~~~~~~
/Users/admin/builder/spi-builder-workspace/Sources/Internal/View.swift:45:53: error: cannot find type 'UILabel' in scope
func makeTitleLabel(with layout: Layout) -> UILabel {
^~~~~~~
/Users/admin/builder/spi-builder-workspace/Sources/Internal/View.swift:61:54: error: cannot find type 'UILabel' in scope
func makeDetailLabel(with layout: Layout) -> UILabel {
^~~~~~~
/Users/admin/builder/spi-builder-workspace/Sources/Internal/View.swift:77:49: error: cannot find type 'UIButton' in scope
func makeButton(with layout: Layout) -> UIButton {
^~~~~~~~
/Users/admin/builder/spi-builder-workspace/Sources/Internal/View.swift:92:36: error: 'UIView' is unavailable: This Objective-C class has only been forward-declared; import its owning module to use it
func setCustomView(_ view: UIView, layout: Layout) {
^~~~~~
UIKit.UIView:2:14: note: 'UIView' has been explicitly marked unavailable here
public class UIView {
^
/Users/admin/builder/spi-builder-workspace/Sources/Internal/View.swift:99:38: error: cannot find type 'UITapGestureRecognizer' in scope
private weak var tapGesture: UITapGestureRecognizer?
^~~~~~~~~~~~~~~~~~~~~~
/Users/admin/builder/spi-builder-workspace/Sources/Internal/View.swift:106:58: error: cannot find type 'UIGestureRecognizer' in scope
var shouldRecognizeSimultaneously: (_ withOther: UIGestureRecognizer, _ of: UIGestureRecognizer) -> Bool = { _, _ in false }
^~~~~~~~~~~~~~~~~~~
/Users/admin/builder/spi-builder-workspace/Sources/Internal/View.swift:106:85: error: cannot find type 'UIGestureRecognizer' in scope
var shouldRecognizeSimultaneously: (_ withOther: UIGestureRecognizer, _ of: UIGestureRecognizer) -> Bool = { _, _ in false }
^~~~~~~~~~~~~~~~~~~
/Users/admin/builder/spi-builder-workspace/Sources/Internal/View.swift:108:31: error: 'UIView' is unavailable: This Objective-C class has only been forward-declared; import its owning module to use it
var didTap: ((_ view: UIView) -> Void)?
^~~~~~
UIKit.UIView:2:14: note: 'UIView' has been explicitly marked unavailable here
public class UIView {
^
/Users/admin/builder/spi-builder-workspace/Sources/Internal/View.swift:110:18: error: initializer does not override a designated initializer from its superclass
override init(frame: CGRect) {
~~~~~~~~ ^
/Users/admin/builder/spi-builder-workspace/Sources/Internal/View.swift:142:23: error: method does not override any method from its superclass
override func didMoveToSuperview() {
~~~~~~~~ ^
/Users/admin/builder/spi-builder-workspace/Sources/Internal/View.swift:146:23: error: method does not override any method from its superclass
override func didMoveToWindow() {
~~~~~~~~ ^
/Users/admin/builder/spi-builder-workspace/Sources/Internal/View.swift:189:23: error: method does not override any method from its superclass
override func layoutSubviews() {
~~~~~~~~ ^
/Users/admin/builder/spi-builder-workspace/Sources/Internal/View.swift:196:45: error: cannot find type 'UIButton' in scope
private func didTapButton(_ sender: UIButton) {
^~~~~~~~
/Users/admin/builder/spi-builder-workspace/Sources/Internal/View.swift:201:50: error: cannot find type 'UITapGestureRecognizer' in scope
private func didTapContentView(_ sender: UITapGestureRecognizer) {
^~~~~~~~~~~~~~~~~~~~~~
/Users/admin/builder/spi-builder-workspace/Sources/Internal/View.swift:278:61: error: cannot find type 'UIEvent' in scope
override func hitTest(_ point: CGPoint, with event: UIEvent?) -> UIView? {
^~~~~~~
/Users/admin/builder/spi-builder-workspace/Sources/Internal/View.swift:278:74: error: 'UIView' is unavailable: This Objective-C class has only been forward-declared; import its owning module to use it
override func hitTest(_ point: CGPoint, with event: UIEvent?) -> UIView? {
^~~~~~
UIKit.UIView:2:14: note: 'UIView' has been explicitly marked unavailable here
public class UIView {
^
/Users/admin/builder/spi-builder-workspace/Sources/Internal/View.swift:328:73: error: cannot find type 'UIGestureRecognizer' in scope
override func gestureRecognizerShouldBegin(_ gestureRecognizer: UIGestureRecognizer) -> Bool {
^~~~~~~~~~~~~~~~~~~
/Users/admin/builder/spi-builder-workspace/Sources/Internal/View.swift:335:53: error: cannot find type 'UIGestureRecognizer' in scope
func gestureRecognizer(_ gestureRecognizer: UIGestureRecognizer,
^~~~~~~~~~~~~~~~~~~
/Users/admin/builder/spi-builder-workspace/Sources/Internal/View.swift:336:90: error: cannot find type 'UIGestureRecognizer' in scope
shouldRecognizeSimultaneouslyWith otherGestureRecognizer: UIGestureRecognizer) -> Bool {
^~~~~~~~~~~~~~~~~~~
/Users/admin/builder/spi-builder-workspace/Sources/Internal/View.swift:17:11: error: cannot inherit from non-open class 'UIView' outside of its defining module
class View: UIView, UIGestureRecognizerDelegate {
^
/Users/admin/builder/spi-builder-workspace/Sources/Internal/View.swift:17:17: error: 'UIView' is unavailable: This Objective-C class has only been forward-declared; import its owning module to use it
class View: UIView, UIGestureRecognizerDelegate {
^~~~~~
UIKit.UIView:2:14: note: 'UIView' has been explicitly marked unavailable here
public class UIView {
^
/Users/admin/builder/spi-builder-workspace/Sources/Internal/View.swift:347:15: error: 'UIView' is unavailable: This Objective-C class has only been forward-declared; import its owning module to use it
let view: UIView
^~~~~~
UIKit.UIView:2:14: note: 'UIView' has been explicitly marked unavailable here
public class UIView {
^
/Users/admin/builder/spi-builder-workspace/Sources/Internal/View.swift:353:66: error: 'UIView' is unavailable: This Objective-C class has only been forward-declared; import its owning module to use it
@discardableResult fileprivate mutating func updateLayout<T: UIView>(
^~~~~~
UIKit.UIView:2:14: note: 'UIView' has been explicitly marked unavailable here
public class UIView {
^
Failed frontend command:
/Applications/Xcode-16.3.0.app/Contents/Developer/Toolchains/XcodeDefault.xctoolchain/usr/bin/swift-frontend -frontend -emit-module -experimental-skip-non-inlinable-function-bodies-without-types /Users/admin/builder/spi-builder-workspace/.derivedData/Build/Intermediates.noindex/BlankSlate.build/Debug-watchos/BlankSlate.build/DerivedSources/resource_bundle_accessor.swift /Users/admin/builder/spi-builder-workspace/Sources/BlankSlate.swift /Users/admin/builder/spi-builder-workspace/Sources/Convenience.swift /Users/admin/builder/spi-builder-workspace/Sources/DataSource.swift /Users/admin/builder/spi-builder-workspace/Sources/Delegate.swift /Users/admin/builder/spi-builder-workspace/Sources/Internal/Impl.swift /Users/admin/builder/spi-builder-workspace/Sources/Internal/View.swift /Users/admin/builder/spi-builder-workspace/Sources/Model.swift /Users/admin/builder/spi-builder-workspace/Sources/SwiftUI.swift -target arm64_32-apple-watchos6.0 -enable-objc-interop -sdk /Applications/Xcode-16.3.0.app/Contents/Developer/Platforms/WatchOS.platform/Developer/SDKs/WatchOS11.4.sdk -I /Users/admin/builder/spi-builder-workspace/.derivedData/Build/Products/Debug-watchos -I /Applications/Xcode-16.3.0.app/Contents/Developer/Platforms/WatchOS.platform/Developer/usr/lib -F /Users/admin/builder/spi-builder-workspace/.derivedData/Build/Products/Debug-watchos -F /Applications/Xcode-16.3.0.app/Contents/Developer/Platforms/WatchOS.platform/Developer/Library/Frameworks -F /Applications/Xcode-16.3.0.app/Contents/Developer/Platforms/WatchOS.platform/Developer/SDKs/WatchOS11.4.sdk/Developer/Library/Frameworks -no-color-diagnostics -enable-testing -g -debug-info-format\=dwarf -dwarf-version\=4 -module-cache-path /Users/admin/builder/spi-builder-workspace/.derivedData/ModuleCache.noindex -profile-generate -profile-coverage-mapping -swift-version 6 -enforce-exclusivity\=checked -Onone -D SWIFT_PACKAGE -D DEBUG -D Xcode -serialize-debugging-options -const-gather-protocols-file /Users/admin/builder/spi-builder-workspace/.derivedData/Build/Intermediates.noindex/BlankSlate.build/Debug-watchos/BlankSlate.build/Objects-normal/arm64_32/BlankSlate_const_extract_protocols.json -enable-experimental-feature DebugDescriptionMacro -empty-abi-descriptor -plugin-path /Applications/Xcode-16.3.0.app/Contents/Developer/Toolchains/XcodeDefault.xctoolchain/usr/lib/swift/host/plugins/testing -validate-clang-modules-once -clang-build-session-file /Users/admin/builder/spi-builder-workspace/.derivedData/ModuleCache.noindex/Session.modulevalidation -Xcc -working-directory -Xcc /Users/admin/builder/spi-builder-workspace/.swiftpm/xcode -resource-dir /Applications/Xcode-16.3.0.app/Contents/Developer/Toolchains/XcodeDefault.xctoolchain/usr/lib/swift -enable-anonymous-context-mangled-names -file-compilation-dir /Users/admin/builder/spi-builder-workspace/.swiftpm/xcode -Xcc -ivfsstatcache -Xcc /Users/admin/builder/spi-builder-workspace/.derivedData/SDKStatCaches.noindex/watchos11.4-22T246-43efb940ff07ba2497b70ec94253f576.sdkstatcache -Xcc -I/Users/admin/builder/spi-builder-workspace/.derivedData/Build/Intermediates.noindex/BlankSlate.build/Debug-watchos/BlankSlate.build/swift-overrides.hmap -Xcc -I/Users/admin/builder/spi-builder-workspace/.derivedData/Build/Products/Debug-watchos/include -Xcc -I/Users/admin/builder/spi-builder-workspace/.derivedData/Build/Intermediates.noindex/BlankSlate.build/Debug-watchos/BlankSlate.build/DerivedSources-normal/arm64_32 -Xcc -I/Users/admin/builder/spi-builder-workspace/.derivedData/Build/Intermediates.noindex/BlankSlate.build/Debug-watchos/BlankSlate.build/DerivedSources/arm64_32 -Xcc -I/Users/admin/builder/spi-builder-workspace/.derivedData/Build/Intermediates.noindex/BlankSlate.build/Debug-watchos/BlankSlate.build/DerivedSources -Xcc -DSWIFT_PACKAGE -Xcc -DDEBUG\=1 -module-name BlankSlate -package-name spi_builder_workspace -frontend-parseable-output -disable-clang-spi -target-sdk-version 11.4 -target-sdk-name watchos11.4 -external-plugin-path /Applications/Xcode-16.3.0.app/Contents/Developer/Platforms/WatchOS.platform/Developer/usr/lib/swift/host/plugins\#/Applications/Xcode-16.3.0.app/Contents/Developer/Platforms/WatchOS.platform/Developer/usr/bin/swift-plugin-server -external-plugin-path /Applications/Xcode-16.3.0.app/Contents/Developer/Platforms/WatchOS.platform/Developer/usr/local/lib/swift/host/plugins\#/Applications/Xcode-16.3.0.app/Contents/Developer/Platforms/WatchOS.platform/Developer/usr/bin/swift-plugin-server -in-process-plugin-server-path /Applications/Xcode-16.3.0.app/Contents/Developer/Toolchains/XcodeDefault.xctoolchain/usr/lib/swift/host/libSwiftInProcPluginServer.dylib -plugin-path /Applications/Xcode-16.3.0.app/Contents/Developer/Toolchains/XcodeDefault.xctoolchain/usr/lib/swift/host/plugins -plugin-path /Applications/Xcode-16.3.0.app/Contents/Developer/Toolchains/XcodeDefault.xctoolchain/usr/local/lib/swift/host/plugins -emit-module-doc-path /Users/admin/builder/spi-builder-workspace/.derivedData/Build/Intermediates.noindex/BlankSlate.build/Debug-watchos/BlankSlate.build/Objects-normal/arm64_32/BlankSlate.swiftdoc -emit-module-source-info-path /Users/admin/builder/spi-builder-workspace/.derivedData/Build/Intermediates.noindex/BlankSlate.build/Debug-watchos/BlankSlate.build/Objects-normal/arm64_32/BlankSlate.swiftsourceinfo -emit-objc-header-path /Users/admin/builder/spi-builder-workspace/.derivedData/Build/Intermediates.noindex/BlankSlate.build/Debug-watchos/BlankSlate.build/Objects-normal/arm64_32/BlankSlate-Swift.h -serialize-diagnostics-path /Users/admin/builder/spi-builder-workspace/.derivedData/Build/Intermediates.noindex/BlankSlate.build/Debug-watchos/BlankSlate.build/Objects-normal/arm64_32/BlankSlate-master-emit-module.dia -emit-dependencies-path /Users/admin/builder/spi-builder-workspace/.derivedData/Build/Intermediates.noindex/BlankSlate.build/Debug-watchos/BlankSlate.build/Objects-normal/arm64_32/BlankSlate-master-emit-module.d -o /Users/admin/builder/spi-builder-workspace/.derivedData/Build/Intermediates.noindex/BlankSlate.build/Debug-watchos/BlankSlate.build/Objects-normal/arm64_32/BlankSlate.swiftmodule -emit-abi-descriptor-path /Users/admin/builder/spi-builder-workspace/.derivedData/Build/Intermediates.noindex/BlankSlate.build/Debug-watchos/BlankSlate.build/Objects-normal/arm64_32/BlankSlate.abi.json
SwiftCompile normal arm64_32 Compiling\ Delegate.swift /Users/admin/builder/spi-builder-workspace/Sources/Delegate.swift (in target 'BlankSlate' from project 'BlankSlate')
SwiftCompile normal arm64_32 /Users/admin/builder/spi-builder-workspace/Sources/Delegate.swift (in target 'BlankSlate' from project 'BlankSlate')
cd /Users/admin/builder/spi-builder-workspace/.swiftpm/xcode
SwiftCompile normal arm64_32 Compiling\ Convenience.swift /Users/admin/builder/spi-builder-workspace/Sources/Convenience.swift (in target 'BlankSlate' from project 'BlankSlate')
SwiftCompile normal arm64_32 /Users/admin/builder/spi-builder-workspace/Sources/Convenience.swift (in target 'BlankSlate' from project 'BlankSlate')
cd /Users/admin/builder/spi-builder-workspace/.swiftpm/xcode
SwiftEmitModule normal armv7k Emitting\ module\ for\ BlankSlate (in target 'BlankSlate' from project 'BlankSlate')
EmitSwiftModule normal armv7k (in target 'BlankSlate' from project 'BlankSlate')
cd /Users/admin/builder/spi-builder-workspace/.swiftpm/xcode
SwiftCompile normal arm64_32 Compiling\ BlankSlate.swift /Users/admin/builder/spi-builder-workspace/Sources/BlankSlate.swift (in target 'BlankSlate' from project 'BlankSlate')
SwiftCompile normal arm64_32 /Users/admin/builder/spi-builder-workspace/Sources/BlankSlate.swift (in target 'BlankSlate' from project 'BlankSlate')
cd /Users/admin/builder/spi-builder-workspace/.swiftpm/xcode
SwiftEmitModule normal arm64 Emitting\ module\ for\ BlankSlate (in target 'BlankSlate' from project 'BlankSlate')
EmitSwiftModule normal arm64 (in target 'BlankSlate' from project 'BlankSlate')
cd /Users/admin/builder/spi-builder-workspace/.swiftpm/xcode
SwiftCompile normal arm64_32 Compiling\ SwiftUI.swift /Users/admin/builder/spi-builder-workspace/Sources/SwiftUI.swift (in target 'BlankSlate' from project 'BlankSlate')
SwiftCompile normal arm64_32 /Users/admin/builder/spi-builder-workspace/Sources/SwiftUI.swift (in target 'BlankSlate' from project 'BlankSlate')
cd /Users/admin/builder/spi-builder-workspace/.swiftpm/xcode
SwiftCompile normal arm64 Compiling\ Impl.swift /Users/admin/builder/spi-builder-workspace/Sources/Internal/Impl.swift (in target 'BlankSlate' from project 'BlankSlate')
SwiftCompile normal arm64 /Users/admin/builder/spi-builder-workspace/Sources/Internal/Impl.swift (in target 'BlankSlate' from project 'BlankSlate')
cd /Users/admin/builder/spi-builder-workspace/.swiftpm/xcode
SwiftCompile normal arm64 Compiling\ View.swift /Users/admin/builder/spi-builder-workspace/Sources/Internal/View.swift (in target 'BlankSlate' from project 'BlankSlate')
SwiftCompile normal arm64 /Users/admin/builder/spi-builder-workspace/Sources/Internal/View.swift (in target 'BlankSlate' from project 'BlankSlate')
cd /Users/admin/builder/spi-builder-workspace/.swiftpm/xcode
SwiftCompile normal armv7k Compiling\ Delegate.swift /Users/admin/builder/spi-builder-workspace/Sources/Delegate.swift (in target 'BlankSlate' from project 'BlankSlate')
SwiftCompile normal armv7k /Users/admin/builder/spi-builder-workspace/Sources/Delegate.swift (in target 'BlankSlate' from project 'BlankSlate')
cd /Users/admin/builder/spi-builder-workspace/.swiftpm/xcode
SwiftCompile normal arm64_32 Compiling\ Impl.swift /Users/admin/builder/spi-builder-workspace/Sources/Internal/Impl.swift (in target 'BlankSlate' from project 'BlankSlate')
Command SwiftCompile failed with a nonzero exit code
** BUILD FAILED **
The following build commands failed:
EmitSwiftModule normal arm64_32 (in target 'BlankSlate' from project 'BlankSlate')
SwiftEmitModule normal arm64_32 Emitting\ module\ for\ BlankSlate (in target 'BlankSlate' from project 'BlankSlate')
SwiftCompile normal arm64_32 Compiling\ Impl.swift /Users/admin/builder/spi-builder-workspace/Sources/Internal/Impl.swift (in target 'BlankSlate' from project 'BlankSlate')
Building workspace spi-builder-workspace with scheme BlankSlate
(4 failures)
BUILD FAILURE 6.1 watchOS