The Swift Package Index logo.Swift Package Index

Build Information

Failed to build LCARSDisplayKit, reference 2.1.0 (eb6b44), with Swift 6.4 for visionOS using Xcode 27.0 on 16 Sep 2026 15:10:10 UTC.

Build Command

env DEVELOPER_DIR=/Applications/Xcode-27.0.0-Release.Candidate.app xcrun xcodebuild -IDEClonedSourcePackagesDirPathOverride=$PWD/.dependencies -skipMacroValidation -skipPackagePluginValidation -derivedDataPath $PWD/.derivedData build -scheme LCARSDisplayKit-Package -destination generic/platform=xrOS

Build Log

    cd /Users/admin/builder/spi-builder-workspace
    write-file /Users/admin/builder/spi-builder-workspace/.derivedData/Build/Intermediates.noindex/LCARSDisplayKit.build/Debug-xros/LCARSDisplayKitViews-t.build/LCARSDisplayKitViews.DependencyStaticMetadataFileList
WriteAuxiliaryFile /Users/admin/builder/spi-builder-workspace/.derivedData/Build/Intermediates.noindex/LCARSDisplayKit.build/Debug-xros/LCARSDisplayKitViews-t.build/Objects-normal/arm64/LCARSDisplayKitViews_const_extract_protocols.json (in target 'LCARSDisplayKitViews' from project 'LCARSDisplayKit')
    cd /Users/admin/builder/spi-builder-workspace
    write-file /Users/admin/builder/spi-builder-workspace/.derivedData/Build/Intermediates.noindex/LCARSDisplayKit.build/Debug-xros/LCARSDisplayKitViews-t.build/Objects-normal/arm64/LCARSDisplayKitViews_const_extract_protocols.json
WriteAuxiliaryFile /Users/admin/builder/spi-builder-workspace/.derivedData/Build/Intermediates.noindex/LCARSDisplayKit.build/Debug-xros/LCARSDisplayKitViews-t.build/Objects-normal/arm64/LCARSDisplayKitViews-OutputFileMap.json (in target 'LCARSDisplayKitViews' from project 'LCARSDisplayKit')
    cd /Users/admin/builder/spi-builder-workspace
    write-file /Users/admin/builder/spi-builder-workspace/.derivedData/Build/Intermediates.noindex/LCARSDisplayKit.build/Debug-xros/LCARSDisplayKitViews-t.build/Objects-normal/arm64/LCARSDisplayKitViews-OutputFileMap.json
WriteAuxiliaryFile /Users/admin/builder/spi-builder-workspace/.derivedData/Build/Intermediates.noindex/LCARSDisplayKit.build/Debug-xros/LCARSDisplayKitViews-t.build/Objects-normal/arm64/LCARSDisplayKitViews.SwiftConstValuesFileList (in target 'LCARSDisplayKitViews' from project 'LCARSDisplayKit')
    cd /Users/admin/builder/spi-builder-workspace
    write-file /Users/admin/builder/spi-builder-workspace/.derivedData/Build/Intermediates.noindex/LCARSDisplayKit.build/Debug-xros/LCARSDisplayKitViews-t.build/Objects-normal/arm64/LCARSDisplayKitViews.SwiftConstValuesFileList
WriteAuxiliaryFile /Users/admin/builder/spi-builder-workspace/.derivedData/Build/Intermediates.noindex/LCARSDisplayKit.build/Debug-xros/LCARSDisplayKitViews-t.build/Objects-normal/arm64/LCARSDisplayKitViews.SwiftFileList (in target 'LCARSDisplayKitViews' from project 'LCARSDisplayKit')
    cd /Users/admin/builder/spi-builder-workspace
    write-file /Users/admin/builder/spi-builder-workspace/.derivedData/Build/Intermediates.noindex/LCARSDisplayKit.build/Debug-xros/LCARSDisplayKitViews-t.build/Objects-normal/arm64/LCARSDisplayKitViews.SwiftFileList
WriteAuxiliaryFile /Users/admin/builder/spi-builder-workspace/.derivedData/Build/Intermediates.noindex/LCARSDisplayKit.build/Debug-xros/LCARSDisplayKitViews-t.build/Objects-normal/arm64/LCARSDisplayKitViews.LinkFileList (in target 'LCARSDisplayKitViews' from project 'LCARSDisplayKit')
    cd /Users/admin/builder/spi-builder-workspace
    write-file /Users/admin/builder/spi-builder-workspace/.derivedData/Build/Intermediates.noindex/LCARSDisplayKit.build/Debug-xros/LCARSDisplayKitViews-t.build/Objects-normal/arm64/LCARSDisplayKitViews.LinkFileList
WriteAuxiliaryFile /Users/admin/builder/spi-builder-workspace/.derivedData/Build/Intermediates.noindex/LCARSDisplayKit.build/Debug-xros/LCARSDisplayKitUI-t.build/Objects-normal/arm64/LCARSDisplayKitUI_const_extract_protocols.json (in target 'LCARSDisplayKitUI' from project 'LCARSDisplayKit')
    cd /Users/admin/builder/spi-builder-workspace
    write-file /Users/admin/builder/spi-builder-workspace/.derivedData/Build/Intermediates.noindex/LCARSDisplayKit.build/Debug-xros/LCARSDisplayKitUI-t.build/Objects-normal/arm64/LCARSDisplayKitUI_const_extract_protocols.json
WriteAuxiliaryFile /Users/admin/builder/spi-builder-workspace/.derivedData/Build/Intermediates.noindex/LCARSDisplayKit.build/Debug-xros/LCARSDisplayKitUI-t.build/Objects-normal/arm64/LCARSDisplayKitUI.SwiftFileList (in target 'LCARSDisplayKitUI' from project 'LCARSDisplayKit')
    cd /Users/admin/builder/spi-builder-workspace
    write-file /Users/admin/builder/spi-builder-workspace/.derivedData/Build/Intermediates.noindex/LCARSDisplayKit.build/Debug-xros/LCARSDisplayKitUI-t.build/Objects-normal/arm64/LCARSDisplayKitUI.SwiftFileList
WriteAuxiliaryFile /Users/admin/builder/spi-builder-workspace/.derivedData/Build/Intermediates.noindex/LCARSDisplayKit.build/Debug-xros/LCARSDisplayKitUI-t.build/Objects-normal/arm64/LCARSDisplayKitUI.SwiftConstValuesFileList (in target 'LCARSDisplayKitUI' from project 'LCARSDisplayKit')
    cd /Users/admin/builder/spi-builder-workspace
    write-file /Users/admin/builder/spi-builder-workspace/.derivedData/Build/Intermediates.noindex/LCARSDisplayKit.build/Debug-xros/LCARSDisplayKitUI-t.build/Objects-normal/arm64/LCARSDisplayKitUI.SwiftConstValuesFileList
WriteAuxiliaryFile /Users/admin/builder/spi-builder-workspace/.derivedData/Build/Intermediates.noindex/LCARSDisplayKit.build/Debug-xros/LCARSDisplayKitUI-t.build/Objects-normal/arm64/LCARSDisplayKitUI.LinkFileList (in target 'LCARSDisplayKitUI' from project 'LCARSDisplayKit')
    cd /Users/admin/builder/spi-builder-workspace
    write-file /Users/admin/builder/spi-builder-workspace/.derivedData/Build/Intermediates.noindex/LCARSDisplayKit.build/Debug-xros/LCARSDisplayKitUI-t.build/Objects-normal/arm64/LCARSDisplayKitUI.LinkFileList
WriteAuxiliaryFile /Users/admin/builder/spi-builder-workspace/.derivedData/Build/Intermediates.noindex/LCARSDisplayKit.build/Debug-xros/LCARSDisplayKitUI-t.build/Objects-normal/arm64/LCARSDisplayKitUI-OutputFileMap.json (in target 'LCARSDisplayKitUI' from project 'LCARSDisplayKit')
    cd /Users/admin/builder/spi-builder-workspace
    write-file /Users/admin/builder/spi-builder-workspace/.derivedData/Build/Intermediates.noindex/LCARSDisplayKit.build/Debug-xros/LCARSDisplayKitUI-t.build/Objects-normal/arm64/LCARSDisplayKitUI-OutputFileMap.json
Copy /Users/admin/builder/spi-builder-workspace/.derivedData/Build/Intermediates.noindex/GeneratedModuleMaps-xros/LCARSDisplayKitViews.modulemap /Users/admin/builder/spi-builder-workspace/.derivedData/Build/Intermediates.noindex/LCARSDisplayKit.build/Debug-xros/LCARSDisplayKitViews-t.build/LCARSDisplayKitViews.modulemap (in target 'LCARSDisplayKitViews' from project 'LCARSDisplayKit')
    cd /Users/admin/builder/spi-builder-workspace
    builtin-copy -exclude .DS_Store -exclude CVS -exclude .svn -exclude .git -exclude .hg -resolve-src-symlinks /Users/admin/builder/spi-builder-workspace/.derivedData/Build/Intermediates.noindex/LCARSDisplayKit.build/Debug-xros/LCARSDisplayKitViews-t.build/LCARSDisplayKitViews.modulemap /Users/admin/builder/spi-builder-workspace/.derivedData/Build/Intermediates.noindex/GeneratedModuleMaps-xros
WriteAuxiliaryFile /Users/admin/builder/spi-builder-workspace/.derivedData/Build/Intermediates.noindex/LCARSDisplayKit.build/Debug-xros/LCARSDisplayKitUI-t.build/LCARSDisplayKitUI.modulemap (in target 'LCARSDisplayKitUI' from project 'LCARSDisplayKit')
    cd /Users/admin/builder/spi-builder-workspace
    write-file /Users/admin/builder/spi-builder-workspace/.derivedData/Build/Intermediates.noindex/LCARSDisplayKit.build/Debug-xros/LCARSDisplayKitUI-t.build/LCARSDisplayKitUI.modulemap
WriteAuxiliaryFile /Users/admin/builder/spi-builder-workspace/.derivedData/Build/Intermediates.noindex/LCARSDisplayKit.build/Debug-xros/LCARSDisplayKitUI-t.build/LCARSDisplayKitUI.DependencyStaticMetadataFileList (in target 'LCARSDisplayKitUI' from project 'LCARSDisplayKit')
    cd /Users/admin/builder/spi-builder-workspace
    write-file /Users/admin/builder/spi-builder-workspace/.derivedData/Build/Intermediates.noindex/LCARSDisplayKit.build/Debug-xros/LCARSDisplayKitUI-t.build/LCARSDisplayKitUI.DependencyStaticMetadataFileList
WriteAuxiliaryFile /Users/admin/builder/spi-builder-workspace/.derivedData/Build/Intermediates.noindex/LCARSDisplayKit.build/Debug-xros/LCARSDisplayKitUI-t.build/LCARSDisplayKitUI.DependencyMetadataFileList (in target 'LCARSDisplayKitUI' from project 'LCARSDisplayKit')
    cd /Users/admin/builder/spi-builder-workspace
    write-file /Users/admin/builder/spi-builder-workspace/.derivedData/Build/Intermediates.noindex/LCARSDisplayKit.build/Debug-xros/LCARSDisplayKitUI-t.build/LCARSDisplayKitUI.DependencyMetadataFileList
WriteAuxiliaryFile /Users/admin/builder/spi-builder-workspace/.derivedData/Build/Intermediates.noindex/LCARSDisplayKit.build/Debug-xros/LCARSDisplayKit-t.build/Objects-normal/arm64/LCARSDisplayKit.SwiftConstValuesFileList (in target 'LCARSDisplayKit' from project 'LCARSDisplayKit')
    cd /Users/admin/builder/spi-builder-workspace
    write-file /Users/admin/builder/spi-builder-workspace/.derivedData/Build/Intermediates.noindex/LCARSDisplayKit.build/Debug-xros/LCARSDisplayKit-t.build/Objects-normal/arm64/LCARSDisplayKit.SwiftConstValuesFileList
WriteAuxiliaryFile /Users/admin/builder/spi-builder-workspace/.derivedData/Build/Intermediates.noindex/LCARSDisplayKit.build/Debug-xros/LCARSDisplayKit-t.build/Objects-normal/arm64/LCARSDisplayKit_const_extract_protocols.json (in target 'LCARSDisplayKit' from project 'LCARSDisplayKit')
    cd /Users/admin/builder/spi-builder-workspace
    write-file /Users/admin/builder/spi-builder-workspace/.derivedData/Build/Intermediates.noindex/LCARSDisplayKit.build/Debug-xros/LCARSDisplayKit-t.build/Objects-normal/arm64/LCARSDisplayKit_const_extract_protocols.json
WriteAuxiliaryFile /Users/admin/builder/spi-builder-workspace/.derivedData/Build/Intermediates.noindex/LCARSDisplayKit.build/Debug-xros/LCARSDisplayKit-t.build/Objects-normal/arm64/LCARSDisplayKit.SwiftFileList (in target 'LCARSDisplayKit' from project 'LCARSDisplayKit')
    cd /Users/admin/builder/spi-builder-workspace
    write-file /Users/admin/builder/spi-builder-workspace/.derivedData/Build/Intermediates.noindex/LCARSDisplayKit.build/Debug-xros/LCARSDisplayKit-t.build/Objects-normal/arm64/LCARSDisplayKit.SwiftFileList
WriteAuxiliaryFile /Users/admin/builder/spi-builder-workspace/.derivedData/Build/Intermediates.noindex/LCARSDisplayKit.build/Debug-xros/LCARSDisplayKit-t.build/Objects-normal/arm64/LCARSDisplayKit.LinkFileList (in target 'LCARSDisplayKit' from project 'LCARSDisplayKit')
    cd /Users/admin/builder/spi-builder-workspace
    write-file /Users/admin/builder/spi-builder-workspace/.derivedData/Build/Intermediates.noindex/LCARSDisplayKit.build/Debug-xros/LCARSDisplayKit-t.build/Objects-normal/arm64/LCARSDisplayKit.LinkFileList
WriteAuxiliaryFile /Users/admin/builder/spi-builder-workspace/.derivedData/Build/Intermediates.noindex/LCARSDisplayKit.build/Debug-xros/LCARSDisplayKit-t.build/Objects-normal/arm64/LCARSDisplayKit-OutputFileMap.json (in target 'LCARSDisplayKit' from project 'LCARSDisplayKit')
    cd /Users/admin/builder/spi-builder-workspace
    write-file /Users/admin/builder/spi-builder-workspace/.derivedData/Build/Intermediates.noindex/LCARSDisplayKit.build/Debug-xros/LCARSDisplayKit-t.build/Objects-normal/arm64/LCARSDisplayKit-OutputFileMap.json
WriteAuxiliaryFile /Users/admin/builder/spi-builder-workspace/.derivedData/Build/Intermediates.noindex/LCARSDisplayKit.build/Debug-xros/LCARSDisplayKit-t.build/LCARSDisplayKit.modulemap (in target 'LCARSDisplayKit' from project 'LCARSDisplayKit')
    cd /Users/admin/builder/spi-builder-workspace
    write-file /Users/admin/builder/spi-builder-workspace/.derivedData/Build/Intermediates.noindex/LCARSDisplayKit.build/Debug-xros/LCARSDisplayKit-t.build/LCARSDisplayKit.modulemap
WriteAuxiliaryFile /Users/admin/builder/spi-builder-workspace/.derivedData/Build/Intermediates.noindex/LCARSDisplayKit.build/Debug-xros/LCARSDisplayKit-t.build/LCARSDisplayKit.DependencyStaticMetadataFileList (in target 'LCARSDisplayKit' from project 'LCARSDisplayKit')
    cd /Users/admin/builder/spi-builder-workspace
    write-file /Users/admin/builder/spi-builder-workspace/.derivedData/Build/Intermediates.noindex/LCARSDisplayKit.build/Debug-xros/LCARSDisplayKit-t.build/LCARSDisplayKit.DependencyStaticMetadataFileList
Copy /Users/admin/builder/spi-builder-workspace/.derivedData/Build/Intermediates.noindex/GeneratedModuleMaps-xros/LCARSDisplayKitUI.modulemap /Users/admin/builder/spi-builder-workspace/.derivedData/Build/Intermediates.noindex/LCARSDisplayKit.build/Debug-xros/LCARSDisplayKitUI-t.build/LCARSDisplayKitUI.modulemap (in target 'LCARSDisplayKitUI' from project 'LCARSDisplayKit')
    cd /Users/admin/builder/spi-builder-workspace
    builtin-copy -exclude .DS_Store -exclude CVS -exclude .svn -exclude .git -exclude .hg -resolve-src-symlinks /Users/admin/builder/spi-builder-workspace/.derivedData/Build/Intermediates.noindex/LCARSDisplayKit.build/Debug-xros/LCARSDisplayKitUI-t.build/LCARSDisplayKitUI.modulemap /Users/admin/builder/spi-builder-workspace/.derivedData/Build/Intermediates.noindex/GeneratedModuleMaps-xros
WriteAuxiliaryFile /Users/admin/builder/spi-builder-workspace/.derivedData/Build/Intermediates.noindex/LCARSDisplayKit.build/Debug-xros/LCARSDisplayKit-t.build/LCARSDisplayKit.DependencyMetadataFileList (in target 'LCARSDisplayKit' from project 'LCARSDisplayKit')
    cd /Users/admin/builder/spi-builder-workspace
    write-file /Users/admin/builder/spi-builder-workspace/.derivedData/Build/Intermediates.noindex/LCARSDisplayKit.build/Debug-xros/LCARSDisplayKit-t.build/LCARSDisplayKit.DependencyMetadataFileList
WriteAuxiliaryFile /Users/admin/builder/spi-builder-workspace/.derivedData/Build/Intermediates.noindex/GraphPoint.build/Debug-xros/GraphPointUI-t.build/Objects-normal/arm64/GraphPointUI_const_extract_protocols.json (in target 'GraphPointUI' from project 'GraphPoint')
    cd /Users/admin/builder/spi-builder-workspace/.dependencies/checkouts/GraphPoint
    write-file /Users/admin/builder/spi-builder-workspace/.derivedData/Build/Intermediates.noindex/GraphPoint.build/Debug-xros/GraphPointUI-t.build/Objects-normal/arm64/GraphPointUI_const_extract_protocols.json
WriteAuxiliaryFile /Users/admin/builder/spi-builder-workspace/.derivedData/Build/Intermediates.noindex/GraphPoint.build/Debug-xros/GraphPointUI-t.build/Objects-normal/arm64/GraphPointUI.SwiftFileList (in target 'GraphPointUI' from project 'GraphPoint')
    cd /Users/admin/builder/spi-builder-workspace/.dependencies/checkouts/GraphPoint
    write-file /Users/admin/builder/spi-builder-workspace/.derivedData/Build/Intermediates.noindex/GraphPoint.build/Debug-xros/GraphPointUI-t.build/Objects-normal/arm64/GraphPointUI.SwiftFileList
WriteAuxiliaryFile /Users/admin/builder/spi-builder-workspace/.derivedData/Build/Intermediates.noindex/GraphPoint.build/Debug-xros/GraphPointUI-t.build/Objects-normal/arm64/GraphPointUI.SwiftConstValuesFileList (in target 'GraphPointUI' from project 'GraphPoint')
    cd /Users/admin/builder/spi-builder-workspace/.dependencies/checkouts/GraphPoint
    write-file /Users/admin/builder/spi-builder-workspace/.derivedData/Build/Intermediates.noindex/GraphPoint.build/Debug-xros/GraphPointUI-t.build/Objects-normal/arm64/GraphPointUI.SwiftConstValuesFileList
WriteAuxiliaryFile /Users/admin/builder/spi-builder-workspace/.derivedData/Build/Intermediates.noindex/GraphPoint.build/Debug-xros/GraphPointUI-t.build/Objects-normal/arm64/GraphPointUI.LinkFileList (in target 'GraphPointUI' from project 'GraphPoint')
    cd /Users/admin/builder/spi-builder-workspace/.dependencies/checkouts/GraphPoint
    write-file /Users/admin/builder/spi-builder-workspace/.derivedData/Build/Intermediates.noindex/GraphPoint.build/Debug-xros/GraphPointUI-t.build/Objects-normal/arm64/GraphPointUI.LinkFileList
Copy /Users/admin/builder/spi-builder-workspace/.derivedData/Build/Intermediates.noindex/GeneratedModuleMaps-xros/LCARSDisplayKit.modulemap /Users/admin/builder/spi-builder-workspace/.derivedData/Build/Intermediates.noindex/LCARSDisplayKit.build/Debug-xros/LCARSDisplayKit-t.build/LCARSDisplayKit.modulemap (in target 'LCARSDisplayKit' from project 'LCARSDisplayKit')
    cd /Users/admin/builder/spi-builder-workspace
    builtin-copy -exclude .DS_Store -exclude CVS -exclude .svn -exclude .git -exclude .hg -resolve-src-symlinks /Users/admin/builder/spi-builder-workspace/.derivedData/Build/Intermediates.noindex/LCARSDisplayKit.build/Debug-xros/LCARSDisplayKit-t.build/LCARSDisplayKit.modulemap /Users/admin/builder/spi-builder-workspace/.derivedData/Build/Intermediates.noindex/GeneratedModuleMaps-xros
WriteAuxiliaryFile /Users/admin/builder/spi-builder-workspace/.derivedData/Build/Intermediates.noindex/GraphPoint.build/Debug-xros/GraphPointUI-t.build/Objects-normal/arm64/GraphPointUI-OutputFileMap.json (in target 'GraphPointUI' from project 'GraphPoint')
    cd /Users/admin/builder/spi-builder-workspace/.dependencies/checkouts/GraphPoint
    write-file /Users/admin/builder/spi-builder-workspace/.derivedData/Build/Intermediates.noindex/GraphPoint.build/Debug-xros/GraphPointUI-t.build/Objects-normal/arm64/GraphPointUI-OutputFileMap.json
WriteAuxiliaryFile /Users/admin/builder/spi-builder-workspace/.derivedData/Build/Intermediates.noindex/GraphPoint.build/Debug-xros/GraphPointUI-t.build/GraphPointUI.modulemap (in target 'GraphPointUI' from project 'GraphPoint')
    cd /Users/admin/builder/spi-builder-workspace/.dependencies/checkouts/GraphPoint
    write-file /Users/admin/builder/spi-builder-workspace/.derivedData/Build/Intermediates.noindex/GraphPoint.build/Debug-xros/GraphPointUI-t.build/GraphPointUI.modulemap
WriteAuxiliaryFile /Users/admin/builder/spi-builder-workspace/.derivedData/Build/Intermediates.noindex/GraphPoint.build/Debug-xros/GraphPointUI-t.build/GraphPointUI.DependencyStaticMetadataFileList (in target 'GraphPointUI' from project 'GraphPoint')
    cd /Users/admin/builder/spi-builder-workspace/.dependencies/checkouts/GraphPoint
    write-file /Users/admin/builder/spi-builder-workspace/.derivedData/Build/Intermediates.noindex/GraphPoint.build/Debug-xros/GraphPointUI-t.build/GraphPointUI.DependencyStaticMetadataFileList
WriteAuxiliaryFile /Users/admin/builder/spi-builder-workspace/.derivedData/Build/Intermediates.noindex/GraphPoint.build/Debug-xros/GraphPointUI-t.build/GraphPointUI.DependencyMetadataFileList (in target 'GraphPointUI' from project 'GraphPoint')
    cd /Users/admin/builder/spi-builder-workspace/.dependencies/checkouts/GraphPoint
    write-file /Users/admin/builder/spi-builder-workspace/.derivedData/Build/Intermediates.noindex/GraphPoint.build/Debug-xros/GraphPointUI-t.build/GraphPointUI.DependencyMetadataFileList
WriteAuxiliaryFile /Users/admin/builder/spi-builder-workspace/.derivedData/Build/Intermediates.noindex/GraphPoint.build/Debug-xros/GraphPoint-t.build/GraphPoint.modulemap (in target 'GraphPoint' from project 'GraphPoint')
    cd /Users/admin/builder/spi-builder-workspace/.dependencies/checkouts/GraphPoint
    write-file /Users/admin/builder/spi-builder-workspace/.derivedData/Build/Intermediates.noindex/GraphPoint.build/Debug-xros/GraphPoint-t.build/GraphPoint.modulemap
WriteAuxiliaryFile /Users/admin/builder/spi-builder-workspace/.derivedData/Build/Intermediates.noindex/GraphPoint.build/Debug-xros/GraphPoint-t.build/Objects-normal/arm64/GraphPoint.LinkFileList (in target 'GraphPoint' from project 'GraphPoint')
    cd /Users/admin/builder/spi-builder-workspace/.dependencies/checkouts/GraphPoint
    write-file /Users/admin/builder/spi-builder-workspace/.derivedData/Build/Intermediates.noindex/GraphPoint.build/Debug-xros/GraphPoint-t.build/Objects-normal/arm64/GraphPoint.LinkFileList
WriteAuxiliaryFile /Users/admin/builder/spi-builder-workspace/.derivedData/Build/Intermediates.noindex/GraphPoint.build/Debug-xros/GraphPoint-t.build/Objects-normal/arm64/GraphPoint_const_extract_protocols.json (in target 'GraphPoint' from project 'GraphPoint')
    cd /Users/admin/builder/spi-builder-workspace/.dependencies/checkouts/GraphPoint
    write-file /Users/admin/builder/spi-builder-workspace/.derivedData/Build/Intermediates.noindex/GraphPoint.build/Debug-xros/GraphPoint-t.build/Objects-normal/arm64/GraphPoint_const_extract_protocols.json
WriteAuxiliaryFile /Users/admin/builder/spi-builder-workspace/.derivedData/Build/Intermediates.noindex/GraphPoint.build/Debug-xros/GraphPoint-t.build/Objects-normal/arm64/GraphPoint-OutputFileMap.json (in target 'GraphPoint' from project 'GraphPoint')
    cd /Users/admin/builder/spi-builder-workspace/.dependencies/checkouts/GraphPoint
    write-file /Users/admin/builder/spi-builder-workspace/.derivedData/Build/Intermediates.noindex/GraphPoint.build/Debug-xros/GraphPoint-t.build/Objects-normal/arm64/GraphPoint-OutputFileMap.json
WriteAuxiliaryFile /Users/admin/builder/spi-builder-workspace/.derivedData/Build/Intermediates.noindex/GraphPoint.build/Debug-xros/GraphPoint-t.build/Objects-normal/arm64/GraphPoint.SwiftConstValuesFileList (in target 'GraphPoint' from project 'GraphPoint')
    cd /Users/admin/builder/spi-builder-workspace/.dependencies/checkouts/GraphPoint
    write-file /Users/admin/builder/spi-builder-workspace/.derivedData/Build/Intermediates.noindex/GraphPoint.build/Debug-xros/GraphPoint-t.build/Objects-normal/arm64/GraphPoint.SwiftConstValuesFileList
WriteAuxiliaryFile /Users/admin/builder/spi-builder-workspace/.derivedData/Build/Intermediates.noindex/GraphPoint.build/Debug-xros/GraphPoint-t.build/Objects-normal/arm64/GraphPoint.SwiftFileList (in target 'GraphPoint' from project 'GraphPoint')
    cd /Users/admin/builder/spi-builder-workspace/.dependencies/checkouts/GraphPoint
    write-file /Users/admin/builder/spi-builder-workspace/.derivedData/Build/Intermediates.noindex/GraphPoint.build/Debug-xros/GraphPoint-t.build/Objects-normal/arm64/GraphPoint.SwiftFileList
Copy /Users/admin/builder/spi-builder-workspace/.derivedData/Build/Intermediates.noindex/GeneratedModuleMaps-xros/GraphPointUI.modulemap /Users/admin/builder/spi-builder-workspace/.derivedData/Build/Intermediates.noindex/GraphPoint.build/Debug-xros/GraphPointUI-t.build/GraphPointUI.modulemap (in target 'GraphPointUI' from project 'GraphPoint')
    cd /Users/admin/builder/spi-builder-workspace/.dependencies/checkouts/GraphPoint
    builtin-copy -exclude .DS_Store -exclude CVS -exclude .svn -exclude .git -exclude .hg -resolve-src-symlinks /Users/admin/builder/spi-builder-workspace/.derivedData/Build/Intermediates.noindex/GraphPoint.build/Debug-xros/GraphPointUI-t.build/GraphPointUI.modulemap /Users/admin/builder/spi-builder-workspace/.derivedData/Build/Intermediates.noindex/GeneratedModuleMaps-xros
WriteAuxiliaryFile /Users/admin/builder/spi-builder-workspace/.derivedData/Build/Intermediates.noindex/GraphPoint.build/Debug-xros/GraphPoint-t.build/GraphPoint.DependencyStaticMetadataFileList (in target 'GraphPoint' from project 'GraphPoint')
    cd /Users/admin/builder/spi-builder-workspace/.dependencies/checkouts/GraphPoint
    write-file /Users/admin/builder/spi-builder-workspace/.derivedData/Build/Intermediates.noindex/GraphPoint.build/Debug-xros/GraphPoint-t.build/GraphPoint.DependencyStaticMetadataFileList
WriteAuxiliaryFile /Users/admin/builder/spi-builder-workspace/.derivedData/Build/Intermediates.noindex/GraphPoint.build/Debug-xros/GraphPoint-t.build/GraphPoint.DependencyMetadataFileList (in target 'GraphPoint' from project 'GraphPoint')
    cd /Users/admin/builder/spi-builder-workspace/.dependencies/checkouts/GraphPoint
    write-file /Users/admin/builder/spi-builder-workspace/.derivedData/Build/Intermediates.noindex/GraphPoint.build/Debug-xros/GraphPoint-t.build/GraphPoint.DependencyMetadataFileList
Copy /Users/admin/builder/spi-builder-workspace/.derivedData/Build/Intermediates.noindex/GeneratedModuleMaps-xros/GraphPoint.modulemap /Users/admin/builder/spi-builder-workspace/.derivedData/Build/Intermediates.noindex/GraphPoint.build/Debug-xros/GraphPoint-t.build/GraphPoint.modulemap (in target 'GraphPoint' from project 'GraphPoint')
    cd /Users/admin/builder/spi-builder-workspace/.dependencies/checkouts/GraphPoint
    builtin-copy -exclude .DS_Store -exclude CVS -exclude .svn -exclude .git -exclude .hg -resolve-src-symlinks /Users/admin/builder/spi-builder-workspace/.derivedData/Build/Intermediates.noindex/GraphPoint.build/Debug-xros/GraphPoint-t.build/GraphPoint.modulemap /Users/admin/builder/spi-builder-workspace/.derivedData/Build/Intermediates.noindex/GeneratedModuleMaps-xros
SwiftDriver GraphPoint normal arm64 com.apple.xcode.tools.swift.compiler (in target 'GraphPoint' from project 'GraphPoint')
    cd /Users/admin/builder/spi-builder-workspace/.swiftpm/xcode
    builtin-SwiftDriver -- /Applications/Xcode-27.0.0-Release.Candidate.app/Contents/Developer/Toolchains/XcodeDefault.xctoolchain/usr/bin/swiftc -parse-as-library -module-name GraphPoint -Onone @/Users/admin/builder/spi-builder-workspace/.derivedData/Build/Intermediates.noindex/GraphPoint.build/Debug-xros/GraphPoint-t.build/Objects-normal/arm64/GraphPoint.SwiftFileList -DSWIFT_PACKAGE -DDEBUG -DSWIFT_MODULE_RESOURCE_BUNDLE_UNAVAILABLE -DXcode -plugin-path /Applications/Xcode-27.0.0-Release.Candidate.app/Contents/Developer/Toolchains/XcodeDefault.xctoolchain/usr/lib/swift/host/plugins/testing -enable-experimental-feature DebugDescriptionMacro -sdk /Applications/Xcode-27.0.0-Release.Candidate.app/Contents/Developer/Platforms/XROS.platform/Developer/SDKs/XROS27.0.sdk -target arm64-apple-xros1.0 -g -module-cache-path /Users/admin/builder/spi-builder-workspace/.derivedData/ModuleCache.noindex -Xfrontend -serialize-debugging-options -profile-coverage-mapping -profile-generate -enable-testing -suppress-warnings -index-store-path /Users/admin/builder/spi-builder-workspace/.derivedData/Index.noindex/DataStore -Xcc -D_LIBCPP_HARDENING_MODE\=_LIBCPP_HARDENING_MODE_DEBUG -swift-version 5 -I /Users/admin/builder/spi-builder-workspace/.derivedData/Build/Products/Debug-xros -Isystem /Applications/Xcode-27.0.0-Release.Candidate.app/Contents/Developer/Platforms/XROS.platform/Developer/usr/lib -F /Users/admin/builder/spi-builder-workspace/.derivedData/Build/Products/Debug-xros -F /Applications/Xcode-27.0.0-Release.Candidate.app/Contents/Developer/Platforms/XROS.platform/Developer/Library/Frameworks -F /Applications/Xcode-27.0.0-Release.Candidate.app/Contents/Developer/Platforms/XROS.platform/Developer/SDKs/XROS27.0.sdk/Developer/Library/Frameworks -c -j10 -enable-batch-mode -incremental -Xcc -ivfsstatcache -Xcc /Users/admin/builder/spi-builder-workspace/.derivedData/SDKStatCaches.noindex/xros27.0-24M361-e829b21a6f8c9b70876ba0858053c044735bd543db762f57723cac368afd1ce4.sdkstatcache -output-file-map /Users/admin/builder/spi-builder-workspace/.derivedData/Build/Intermediates.noindex/GraphPoint.build/Debug-xros/GraphPoint-t.build/Objects-normal/arm64/GraphPoint-OutputFileMap.json -save-temps -no-color-diagnostics -explicit-module-build -module-cache-path /Users/admin/builder/spi-builder-workspace/.derivedData/Build/Intermediates.noindex/SwiftExplicitPrecompiledModules -clang-scanner-module-cache-path /Users/admin/builder/spi-builder-workspace/.derivedData/ModuleCache.noindex -sdk-module-cache-path /Users/admin/builder/spi-builder-workspace/.derivedData/SDKExplicitPrecompiledModules -emit-dependencies -emit-module -emit-module-path /Users/admin/builder/spi-builder-workspace/.derivedData/Build/Intermediates.noindex/GraphPoint.build/Debug-xros/GraphPoint-t.build/Objects-normal/arm64/GraphPoint.swiftmodule -serialize-diagnostics -dependency-scan-serialize-diagnostics-path /Users/admin/builder/spi-builder-workspace/.derivedData/Build/Intermediates.noindex/GraphPoint.build/Debug-xros/GraphPoint-t.build/Objects-normal/arm64/GraphPoint-dependency-scan.dia -validate-clang-modules-once -clang-build-session-file /Users/admin/builder/spi-builder-workspace/.derivedData/ModuleCache.noindex/Session.modulevalidation -Xcc -fmodules-prune-interval\=86400 -Xcc -fmodules-prune-after\=345600 -emit-const-values -const-gather-protocols-list /Users/admin/builder/spi-builder-workspace/.derivedData/Build/Intermediates.noindex/GraphPoint.build/Debug-xros/GraphPoint-t.build/Objects-normal/arm64/GraphPoint_const_extract_protocols.json -Xcc -I/Users/admin/builder/spi-builder-workspace/.derivedData/Build/Products/Debug-xros/include -Xcc -I/Users/admin/builder/spi-builder-workspace/.derivedData/Build/Intermediates.noindex/GraphPoint.build/Debug-xros/GraphPoint-t.build/DerivedSources-normal/arm64 -Xcc -I/Users/admin/builder/spi-builder-workspace/.derivedData/Build/Intermediates.noindex/GraphPoint.build/Debug-xros/GraphPoint-t.build/DerivedSources/arm64 -Xcc -I/Users/admin/builder/spi-builder-workspace/.derivedData/Build/Intermediates.noindex/GraphPoint.build/Debug-xros/GraphPoint-t.build/DerivedSources -Xcc -DSWIFT_PACKAGE -Xcc -DDEBUG\=1 -emit-objc-header -emit-objc-header-path /Users/admin/builder/spi-builder-workspace/.derivedData/Build/Intermediates.noindex/GraphPoint.build/Debug-xros/GraphPoint-t.build/Objects-normal/arm64/GraphPoint-Swift.h -working-directory /Users/admin/builder/spi-builder-workspace/.swiftpm/xcode -experimental-emit-module-separately -disable-cmo
SwiftExplicitDependencyGeneratePcm arm64 /Users/admin/builder/spi-builder-workspace/.derivedData/SDKExplicitPrecompiledModules/_Builtin_stddef-5NQ9Z1GV07GBSRQGAQCGXGVRI.pcm
SwiftExplicitDependencyGeneratePcm arm64 /Users/admin/builder/spi-builder-workspace/.derivedData/SDKExplicitPrecompiledModules/ptrauth-1WBA714DZSVUL5JQDJ08CLKZ.pcm
SwiftExplicitDependencyGeneratePcm arm64 /Users/admin/builder/spi-builder-workspace/.derivedData/SDKExplicitPrecompiledModules/SwiftShims-CI4H5RO9IYFFWQ2COB512Q2S9.pcm
SwiftExplicitDependencyGeneratePcm arm64 /Users/admin/builder/spi-builder-workspace/.derivedData/SDKExplicitPrecompiledModules/ptrcheck-BXA97MNLI4BB0HF5I8MJE403D.pcm
SwiftExplicitDependencyGeneratePcm arm64 /Users/admin/builder/spi-builder-workspace/.derivedData/SDKExplicitPrecompiledModules/_Builtin_stdarg-CDA349K2K4US766844K8E0PVA.pcm
SwiftExplicitDependencyGeneratePcm arm64 /Users/admin/builder/spi-builder-workspace/.derivedData/SDKExplicitPrecompiledModules/_Builtin_float-6WKHNW5S40U2QGHXXGETUDIRA.pcm
SwiftExplicitDependencyGeneratePcm arm64 /Users/admin/builder/spi-builder-workspace/.derivedData/SDKExplicitPrecompiledModules/_Builtin_stdbool-5BU2ADS7JXQMYENKQHW9X8XOU.pcm
SwiftExplicitDependencyGeneratePcm arm64 /Users/admin/builder/spi-builder-workspace/.derivedData/SDKExplicitPrecompiledModules/_AvailabilityInternal-1Q8IQP6M38UWSGZ95UCEY2M44.pcm
SwiftExplicitDependencyGeneratePcm arm64 /Users/admin/builder/spi-builder-workspace/.derivedData/SDKExplicitPrecompiledModules/_SwiftConcurrencyShims-C8XHKSHX96D5YYALNM4W70Z0O.pcm
SwiftExplicitDependencyGeneratePcm arm64 /Users/admin/builder/spi-builder-workspace/.derivedData/SDKExplicitPrecompiledModules/_DarwinFoundation1-5RGRVV2TZ6WC4WZW5IXF8NQ04.pcm
SwiftExplicitDependencyGeneratePcm arm64 /Users/admin/builder/spi-builder-workspace/.derivedData/SDKExplicitPrecompiledModules/_Builtin_limits-425JDMN5HPM3D0UEI8LEHP6NM.pcm
SwiftExplicitDependencyGeneratePcm arm64 /Users/admin/builder/spi-builder-workspace/.derivedData/SDKExplicitPrecompiledModules/_DarwinFoundation2-ENTECK156YEWITZRRBTOCE4KR.pcm
SwiftExplicitDependencyGeneratePcm arm64 /Users/admin/builder/spi-builder-workspace/.derivedData/SDKExplicitPrecompiledModules/sys_types-AYM0BHR77VKMWZCO2T0XGV2HF.pcm
SwiftExplicitDependencyGeneratePcm arm64 /Users/admin/builder/spi-builder-workspace/.derivedData/SDKExplicitPrecompiledModules/_Builtin_stdint-8OR6T47OOYJA90ZBO3N1USDE.pcm
SwiftExplicitDependencyGeneratePcm arm64 /Users/admin/builder/spi-builder-workspace/.derivedData/SDKExplicitPrecompiledModules/string_h-2GT67HHHHK5CF1V1S31LH0PU2.pcm
SwiftExplicitDependencyGeneratePcm arm64 /Users/admin/builder/spi-builder-workspace/.derivedData/SDKExplicitPrecompiledModules/_DarwinFoundation3-9ZHN6JKBS40BBA81RQMV8H0IC.pcm
SwiftExplicitDependencyGeneratePcm arm64 /Users/admin/builder/spi-builder-workspace/.derivedData/SDKExplicitPrecompiledModules/_Builtin_inttypes-11B64KJD36B3YOHBR1BBXBJY8.pcm
SwiftExplicitDependencyGeneratePcm arm64 /Users/admin/builder/spi-builder-workspace/.derivedData/SDKExplicitPrecompiledModules/Darwin-60P5LVNQO3ESRRM5DCJ05PFNK.pcm
SwiftExplicitDependencyGeneratePcm arm64 /Users/admin/builder/spi-builder-workspace/.derivedData/SDKExplicitPrecompiledModules/ObjectiveC-26TIBFYCEJZVP216ZZAU1X8KN.pcm
SwiftExplicitDependencyGeneratePcm arm64 /Users/admin/builder/spi-builder-workspace/.derivedData/SDKExplicitPrecompiledModules/os_object-692CJ8BG6RE5H04487EJJOVXW.pcm
SwiftExplicitDependencyGeneratePcm arm64 /Users/admin/builder/spi-builder-workspace/.derivedData/SDKExplicitPrecompiledModules/os_workgroup-4U1VXMWIZD80E7PRUQF2G7P9X.pcm
SwiftExplicitDependencyGeneratePcm arm64 /Users/admin/builder/spi-builder-workspace/.derivedData/SDKExplicitPrecompiledModules/Dispatch-CLT3466HKC22GCKAWSCNG0H7T.pcm
SwiftExplicitDependencyGeneratePcm arm64 /Users/admin/builder/spi-builder-workspace/.derivedData/SDKExplicitPrecompiledModules/XPC-EP5EU7FNGP4VOA3EDM18P1KHO.pcm
SwiftExplicitDependencyGeneratePcm arm64 /Users/admin/builder/spi-builder-workspace/.derivedData/SDKExplicitPrecompiledModules/CoreFoundation-AVLTZVCXBU2TO75JCN4AGU8XJ.pcm
SwiftExplicitDependencyGeneratePcm arm64 /Users/admin/builder/spi-builder-workspace/.derivedData/SDKExplicitPrecompiledModules/Security-8TH2M8WJIQMET4SADWX0N8372.pcm
SwiftExplicitDependencyGeneratePcm arm64 /Users/admin/builder/spi-builder-workspace/.derivedData/SDKExplicitPrecompiledModules/CFNetwork-5MI70N1VLDQSWTX4COWLMSIRO.pcm
SwiftExplicitDependencyGeneratePcm arm64 /Users/admin/builder/spi-builder-workspace/.derivedData/SDKExplicitPrecompiledModules/CoreGraphics-BFUJ177R223UT2ZI327ZTZY91.pcm
SwiftExplicitDependencyGeneratePcm arm64 /Users/admin/builder/spi-builder-workspace/.derivedData/SDKExplicitPrecompiledModules/Foundation-8GON1KVEKRN3NOQI8RETBRWJP.pcm
SwiftEmitModule normal arm64 Emitting\ module\ for\ GraphPoint (in target 'GraphPoint' from project 'GraphPoint')
SwiftCompile normal arm64 (in target 'GraphPoint' from project 'GraphPoint')
    cd /Users/admin/builder/spi-builder-workspace/.swiftpm/xcode

SwiftCompile normal arm64 Compiling\ GraphFrame.swift /Users/admin/builder/spi-builder-workspace/.dependencies/checkouts/GraphPoint/Sources/GraphPoint/GraphFrame.swift (in target 'GraphPoint' from project 'GraphPoint')
SwiftCompile normal arm64 /Users/admin/builder/spi-builder-workspace/.dependencies/checkouts/GraphPoint/Sources/GraphPoint/GraphFrame.swift (in target 'GraphPoint' from project 'GraphPoint')
    cd /Users/admin/builder/spi-builder-workspace/.swiftpm/xcode
    builtin-SwiftPerFileCompile GraphFrame.swift
SwiftCompile normal arm64 Compiling\ CGRect+GraphPoint.swift /Users/admin/builder/spi-builder-workspace/.dependencies/checkouts/GraphPoint/Sources/GraphPoint/CGRect+GraphPoint.swift (in target 'GraphPoint' from project 'GraphPoint')
SwiftCompile normal arm64 /Users/admin/builder/spi-builder-workspace/.dependencies/checkouts/GraphPoint/Sources/GraphPoint/CGRect+GraphPoint.swift (in target 'GraphPoint' from project 'GraphPoint')
    cd /Users/admin/builder/spi-builder-workspace/.swiftpm/xcode
    builtin-SwiftPerFileCompile CGRect+GraphPoint.swift
SwiftCompile normal arm64 Compiling\ CGFloat+GraphPoint.swift /Users/admin/builder/spi-builder-workspace/.dependencies/checkouts/GraphPoint/Sources/GraphPoint/CGFloat+GraphPoint.swift (in target 'GraphPoint' from project 'GraphPoint')
SwiftCompile normal arm64 /Users/admin/builder/spi-builder-workspace/.dependencies/checkouts/GraphPoint/Sources/GraphPoint/CGFloat+GraphPoint.swift (in target 'GraphPoint' from project 'GraphPoint')
    cd /Users/admin/builder/spi-builder-workspace/.swiftpm/xcode
    builtin-SwiftPerFileCompile CGFloat+GraphPoint.swift
SwiftCompile normal arm64 Compiling\ CGPoint+GraphPoint.swift /Users/admin/builder/spi-builder-workspace/.dependencies/checkouts/GraphPoint/Sources/GraphPoint/CGPoint+GraphPoint.swift (in target 'GraphPoint' from project 'GraphPoint')
SwiftCompile normal arm64 /Users/admin/builder/spi-builder-workspace/.dependencies/checkouts/GraphPoint/Sources/GraphPoint/CGPoint+GraphPoint.swift (in target 'GraphPoint' from project 'GraphPoint')
    cd /Users/admin/builder/spi-builder-workspace/.swiftpm/xcode
    builtin-SwiftPerFileCompile CGPoint+GraphPoint.swift
SwiftCompile normal arm64 Compiling\ GraphPoint.swift /Users/admin/builder/spi-builder-workspace/.dependencies/checkouts/GraphPoint/Sources/GraphPoint/GraphPoint.swift (in target 'GraphPoint' from project 'GraphPoint')
SwiftCompile normal arm64 /Users/admin/builder/spi-builder-workspace/.dependencies/checkouts/GraphPoint/Sources/GraphPoint/GraphPoint.swift (in target 'GraphPoint' from project 'GraphPoint')
    cd /Users/admin/builder/spi-builder-workspace/.swiftpm/xcode
    builtin-SwiftPerFileCompile GraphPoint.swift
SwiftDriverJobDiscovery normal arm64 Emitting module for GraphPoint (in target 'GraphPoint' from project 'GraphPoint')
SwiftDriver\ Compilation\ Requirements GraphPoint normal arm64 com.apple.xcode.tools.swift.compiler (in target 'GraphPoint' from project 'GraphPoint')
    cd /Users/admin/builder/spi-builder-workspace/.swiftpm/xcode
    builtin-Swift-Compilation-Requirements -- /Applications/Xcode-27.0.0-Release.Candidate.app/Contents/Developer/Toolchains/XcodeDefault.xctoolchain/usr/bin/swiftc -parse-as-library -module-name GraphPoint -Onone @/Users/admin/builder/spi-builder-workspace/.derivedData/Build/Intermediates.noindex/GraphPoint.build/Debug-xros/GraphPoint-t.build/Objects-normal/arm64/GraphPoint.SwiftFileList -DSWIFT_PACKAGE -DDEBUG -DSWIFT_MODULE_RESOURCE_BUNDLE_UNAVAILABLE -DXcode -plugin-path /Applications/Xcode-27.0.0-Release.Candidate.app/Contents/Developer/Toolchains/XcodeDefault.xctoolchain/usr/lib/swift/host/plugins/testing -enable-experimental-feature DebugDescriptionMacro -sdk /Applications/Xcode-27.0.0-Release.Candidate.app/Contents/Developer/Platforms/XROS.platform/Developer/SDKs/XROS27.0.sdk -target arm64-apple-xros1.0 -g -module-cache-path /Users/admin/builder/spi-builder-workspace/.derivedData/ModuleCache.noindex -Xfrontend -serialize-debugging-options -profile-coverage-mapping -profile-generate -enable-testing -suppress-warnings -index-store-path /Users/admin/builder/spi-builder-workspace/.derivedData/Index.noindex/DataStore -Xcc -D_LIBCPP_HARDENING_MODE\=_LIBCPP_HARDENING_MODE_DEBUG -swift-version 5 -I /Users/admin/builder/spi-builder-workspace/.derivedData/Build/Products/Debug-xros -Isystem /Applications/Xcode-27.0.0-Release.Candidate.app/Contents/Developer/Platforms/XROS.platform/Developer/usr/lib -F /Users/admin/builder/spi-builder-workspace/.derivedData/Build/Products/Debug-xros -F /Applications/Xcode-27.0.0-Release.Candidate.app/Contents/Developer/Platforms/XROS.platform/Developer/Library/Frameworks -F /Applications/Xcode-27.0.0-Release.Candidate.app/Contents/Developer/Platforms/XROS.platform/Developer/SDKs/XROS27.0.sdk/Developer/Library/Frameworks -c -j10 -enable-batch-mode -incremental -Xcc -ivfsstatcache -Xcc /Users/admin/builder/spi-builder-workspace/.derivedData/SDKStatCaches.noindex/xros27.0-24M361-e829b21a6f8c9b70876ba0858053c044735bd543db762f57723cac368afd1ce4.sdkstatcache -output-file-map /Users/admin/builder/spi-builder-workspace/.derivedData/Build/Intermediates.noindex/GraphPoint.build/Debug-xros/GraphPoint-t.build/Objects-normal/arm64/GraphPoint-OutputFileMap.json -save-temps -no-color-diagnostics -explicit-module-build -module-cache-path /Users/admin/builder/spi-builder-workspace/.derivedData/Build/Intermediates.noindex/SwiftExplicitPrecompiledModules -clang-scanner-module-cache-path /Users/admin/builder/spi-builder-workspace/.derivedData/ModuleCache.noindex -sdk-module-cache-path /Users/admin/builder/spi-builder-workspace/.derivedData/SDKExplicitPrecompiledModules -emit-dependencies -emit-module -emit-module-path /Users/admin/builder/spi-builder-workspace/.derivedData/Build/Intermediates.noindex/GraphPoint.build/Debug-xros/GraphPoint-t.build/Objects-normal/arm64/GraphPoint.swiftmodule -serialize-diagnostics -dependency-scan-serialize-diagnostics-path /Users/admin/builder/spi-builder-workspace/.derivedData/Build/Intermediates.noindex/GraphPoint.build/Debug-xros/GraphPoint-t.build/Objects-normal/arm64/GraphPoint-dependency-scan.dia -validate-clang-modules-once -clang-build-session-file /Users/admin/builder/spi-builder-workspace/.derivedData/ModuleCache.noindex/Session.modulevalidation -Xcc -fmodules-prune-interval\=86400 -Xcc -fmodules-prune-after\=345600 -emit-const-values -const-gather-protocols-list /Users/admin/builder/spi-builder-workspace/.derivedData/Build/Intermediates.noindex/GraphPoint.build/Debug-xros/GraphPoint-t.build/Objects-normal/arm64/GraphPoint_const_extract_protocols.json -Xcc -I/Users/admin/builder/spi-builder-workspace/.derivedData/Build/Products/Debug-xros/include -Xcc -I/Users/admin/builder/spi-builder-workspace/.derivedData/Build/Intermediates.noindex/GraphPoint.build/Debug-xros/GraphPoint-t.build/DerivedSources-normal/arm64 -Xcc -I/Users/admin/builder/spi-builder-workspace/.derivedData/Build/Intermediates.noindex/GraphPoint.build/Debug-xros/GraphPoint-t.build/DerivedSources/arm64 -Xcc -I/Users/admin/builder/spi-builder-workspace/.derivedData/Build/Intermediates.noindex/GraphPoint.build/Debug-xros/GraphPoint-t.build/DerivedSources -Xcc -DSWIFT_PACKAGE -Xcc -DDEBUG\=1 -emit-objc-header -emit-objc-header-path /Users/admin/builder/spi-builder-workspace/.derivedData/Build/Intermediates.noindex/GraphPoint.build/Debug-xros/GraphPoint-t.build/Objects-normal/arm64/GraphPoint-Swift.h -working-directory /Users/admin/builder/spi-builder-workspace/.swiftpm/xcode -experimental-emit-module-separately -disable-cmo
SwiftMergeGeneratedHeaders /Users/admin/builder/spi-builder-workspace/.derivedData/Build/Intermediates.noindex/GeneratedModuleMaps-xros/GraphPoint-Swift.h /Users/admin/builder/spi-builder-workspace/.derivedData/Build/Intermediates.noindex/GraphPoint.build/Debug-xros/GraphPoint-t.build/Objects-normal/arm64/GraphPoint-Swift.h (in target 'GraphPoint' from project 'GraphPoint')
    cd /Users/admin/builder/spi-builder-workspace/.dependencies/checkouts/GraphPoint
    builtin-swiftHeaderTool -arch arm64 /Users/admin/builder/spi-builder-workspace/.derivedData/Build/Intermediates.noindex/GraphPoint.build/Debug-xros/GraphPoint-t.build/Objects-normal/arm64/GraphPoint-Swift.h -o /Users/admin/builder/spi-builder-workspace/.derivedData/Build/Intermediates.noindex/GeneratedModuleMaps-xros/GraphPoint-Swift.h
Copy /Users/admin/builder/spi-builder-workspace/.derivedData/Build/Products/Debug-xros/GraphPoint.swiftmodule/arm64-apple-xros.swiftdoc /Users/admin/builder/spi-builder-workspace/.derivedData/Build/Intermediates.noindex/GraphPoint.build/Debug-xros/GraphPoint-t.build/Objects-normal/arm64/GraphPoint.swiftdoc (in target 'GraphPoint' from project 'GraphPoint')
    cd /Users/admin/builder/spi-builder-workspace/.dependencies/checkouts/GraphPoint
    builtin-copy -exclude .DS_Store -exclude CVS -exclude .svn -exclude .git -exclude .hg -resolve-src-symlinks -rename /Users/admin/builder/spi-builder-workspace/.derivedData/Build/Intermediates.noindex/GraphPoint.build/Debug-xros/GraphPoint-t.build/Objects-normal/arm64/GraphPoint.swiftdoc /Users/admin/builder/spi-builder-workspace/.derivedData/Build/Products/Debug-xros/GraphPoint.swiftmodule/arm64-apple-xros.swiftdoc
Copy /Users/admin/builder/spi-builder-workspace/.derivedData/Build/Products/Debug-xros/GraphPoint.swiftmodule/arm64-apple-xros.swiftmodule /Users/admin/builder/spi-builder-workspace/.derivedData/Build/Intermediates.noindex/GraphPoint.build/Debug-xros/GraphPoint-t.build/Objects-normal/arm64/GraphPoint.swiftmodule (in target 'GraphPoint' from project 'GraphPoint')
    cd /Users/admin/builder/spi-builder-workspace/.dependencies/checkouts/GraphPoint
    builtin-copy -exclude .DS_Store -exclude CVS -exclude .svn -exclude .git -exclude .hg -resolve-src-symlinks -rename /Users/admin/builder/spi-builder-workspace/.derivedData/Build/Intermediates.noindex/GraphPoint.build/Debug-xros/GraphPoint-t.build/Objects-normal/arm64/GraphPoint.swiftmodule /Users/admin/builder/spi-builder-workspace/.derivedData/Build/Products/Debug-xros/GraphPoint.swiftmodule/arm64-apple-xros.swiftmodule
Copy /Users/admin/builder/spi-builder-workspace/.derivedData/Build/Products/Debug-xros/GraphPoint.swiftmodule/arm64-apple-xros.abi.json /Users/admin/builder/spi-builder-workspace/.derivedData/Build/Intermediates.noindex/GraphPoint.build/Debug-xros/GraphPoint-t.build/Objects-normal/arm64/GraphPoint.abi.json (in target 'GraphPoint' from project 'GraphPoint')
    cd /Users/admin/builder/spi-builder-workspace/.dependencies/checkouts/GraphPoint
    builtin-copy -exclude .DS_Store -exclude CVS -exclude .svn -exclude .git -exclude .hg -resolve-src-symlinks -rename /Users/admin/builder/spi-builder-workspace/.derivedData/Build/Intermediates.noindex/GraphPoint.build/Debug-xros/GraphPoint-t.build/Objects-normal/arm64/GraphPoint.abi.json /Users/admin/builder/spi-builder-workspace/.derivedData/Build/Products/Debug-xros/GraphPoint.swiftmodule/arm64-apple-xros.abi.json
Copy /Users/admin/builder/spi-builder-workspace/.derivedData/Build/Products/Debug-xros/GraphPoint.swiftmodule/Project/arm64-apple-xros.swiftsourceinfo /Users/admin/builder/spi-builder-workspace/.derivedData/Build/Intermediates.noindex/GraphPoint.build/Debug-xros/GraphPoint-t.build/Objects-normal/arm64/GraphPoint.swiftsourceinfo (in target 'GraphPoint' from project 'GraphPoint')
    cd /Users/admin/builder/spi-builder-workspace/.dependencies/checkouts/GraphPoint
    builtin-copy -exclude .DS_Store -exclude CVS -exclude .svn -exclude .git -exclude .hg -resolve-src-symlinks -rename /Users/admin/builder/spi-builder-workspace/.derivedData/Build/Intermediates.noindex/GraphPoint.build/Debug-xros/GraphPoint-t.build/Objects-normal/arm64/GraphPoint.swiftsourceinfo /Users/admin/builder/spi-builder-workspace/.derivedData/Build/Products/Debug-xros/GraphPoint.swiftmodule/Project/arm64-apple-xros.swiftsourceinfo
SwiftDriver GraphPointUI normal arm64 com.apple.xcode.tools.swift.compiler (in target 'GraphPointUI' from project 'GraphPoint')
    cd /Users/admin/builder/spi-builder-workspace/.swiftpm/xcode
    builtin-SwiftDriver -- /Applications/Xcode-27.0.0-Release.Candidate.app/Contents/Developer/Toolchains/XcodeDefault.xctoolchain/usr/bin/swiftc -parse-as-library -module-name GraphPointUI -Onone @/Users/admin/builder/spi-builder-workspace/.derivedData/Build/Intermediates.noindex/GraphPoint.build/Debug-xros/GraphPointUI-t.build/Objects-normal/arm64/GraphPointUI.SwiftFileList -DSWIFT_PACKAGE -DDEBUG -DSWIFT_MODULE_RESOURCE_BUNDLE_UNAVAILABLE -DXcode -plugin-path /Applications/Xcode-27.0.0-Release.Candidate.app/Contents/Developer/Toolchains/XcodeDefault.xctoolchain/usr/lib/swift/host/plugins/testing -enable-experimental-feature DebugDescriptionMacro -sdk /Applications/Xcode-27.0.0-Release.Candidate.app/Contents/Developer/Platforms/XROS.platform/Developer/SDKs/XROS27.0.sdk -target arm64-apple-xros1.0 -g -module-cache-path /Users/admin/builder/spi-builder-workspace/.derivedData/ModuleCache.noindex -Xfrontend -serialize-debugging-options -profile-coverage-mapping -profile-generate -enable-testing -suppress-warnings -index-store-path /Users/admin/builder/spi-builder-workspace/.derivedData/Index.noindex/DataStore -Xcc -D_LIBCPP_HARDENING_MODE\=_LIBCPP_HARDENING_MODE_DEBUG -swift-version 5 -I /Users/admin/builder/spi-builder-workspace/.derivedData/Build/Products/Debug-xros -Isystem /Applications/Xcode-27.0.0-Release.Candidate.app/Contents/Developer/Platforms/XROS.platform/Developer/usr/lib -F /Users/admin/builder/spi-builder-workspace/.derivedData/Build/Products/Debug-xros/PackageFrameworks -F /Users/admin/builder/spi-builder-workspace/.derivedData/Build/Products/Debug-xros -F /Applications/Xcode-27.0.0-Release.Candidate.app/Contents/Developer/Platforms/XROS.platform/Developer/Library/Frameworks -F /Applications/Xcode-27.0.0-Release.Candidate.app/Contents/Developer/Platforms/XROS.platform/Developer/SDKs/XROS27.0.sdk/Developer/Library/Frameworks -c -j10 -enable-batch-mode -incremental -Xcc -ivfsstatcache -Xcc /Users/admin/builder/spi-builder-workspace/.derivedData/SDKStatCaches.noindex/xros27.0-24M361-e829b21a6f8c9b70876ba0858053c044735bd543db762f57723cac368afd1ce4.sdkstatcache -output-file-map /Users/admin/builder/spi-builder-workspace/.derivedData/Build/Intermediates.noindex/GraphPoint.build/Debug-xros/GraphPointUI-t.build/Objects-normal/arm64/GraphPointUI-OutputFileMap.json -save-temps -no-color-diagnostics -explicit-module-build -module-cache-path /Users/admin/builder/spi-builder-workspace/.derivedData/Build/Intermediates.noindex/SwiftExplicitPrecompiledModules -clang-scanner-module-cache-path /Users/admin/builder/spi-builder-workspace/.derivedData/ModuleCache.noindex -sdk-module-cache-path /Users/admin/builder/spi-builder-workspace/.derivedData/SDKExplicitPrecompiledModules -emit-dependencies -emit-module -emit-module-path /Users/admin/builder/spi-builder-workspace/.derivedData/Build/Intermediates.noindex/GraphPoint.build/Debug-xros/GraphPointUI-t.build/Objects-normal/arm64/GraphPointUI.swiftmodule -serialize-diagnostics -dependency-scan-serialize-diagnostics-path /Users/admin/builder/spi-builder-workspace/.derivedData/Build/Intermediates.noindex/GraphPoint.build/Debug-xros/GraphPointUI-t.build/Objects-normal/arm64/GraphPointUI-dependency-scan.dia -validate-clang-modules-once -clang-build-session-file /Users/admin/builder/spi-builder-workspace/.derivedData/ModuleCache.noindex/Session.modulevalidation -Xcc -fmodules-prune-interval\=86400 -Xcc -fmodules-prune-after\=345600 -emit-const-values -const-gather-protocols-list /Users/admin/builder/spi-builder-workspace/.derivedData/Build/Intermediates.noindex/GraphPoint.build/Debug-xros/GraphPointUI-t.build/Objects-normal/arm64/GraphPointUI_const_extract_protocols.json -Xcc -I/Users/admin/builder/spi-builder-workspace/.derivedData/Build/Products/Debug-xros/include -Xcc -I/Users/admin/builder/spi-builder-workspace/.derivedData/Build/Intermediates.noindex/GraphPoint.build/Debug-xros/GraphPointUI-t.build/DerivedSources-normal/arm64 -Xcc -I/Users/admin/builder/spi-builder-workspace/.derivedData/Build/Intermediates.noindex/GraphPoint.build/Debug-xros/GraphPointUI-t.build/DerivedSources/arm64 -Xcc -I/Users/admin/builder/spi-builder-workspace/.derivedData/Build/Intermediates.noindex/GraphPoint.build/Debug-xros/GraphPointUI-t.build/DerivedSources -Xcc -DSWIFT_PACKAGE -Xcc -DDEBUG\=1 -emit-objc-header -emit-objc-header-path /Users/admin/builder/spi-builder-workspace/.derivedData/Build/Intermediates.noindex/GraphPoint.build/Debug-xros/GraphPointUI-t.build/Objects-normal/arm64/GraphPointUI-Swift.h -working-directory /Users/admin/builder/spi-builder-workspace/.swiftpm/xcode -experimental-emit-module-separately -disable-cmo
SwiftExplicitDependencyGeneratePcm arm64 /Users/admin/builder/spi-builder-workspace/.derivedData/SDKExplicitPrecompiledModules/MachO-3XTHY7HWV6RF3KXKYQVHUBUXK.pcm
SwiftExplicitDependencyGeneratePcm arm64 /Users/admin/builder/spi-builder-workspace/.derivedData/SDKExplicitPrecompiledModules/CoreText-6F9TY5TEPCCZ1K2KYM4GMEGHD.pcm
SwiftExplicitDependencyGeneratePcm arm64 /Users/admin/builder/spi-builder-workspace/.derivedData/SDKExplicitPrecompiledModules/IOSurface-5FE9U89GVFF9A7X7AGO2R8ENI.pcm
SwiftExplicitDependencyGeneratePcm arm64 /Users/admin/builder/spi-builder-workspace/.derivedData/SDKExplicitPrecompiledModules/FileProvider-C9I28SI56F2SEVH1BCWTKGODO.pcm
SwiftExplicitDependencyGeneratePcm arm64 /Users/admin/builder/spi-builder-workspace/.derivedData/SDKExplicitPrecompiledModules/DataDetection-BANTQ3WXXGKZJYC0LLB3MD9K0.pcm
SwiftExplicitDependencyGeneratePcm arm64 /Users/admin/builder/spi-builder-workspace/.derivedData/SDKExplicitPrecompiledModules/Accessibility-1DR4J4YDVDGAYQTZ0FKZ1PU09.pcm
SwiftExplicitDependencyGeneratePcm arm64 /Users/admin/builder/spi-builder-workspace/.derivedData/SDKExplicitPrecompiledModules/DeveloperToolsSupport-46GOQP8J1QTHLYQSJW81T8UZ3.pcm
SwiftExplicitDependencyGeneratePcm arm64 /Users/admin/builder/spi-builder-workspace/.derivedData/SDKExplicitPrecompiledModules/Metal-EKNUM9P3PRIBHZK1ZBD6BA2T7.pcm
SwiftExplicitDependencyGeneratePcm arm64 /Users/admin/builder/spi-builder-workspace/.derivedData/SDKExplicitPrecompiledModules/UIUtilities-AOVGLUWEAN6CG2UZFNESGSP6C.pcm
SwiftExplicitDependencyGeneratePcm arm64 /Users/admin/builder/spi-builder-workspace/.derivedData/SDKExplicitPrecompiledModules/UserNotifications-8IIV1V1FPNAPA4LY1Y23LOM2N.pcm
SwiftExplicitDependencyGeneratePcm arm64 /Users/admin/builder/spi-builder-workspace/.derivedData/SDKExplicitPrecompiledModules/_LocationEssentials-8GQGFVARUE99D8VJX3TINY0VP.pcm
SwiftExplicitDependencyGeneratePcm arm64 /Users/admin/builder/spi-builder-workspace/.derivedData/SDKExplicitPrecompiledModules/OpenGLES-56BKSYXNVAP91BYZRWAKQZKGI.pcm
SwiftExplicitDependencyGeneratePcm arm64 /Users/admin/builder/spi-builder-workspace/.derivedData/SDKExplicitPrecompiledModules/_Builtin_intrinsics-BC5IJI3YI34RQ61ZNVDRDZ6RN.pcm
SwiftExplicitDependencyGeneratePcm arm64 /Users/admin/builder/spi-builder-workspace/.derivedData/SDKExplicitPrecompiledModules/_Builtin_stdatomic-1VUZPM79PNCAHXVBERD53WRSF.pcm
SwiftExplicitDependencyGeneratePcm arm64 /Users/admin/builder/spi-builder-workspace/.derivedData/SDKExplicitPrecompiledModules/CoreLocation-1SN37095DAPVJ068LLP9TBDQX.pcm
SwiftExplicitDependencyGeneratePcm arm64 /Users/admin/builder/spi-builder-workspace/.derivedData/SDKExplicitPrecompiledModules/ImageIO-5CC6COR9KJYI1UBL7CSHLU2OG.pcm
SwiftExplicitDependencyGeneratePcm arm64 /Users/admin/builder/spi-builder-workspace/.derivedData/SDKExplicitPrecompiledModules/_Builtin_tgmath-BPYSMHWI520EQRL2HW519ZY7Z.pcm
SwiftExplicitDependencyGeneratePcm arm64 /Users/admin/builder/spi-builder-workspace/.derivedData/SDKExplicitPrecompiledModules/UniformTypeIdentifiers-E5KMWDZEKS4QW9RO1KBRDEXV6.pcm
SwiftExplicitDependencyGeneratePcm arm64 /Users/admin/builder/spi-builder-workspace/.derivedData/SDKExplicitPrecompiledModules/CoreMotion-10LV922UPGE28QX2SOIO7ALIZ.pcm
SwiftExplicitDependencyGeneratePcm arm64 /Users/admin/builder/spi-builder-workspace/.derivedData/SDKExplicitPrecompiledModules/CoreVideo-E12HJSJSLO0YKWYBES11UKJ02.pcm
SwiftExplicitDependencyGeneratePcm arm64 /Users/admin/builder/spi-builder-workspace/.derivedData/SDKExplicitPrecompiledModules/Symbols-8G2XC01RPQ5HYIZE6JNUT864I.pcm
SwiftExplicitDependencyGeneratePcm arm64 /Users/admin/builder/spi-builder-workspace/.derivedData/SDKExplicitPrecompiledModules/CoreTransferable-8TBYAKHCX6UC8QQSS7BD8GQK5.pcm
SwiftExplicitDependencyGeneratePcm arm64 /Users/admin/builder/spi-builder-workspace/.derivedData/SDKExplicitPrecompiledModules/os-1004XEJ3IXOOAU0KL58SM3D0K.pcm
SwiftExplicitDependencyGeneratePcm arm64 /Users/admin/builder/spi-builder-workspace/.derivedData/SDKExplicitPrecompiledModules/simd-9XXAB17Y6E4BBPQADD61NZ23.pcm
SwiftExplicitDependencyGeneratePcm arm64 /Users/admin/builder/spi-builder-workspace/.derivedData/SDKExplicitPrecompiledModules/CoreImage-8WF1P230U10QM666EQMNV7OF1.pcm
SwiftExplicitDependencyGeneratePcm arm64 /Users/admin/builder/spi-builder-workspace/.derivedData/SDKExplicitPrecompiledModules/QuartzCore-12T8WVKUNCL1N7VXH87MM4YOB.pcm
SwiftExplicitDependencyGeneratePcm arm64 /Users/admin/builder/spi-builder-workspace/.derivedData/SDKExplicitPrecompiledModules/OSLog-BNGT87TS0GMBFF7TY70HHB69.pcm
SwiftExplicitDependencyGeneratePcm arm64 /Users/admin/builder/spi-builder-workspace/.derivedData/SDKExplicitPrecompiledModules/UIKit-2D2PMAAE45TMO6S28UCGCO5BR.pcm
SwiftDriverJobDiscovery normal arm64 Compiling CGPoint+GraphPoint.swift (in target 'GraphPoint' from project 'GraphPoint')
SwiftDriverJobDiscovery normal arm64 Compiling CGFloat+GraphPoint.swift (in target 'GraphPoint' from project 'GraphPoint')
SwiftDriverJobDiscovery normal arm64 Compiling CGRect+GraphPoint.swift (in target 'GraphPoint' from project 'GraphPoint')
SwiftDriverJobDiscovery normal arm64 Compiling GraphFrame.swift (in target 'GraphPoint' from project 'GraphPoint')
SwiftDriverJobDiscovery normal arm64 Compiling GraphPoint.swift (in target 'GraphPoint' from project 'GraphPoint')
SwiftDriver\ Compilation GraphPoint normal arm64 com.apple.xcode.tools.swift.compiler (in target 'GraphPoint' from project 'GraphPoint')
    cd /Users/admin/builder/spi-builder-workspace/.swiftpm/xcode
    builtin-Swift-Compilation -- /Applications/Xcode-27.0.0-Release.Candidate.app/Contents/Developer/Toolchains/XcodeDefault.xctoolchain/usr/bin/swiftc -parse-as-library -module-name GraphPoint -Onone @/Users/admin/builder/spi-builder-workspace/.derivedData/Build/Intermediates.noindex/GraphPoint.build/Debug-xros/GraphPoint-t.build/Objects-normal/arm64/GraphPoint.SwiftFileList -DSWIFT_PACKAGE -DDEBUG -DSWIFT_MODULE_RESOURCE_BUNDLE_UNAVAILABLE -DXcode -plugin-path /Applications/Xcode-27.0.0-Release.Candidate.app/Contents/Developer/Toolchains/XcodeDefault.xctoolchain/usr/lib/swift/host/plugins/testing -enable-experimental-feature DebugDescriptionMacro -sdk /Applications/Xcode-27.0.0-Release.Candidate.app/Contents/Developer/Platforms/XROS.platform/Developer/SDKs/XROS27.0.sdk -target arm64-apple-xros1.0 -g -module-cache-path /Users/admin/builder/spi-builder-workspace/.derivedData/ModuleCache.noindex -Xfrontend -serialize-debugging-options -profile-coverage-mapping -profile-generate -enable-testing -suppress-warnings -index-store-path /Users/admin/builder/spi-builder-workspace/.derivedData/Index.noindex/DataStore -Xcc -D_LIBCPP_HARDENING_MODE\=_LIBCPP_HARDENING_MODE_DEBUG -swift-version 5 -I /Users/admin/builder/spi-builder-workspace/.derivedData/Build/Products/Debug-xros -Isystem /Applications/Xcode-27.0.0-Release.Candidate.app/Contents/Developer/Platforms/XROS.platform/Developer/usr/lib -F /Users/admin/builder/spi-builder-workspace/.derivedData/Build/Products/Debug-xros -F /Applications/Xcode-27.0.0-Release.Candidate.app/Contents/Developer/Platforms/XROS.platform/Developer/Library/Frameworks -F /Applications/Xcode-27.0.0-Release.Candidate.app/Contents/Developer/Platforms/XROS.platform/Developer/SDKs/XROS27.0.sdk/Developer/Library/Frameworks -c -j10 -enable-batch-mode -incremental -Xcc -ivfsstatcache -Xcc /Users/admin/builder/spi-builder-workspace/.derivedData/SDKStatCaches.noindex/xros27.0-24M361-e829b21a6f8c9b70876ba0858053c044735bd543db762f57723cac368afd1ce4.sdkstatcache -output-file-map /Users/admin/builder/spi-builder-workspace/.derivedData/Build/Intermediates.noindex/GraphPoint.build/Debug-xros/GraphPoint-t.build/Objects-normal/arm64/GraphPoint-OutputFileMap.json -save-temps -no-color-diagnostics -explicit-module-build -module-cache-path /Users/admin/builder/spi-builder-workspace/.derivedData/Build/Intermediates.noindex/SwiftExplicitPrecompiledModules -clang-scanner-module-cache-path /Users/admin/builder/spi-builder-workspace/.derivedData/ModuleCache.noindex -sdk-module-cache-path /Users/admin/builder/spi-builder-workspace/.derivedData/SDKExplicitPrecompiledModules -emit-dependencies -emit-module -emit-module-path /Users/admin/builder/spi-builder-workspace/.derivedData/Build/Intermediates.noindex/GraphPoint.build/Debug-xros/GraphPoint-t.build/Objects-normal/arm64/GraphPoint.swiftmodule -serialize-diagnostics -dependency-scan-serialize-diagnostics-path /Users/admin/builder/spi-builder-workspace/.derivedData/Build/Intermediates.noindex/GraphPoint.build/Debug-xros/GraphPoint-t.build/Objects-normal/arm64/GraphPoint-dependency-scan.dia -validate-clang-modules-once -clang-build-session-file /Users/admin/builder/spi-builder-workspace/.derivedData/ModuleCache.noindex/Session.modulevalidation -Xcc -fmodules-prune-interval\=86400 -Xcc -fmodules-prune-after\=345600 -emit-const-values -const-gather-protocols-list /Users/admin/builder/spi-builder-workspace/.derivedData/Build/Intermediates.noindex/GraphPoint.build/Debug-xros/GraphPoint-t.build/Objects-normal/arm64/GraphPoint_const_extract_protocols.json -Xcc -I/Users/admin/builder/spi-builder-workspace/.derivedData/Build/Products/Debug-xros/include -Xcc -I/Users/admin/builder/spi-builder-workspace/.derivedData/Build/Intermediates.noindex/GraphPoint.build/Debug-xros/GraphPoint-t.build/DerivedSources-normal/arm64 -Xcc -I/Users/admin/builder/spi-builder-workspace/.derivedData/Build/Intermediates.noindex/GraphPoint.build/Debug-xros/GraphPoint-t.build/DerivedSources/arm64 -Xcc -I/Users/admin/builder/spi-builder-workspace/.derivedData/Build/Intermediates.noindex/GraphPoint.build/Debug-xros/GraphPoint-t.build/DerivedSources -Xcc -DSWIFT_PACKAGE -Xcc -DDEBUG\=1 -emit-objc-header -emit-objc-header-path /Users/admin/builder/spi-builder-workspace/.derivedData/Build/Intermediates.noindex/GraphPoint.build/Debug-xros/GraphPoint-t.build/Objects-normal/arm64/GraphPoint-Swift.h -working-directory /Users/admin/builder/spi-builder-workspace/.swiftpm/xcode -experimental-emit-module-separately -disable-cmo
Ld /Users/admin/builder/spi-builder-workspace/.derivedData/Build/Products/Debug-xros/GraphPoint.o normal (in target 'GraphPoint' from project 'GraphPoint')
    cd /Users/admin/builder/spi-builder-workspace/.dependencies/checkouts/GraphPoint
    /Applications/Xcode-27.0.0-Release.Candidate.app/Contents/Developer/Toolchains/XcodeDefault.xctoolchain/usr/bin/clang -Xlinker -reproducible -target arm64-apple-xros1.0 -r -isysroot /Applications/Xcode-27.0.0-Release.Candidate.app/Contents/Developer/Platforms/XROS.platform/Developer/SDKs/XROS27.0.sdk -O0 -w -Xlinker -no_warn_duplicate_libraries -F/Users/admin/builder/spi-builder-workspace/.derivedData/Build/Intermediates.noindex/EagerLinkingTBDs/Debug-xros -F/Users/admin/builder/spi-builder-workspace/.derivedData/Build/Products/Debug-xros -iframework /Applications/Xcode-27.0.0-Release.Candidate.app/Contents/Developer/Platforms/XROS.platform/Developer/Library/Frameworks -iframework /Applications/Xcode-27.0.0-Release.Candidate.app/Contents/Developer/Platforms/XROS.platform/Developer/SDKs/XROS27.0.sdk/Developer/Library/Frameworks -filelist /Users/admin/builder/spi-builder-workspace/.derivedData/Build/Intermediates.noindex/GraphPoint.build/Debug-xros/GraphPoint-t.build/Objects-normal/arm64/GraphPoint.LinkFileList -nostdlib -Xlinker -object_path_lto -Xlinker /Users/admin/builder/spi-builder-workspace/.derivedData/Build/Intermediates.noindex/GraphPoint.build/Debug-xros/GraphPoint-t.build/Objects-normal/arm64/GraphPoint_lto.o -Xlinker -no_deduplicate -Xlinker -debug_variant -Xlinker -dependency_info -Xlinker /Users/admin/builder/spi-builder-workspace/.derivedData/Build/Intermediates.noindex/GraphPoint.build/Debug-xros/GraphPoint-t.build/Objects-normal/arm64/GraphPoint_dependency_info.dat -fobjc-link-runtime -L/Applications/Xcode-27.0.0-Release.Candidate.app/Contents/Developer/Toolchains/XcodeDefault.xctoolchain/usr/lib/swift/xros -L/usr/lib/swift -Xlinker -add_ast_path -Xlinker /Users/admin/builder/spi-builder-workspace/.derivedData/Build/Intermediates.noindex/GraphPoint.build/Debug-xros/GraphPoint-t.build/Objects-normal/arm64/GraphPoint.swiftmodule -o /Users/admin/builder/spi-builder-workspace/.derivedData/Build/Products/Debug-xros/GraphPoint.o
ExtractAppIntentsMetadata (in target 'GraphPoint' from project 'GraphPoint')
    cd /Users/admin/builder/spi-builder-workspace/.dependencies/checkouts/GraphPoint
    /Applications/Xcode-27.0.0-Release.Candidate.app/Contents/Developer/Toolchains/XcodeDefault.xctoolchain/usr/bin/appintentsmetadataprocessor --toolchain-dir /var/run/com.apple.security.cryptexd/mnt/com.apple.MobileAsset.MetalToolchain-v27.1.266.1.MMQcUk/Metal.xctoolchain --module-name GraphPoint --sdk-root /Applications/Xcode-27.0.0-Release.Candidate.app/Contents/Developer/Platforms/XROS.platform/Developer/SDKs/XROS27.0.sdk --xcode-version 27A266a --platform-family xrOS --deployment-target 1.0 --bundle-identifier graphpoint.GraphPoint --output /Users/admin/builder/spi-builder-workspace/.derivedData/Build/Products/Debug-xros/GraphPoint.appintents --target-triple arm64-apple-xros1.0 --binary-file /Users/admin/builder/spi-builder-workspace/.derivedData/Build/Products/Debug-xros/GraphPoint.o --dependency-file /Users/admin/builder/spi-builder-workspace/.derivedData/Build/Intermediates.noindex/GraphPoint.build/Debug-xros/GraphPoint-t.build/Objects-normal/arm64/GraphPoint_dependency_info.dat --stringsdata-file /Users/admin/builder/spi-builder-workspace/.derivedData/Build/Intermediates.noindex/GraphPoint.build/Debug-xros/GraphPoint-t.build/Objects-normal/arm64/ExtractedAppShortcutsMetadata.stringsdata --source-file-list /Users/admin/builder/spi-builder-workspace/.derivedData/Build/Intermediates.noindex/GraphPoint.build/Debug-xros/GraphPoint-t.build/Objects-normal/arm64/GraphPoint.SwiftFileList --metadata-file-list /Users/admin/builder/spi-builder-workspace/.derivedData/Build/Intermediates.noindex/GraphPoint.build/Debug-xros/GraphPoint-t.build/GraphPoint.DependencyMetadataFileList --static-metadata-file-list /Users/admin/builder/spi-builder-workspace/.derivedData/Build/Intermediates.noindex/GraphPoint.build/Debug-xros/GraphPoint-t.build/GraphPoint.DependencyStaticMetadataFileList --swift-const-vals-list /Users/admin/builder/spi-builder-workspace/.derivedData/Build/Intermediates.noindex/GraphPoint.build/Debug-xros/GraphPoint-t.build/Objects-normal/arm64/GraphPoint.SwiftConstValuesFileList --force --compile-time-extraction --deployment-aware-processing --no-app-shortcuts-localization
2026-09-16 11:10:03.054 appintentsmetadataprocessor[830:5294] Starting appintentsmetadataprocessor export
2026-09-16 11:10:03.152 appintentsmetadataprocessor[830:5294] Extracted no relevant App Intents symbols, skipping writing output
SwiftExplicitDependencyGeneratePcm arm64 /Users/admin/builder/spi-builder-workspace/.derivedData/SDKExplicitPrecompiledModules/Spatial-5E0I2846LO3ZE24CSVR2O57TI.pcm
SwiftExplicitDependencyGeneratePcm arm64 /Users/admin/builder/spi-builder-workspace/.derivedData/SDKExplicitPrecompiledModules/SwiftUICore-6OBBMA39VFD4CB6SG2PE41FAP.pcm
SwiftEmitModule normal arm64 Emitting\ module\ for\ GraphPointUI (in target 'GraphPointUI' from project 'GraphPoint')
SwiftCompile normal arm64 (in target 'GraphPointUI' from project 'GraphPoint')
    cd /Users/admin/builder/spi-builder-workspace/.swiftpm/xcode

SwiftCompile normal arm64 Compiling\ CircularProgress.swift /Users/admin/builder/spi-builder-workspace/.dependencies/checkouts/GraphPoint/Sources/GraphPointUI/CircularProgress.swift (in target 'GraphPointUI' from project 'GraphPoint')
SwiftCompile normal arm64 /Users/admin/builder/spi-builder-workspace/.dependencies/checkouts/GraphPoint/Sources/GraphPointUI/CircularProgress.swift (in target 'GraphPointUI' from project 'GraphPoint')
    cd /Users/admin/builder/spi-builder-workspace/.swiftpm/xcode
    builtin-SwiftPerFileCompile CircularProgress.swift
/Users/admin/builder/spi-builder-workspace/.dependencies/checkouts/GraphPoint/Sources/GraphPointUI/CircularProgress.swift:148:68: error: 'UIScreen' is unavailable in visionOS
146 |         }
147 |
148 |         UIGraphicsBeginImageContextWithOptions(bounds.size, false, UIScreen.main.scale)
    |                                                                    `- error: 'UIScreen' is unavailable in visionOS
149 |         let context = UIGraphicsGetCurrentContext()
150 |
/Applications/Xcode-27.0.0-Release.Candidate.app/Contents/Developer/Platforms/XROS.platform/Developer/SDKs/XROS27.0.sdk/System/Library/Frameworks/UIKit.framework/Headers/UIScreen.h:54:12: note: 'UIScreen' has been explicitly marked unavailable here
 52 |
 53 | UIKIT_EXTERN API_AVAILABLE(ios(2.0)) API_UNAVAILABLE(visionos, watchos) NS_SWIFT_UI_ACTOR
 54 | @interface UIScreen : NSObject <UITraitEnvironment>
    |            `- note: 'UIScreen' has been explicitly marked unavailable here
 55 |
 56 | @property(class, nonatomic, readonly) NSArray<UIScreen *> *screens API_DEPRECATED("Use UIApplication.shared.openSessions to find open sessions with scenes from other screens", ios(3.2, 16.0), visionos(1.0, 1.0)) API_UNAVAILABLE(watchos); // all screens currently attached to the device
Failed frontend command:
/Applications/Xcode-27.0.0-Release.Candidate.app/Contents/Developer/Toolchains/XcodeDefault.xctoolchain/usr/bin/swift-frontend -frontend -c /Users/admin/builder/spi-builder-workspace/.dependencies/checkouts/GraphPoint/Sources/GraphPointUI/Arc.swift /Users/admin/builder/spi-builder-workspace/.dependencies/checkouts/GraphPoint/Sources/GraphPointUI/CGMutablePath+GraphPoint.swift -primary-file /Users/admin/builder/spi-builder-workspace/.dependencies/checkouts/GraphPoint/Sources/GraphPointUI/CircularProgress.swift /Users/admin/builder/spi-builder-workspace/.dependencies/checkouts/GraphPoint/Sources/GraphPointUI/CircularSlider.swift /Users/admin/builder/spi-builder-workspace/.dependencies/checkouts/GraphPoint/Sources/GraphPointUI/UIImage+GraphPoint.swift -emit-dependencies-path /Users/admin/builder/spi-builder-workspace/.derivedData/Build/Intermediates.noindex/GraphPoint.build/Debug-xros/GraphPointUI-t.build/Objects-normal/arm64/CircularProgress.d -emit-const-values-path /Users/admin/builder/spi-builder-workspace/.derivedData/Build/Intermediates.noindex/GraphPoint.build/Debug-xros/GraphPointUI-t.build/Objects-normal/arm64/CircularProgress.swiftconstvalues -emit-reference-dependencies-path /Users/admin/builder/spi-builder-workspace/.derivedData/Build/Intermediates.noindex/GraphPoint.build/Debug-xros/GraphPointUI-t.build/Objects-normal/arm64/CircularProgress.swiftdeps -serialize-diagnostics-path /Users/admin/builder/spi-builder-workspace/.derivedData/Build/Intermediates.noindex/GraphPoint.build/Debug-xros/GraphPointUI-t.build/Objects-normal/arm64/CircularProgress.dia -target arm64-apple-xros1.0 -module-can-import-version CoreGraphics 2049 2049.0.0 -module-can-import-version UIKit 9127.0.84.1 9127.0.84 -disable-cross-import-overlay-search -load-resolved-plugin /Applications/Xcode-27.0.0-Release.Candidate.app/Contents/Developer/Platforms/XROS.platform/Developer/usr/lib/swift/host/plugins/libFoundationMacros.dylib\#/Applications/Xcode-27.0.0-Release.Candidate.app/Contents/Developer/Platforms/XROS.platform/Developer/usr/bin/swift-plugin-server\#FoundationMacros -load-resolved-plugin /Applications/Xcode-27.0.0-Release.Candidate.app/Contents/Developer/Platforms/XROS.platform/Developer/usr/lib/swift/host/plugins/libObservationMacros.dylib\#/Applications/Xcode-27.0.0-Release.Candidate.app/Contents/Developer/Platforms/XROS.platform/Developer/usr/bin/swift-plugin-server\#ObservationMacros -load-resolved-plugin /Applications/Xcode-27.0.0-Release.Candidate.app/Contents/Developer/Platforms/XROS.platform/Developer/usr/lib/swift/host/plugins/libPreviewsMacros.dylib\#/Applications/Xcode-27.0.0-Release.Candidate.app/Contents/Developer/Platforms/XROS.platform/Developer/usr/bin/swift-plugin-server\#PreviewsMacros -load-resolved-plugin /Applications/Xcode-27.0.0-Release.Candidate.app/Contents/Developer/Platforms/XROS.platform/Developer/usr/lib/swift/host/plugins/libSwiftMacros.dylib\#/Applications/Xcode-27.0.0-Release.Candidate.app/Contents/Developer/Platforms/XROS.platform/Developer/usr/bin/swift-plugin-server\#SwiftMacros -load-resolved-plugin /Applications/Xcode-27.0.0-Release.Candidate.app/Contents/Developer/Platforms/XROS.platform/Developer/usr/lib/swift/host/plugins/libSwiftUIMacros.dylib\#/Applications/Xcode-27.0.0-Release.Candidate.app/Contents/Developer/Platforms/XROS.platform/Developer/usr/bin/swift-plugin-server\#SwiftUIMacros -disable-implicit-swift-modules -Xcc -fno-implicit-modules -Xcc -fno-implicit-module-maps -explicit-swift-module-map-file /Users/admin/builder/spi-builder-workspace/.derivedData/Build/Intermediates.noindex/GraphPoint.build/Debug-xros/GraphPointUI-t.build/Objects-normal/arm64/GraphPointUI-dependencies-1.json -Xllvm -aarch64-use-tbi -enable-objc-interop -stack-check -sdk /Applications/Xcode-27.0.0-Release.Candidate.app/Contents/Developer/Platforms/XROS.platform/Developer/SDKs/XROS27.0.sdk -I /Users/admin/builder/spi-builder-workspace/.derivedData/Build/Products/Debug-xros -Isystem /Applications/Xcode-27.0.0-Release.Candidate.app/Contents/Developer/Platforms/XROS.platform/Developer/usr/lib -F /Users/admin/builder/spi-builder-workspace/.derivedData/Build/Products/Debug-xros/PackageFrameworks -F /Users/admin/builder/spi-builder-workspace/.derivedData/Build/Products/Debug-xros -F /Applications/Xcode-27.0.0-Release.Candidate.app/Contents/Developer/Platforms/XROS.platform/Developer/Library/Frameworks -F /Applications/Xcode-27.0.0-Release.Candidate.app/Contents/Developer/Platforms/XROS.platform/Developer/SDKs/XROS27.0.sdk/Developer/Library/Frameworks -module-cache-path /Users/admin/builder/spi-builder-workspace/.derivedData/Build/Intermediates.noindex/SwiftExplicitPrecompiledModules -no-color-diagnostics -Xcc -fno-color-diagnostics -enable-testing -g -debug-info-format\=dwarf -dwarf-version\=4 -suppress-warnings -profile-generate -profile-coverage-mapping -swift-version 5 -Onone -D SWIFT_PACKAGE -D DEBUG -D SWIFT_MODULE_RESOURCE_BUNDLE_UNAVAILABLE -D Xcode -serialize-debugging-options -enable-experimental-feature DebugDescriptionMacro -empty-abi-descriptor -validate-clang-modules-once -clang-build-session-file /Users/admin/builder/spi-builder-workspace/.derivedData/ModuleCache.noindex/Session.modulevalidation -Xcc -working-directory -Xcc /Users/admin/builder/spi-builder-workspace/.swiftpm/xcode -enable-anonymous-context-mangled-names -file-compilation-dir /Users/admin/builder/spi-builder-workspace/.swiftpm/xcode -Xcc -D_LIBCPP_HARDENING_MODE\=_LIBCPP_HARDENING_MODE_DEBUG -Xcc -ivfsstatcache -Xcc /Users/admin/builder/spi-builder-workspace/.derivedData/SDKStatCaches.noindex/xros27.0-24M361-e829b21a6f8c9b70876ba0858053c044735bd543db762f57723cac368afd1ce4.sdkstatcache -Xcc -fmodules-prune-interval\=86400 -Xcc -fmodules-prune-after\=345600 -Xcc -I/Users/admin/builder/spi-builder-workspace/.derivedData/Build/Products/Debug-xros/include -Xcc -I/Users/admin/builder/spi-builder-workspace/.derivedData/Build/Intermediates.noindex/GraphPoint.build/Debug-xros/GraphPointUI-t.build/DerivedSources-normal/arm64 -Xcc -I/Users/admin/builder/spi-builder-workspace/.derivedData/Build/Intermediates.noindex/GraphPoint.build/Debug-xros/GraphPointUI-t.build/DerivedSources/arm64 -Xcc -I/Users/admin/builder/spi-builder-workspace/.derivedData/Build/Intermediates.noindex/GraphPoint.build/Debug-xros/GraphPointUI-t.build/DerivedSources -Xcc -DSWIFT_PACKAGE -Xcc -DDEBUG\=1 -no-auto-bridging-header-chaining -module-name GraphPointUI -const-gather-protocols-file /Users/admin/builder/spi-builder-workspace/.derivedData/Build/Intermediates.noindex/GraphPoint.build/Debug-xros/GraphPointUI-t.build/Objects-normal/arm64/GraphPointUI_const_extract_protocols.json -disable-clang-spi -clang-target arm64-apple-xros27.0 -target-sdk-version 27.0 -target-sdk-name xros27.0 -in-process-plugin-server-path /Applications/Xcode-27.0.0-Release.Candidate.app/Contents/Developer/Toolchains/XcodeDefault.xctoolchain/usr/lib/swift/host/libSwiftInProcPluginServer.dylib -parse-as-library -o /Users/admin/builder/spi-builder-workspace/.derivedData/Build/Intermediates.noindex/GraphPoint.build/Debug-xros/GraphPointUI-t.build/Objects-normal/arm64/CircularProgress.o -debug-module-path /Users/admin/builder/spi-builder-workspace/.derivedData/Build/Intermediates.noindex/GraphPoint.build/Debug-xros/GraphPointUI-t.build/Objects-normal/arm64/GraphPointUI.swiftmodule -index-unit-output-path /GraphPoint.build/Debug-xros/GraphPointUI-t.build/Objects-normal/arm64/CircularProgress.o -index-store-path /Users/admin/builder/spi-builder-workspace/.derivedData/Index.noindex/DataStore -index-system-modules
SwiftCompile normal arm64 Compiling\ CGMutablePath+GraphPoint.swift /Users/admin/builder/spi-builder-workspace/.dependencies/checkouts/GraphPoint/Sources/GraphPointUI/CGMutablePath+GraphPoint.swift (in target 'GraphPointUI' from project 'GraphPoint')
SwiftCompile normal arm64 /Users/admin/builder/spi-builder-workspace/.dependencies/checkouts/GraphPoint/Sources/GraphPointUI/CGMutablePath+GraphPoint.swift (in target 'GraphPointUI' from project 'GraphPoint')
    cd /Users/admin/builder/spi-builder-workspace/.swiftpm/xcode
    builtin-SwiftPerFileCompile CGMutablePath+GraphPoint.swift
SwiftCompile normal arm64 Compiling\ CircularSlider.swift /Users/admin/builder/spi-builder-workspace/.dependencies/checkouts/GraphPoint/Sources/GraphPointUI/CircularSlider.swift (in target 'GraphPointUI' from project 'GraphPoint')
SwiftCompile normal arm64 /Users/admin/builder/spi-builder-workspace/.dependencies/checkouts/GraphPoint/Sources/GraphPointUI/CircularSlider.swift (in target 'GraphPointUI' from project 'GraphPoint')
    cd /Users/admin/builder/spi-builder-workspace/.swiftpm/xcode
    builtin-SwiftPerFileCompile CircularSlider.swift
/Users/admin/builder/spi-builder-workspace/.dependencies/checkouts/GraphPoint/Sources/GraphPointUI/CircularSlider.swift:138:68: error: 'UIScreen' is unavailable in visionOS
136 |         }
137 |
138 |         UIGraphicsBeginImageContextWithOptions(bounds.size, false, UIScreen.main.scale)
    |                                                                    `- error: 'UIScreen' is unavailable in visionOS
139 |         let context = UIGraphicsGetCurrentContext()
140 |
/Applications/Xcode-27.0.0-Release.Candidate.app/Contents/Developer/Platforms/XROS.platform/Developer/SDKs/XROS27.0.sdk/System/Library/Frameworks/UIKit.framework/Headers/UIScreen.h:54:12: note: 'UIScreen' has been explicitly marked unavailable here
 52 |
 53 | UIKIT_EXTERN API_AVAILABLE(ios(2.0)) API_UNAVAILABLE(visionos, watchos) NS_SWIFT_UI_ACTOR
 54 | @interface UIScreen : NSObject <UITraitEnvironment>
    |            `- note: 'UIScreen' has been explicitly marked unavailable here
 55 |
 56 | @property(class, nonatomic, readonly) NSArray<UIScreen *> *screens API_DEPRECATED("Use UIApplication.shared.openSessions to find open sessions with scenes from other screens", ios(3.2, 16.0), visionos(1.0, 1.0)) API_UNAVAILABLE(watchos); // all screens currently attached to the device
Failed frontend command:
/Applications/Xcode-27.0.0-Release.Candidate.app/Contents/Developer/Toolchains/XcodeDefault.xctoolchain/usr/bin/swift-frontend -frontend -c /Users/admin/builder/spi-builder-workspace/.dependencies/checkouts/GraphPoint/Sources/GraphPointUI/Arc.swift /Users/admin/builder/spi-builder-workspace/.dependencies/checkouts/GraphPoint/Sources/GraphPointUI/CGMutablePath+GraphPoint.swift /Users/admin/builder/spi-builder-workspace/.dependencies/checkouts/GraphPoint/Sources/GraphPointUI/CircularProgress.swift -primary-file /Users/admin/builder/spi-builder-workspace/.dependencies/checkouts/GraphPoint/Sources/GraphPointUI/CircularSlider.swift /Users/admin/builder/spi-builder-workspace/.dependencies/checkouts/GraphPoint/Sources/GraphPointUI/UIImage+GraphPoint.swift -emit-dependencies-path /Users/admin/builder/spi-builder-workspace/.derivedData/Build/Intermediates.noindex/GraphPoint.build/Debug-xros/GraphPointUI-t.build/Objects-normal/arm64/CircularSlider.d -emit-const-values-path /Users/admin/builder/spi-builder-workspace/.derivedData/Build/Intermediates.noindex/GraphPoint.build/Debug-xros/GraphPointUI-t.build/Objects-normal/arm64/CircularSlider.swiftconstvalues -emit-reference-dependencies-path /Users/admin/builder/spi-builder-workspace/.derivedData/Build/Intermediates.noindex/GraphPoint.build/Debug-xros/GraphPointUI-t.build/Objects-normal/arm64/CircularSlider.swiftdeps -serialize-diagnostics-path /Users/admin/builder/spi-builder-workspace/.derivedData/Build/Intermediates.noindex/GraphPoint.build/Debug-xros/GraphPointUI-t.build/Objects-normal/arm64/CircularSlider.dia -target arm64-apple-xros1.0 -module-can-import-version CoreGraphics 2049 2049.0.0 -module-can-import-version UIKit 9127.0.84.1 9127.0.84 -disable-cross-import-overlay-search -load-resolved-plugin /Applications/Xcode-27.0.0-Release.Candidate.app/Contents/Developer/Platforms/XROS.platform/Developer/usr/lib/swift/host/plugins/libFoundationMacros.dylib\#/Applications/Xcode-27.0.0-Release.Candidate.app/Contents/Developer/Platforms/XROS.platform/Developer/usr/bin/swift-plugin-server\#FoundationMacros -load-resolved-plugin /Applications/Xcode-27.0.0-Release.Candidate.app/Contents/Developer/Platforms/XROS.platform/Developer/usr/lib/swift/host/plugins/libObservationMacros.dylib\#/Applications/Xcode-27.0.0-Release.Candidate.app/Contents/Developer/Platforms/XROS.platform/Developer/usr/bin/swift-plugin-server\#ObservationMacros -load-resolved-plugin /Applications/Xcode-27.0.0-Release.Candidate.app/Contents/Developer/Platforms/XROS.platform/Developer/usr/lib/swift/host/plugins/libPreviewsMacros.dylib\#/Applications/Xcode-27.0.0-Release.Candidate.app/Contents/Developer/Platforms/XROS.platform/Developer/usr/bin/swift-plugin-server\#PreviewsMacros -load-resolved-plugin /Applications/Xcode-27.0.0-Release.Candidate.app/Contents/Developer/Platforms/XROS.platform/Developer/usr/lib/swift/host/plugins/libSwiftMacros.dylib\#/Applications/Xcode-27.0.0-Release.Candidate.app/Contents/Developer/Platforms/XROS.platform/Developer/usr/bin/swift-plugin-server\#SwiftMacros -load-resolved-plugin /Applications/Xcode-27.0.0-Release.Candidate.app/Contents/Developer/Platforms/XROS.platform/Developer/usr/lib/swift/host/plugins/libSwiftUIMacros.dylib\#/Applications/Xcode-27.0.0-Release.Candidate.app/Contents/Developer/Platforms/XROS.platform/Developer/usr/bin/swift-plugin-server\#SwiftUIMacros -disable-implicit-swift-modules -Xcc -fno-implicit-modules -Xcc -fno-implicit-module-maps -explicit-swift-module-map-file /Users/admin/builder/spi-builder-workspace/.derivedData/Build/Intermediates.noindex/GraphPoint.build/Debug-xros/GraphPointUI-t.build/Objects-normal/arm64/GraphPointUI-dependencies-1.json -Xllvm -aarch64-use-tbi -enable-objc-interop -stack-check -sdk /Applications/Xcode-27.0.0-Release.Candidate.app/Contents/Developer/Platforms/XROS.platform/Developer/SDKs/XROS27.0.sdk -I /Users/admin/builder/spi-builder-workspace/.derivedData/Build/Products/Debug-xros -Isystem /Applications/Xcode-27.0.0-Release.Candidate.app/Contents/Developer/Platforms/XROS.platform/Developer/usr/lib -F /Users/admin/builder/spi-builder-workspace/.derivedData/Build/Products/Debug-xros/PackageFrameworks -F /Users/admin/builder/spi-builder-workspace/.derivedData/Build/Products/Debug-xros -F /Applications/Xcode-27.0.0-Release.Candidate.app/Contents/Developer/Platforms/XROS.platform/Developer/Library/Frameworks -F /Applications/Xcode-27.0.0-Release.Candidate.app/Contents/Developer/Platforms/XROS.platform/Developer/SDKs/XROS27.0.sdk/Developer/Library/Frameworks -module-cache-path /Users/admin/builder/spi-builder-workspace/.derivedData/Build/Intermediates.noindex/SwiftExplicitPrecompiledModules -no-color-diagnostics -Xcc -fno-color-diagnostics -enable-testing -g -debug-info-format\=dwarf -dwarf-version\=4 -suppress-warnings -profile-generate -profile-coverage-mapping -swift-version 5 -Onone -D SWIFT_PACKAGE -D DEBUG -D SWIFT_MODULE_RESOURCE_BUNDLE_UNAVAILABLE -D Xcode -serialize-debugging-options -enable-experimental-feature DebugDescriptionMacro -empty-abi-descriptor -validate-clang-modules-once -clang-build-session-file /Users/admin/builder/spi-builder-workspace/.derivedData/ModuleCache.noindex/Session.modulevalidation -Xcc -working-directory -Xcc /Users/admin/builder/spi-builder-workspace/.swiftpm/xcode -enable-anonymous-context-mangled-names -file-compilation-dir /Users/admin/builder/spi-builder-workspace/.swiftpm/xcode -Xcc -D_LIBCPP_HARDENING_MODE\=_LIBCPP_HARDENING_MODE_DEBUG -Xcc -ivfsstatcache -Xcc /Users/admin/builder/spi-builder-workspace/.derivedData/SDKStatCaches.noindex/xros27.0-24M361-e829b21a6f8c9b70876ba0858053c044735bd543db762f57723cac368afd1ce4.sdkstatcache -Xcc -fmodules-prune-interval\=86400 -Xcc -fmodules-prune-after\=345600 -Xcc -I/Users/admin/builder/spi-builder-workspace/.derivedData/Build/Products/Debug-xros/include -Xcc -I/Users/admin/builder/spi-builder-workspace/.derivedData/Build/Intermediates.noindex/GraphPoint.build/Debug-xros/GraphPointUI-t.build/DerivedSources-normal/arm64 -Xcc -I/Users/admin/builder/spi-builder-workspace/.derivedData/Build/Intermediates.noindex/GraphPoint.build/Debug-xros/GraphPointUI-t.build/DerivedSources/arm64 -Xcc -I/Users/admin/builder/spi-builder-workspace/.derivedData/Build/Intermediates.noindex/GraphPoint.build/Debug-xros/GraphPointUI-t.build/DerivedSources -Xcc -DSWIFT_PACKAGE -Xcc -DDEBUG\=1 -no-auto-bridging-header-chaining -module-name GraphPointUI -const-gather-protocols-file /Users/admin/builder/spi-builder-workspace/.derivedData/Build/Intermediates.noindex/GraphPoint.build/Debug-xros/GraphPointUI-t.build/Objects-normal/arm64/GraphPointUI_const_extract_protocols.json -disable-clang-spi -clang-target arm64-apple-xros27.0 -target-sdk-version 27.0 -target-sdk-name xros27.0 -in-process-plugin-server-path /Applications/Xcode-27.0.0-Release.Candidate.app/Contents/Developer/Toolchains/XcodeDefault.xctoolchain/usr/lib/swift/host/libSwiftInProcPluginServer.dylib -parse-as-library -o /Users/admin/builder/spi-builder-workspace/.derivedData/Build/Intermediates.noindex/GraphPoint.build/Debug-xros/GraphPointUI-t.build/Objects-normal/arm64/CircularSlider.o -debug-module-path /Users/admin/builder/spi-builder-workspace/.derivedData/Build/Intermediates.noindex/GraphPoint.build/Debug-xros/GraphPointUI-t.build/Objects-normal/arm64/GraphPointUI.swiftmodule -index-unit-output-path /GraphPoint.build/Debug-xros/GraphPointUI-t.build/Objects-normal/arm64/CircularSlider.o -index-store-path /Users/admin/builder/spi-builder-workspace/.derivedData/Index.noindex/DataStore -index-system-modules
SwiftCompile normal arm64 Compiling\ Arc.swift /Users/admin/builder/spi-builder-workspace/.dependencies/checkouts/GraphPoint/Sources/GraphPointUI/Arc.swift (in target 'GraphPointUI' from project 'GraphPoint')
SwiftCompile normal arm64 /Users/admin/builder/spi-builder-workspace/.dependencies/checkouts/GraphPoint/Sources/GraphPointUI/Arc.swift (in target 'GraphPointUI' from project 'GraphPoint')
    cd /Users/admin/builder/spi-builder-workspace/.swiftpm/xcode
    builtin-SwiftPerFileCompile Arc.swift
SwiftCompile normal arm64 Compiling\ UIImage+GraphPoint.swift /Users/admin/builder/spi-builder-workspace/.dependencies/checkouts/GraphPoint/Sources/GraphPointUI/UIImage+GraphPoint.swift (in target 'GraphPointUI' from project 'GraphPoint')
SwiftCompile normal arm64 /Users/admin/builder/spi-builder-workspace/.dependencies/checkouts/GraphPoint/Sources/GraphPointUI/UIImage+GraphPoint.swift (in target 'GraphPointUI' from project 'GraphPoint')
    cd /Users/admin/builder/spi-builder-workspace/.swiftpm/xcode
    builtin-SwiftPerFileCompile UIImage+GraphPoint.swift
SwiftDriverJobDiscovery normal arm64 Compiling CGMutablePath+GraphPoint.swift (in target 'GraphPointUI' from project 'GraphPoint')
SwiftDriverJobDiscovery normal arm64 Compiling Arc.swift (in target 'GraphPointUI' from project 'GraphPoint')
SwiftDriverJobDiscovery normal arm64 Emitting module for GraphPointUI (in target 'GraphPointUI' from project 'GraphPoint')
SwiftDriver\ Compilation\ Requirements GraphPointUI normal arm64 com.apple.xcode.tools.swift.compiler (in target 'GraphPointUI' from project 'GraphPoint')
    cd /Users/admin/builder/spi-builder-workspace/.swiftpm/xcode
    builtin-Swift-Compilation-Requirements -- /Applications/Xcode-27.0.0-Release.Candidate.app/Contents/Developer/Toolchains/XcodeDefault.xctoolchain/usr/bin/swiftc -parse-as-library -module-name GraphPointUI -Onone @/Users/admin/builder/spi-builder-workspace/.derivedData/Build/Intermediates.noindex/GraphPoint.build/Debug-xros/GraphPointUI-t.build/Objects-normal/arm64/GraphPointUI.SwiftFileList -DSWIFT_PACKAGE -DDEBUG -DSWIFT_MODULE_RESOURCE_BUNDLE_UNAVAILABLE -DXcode -plugin-path /Applications/Xcode-27.0.0-Release.Candidate.app/Contents/Developer/Toolchains/XcodeDefault.xctoolchain/usr/lib/swift/host/plugins/testing -enable-experimental-feature DebugDescriptionMacro -sdk /Applications/Xcode-27.0.0-Release.Candidate.app/Contents/Developer/Platforms/XROS.platform/Developer/SDKs/XROS27.0.sdk -target arm64-apple-xros1.0 -g -module-cache-path /Users/admin/builder/spi-builder-workspace/.derivedData/ModuleCache.noindex -Xfrontend -serialize-debugging-options -profile-coverage-mapping -profile-generate -enable-testing -suppress-warnings -index-store-path /Users/admin/builder/spi-builder-workspace/.derivedData/Index.noindex/DataStore -Xcc -D_LIBCPP_HARDENING_MODE\=_LIBCPP_HARDENING_MODE_DEBUG -swift-version 5 -I /Users/admin/builder/spi-builder-workspace/.derivedData/Build/Products/Debug-xros -Isystem /Applications/Xcode-27.0.0-Release.Candidate.app/Contents/Developer/Platforms/XROS.platform/Developer/usr/lib -F /Users/admin/builder/spi-builder-workspace/.derivedData/Build/Products/Debug-xros/PackageFrameworks -F /Users/admin/builder/spi-builder-workspace/.derivedData/Build/Products/Debug-xros -F /Applications/Xcode-27.0.0-Release.Candidate.app/Contents/Developer/Platforms/XROS.platform/Developer/Library/Frameworks -F /Applications/Xcode-27.0.0-Release.Candidate.app/Contents/Developer/Platforms/XROS.platform/Developer/SDKs/XROS27.0.sdk/Developer/Library/Frameworks -c -j10 -enable-batch-mode -incremental -Xcc -ivfsstatcache -Xcc /Users/admin/builder/spi-builder-workspace/.derivedData/SDKStatCaches.noindex/xros27.0-24M361-e829b21a6f8c9b70876ba0858053c044735bd543db762f57723cac368afd1ce4.sdkstatcache -output-file-map /Users/admin/builder/spi-builder-workspace/.derivedData/Build/Intermediates.noindex/GraphPoint.build/Debug-xros/GraphPointUI-t.build/Objects-normal/arm64/GraphPointUI-OutputFileMap.json -save-temps -no-color-diagnostics -explicit-module-build -module-cache-path /Users/admin/builder/spi-builder-workspace/.derivedData/Build/Intermediates.noindex/SwiftExplicitPrecompiledModules -clang-scanner-module-cache-path /Users/admin/builder/spi-builder-workspace/.derivedData/ModuleCache.noindex -sdk-module-cache-path /Users/admin/builder/spi-builder-workspace/.derivedData/SDKExplicitPrecompiledModules -emit-dependencies -emit-module -emit-module-path /Users/admin/builder/spi-builder-workspace/.derivedData/Build/Intermediates.noindex/GraphPoint.build/Debug-xros/GraphPointUI-t.build/Objects-normal/arm64/GraphPointUI.swiftmodule -serialize-diagnostics -dependency-scan-serialize-diagnostics-path /Users/admin/builder/spi-builder-workspace/.derivedData/Build/Intermediates.noindex/GraphPoint.build/Debug-xros/GraphPointUI-t.build/Objects-normal/arm64/GraphPointUI-dependency-scan.dia -validate-clang-modules-once -clang-build-session-file /Users/admin/builder/spi-builder-workspace/.derivedData/ModuleCache.noindex/Session.modulevalidation -Xcc -fmodules-prune-interval\=86400 -Xcc -fmodules-prune-after\=345600 -emit-const-values -const-gather-protocols-list /Users/admin/builder/spi-builder-workspace/.derivedData/Build/Intermediates.noindex/GraphPoint.build/Debug-xros/GraphPointUI-t.build/Objects-normal/arm64/GraphPointUI_const_extract_protocols.json -Xcc -I/Users/admin/builder/spi-builder-workspace/.derivedData/Build/Products/Debug-xros/include -Xcc -I/Users/admin/builder/spi-builder-workspace/.derivedData/Build/Intermediates.noindex/GraphPoint.build/Debug-xros/GraphPointUI-t.build/DerivedSources-normal/arm64 -Xcc -I/Users/admin/builder/spi-builder-workspace/.derivedData/Build/Intermediates.noindex/GraphPoint.build/Debug-xros/GraphPointUI-t.build/DerivedSources/arm64 -Xcc -I/Users/admin/builder/spi-builder-workspace/.derivedData/Build/Intermediates.noindex/GraphPoint.build/Debug-xros/GraphPointUI-t.build/DerivedSources -Xcc -DSWIFT_PACKAGE -Xcc -DDEBUG\=1 -emit-objc-header -emit-objc-header-path /Users/admin/builder/spi-builder-workspace/.derivedData/Build/Intermediates.noindex/GraphPoint.build/Debug-xros/GraphPointUI-t.build/Objects-normal/arm64/GraphPointUI-Swift.h -working-directory /Users/admin/builder/spi-builder-workspace/.swiftpm/xcode -experimental-emit-module-separately -disable-cmo
SwiftMergeGeneratedHeaders /Users/admin/builder/spi-builder-workspace/.derivedData/Build/Intermediates.noindex/GeneratedModuleMaps-xros/GraphPointUI-Swift.h /Users/admin/builder/spi-builder-workspace/.derivedData/Build/Intermediates.noindex/GraphPoint.build/Debug-xros/GraphPointUI-t.build/Objects-normal/arm64/GraphPointUI-Swift.h (in target 'GraphPointUI' from project 'GraphPoint')
    cd /Users/admin/builder/spi-builder-workspace/.dependencies/checkouts/GraphPoint
    builtin-swiftHeaderTool -arch arm64 /Users/admin/builder/spi-builder-workspace/.derivedData/Build/Intermediates.noindex/GraphPoint.build/Debug-xros/GraphPointUI-t.build/Objects-normal/arm64/GraphPointUI-Swift.h -o /Users/admin/builder/spi-builder-workspace/.derivedData/Build/Intermediates.noindex/GeneratedModuleMaps-xros/GraphPointUI-Swift.h
Copy /Users/admin/builder/spi-builder-workspace/.derivedData/Build/Products/Debug-xros/GraphPointUI.swiftmodule/arm64-apple-xros.abi.json /Users/admin/builder/spi-builder-workspace/.derivedData/Build/Intermediates.noindex/GraphPoint.build/Debug-xros/GraphPointUI-t.build/Objects-normal/arm64/GraphPointUI.abi.json (in target 'GraphPointUI' from project 'GraphPoint')
    cd /Users/admin/builder/spi-builder-workspace/.dependencies/checkouts/GraphPoint
    builtin-copy -exclude .DS_Store -exclude CVS -exclude .svn -exclude .git -exclude .hg -resolve-src-symlinks -rename /Users/admin/builder/spi-builder-workspace/.derivedData/Build/Intermediates.noindex/GraphPoint.build/Debug-xros/GraphPointUI-t.build/Objects-normal/arm64/GraphPointUI.abi.json /Users/admin/builder/spi-builder-workspace/.derivedData/Build/Products/Debug-xros/GraphPointUI.swiftmodule/arm64-apple-xros.abi.json
Copy /Users/admin/builder/spi-builder-workspace/.derivedData/Build/Products/Debug-xros/GraphPointUI.swiftmodule/arm64-apple-xros.swiftdoc /Users/admin/builder/spi-builder-workspace/.derivedData/Build/Intermediates.noindex/GraphPoint.build/Debug-xros/GraphPointUI-t.build/Objects-normal/arm64/GraphPointUI.swiftdoc (in target 'GraphPointUI' from project 'GraphPoint')
    cd /Users/admin/builder/spi-builder-workspace/.dependencies/checkouts/GraphPoint
    builtin-copy -exclude .DS_Store -exclude CVS -exclude .svn -exclude .git -exclude .hg -resolve-src-symlinks -rename /Users/admin/builder/spi-builder-workspace/.derivedData/Build/Intermediates.noindex/GraphPoint.build/Debug-xros/GraphPointUI-t.build/Objects-normal/arm64/GraphPointUI.swiftdoc /Users/admin/builder/spi-builder-workspace/.derivedData/Build/Products/Debug-xros/GraphPointUI.swiftmodule/arm64-apple-xros.swiftdoc
Copy /Users/admin/builder/spi-builder-workspace/.derivedData/Build/Products/Debug-xros/GraphPointUI.swiftmodule/arm64-apple-xros.swiftmodule /Users/admin/builder/spi-builder-workspace/.derivedData/Build/Intermediates.noindex/GraphPoint.build/Debug-xros/GraphPointUI-t.build/Objects-normal/arm64/GraphPointUI.swiftmodule (in target 'GraphPointUI' from project 'GraphPoint')
    cd /Users/admin/builder/spi-builder-workspace/.dependencies/checkouts/GraphPoint
    builtin-copy -exclude .DS_Store -exclude CVS -exclude .svn -exclude .git -exclude .hg -resolve-src-symlinks -rename /Users/admin/builder/spi-builder-workspace/.derivedData/Build/Intermediates.noindex/GraphPoint.build/Debug-xros/GraphPointUI-t.build/Objects-normal/arm64/GraphPointUI.swiftmodule /Users/admin/builder/spi-builder-workspace/.derivedData/Build/Products/Debug-xros/GraphPointUI.swiftmodule/arm64-apple-xros.swiftmodule
Copy /Users/admin/builder/spi-builder-workspace/.derivedData/Build/Products/Debug-xros/GraphPointUI.swiftmodule/Project/arm64-apple-xros.swiftsourceinfo /Users/admin/builder/spi-builder-workspace/.derivedData/Build/Intermediates.noindex/GraphPoint.build/Debug-xros/GraphPointUI-t.build/Objects-normal/arm64/GraphPointUI.swiftsourceinfo (in target 'GraphPointUI' from project 'GraphPoint')
    cd /Users/admin/builder/spi-builder-workspace/.dependencies/checkouts/GraphPoint
    builtin-copy -exclude .DS_Store -exclude CVS -exclude .svn -exclude .git -exclude .hg -resolve-src-symlinks -rename /Users/admin/builder/spi-builder-workspace/.derivedData/Build/Intermediates.noindex/GraphPoint.build/Debug-xros/GraphPointUI-t.build/Objects-normal/arm64/GraphPointUI.swiftsourceinfo /Users/admin/builder/spi-builder-workspace/.derivedData/Build/Products/Debug-xros/GraphPointUI.swiftmodule/Project/arm64-apple-xros.swiftsourceinfo
SwiftDriver LCARSDisplayKit normal arm64 com.apple.xcode.tools.swift.compiler (in target 'LCARSDisplayKit' from project 'LCARSDisplayKit')
    cd /Users/admin/builder/spi-builder-workspace/.swiftpm/xcode
    builtin-SwiftDriver -- /Applications/Xcode-27.0.0-Release.Candidate.app/Contents/Developer/Toolchains/XcodeDefault.xctoolchain/usr/bin/swiftc -parse-as-library -module-name LCARSDisplayKit -Onone @/Users/admin/builder/spi-builder-workspace/.derivedData/Build/Intermediates.noindex/LCARSDisplayKit.build/Debug-xros/LCARSDisplayKit-t.build/Objects-normal/arm64/LCARSDisplayKit.SwiftFileList -DSWIFT_PACKAGE -DDEBUG -DSWIFT_MODULE_RESOURCE_BUNDLE_UNAVAILABLE -DXcode -plugin-path /Applications/Xcode-27.0.0-Release.Candidate.app/Contents/Developer/Toolchains/XcodeDefault.xctoolchain/usr/lib/swift/host/plugins/testing -enable-experimental-feature DebugDescriptionMacro -sdk /Applications/Xcode-27.0.0-Release.Candidate.app/Contents/Developer/Platforms/XROS.platform/Developer/SDKs/XROS27.0.sdk -target arm64-apple-xros1.0 -g -module-cache-path /Users/admin/builder/spi-builder-workspace/.derivedData/ModuleCache.noindex -Xfrontend -serialize-debugging-options -profile-coverage-mapping -profile-generate -enable-testing -index-store-path /Users/admin/builder/spi-builder-workspace/.derivedData/Index.noindex/DataStore -Xcc -D_LIBCPP_HARDENING_MODE\=_LIBCPP_HARDENING_MODE_DEBUG -swift-version 5 -I /Users/admin/builder/spi-builder-workspace/.derivedData/Build/Products/Debug-xros -Isystem /Applications/Xcode-27.0.0-Release.Candidate.app/Contents/Developer/Platforms/XROS.platform/Developer/usr/lib -F /Users/admin/builder/spi-builder-workspace/.derivedData/Build/Products/Debug-xros/PackageFrameworks -F /Users/admin/builder/spi-builder-workspace/.derivedData/Build/Products/Debug-xros -F /Applications/Xcode-27.0.0-Release.Candidate.app/Contents/Developer/Platforms/XROS.platform/Developer/Library/Frameworks -F /Applications/Xcode-27.0.0-Release.Candidate.app/Contents/Developer/Platforms/XROS.platform/Developer/SDKs/XROS27.0.sdk/Developer/Library/Frameworks -c -j10 -enable-batch-mode -incremental -Xcc -ivfsstatcache -Xcc /Users/admin/builder/spi-builder-workspace/.derivedData/SDKStatCaches.noindex/xros27.0-24M361-e829b21a6f8c9b70876ba0858053c044735bd543db762f57723cac368afd1ce4.sdkstatcache -output-file-map /Users/admin/builder/spi-builder-workspace/.derivedData/Build/Intermediates.noindex/LCARSDisplayKit.build/Debug-xros/LCARSDisplayKit-t.build/Objects-normal/arm64/LCARSDisplayKit-OutputFileMap.json -save-temps -no-color-diagnostics -explicit-module-build -module-cache-path /Users/admin/builder/spi-builder-workspace/.derivedData/Build/Intermediates.noindex/SwiftExplicitPrecompiledModules -clang-scanner-module-cache-path /Users/admin/builder/spi-builder-workspace/.derivedData/ModuleCache.noindex -sdk-module-cache-path /Users/admin/builder/spi-builder-workspace/.derivedData/SDKExplicitPrecompiledModules -emit-dependencies -emit-module -emit-module-path /Users/admin/builder/spi-builder-workspace/.derivedData/Build/Intermediates.noindex/LCARSDisplayKit.build/Debug-xros/LCARSDisplayKit-t.build/Objects-normal/arm64/LCARSDisplayKit.swiftmodule -serialize-diagnostics -dependency-scan-serialize-diagnostics-path /Users/admin/builder/spi-builder-workspace/.derivedData/Build/Intermediates.noindex/LCARSDisplayKit.build/Debug-xros/LCARSDisplayKit-t.build/Objects-normal/arm64/LCARSDisplayKit-dependency-scan.dia -validate-clang-modules-once -clang-build-session-file /Users/admin/builder/spi-builder-workspace/.derivedData/ModuleCache.noindex/Session.modulevalidation -Xcc -fmodules-prune-interval\=86400 -Xcc -fmodules-prune-after\=345600 -emit-const-values -const-gather-protocols-list /Users/admin/builder/spi-builder-workspace/.derivedData/Build/Intermediates.noindex/LCARSDisplayKit.build/Debug-xros/LCARSDisplayKit-t.build/Objects-normal/arm64/LCARSDisplayKit_const_extract_protocols.json -Xcc -I/Users/admin/builder/spi-builder-workspace/.derivedData/Build/Products/Debug-xros/include -Xcc -I/Users/admin/builder/spi-builder-workspace/.derivedData/Build/Intermediates.noindex/LCARSDisplayKit.build/Debug-xros/LCARSDisplayKit-t.build/DerivedSources-normal/arm64 -Xcc -I/Users/admin/builder/spi-builder-workspace/.derivedData/Build/Intermediates.noindex/LCARSDisplayKit.build/Debug-xros/LCARSDisplayKit-t.build/DerivedSources/arm64 -Xcc -I/Users/admin/builder/spi-builder-workspace/.derivedData/Build/Intermediates.noindex/LCARSDisplayKit.build/Debug-xros/LCARSDisplayKit-t.build/DerivedSources -Xcc -DSWIFT_PACKAGE -Xcc -DDEBUG\=1 -emit-objc-header -emit-objc-header-path /Users/admin/builder/spi-builder-workspace/.derivedData/Build/Intermediates.noindex/LCARSDisplayKit.build/Debug-xros/LCARSDisplayKit-t.build/Objects-normal/arm64/LCARSDisplayKit-Swift.h -working-directory /Users/admin/builder/spi-builder-workspace/.swiftpm/xcode -experimental-emit-module-separately -disable-cmo
SwiftCompile normal arm64 Compiling\ Assets.swift /Users/admin/builder/spi-builder-workspace/Sources/LCARSDisplayKit/Assets.swift (in target 'LCARSDisplayKit' from project 'LCARSDisplayKit')
SwiftCompile normal arm64 /Users/admin/builder/spi-builder-workspace/Sources/LCARSDisplayKit/Assets.swift (in target 'LCARSDisplayKit' from project 'LCARSDisplayKit')
    cd /Users/admin/builder/spi-builder-workspace/.swiftpm/xcode
    builtin-SwiftPerFileCompile Assets.swift
SwiftEmitModule normal arm64 Emitting\ module\ for\ LCARSDisplayKit (in target 'LCARSDisplayKit' from project 'LCARSDisplayKit')
SwiftCompile normal arm64 (in target 'LCARSDisplayKit' from project 'LCARSDisplayKit')
    cd /Users/admin/builder/spi-builder-workspace/.swiftpm/xcode

SwiftCompile normal arm64 Compiling\ Graphable.swift /Users/admin/builder/spi-builder-workspace/Sources/LCARSDisplayKit/Graphable.swift (in target 'LCARSDisplayKit' from project 'LCARSDisplayKit')
SwiftCompile normal arm64 /Users/admin/builder/spi-builder-workspace/Sources/LCARSDisplayKit/Graphable.swift (in target 'LCARSDisplayKit' from project 'LCARSDisplayKit')
    cd /Users/admin/builder/spi-builder-workspace/.swiftpm/xcode
    builtin-SwiftPerFileCompile Graphable.swift
SwiftCompile normal arm64 Compiling\ EdgedCrescent.swift /Users/admin/builder/spi-builder-workspace/Sources/LCARSDisplayKit/EdgedCrescent.swift (in target 'LCARSDisplayKit' from project 'LCARSDisplayKit')
SwiftCompile normal arm64 /Users/admin/builder/spi-builder-workspace/Sources/LCARSDisplayKit/EdgedCrescent.swift (in target 'LCARSDisplayKit' from project 'LCARSDisplayKit')
    cd /Users/admin/builder/spi-builder-workspace/.swiftpm/xcode
    builtin-SwiftPerFileCompile EdgedCrescent.swift
SwiftCompile normal arm64 Compiling\ RoundedRectangle.swift /Users/admin/builder/spi-builder-workspace/Sources/LCARSDisplayKit/RoundedRectangle.swift (in target 'LCARSDisplayKit' from project 'LCARSDisplayKit')
SwiftCompile normal arm64 /Users/admin/builder/spi-builder-workspace/Sources/LCARSDisplayKit/RoundedRectangle.swift (in target 'LCARSDisplayKit' from project 'LCARSDisplayKit')
    cd /Users/admin/builder/spi-builder-workspace/.swiftpm/xcode
    builtin-SwiftPerFileCompile RoundedRectangle.swift
SwiftCompile normal arm64 Compiling\ Crescent.swift /Users/admin/builder/spi-builder-workspace/Sources/LCARSDisplayKit/Crescent.swift (in target 'LCARSDisplayKit' from project 'LCARSDisplayKit')
SwiftCompile normal arm64 /Users/admin/builder/spi-builder-workspace/Sources/LCARSDisplayKit/Crescent.swift (in target 'LCARSDisplayKit' from project 'LCARSDisplayKit')
    cd /Users/admin/builder/spi-builder-workspace/.swiftpm/xcode
    builtin-SwiftPerFileCompile Crescent.swift
SwiftCompile normal arm64 Compiling\ Elbow.swift /Users/admin/builder/spi-builder-workspace/Sources/LCARSDisplayKit/Elbow.swift (in target 'LCARSDisplayKit' from project 'LCARSDisplayKit')
SwiftCompile normal arm64 /Users/admin/builder/spi-builder-workspace/Sources/LCARSDisplayKit/Elbow.swift (in target 'LCARSDisplayKit' from project 'LCARSDisplayKit')
    cd /Users/admin/builder/spi-builder-workspace/.swiftpm/xcode
    builtin-SwiftPerFileCompile Elbow.swift
SwiftCompile normal arm64 Compiling\ Arc.swift /Users/admin/builder/spi-builder-workspace/Sources/LCARSDisplayKit/Arc.swift (in target 'LCARSDisplayKit' from project 'LCARSDisplayKit')
SwiftCompile normal arm64 /Users/admin/builder/spi-builder-workspace/Sources/LCARSDisplayKit/Arc.swift (in target 'LCARSDisplayKit' from project 'LCARSDisplayKit')
    cd /Users/admin/builder/spi-builder-workspace/.swiftpm/xcode
    builtin-SwiftPerFileCompile Arc.swift
SwiftDriverJobDiscovery normal arm64 Emitting module for LCARSDisplayKit (in target 'LCARSDisplayKit' from project 'LCARSDisplayKit')
SwiftDriver\ Compilation\ Requirements LCARSDisplayKit normal arm64 com.apple.xcode.tools.swift.compiler (in target 'LCARSDisplayKit' from project 'LCARSDisplayKit')
    cd /Users/admin/builder/spi-builder-workspace/.swiftpm/xcode
    builtin-Swift-Compilation-Requirements -- /Applications/Xcode-27.0.0-Release.Candidate.app/Contents/Developer/Toolchains/XcodeDefault.xctoolchain/usr/bin/swiftc -parse-as-library -module-name LCARSDisplayKit -Onone @/Users/admin/builder/spi-builder-workspace/.derivedData/Build/Intermediates.noindex/LCARSDisplayKit.build/Debug-xros/LCARSDisplayKit-t.build/Objects-normal/arm64/LCARSDisplayKit.SwiftFileList -DSWIFT_PACKAGE -DDEBUG -DSWIFT_MODULE_RESOURCE_BUNDLE_UNAVAILABLE -DXcode -plugin-path /Applications/Xcode-27.0.0-Release.Candidate.app/Contents/Developer/Toolchains/XcodeDefault.xctoolchain/usr/lib/swift/host/plugins/testing -enable-experimental-feature DebugDescriptionMacro -sdk /Applications/Xcode-27.0.0-Release.Candidate.app/Contents/Developer/Platforms/XROS.platform/Developer/SDKs/XROS27.0.sdk -target arm64-apple-xros1.0 -g -module-cache-path /Users/admin/builder/spi-builder-workspace/.derivedData/ModuleCache.noindex -Xfrontend -serialize-debugging-options -profile-coverage-mapping -profile-generate -enable-testing -index-store-path /Users/admin/builder/spi-builder-workspace/.derivedData/Index.noindex/DataStore -Xcc -D_LIBCPP_HARDENING_MODE\=_LIBCPP_HARDENING_MODE_DEBUG -swift-version 5 -I /Users/admin/builder/spi-builder-workspace/.derivedData/Build/Products/Debug-xros -Isystem /Applications/Xcode-27.0.0-Release.Candidate.app/Contents/Developer/Platforms/XROS.platform/Developer/usr/lib -F /Users/admin/builder/spi-builder-workspace/.derivedData/Build/Products/Debug-xros/PackageFrameworks -F /Users/admin/builder/spi-builder-workspace/.derivedData/Build/Products/Debug-xros -F /Applications/Xcode-27.0.0-Release.Candidate.app/Contents/Developer/Platforms/XROS.platform/Developer/Library/Frameworks -F /Applications/Xcode-27.0.0-Release.Candidate.app/Contents/Developer/Platforms/XROS.platform/Developer/SDKs/XROS27.0.sdk/Developer/Library/Frameworks -c -j10 -enable-batch-mode -incremental -Xcc -ivfsstatcache -Xcc /Users/admin/builder/spi-builder-workspace/.derivedData/SDKStatCaches.noindex/xros27.0-24M361-e829b21a6f8c9b70876ba0858053c044735bd543db762f57723cac368afd1ce4.sdkstatcache -output-file-map /Users/admin/builder/spi-builder-workspace/.derivedData/Build/Intermediates.noindex/LCARSDisplayKit.build/Debug-xros/LCARSDisplayKit-t.build/Objects-normal/arm64/LCARSDisplayKit-OutputFileMap.json -save-temps -no-color-diagnostics -explicit-module-build -module-cache-path /Users/admin/builder/spi-builder-workspace/.derivedData/Build/Intermediates.noindex/SwiftExplicitPrecompiledModules -clang-scanner-module-cache-path /Users/admin/builder/spi-builder-workspace/.derivedData/ModuleCache.noindex -sdk-module-cache-path /Users/admin/builder/spi-builder-workspace/.derivedData/SDKExplicitPrecompiledModules -emit-dependencies -emit-module -emit-module-path /Users/admin/builder/spi-builder-workspace/.derivedData/Build/Intermediates.noindex/LCARSDisplayKit.build/Debug-xros/LCARSDisplayKit-t.build/Objects-normal/arm64/LCARSDisplayKit.swiftmodule -serialize-diagnostics -dependency-scan-serialize-diagnostics-path /Users/admin/builder/spi-builder-workspace/.derivedData/Build/Intermediates.noindex/LCARSDisplayKit.build/Debug-xros/LCARSDisplayKit-t.build/Objects-normal/arm64/LCARSDisplayKit-dependency-scan.dia -validate-clang-modules-once -clang-build-session-file /Users/admin/builder/spi-builder-workspace/.derivedData/ModuleCache.noindex/Session.modulevalidation -Xcc -fmodules-prune-interval\=86400 -Xcc -fmodules-prune-after\=345600 -emit-const-values -const-gather-protocols-list /Users/admin/builder/spi-builder-workspace/.derivedData/Build/Intermediates.noindex/LCARSDisplayKit.build/Debug-xros/LCARSDisplayKit-t.build/Objects-normal/arm64/LCARSDisplayKit_const_extract_protocols.json -Xcc -I/Users/admin/builder/spi-builder-workspace/.derivedData/Build/Products/Debug-xros/include -Xcc -I/Users/admin/builder/spi-builder-workspace/.derivedData/Build/Intermediates.noindex/LCARSDisplayKit.build/Debug-xros/LCARSDisplayKit-t.build/DerivedSources-normal/arm64 -Xcc -I/Users/admin/builder/spi-builder-workspace/.derivedData/Build/Intermediates.noindex/LCARSDisplayKit.build/Debug-xros/LCARSDisplayKit-t.build/DerivedSources/arm64 -Xcc -I/Users/admin/builder/spi-builder-workspace/.derivedData/Build/Intermediates.noindex/LCARSDisplayKit.build/Debug-xros/LCARSDisplayKit-t.build/DerivedSources -Xcc -DSWIFT_PACKAGE -Xcc -DDEBUG\=1 -emit-objc-header -emit-objc-header-path /Users/admin/builder/spi-builder-workspace/.derivedData/Build/Intermediates.noindex/LCARSDisplayKit.build/Debug-xros/LCARSDisplayKit-t.build/Objects-normal/arm64/LCARSDisplayKit-Swift.h -working-directory /Users/admin/builder/spi-builder-workspace/.swiftpm/xcode -experimental-emit-module-separately -disable-cmo
SwiftDriverJobDiscovery normal arm64 Compiling EdgedCrescent.swift (in target 'LCARSDisplayKit' from project 'LCARSDisplayKit')
SwiftCompile normal arm64 Compiling\ Direction.swift /Users/admin/builder/spi-builder-workspace/Sources/LCARSDisplayKit/Direction.swift (in target 'LCARSDisplayKit' from project 'LCARSDisplayKit')
SwiftCompile normal arm64 /Users/admin/builder/spi-builder-workspace/Sources/LCARSDisplayKit/Direction.swift (in target 'LCARSDisplayKit' from project 'LCARSDisplayKit')
    cd /Users/admin/builder/spi-builder-workspace/.swiftpm/xcode
    builtin-SwiftPerFileCompile Direction.swift
SwiftDriverJobDiscovery normal arm64 Compiling Assets.swift (in target 'LCARSDisplayKit' from project 'LCARSDisplayKit')
SwiftDriverJobDiscovery normal arm64 Compiling Graphable.swift (in target 'LCARSDisplayKit' from project 'LCARSDisplayKit')
SwiftDriverJobDiscovery normal arm64 Compiling Crescent.swift (in target 'LCARSDisplayKit' from project 'LCARSDisplayKit')
SwiftDriverJobDiscovery normal arm64 Compiling Elbow.swift (in target 'LCARSDisplayKit' from project 'LCARSDisplayKit')
SwiftDriverJobDiscovery normal arm64 Compiling RoundedRectangle.swift (in target 'LCARSDisplayKit' from project 'LCARSDisplayKit')
SwiftMergeGeneratedHeaders /Users/admin/builder/spi-builder-workspace/.derivedData/Build/Intermediates.noindex/GeneratedModuleMaps-xros/LCARSDisplayKit-Swift.h /Users/admin/builder/spi-builder-workspace/.derivedData/Build/Intermediates.noindex/LCARSDisplayKit.build/Debug-xros/LCARSDisplayKit-t.build/Objects-normal/arm64/LCARSDisplayKit-Swift.h (in target 'LCARSDisplayKit' from project 'LCARSDisplayKit')
    cd /Users/admin/builder/spi-builder-workspace
    builtin-swiftHeaderTool -arch arm64 /Users/admin/builder/spi-builder-workspace/.derivedData/Build/Intermediates.noindex/LCARSDisplayKit.build/Debug-xros/LCARSDisplayKit-t.build/Objects-normal/arm64/LCARSDisplayKit-Swift.h -o /Users/admin/builder/spi-builder-workspace/.derivedData/Build/Intermediates.noindex/GeneratedModuleMaps-xros/LCARSDisplayKit-Swift.h
Copy /Users/admin/builder/spi-builder-workspace/.derivedData/Build/Products/Debug-xros/LCARSDisplayKit.swiftmodule/arm64-apple-xros.swiftmodule /Users/admin/builder/spi-builder-workspace/.derivedData/Build/Intermediates.noindex/LCARSDisplayKit.build/Debug-xros/LCARSDisplayKit-t.build/Objects-normal/arm64/LCARSDisplayKit.swiftmodule (in target 'LCARSDisplayKit' from project 'LCARSDisplayKit')
    cd /Users/admin/builder/spi-builder-workspace
    builtin-copy -exclude .DS_Store -exclude CVS -exclude .svn -exclude .git -exclude .hg -resolve-src-symlinks -rename /Users/admin/builder/spi-builder-workspace/.derivedData/Build/Intermediates.noindex/LCARSDisplayKit.build/Debug-xros/LCARSDisplayKit-t.build/Objects-normal/arm64/LCARSDisplayKit.swiftmodule /Users/admin/builder/spi-builder-workspace/.derivedData/Build/Products/Debug-xros/LCARSDisplayKit.swiftmodule/arm64-apple-xros.swiftmodule
Copy /Users/admin/builder/spi-builder-workspace/.derivedData/Build/Products/Debug-xros/LCARSDisplayKit.swiftmodule/arm64-apple-xros.swiftdoc /Users/admin/builder/spi-builder-workspace/.derivedData/Build/Intermediates.noindex/LCARSDisplayKit.build/Debug-xros/LCARSDisplayKit-t.build/Objects-normal/arm64/LCARSDisplayKit.swiftdoc (in target 'LCARSDisplayKit' from project 'LCARSDisplayKit')
    cd /Users/admin/builder/spi-builder-workspace
    builtin-copy -exclude .DS_Store -exclude CVS -exclude .svn -exclude .git -exclude .hg -resolve-src-symlinks -rename /Users/admin/builder/spi-builder-workspace/.derivedData/Build/Intermediates.noindex/LCARSDisplayKit.build/Debug-xros/LCARSDisplayKit-t.build/Objects-normal/arm64/LCARSDisplayKit.swiftdoc /Users/admin/builder/spi-builder-workspace/.derivedData/Build/Products/Debug-xros/LCARSDisplayKit.swiftmodule/arm64-apple-xros.swiftdoc
Copy /Users/admin/builder/spi-builder-workspace/.derivedData/Build/Products/Debug-xros/LCARSDisplayKit.swiftmodule/Project/arm64-apple-xros.swiftsourceinfo /Users/admin/builder/spi-builder-workspace/.derivedData/Build/Intermediates.noindex/LCARSDisplayKit.build/Debug-xros/LCARSDisplayKit-t.build/Objects-normal/arm64/LCARSDisplayKit.swiftsourceinfo (in target 'LCARSDisplayKit' from project 'LCARSDisplayKit')
    cd /Users/admin/builder/spi-builder-workspace
    builtin-copy -exclude .DS_Store -exclude CVS -exclude .svn -exclude .git -exclude .hg -resolve-src-symlinks -rename /Users/admin/builder/spi-builder-workspace/.derivedData/Build/Intermediates.noindex/LCARSDisplayKit.build/Debug-xros/LCARSDisplayKit-t.build/Objects-normal/arm64/LCARSDisplayKit.swiftsourceinfo /Users/admin/builder/spi-builder-workspace/.derivedData/Build/Products/Debug-xros/LCARSDisplayKit.swiftmodule/Project/arm64-apple-xros.swiftsourceinfo
Copy /Users/admin/builder/spi-builder-workspace/.derivedData/Build/Products/Debug-xros/LCARSDisplayKit.swiftmodule/arm64-apple-xros.abi.json /Users/admin/builder/spi-builder-workspace/.derivedData/Build/Intermediates.noindex/LCARSDisplayKit.build/Debug-xros/LCARSDisplayKit-t.build/Objects-normal/arm64/LCARSDisplayKit.abi.json (in target 'LCARSDisplayKit' from project 'LCARSDisplayKit')
    cd /Users/admin/builder/spi-builder-workspace
    builtin-copy -exclude .DS_Store -exclude CVS -exclude .svn -exclude .git -exclude .hg -resolve-src-symlinks -rename /Users/admin/builder/spi-builder-workspace/.derivedData/Build/Intermediates.noindex/LCARSDisplayKit.build/Debug-xros/LCARSDisplayKit-t.build/Objects-normal/arm64/LCARSDisplayKit.abi.json /Users/admin/builder/spi-builder-workspace/.derivedData/Build/Products/Debug-xros/LCARSDisplayKit.swiftmodule/arm64-apple-xros.abi.json
SwiftDriver LCARSDisplayKitUI normal arm64 com.apple.xcode.tools.swift.compiler (in target 'LCARSDisplayKitUI' from project 'LCARSDisplayKit')
    cd /Users/admin/builder/spi-builder-workspace/.swiftpm/xcode
    builtin-SwiftDriver -- /Applications/Xcode-27.0.0-Release.Candidate.app/Contents/Developer/Toolchains/XcodeDefault.xctoolchain/usr/bin/swiftc -parse-as-library -module-name LCARSDisplayKitUI -Onone @/Users/admin/builder/spi-builder-workspace/.derivedData/Build/Intermediates.noindex/LCARSDisplayKit.build/Debug-xros/LCARSDisplayKitUI-t.build/Objects-normal/arm64/LCARSDisplayKitUI.SwiftFileList -DSWIFT_PACKAGE -DDEBUG -DSWIFT_MODULE_RESOURCE_BUNDLE_UNAVAILABLE -DXcode -plugin-path /Applications/Xcode-27.0.0-Release.Candidate.app/Contents/Developer/Toolchains/XcodeDefault.xctoolchain/usr/lib/swift/host/plugins/testing -enable-experimental-feature DebugDescriptionMacro -sdk /Applications/Xcode-27.0.0-Release.Candidate.app/Contents/Developer/Platforms/XROS.platform/Developer/SDKs/XROS27.0.sdk -target arm64-apple-xros1.0 -g -module-cache-path /Users/admin/builder/spi-builder-workspace/.derivedData/ModuleCache.noindex -Xfrontend -serialize-debugging-options -profile-coverage-mapping -profile-generate -enable-testing -index-store-path /Users/admin/builder/spi-builder-workspace/.derivedData/Index.noindex/DataStore -Xcc -D_LIBCPP_HARDENING_MODE\=_LIBCPP_HARDENING_MODE_DEBUG -swift-version 5 -I /Users/admin/builder/spi-builder-workspace/.derivedData/Build/Products/Debug-xros -Isystem /Applications/Xcode-27.0.0-Release.Candidate.app/Contents/Developer/Platforms/XROS.platform/Developer/usr/lib -F /Users/admin/builder/spi-builder-workspace/.derivedData/Build/Products/Debug-xros/PackageFrameworks -F /Users/admin/builder/spi-builder-workspace/.derivedData/Build/Products/Debug-xros -F /Applications/Xcode-27.0.0-Release.Candidate.app/Contents/Developer/Platforms/XROS.platform/Developer/Library/Frameworks -F /Applications/Xcode-27.0.0-Release.Candidate.app/Contents/Developer/Platforms/XROS.platform/Developer/SDKs/XROS27.0.sdk/Developer/Library/Frameworks -c -j10 -enable-batch-mode -incremental -Xcc -ivfsstatcache -Xcc /Users/admin/builder/spi-builder-workspace/.derivedData/SDKStatCaches.noindex/xros27.0-24M361-e829b21a6f8c9b70876ba0858053c044735bd543db762f57723cac368afd1ce4.sdkstatcache -output-file-map /Users/admin/builder/spi-builder-workspace/.derivedData/Build/Intermediates.noindex/LCARSDisplayKit.build/Debug-xros/LCARSDisplayKitUI-t.build/Objects-normal/arm64/LCARSDisplayKitUI-OutputFileMap.json -save-temps -no-color-diagnostics -explicit-module-build -module-cache-path /Users/admin/builder/spi-builder-workspace/.derivedData/Build/Intermediates.noindex/SwiftExplicitPrecompiledModules -clang-scanner-module-cache-path /Users/admin/builder/spi-builder-workspace/.derivedData/ModuleCache.noindex -sdk-module-cache-path /Users/admin/builder/spi-builder-workspace/.derivedData/SDKExplicitPrecompiledModules -emit-dependencies -emit-module -emit-module-path /Users/admin/builder/spi-builder-workspace/.derivedData/Build/Intermediates.noindex/LCARSDisplayKit.build/Debug-xros/LCARSDisplayKitUI-t.build/Objects-normal/arm64/LCARSDisplayKitUI.swiftmodule -serialize-diagnostics -dependency-scan-serialize-diagnostics-path /Users/admin/builder/spi-builder-workspace/.derivedData/Build/Intermediates.noindex/LCARSDisplayKit.build/Debug-xros/LCARSDisplayKitUI-t.build/Objects-normal/arm64/LCARSDisplayKitUI-dependency-scan.dia -validate-clang-modules-once -clang-build-session-file /Users/admin/builder/spi-builder-workspace/.derivedData/ModuleCache.noindex/Session.modulevalidation -Xcc -fmodules-prune-interval\=86400 -Xcc -fmodules-prune-after\=345600 -emit-const-values -const-gather-protocols-list /Users/admin/builder/spi-builder-workspace/.derivedData/Build/Intermediates.noindex/LCARSDisplayKit.build/Debug-xros/LCARSDisplayKitUI-t.build/Objects-normal/arm64/LCARSDisplayKitUI_const_extract_protocols.json -Xcc -I/Users/admin/builder/spi-builder-workspace/.derivedData/Build/Products/Debug-xros/include -Xcc -I/Users/admin/builder/spi-builder-workspace/.derivedData/Build/Intermediates.noindex/LCARSDisplayKit.build/Debug-xros/LCARSDisplayKitUI-t.build/DerivedSources-normal/arm64 -Xcc -I/Users/admin/builder/spi-builder-workspace/.derivedData/Build/Intermediates.noindex/LCARSDisplayKit.build/Debug-xros/LCARSDisplayKitUI-t.build/DerivedSources/arm64 -Xcc -I/Users/admin/builder/spi-builder-workspace/.derivedData/Build/Intermediates.noindex/LCARSDisplayKit.build/Debug-xros/LCARSDisplayKitUI-t.build/DerivedSources -Xcc -DSWIFT_PACKAGE -Xcc -DDEBUG\=1 -emit-objc-header -emit-objc-header-path /Users/admin/builder/spi-builder-workspace/.derivedData/Build/Intermediates.noindex/LCARSDisplayKit.build/Debug-xros/LCARSDisplayKitUI-t.build/Objects-normal/arm64/LCARSDisplayKitUI-Swift.h -working-directory /Users/admin/builder/spi-builder-workspace/.swiftpm/xcode -experimental-emit-module-separately -disable-cmo
SwiftDriverJobDiscovery normal arm64 Compiling Arc.swift (in target 'LCARSDisplayKit' from project 'LCARSDisplayKit')
SwiftDriverJobDiscovery normal arm64 Compiling Direction.swift (in target 'LCARSDisplayKit' from project 'LCARSDisplayKit')
SwiftDriver\ Compilation LCARSDisplayKit normal arm64 com.apple.xcode.tools.swift.compiler (in target 'LCARSDisplayKit' from project 'LCARSDisplayKit')
    cd /Users/admin/builder/spi-builder-workspace/.swiftpm/xcode
    builtin-Swift-Compilation -- /Applications/Xcode-27.0.0-Release.Candidate.app/Contents/Developer/Toolchains/XcodeDefault.xctoolchain/usr/bin/swiftc -parse-as-library -module-name LCARSDisplayKit -Onone @/Users/admin/builder/spi-builder-workspace/.derivedData/Build/Intermediates.noindex/LCARSDisplayKit.build/Debug-xros/LCARSDisplayKit-t.build/Objects-normal/arm64/LCARSDisplayKit.SwiftFileList -DSWIFT_PACKAGE -DDEBUG -DSWIFT_MODULE_RESOURCE_BUNDLE_UNAVAILABLE -DXcode -plugin-path /Applications/Xcode-27.0.0-Release.Candidate.app/Contents/Developer/Toolchains/XcodeDefault.xctoolchain/usr/lib/swift/host/plugins/testing -enable-experimental-feature DebugDescriptionMacro -sdk /Applications/Xcode-27.0.0-Release.Candidate.app/Contents/Developer/Platforms/XROS.platform/Developer/SDKs/XROS27.0.sdk -target arm64-apple-xros1.0 -g -module-cache-path /Users/admin/builder/spi-builder-workspace/.derivedData/ModuleCache.noindex -Xfrontend -serialize-debugging-options -profile-coverage-mapping -profile-generate -enable-testing -index-store-path /Users/admin/builder/spi-builder-workspace/.derivedData/Index.noindex/DataStore -Xcc -D_LIBCPP_HARDENING_MODE\=_LIBCPP_HARDENING_MODE_DEBUG -swift-version 5 -I /Users/admin/builder/spi-builder-workspace/.derivedData/Build/Products/Debug-xros -Isystem /Applications/Xcode-27.0.0-Release.Candidate.app/Contents/Developer/Platforms/XROS.platform/Developer/usr/lib -F /Users/admin/builder/spi-builder-workspace/.derivedData/Build/Products/Debug-xros/PackageFrameworks -F /Users/admin/builder/spi-builder-workspace/.derivedData/Build/Products/Debug-xros -F /Applications/Xcode-27.0.0-Release.Candidate.app/Contents/Developer/Platforms/XROS.platform/Developer/Library/Frameworks -F /Applications/Xcode-27.0.0-Release.Candidate.app/Contents/Developer/Platforms/XROS.platform/Developer/SDKs/XROS27.0.sdk/Developer/Library/Frameworks -c -j10 -enable-batch-mode -incremental -Xcc -ivfsstatcache -Xcc /Users/admin/builder/spi-builder-workspace/.derivedData/SDKStatCaches.noindex/xros27.0-24M361-e829b21a6f8c9b70876ba0858053c044735bd543db762f57723cac368afd1ce4.sdkstatcache -output-file-map /Users/admin/builder/spi-builder-workspace/.derivedData/Build/Intermediates.noindex/LCARSDisplayKit.build/Debug-xros/LCARSDisplayKit-t.build/Objects-normal/arm64/LCARSDisplayKit-OutputFileMap.json -save-temps -no-color-diagnostics -explicit-module-build -module-cache-path /Users/admin/builder/spi-builder-workspace/.derivedData/Build/Intermediates.noindex/SwiftExplicitPrecompiledModules -clang-scanner-module-cache-path /Users/admin/builder/spi-builder-workspace/.derivedData/ModuleCache.noindex -sdk-module-cache-path /Users/admin/builder/spi-builder-workspace/.derivedData/SDKExplicitPrecompiledModules -emit-dependencies -emit-module -emit-module-path /Users/admin/builder/spi-builder-workspace/.derivedData/Build/Intermediates.noindex/LCARSDisplayKit.build/Debug-xros/LCARSDisplayKit-t.build/Objects-normal/arm64/LCARSDisplayKit.swiftmodule -serialize-diagnostics -dependency-scan-serialize-diagnostics-path /Users/admin/builder/spi-builder-workspace/.derivedData/Build/Intermediates.noindex/LCARSDisplayKit.build/Debug-xros/LCARSDisplayKit-t.build/Objects-normal/arm64/LCARSDisplayKit-dependency-scan.dia -validate-clang-modules-once -clang-build-session-file /Users/admin/builder/spi-builder-workspace/.derivedData/ModuleCache.noindex/Session.modulevalidation -Xcc -fmodules-prune-interval\=86400 -Xcc -fmodules-prune-after\=345600 -emit-const-values -const-gather-protocols-list /Users/admin/builder/spi-builder-workspace/.derivedData/Build/Intermediates.noindex/LCARSDisplayKit.build/Debug-xros/LCARSDisplayKit-t.build/Objects-normal/arm64/LCARSDisplayKit_const_extract_protocols.json -Xcc -I/Users/admin/builder/spi-builder-workspace/.derivedData/Build/Products/Debug-xros/include -Xcc -I/Users/admin/builder/spi-builder-workspace/.derivedData/Build/Intermediates.noindex/LCARSDisplayKit.build/Debug-xros/LCARSDisplayKit-t.build/DerivedSources-normal/arm64 -Xcc -I/Users/admin/builder/spi-builder-workspace/.derivedData/Build/Intermediates.noindex/LCARSDisplayKit.build/Debug-xros/LCARSDisplayKit-t.build/DerivedSources/arm64 -Xcc -I/Users/admin/builder/spi-builder-workspace/.derivedData/Build/Intermediates.noindex/LCARSDisplayKit.build/Debug-xros/LCARSDisplayKit-t.build/DerivedSources -Xcc -DSWIFT_PACKAGE -Xcc -DDEBUG\=1 -emit-objc-header -emit-objc-header-path /Users/admin/builder/spi-builder-workspace/.derivedData/Build/Intermediates.noindex/LCARSDisplayKit.build/Debug-xros/LCARSDisplayKit-t.build/Objects-normal/arm64/LCARSDisplayKit-Swift.h -working-directory /Users/admin/builder/spi-builder-workspace/.swiftpm/xcode -experimental-emit-module-separately -disable-cmo
SwiftCompile normal arm64 Compiling\ Button.swift,\ CommandSequencer.swift /Users/admin/builder/spi-builder-workspace/Sources/LCARSDisplayKitUI/Button.swift /Users/admin/builder/spi-builder-workspace/Sources/LCARSDisplayKitUI/CommandSequencer.swift (in target 'LCARSDisplayKitUI' from project 'LCARSDisplayKit')
SwiftCompile normal arm64 /Users/admin/builder/spi-builder-workspace/Sources/LCARSDisplayKitUI/Button.swift (in target 'LCARSDisplayKitUI' from project 'LCARSDisplayKit')
    cd /Users/admin/builder/spi-builder-workspace/.swiftpm/xcode
    builtin-SwiftPerFileCompile Button.swift
SwiftCompile normal arm64 /Users/admin/builder/spi-builder-workspace/Sources/LCARSDisplayKitUI/CommandSequencer.swift (in target 'LCARSDisplayKitUI' from project 'LCARSDisplayKit')
    cd /Users/admin/builder/spi-builder-workspace/.swiftpm/xcode
    builtin-SwiftPerFileCompile CommandSequencer.swift
SwiftEmitModule normal arm64 Emitting\ module\ for\ LCARSDisplayKitUI (in target 'LCARSDisplayKitUI' from project 'LCARSDisplayKit')
SwiftCompile normal arm64 (in target 'LCARSDisplayKitUI' from project 'LCARSDisplayKit')
    cd /Users/admin/builder/spi-builder-workspace/.swiftpm/xcode

SwiftCompile normal arm64 Compiling\ UIImage+LCARSDisplayKit.swift /Users/admin/builder/spi-builder-workspace/Sources/LCARSDisplayKitUI/UIImage+LCARSDisplayKit.swift (in target 'LCARSDisplayKitUI' from project 'LCARSDisplayKit')
SwiftCompile normal arm64 /Users/admin/builder/spi-builder-workspace/Sources/LCARSDisplayKitUI/UIImage+LCARSDisplayKit.swift (in target 'LCARSDisplayKitUI' from project 'LCARSDisplayKit')
    cd /Users/admin/builder/spi-builder-workspace/.swiftpm/xcode
    builtin-SwiftPerFileCompile UIImage+LCARSDisplayKit.swift
SwiftCompile normal arm64 Compiling\ ArcButton.swift,\ Behavior.swift /Users/admin/builder/spi-builder-workspace/Sources/LCARSDisplayKitUI/ArcButton.swift /Users/admin/builder/spi-builder-workspace/Sources/LCARSDisplayKitUI/Behavior.swift (in target 'LCARSDisplayKitUI' from project 'LCARSDisplayKit')
SwiftCompile normal arm64 /Users/admin/builder/spi-builder-workspace/Sources/LCARSDisplayKitUI/ArcButton.swift (in target 'LCARSDisplayKitUI' from project 'LCARSDisplayKit')
    cd /Users/admin/builder/spi-builder-workspace/.swiftpm/xcode
    builtin-SwiftPerFileCompile ArcButton.swift
SwiftCompile normal arm64 /Users/admin/builder/spi-builder-workspace/Sources/LCARSDisplayKitUI/Behavior.swift (in target 'LCARSDisplayKitUI' from project 'LCARSDisplayKit')
    cd /Users/admin/builder/spi-builder-workspace/.swiftpm/xcode
    builtin-SwiftPerFileCompile Behavior.swift
SwiftCompile normal arm64 Compiling\ Theme.swift /Users/admin/builder/spi-builder-workspace/Sources/LCARSDisplayKitUI/Theme.swift (in target 'LCARSDisplayKitUI' from project 'LCARSDisplayKit')
SwiftCompile normal arm64 /Users/admin/builder/spi-builder-workspace/Sources/LCARSDisplayKitUI/Theme.swift (in target 'LCARSDisplayKitUI' from project 'LCARSDisplayKit')
    cd /Users/admin/builder/spi-builder-workspace/.swiftpm/xcode
    builtin-SwiftPerFileCompile Theme.swift
SwiftCompile normal arm64 Compiling\ UIFont+LCARSDisplayKit.swift /Users/admin/builder/spi-builder-workspace/Sources/LCARSDisplayKitUI/UIFont+LCARSDisplayKit.swift (in target 'LCARSDisplayKitUI' from project 'LCARSDisplayKit')
SwiftCompile normal arm64 /Users/admin/builder/spi-builder-workspace/Sources/LCARSDisplayKitUI/UIFont+LCARSDisplayKit.swift (in target 'LCARSDisplayKitUI' from project 'LCARSDisplayKit')
    cd /Users/admin/builder/spi-builder-workspace/.swiftpm/xcode
    builtin-SwiftPerFileCompile UIFont+LCARSDisplayKit.swift
SwiftCompile normal arm64 Compiling\ DirectionButton.swift,\ EdgedCrescentButton.swift /Users/admin/builder/spi-builder-workspace/Sources/LCARSDisplayKitUI/DirectionButton.swift /Users/admin/builder/spi-builder-workspace/Sources/LCARSDisplayKitUI/EdgedCrescentButton.swift (in target 'LCARSDisplayKitUI' from project 'LCARSDisplayKit')
SwiftCompile normal arm64 /Users/admin/builder/spi-builder-workspace/Sources/LCARSDisplayKitUI/DirectionButton.swift (in target 'LCARSDisplayKitUI' from project 'LCARSDisplayKit')
    cd /Users/admin/builder/spi-builder-workspace/.swiftpm/xcode
    builtin-SwiftPerFileCompile DirectionButton.swift
SwiftCompile normal arm64 /Users/admin/builder/spi-builder-workspace/Sources/LCARSDisplayKitUI/EdgedCrescentButton.swift (in target 'LCARSDisplayKitUI' from project 'LCARSDisplayKit')
    cd /Users/admin/builder/spi-builder-workspace/.swiftpm/xcode
    builtin-SwiftPerFileCompile EdgedCrescentButton.swift
SwiftCompile normal arm64 Compiling\ UIColor+LCARSDisplayKit.swift /Users/admin/builder/spi-builder-workspace/Sources/LCARSDisplayKitUI/UIColor+LCARSDisplayKit.swift (in target 'LCARSDisplayKitUI' from project 'LCARSDisplayKit')
SwiftCompile normal arm64 /Users/admin/builder/spi-builder-workspace/Sources/LCARSDisplayKitUI/UIColor+LCARSDisplayKit.swift (in target 'LCARSDisplayKitUI' from project 'LCARSDisplayKit')
    cd /Users/admin/builder/spi-builder-workspace/.swiftpm/xcode
    builtin-SwiftPerFileCompile UIColor+LCARSDisplayKit.swift
SwiftDriverJobDiscovery normal arm64 Compiling UIImage+LCARSDisplayKit.swift (in target 'LCARSDisplayKitUI' from project 'LCARSDisplayKit')
SwiftCompile normal arm64 Compiling\ TNG.swift,\ Tappable.swift /Users/admin/builder/spi-builder-workspace/Sources/LCARSDisplayKitUI/TNG.swift /Users/admin/builder/spi-builder-workspace/Sources/LCARSDisplayKitUI/Tappable.swift (in target 'LCARSDisplayKitUI' from project 'LCARSDisplayKit')
SwiftCompile normal arm64 /Users/admin/builder/spi-builder-workspace/Sources/LCARSDisplayKitUI/TNG.swift (in target 'LCARSDisplayKitUI' from project 'LCARSDisplayKit')
    cd /Users/admin/builder/spi-builder-workspace/.swiftpm/xcode
    builtin-SwiftPerFileCompile TNG.swift
SwiftCompile normal arm64 /Users/admin/builder/spi-builder-workspace/Sources/LCARSDisplayKitUI/Tappable.swift (in target 'LCARSDisplayKitUI' from project 'LCARSDisplayKit')
    cd /Users/admin/builder/spi-builder-workspace/.swiftpm/xcode
    builtin-SwiftPerFileCompile Tappable.swift
SwiftDriverJobDiscovery normal arm64 Emitting module for LCARSDisplayKitUI (in target 'LCARSDisplayKitUI' from project 'LCARSDisplayKit')
SwiftDriver\ Compilation\ Requirements LCARSDisplayKitUI normal arm64 com.apple.xcode.tools.swift.compiler (in target 'LCARSDisplayKitUI' from project 'LCARSDisplayKit')
    cd /Users/admin/builder/spi-builder-workspace/.swiftpm/xcode
    builtin-Swift-Compilation-Requirements -- /Applications/Xcode-27.0.0-Release.Candidate.app/Contents/Developer/Toolchains/XcodeDefault.xctoolchain/usr/bin/swiftc -parse-as-library -module-name LCARSDisplayKitUI -Onone @/Users/admin/builder/spi-builder-workspace/.derivedData/Build/Intermediates.noindex/LCARSDisplayKit.build/Debug-xros/LCARSDisplayKitUI-t.build/Objects-normal/arm64/LCARSDisplayKitUI.SwiftFileList -DSWIFT_PACKAGE -DDEBUG -DSWIFT_MODULE_RESOURCE_BUNDLE_UNAVAILABLE -DXcode -plugin-path /Applications/Xcode-27.0.0-Release.Candidate.app/Contents/Developer/Toolchains/XcodeDefault.xctoolchain/usr/lib/swift/host/plugins/testing -enable-experimental-feature DebugDescriptionMacro -sdk /Applications/Xcode-27.0.0-Release.Candidate.app/Contents/Developer/Platforms/XROS.platform/Developer/SDKs/XROS27.0.sdk -target arm64-apple-xros1.0 -g -module-cache-path /Users/admin/builder/spi-builder-workspace/.derivedData/ModuleCache.noindex -Xfrontend -serialize-debugging-options -profile-coverage-mapping -profile-generate -enable-testing -index-store-path /Users/admin/builder/spi-builder-workspace/.derivedData/Index.noindex/DataStore -Xcc -D_LIBCPP_HARDENING_MODE\=_LIBCPP_HARDENING_MODE_DEBUG -swift-version 5 -I /Users/admin/builder/spi-builder-workspace/.derivedData/Build/Products/Debug-xros -Isystem /Applications/Xcode-27.0.0-Release.Candidate.app/Contents/Developer/Platforms/XROS.platform/Developer/usr/lib -F /Users/admin/builder/spi-builder-workspace/.derivedData/Build/Products/Debug-xros/PackageFrameworks -F /Users/admin/builder/spi-builder-workspace/.derivedData/Build/Products/Debug-xros -F /Applications/Xcode-27.0.0-Release.Candidate.app/Contents/Developer/Platforms/XROS.platform/Developer/Library/Frameworks -F /Applications/Xcode-27.0.0-Release.Candidate.app/Contents/Developer/Platforms/XROS.platform/Developer/SDKs/XROS27.0.sdk/Developer/Library/Frameworks -c -j10 -enable-batch-mode -incremental -Xcc -ivfsstatcache -Xcc /Users/admin/builder/spi-builder-workspace/.derivedData/SDKStatCaches.noindex/xros27.0-24M361-e829b21a6f8c9b70876ba0858053c044735bd543db762f57723cac368afd1ce4.sdkstatcache -output-file-map /Users/admin/builder/spi-builder-workspace/.derivedData/Build/Intermediates.noindex/LCARSDisplayKit.build/Debug-xros/LCARSDisplayKitUI-t.build/Objects-normal/arm64/LCARSDisplayKitUI-OutputFileMap.json -save-temps -no-color-diagnostics -explicit-module-build -module-cache-path /Users/admin/builder/spi-builder-workspace/.derivedData/Build/Intermediates.noindex/SwiftExplicitPrecompiledModules -clang-scanner-module-cache-path /Users/admin/builder/spi-builder-workspace/.derivedData/ModuleCache.noindex -sdk-module-cache-path /Users/admin/builder/spi-builder-workspace/.derivedData/SDKExplicitPrecompiledModules -emit-dependencies -emit-module -emit-module-path /Users/admin/builder/spi-builder-workspace/.derivedData/Build/Intermediates.noindex/LCARSDisplayKit.build/Debug-xros/LCARSDisplayKitUI-t.build/Objects-normal/arm64/LCARSDisplayKitUI.swiftmodule -serialize-diagnostics -dependency-scan-serialize-diagnostics-path /Users/admin/builder/spi-builder-workspace/.derivedData/Build/Intermediates.noindex/LCARSDisplayKit.build/Debug-xros/LCARSDisplayKitUI-t.build/Objects-normal/arm64/LCARSDisplayKitUI-dependency-scan.dia -validate-clang-modules-once -clang-build-session-file /Users/admin/builder/spi-builder-workspace/.derivedData/ModuleCache.noindex/Session.modulevalidation -Xcc -fmodules-prune-interval\=86400 -Xcc -fmodules-prune-after\=345600 -emit-const-values -const-gather-protocols-list /Users/admin/builder/spi-builder-workspace/.derivedData/Build/Intermediates.noindex/LCARSDisplayKit.build/Debug-xros/LCARSDisplayKitUI-t.build/Objects-normal/arm64/LCARSDisplayKitUI_const_extract_protocols.json -Xcc -I/Users/admin/builder/spi-builder-workspace/.derivedData/Build/Products/Debug-xros/include -Xcc -I/Users/admin/builder/spi-builder-workspace/.derivedData/Build/Intermediates.noindex/LCARSDisplayKit.build/Debug-xros/LCARSDisplayKitUI-t.build/DerivedSources-normal/arm64 -Xcc -I/Users/admin/builder/spi-builder-workspace/.derivedData/Build/Intermediates.noindex/LCARSDisplayKit.build/Debug-xros/LCARSDisplayKitUI-t.build/DerivedSources/arm64 -Xcc -I/Users/admin/builder/spi-builder-workspace/.derivedData/Build/Intermediates.noindex/LCARSDisplayKit.build/Debug-xros/LCARSDisplayKitUI-t.build/DerivedSources -Xcc -DSWIFT_PACKAGE -Xcc -DDEBUG\=1 -emit-objc-header -emit-objc-header-path /Users/admin/builder/spi-builder-workspace/.derivedData/Build/Intermediates.noindex/LCARSDisplayKit.build/Debug-xros/LCARSDisplayKitUI-t.build/Objects-normal/arm64/LCARSDisplayKitUI-Swift.h -working-directory /Users/admin/builder/spi-builder-workspace/.swiftpm/xcode -experimental-emit-module-separately -disable-cmo
SwiftDriverJobDiscovery normal arm64 Compiling UIFont+LCARSDisplayKit.swift (in target 'LCARSDisplayKitUI' from project 'LCARSDisplayKit')
SwiftCompile normal arm64 Compiling\ Configuration.swift,\ CrescentButton.swift /Users/admin/builder/spi-builder-workspace/Sources/LCARSDisplayKitUI/Configuration.swift /Users/admin/builder/spi-builder-workspace/Sources/LCARSDisplayKitUI/CrescentButton.swift (in target 'LCARSDisplayKitUI' from project 'LCARSDisplayKit')
SwiftCompile normal arm64 /Users/admin/builder/spi-builder-workspace/Sources/LCARSDisplayKitUI/Configuration.swift (in target 'LCARSDisplayKitUI' from project 'LCARSDisplayKit')
    cd /Users/admin/builder/spi-builder-workspace/.swiftpm/xcode
    builtin-SwiftPerFileCompile Configuration.swift
SwiftCompile normal arm64 /Users/admin/builder/spi-builder-workspace/Sources/LCARSDisplayKitUI/CrescentButton.swift (in target 'LCARSDisplayKitUI' from project 'LCARSDisplayKit')
    cd /Users/admin/builder/spi-builder-workspace/.swiftpm/xcode
    builtin-SwiftPerFileCompile CrescentButton.swift
SwiftDriverJobDiscovery normal arm64 Compiling Theme.swift (in target 'LCARSDisplayKitUI' from project 'LCARSDisplayKit')
SwiftCompile normal arm64 Compiling\ ElbowButton.swift,\ RoundedRectangleButton.swift /Users/admin/builder/spi-builder-workspace/Sources/LCARSDisplayKitUI/ElbowButton.swift /Users/admin/builder/spi-builder-workspace/Sources/LCARSDisplayKitUI/RoundedRectangleButton.swift (in target 'LCARSDisplayKitUI' from project 'LCARSDisplayKit')
SwiftCompile normal arm64 /Users/admin/builder/spi-builder-workspace/Sources/LCARSDisplayKitUI/ElbowButton.swift (in target 'LCARSDisplayKitUI' from project 'LCARSDisplayKit')
    cd /Users/admin/builder/spi-builder-workspace/.swiftpm/xcode
    builtin-SwiftPerFileCompile ElbowButton.swift
SwiftCompile normal arm64 /Users/admin/builder/spi-builder-workspace/Sources/LCARSDisplayKitUI/RoundedRectangleButton.swift (in target 'LCARSDisplayKitUI' from project 'LCARSDisplayKit')
    cd /Users/admin/builder/spi-builder-workspace/.swiftpm/xcode
    builtin-SwiftPerFileCompile RoundedRectangleButton.swift
SwiftMergeGeneratedHeaders /Users/admin/builder/spi-builder-workspace/.derivedData/Build/Intermediates.noindex/GeneratedModuleMaps-xros/LCARSDisplayKitUI-Swift.h /Users/admin/builder/spi-builder-workspace/.derivedData/Build/Intermediates.noindex/LCARSDisplayKit.build/Debug-xros/LCARSDisplayKitUI-t.build/Objects-normal/arm64/LCARSDisplayKitUI-Swift.h (in target 'LCARSDisplayKitUI' from project 'LCARSDisplayKit')
    cd /Users/admin/builder/spi-builder-workspace
    builtin-swiftHeaderTool -arch arm64 /Users/admin/builder/spi-builder-workspace/.derivedData/Build/Intermediates.noindex/LCARSDisplayKit.build/Debug-xros/LCARSDisplayKitUI-t.build/Objects-normal/arm64/LCARSDisplayKitUI-Swift.h -o /Users/admin/builder/spi-builder-workspace/.derivedData/Build/Intermediates.noindex/GeneratedModuleMaps-xros/LCARSDisplayKitUI-Swift.h
SwiftDriverJobDiscovery normal arm64 Compiling ArcButton.swift, Behavior.swift (in target 'LCARSDisplayKitUI' from project 'LCARSDisplayKit')
Copy /Users/admin/builder/spi-builder-workspace/.derivedData/Build/Products/Debug-xros/LCARSDisplayKitUI.swiftmodule/arm64-apple-xros.swiftmodule /Users/admin/builder/spi-builder-workspace/.derivedData/Build/Intermediates.noindex/LCARSDisplayKit.build/Debug-xros/LCARSDisplayKitUI-t.build/Objects-normal/arm64/LCARSDisplayKitUI.swiftmodule (in target 'LCARSDisplayKitUI' from project 'LCARSDisplayKit')
    cd /Users/admin/builder/spi-builder-workspace
    builtin-copy -exclude .DS_Store -exclude CVS -exclude .svn -exclude .git -exclude .hg -resolve-src-symlinks -rename /Users/admin/builder/spi-builder-workspace/.derivedData/Build/Intermediates.noindex/LCARSDisplayKit.build/Debug-xros/LCARSDisplayKitUI-t.build/Objects-normal/arm64/LCARSDisplayKitUI.swiftmodule /Users/admin/builder/spi-builder-workspace/.derivedData/Build/Products/Debug-xros/LCARSDisplayKitUI.swiftmodule/arm64-apple-xros.swiftmodule
Copy /Users/admin/builder/spi-builder-workspace/.derivedData/Build/Products/Debug-xros/LCARSDisplayKitUI.swiftmodule/arm64-apple-xros.swiftdoc /Users/admin/builder/spi-builder-workspace/.derivedData/Build/Intermediates.noindex/LCARSDisplayKit.build/Debug-xros/LCARSDisplayKitUI-t.build/Objects-normal/arm64/LCARSDisplayKitUI.swiftdoc (in target 'LCARSDisplayKitUI' from project 'LCARSDisplayKit')
    cd /Users/admin/builder/spi-builder-workspace
    builtin-copy -exclude .DS_Store -exclude CVS -exclude .svn -exclude .git -exclude .hg -resolve-src-symlinks -rename /Users/admin/builder/spi-builder-workspace/.derivedData/Build/Intermediates.noindex/LCARSDisplayKit.build/Debug-xros/LCARSDisplayKitUI-t.build/Objects-normal/arm64/LCARSDisplayKitUI.swiftdoc /Users/admin/builder/spi-builder-workspace/.derivedData/Build/Products/Debug-xros/LCARSDisplayKitUI.swiftmodule/arm64-apple-xros.swiftdoc
SwiftDriverJobDiscovery normal arm64 Compiling DirectionButton.swift, EdgedCrescentButton.swift (in target 'LCARSDisplayKitUI' from project 'LCARSDisplayKit')
Copy /Users/admin/builder/spi-builder-workspace/.derivedData/Build/Products/Debug-xros/LCARSDisplayKitUI.swiftmodule/arm64-apple-xros.abi.json /Users/admin/builder/spi-builder-workspace/.derivedData/Build/Intermediates.noindex/LCARSDisplayKit.build/Debug-xros/LCARSDisplayKitUI-t.build/Objects-normal/arm64/LCARSDisplayKitUI.abi.json (in target 'LCARSDisplayKitUI' from project 'LCARSDisplayKit')
    cd /Users/admin/builder/spi-builder-workspace
    builtin-copy -exclude .DS_Store -exclude CVS -exclude .svn -exclude .git -exclude .hg -resolve-src-symlinks -rename /Users/admin/builder/spi-builder-workspace/.derivedData/Build/Intermediates.noindex/LCARSDisplayKit.build/Debug-xros/LCARSDisplayKitUI-t.build/Objects-normal/arm64/LCARSDisplayKitUI.abi.json /Users/admin/builder/spi-builder-workspace/.derivedData/Build/Products/Debug-xros/LCARSDisplayKitUI.swiftmodule/arm64-apple-xros.abi.json
Copy /Users/admin/builder/spi-builder-workspace/.derivedData/Build/Products/Debug-xros/LCARSDisplayKitUI.swiftmodule/Project/arm64-apple-xros.swiftsourceinfo /Users/admin/builder/spi-builder-workspace/.derivedData/Build/Intermediates.noindex/LCARSDisplayKit.build/Debug-xros/LCARSDisplayKitUI-t.build/Objects-normal/arm64/LCARSDisplayKitUI.swiftsourceinfo (in target 'LCARSDisplayKitUI' from project 'LCARSDisplayKit')
    cd /Users/admin/builder/spi-builder-workspace
    builtin-copy -exclude .DS_Store -exclude CVS -exclude .svn -exclude .git -exclude .hg -resolve-src-symlinks -rename /Users/admin/builder/spi-builder-workspace/.derivedData/Build/Intermediates.noindex/LCARSDisplayKit.build/Debug-xros/LCARSDisplayKitUI-t.build/Objects-normal/arm64/LCARSDisplayKitUI.swiftsourceinfo /Users/admin/builder/spi-builder-workspace/.derivedData/Build/Products/Debug-xros/LCARSDisplayKitUI.swiftmodule/Project/arm64-apple-xros.swiftsourceinfo
SwiftDriverJobDiscovery normal arm64 Compiling Button.swift, CommandSequencer.swift (in target 'LCARSDisplayKitUI' from project 'LCARSDisplayKit')
SwiftDriver LCARSDisplayKitViews normal arm64 com.apple.xcode.tools.swift.compiler (in target 'LCARSDisplayKitViews' from project 'LCARSDisplayKit')
    cd /Users/admin/builder/spi-builder-workspace/.swiftpm/xcode
    builtin-SwiftDriver -- /Applications/Xcode-27.0.0-Release.Candidate.app/Contents/Developer/Toolchains/XcodeDefault.xctoolchain/usr/bin/swiftc -parse-as-library -module-name LCARSDisplayKitViews -Onone @/Users/admin/builder/spi-builder-workspace/.derivedData/Build/Intermediates.noindex/LCARSDisplayKit.build/Debug-xros/LCARSDisplayKitViews-t.build/Objects-normal/arm64/LCARSDisplayKitViews.SwiftFileList -DSWIFT_PACKAGE -DDEBUG -DSWIFT_MODULE_RESOURCE_BUNDLE_UNAVAILABLE -DXcode -plugin-path /Applications/Xcode-27.0.0-Release.Candidate.app/Contents/Developer/Toolchains/XcodeDefault.xctoolchain/usr/lib/swift/host/plugins/testing -enable-experimental-feature DebugDescriptionMacro -sdk /Applications/Xcode-27.0.0-Release.Candidate.app/Contents/Developer/Platforms/XROS.platform/Developer/SDKs/XROS27.0.sdk -target arm64-apple-xros1.0 -g -module-cache-path /Users/admin/builder/spi-builder-workspace/.derivedData/ModuleCache.noindex -Xfrontend -serialize-debugging-options -profile-coverage-mapping -profile-generate -enable-testing -index-store-path /Users/admin/builder/spi-builder-workspace/.derivedData/Index.noindex/DataStore -Xcc -D_LIBCPP_HARDENING_MODE\=_LIBCPP_HARDENING_MODE_DEBUG -swift-version 5 -I /Users/admin/builder/spi-builder-workspace/.derivedData/Build/Products/Debug-xros -Isystem /Applications/Xcode-27.0.0-Release.Candidate.app/Contents/Developer/Platforms/XROS.platform/Developer/usr/lib -F /Users/admin/builder/spi-builder-workspace/.derivedData/Build/Products/Debug-xros/PackageFrameworks -F /Users/admin/builder/spi-builder-workspace/.derivedData/Build/Products/Debug-xros -F /Applications/Xcode-27.0.0-Release.Candidate.app/Contents/Developer/Platforms/XROS.platform/Developer/Library/Frameworks -F /Applications/Xcode-27.0.0-Release.Candidate.app/Contents/Developer/Platforms/XROS.platform/Developer/SDKs/XROS27.0.sdk/Developer/Library/Frameworks -c -j10 -enable-batch-mode -incremental -Xcc -ivfsstatcache -Xcc /Users/admin/builder/spi-builder-workspace/.derivedData/SDKStatCaches.noindex/xros27.0-24M361-e829b21a6f8c9b70876ba0858053c044735bd543db762f57723cac368afd1ce4.sdkstatcache -output-file-map /Users/admin/builder/spi-builder-workspace/.derivedData/Build/Intermediates.noindex/LCARSDisplayKit.build/Debug-xros/LCARSDisplayKitViews-t.build/Objects-normal/arm64/LCARSDisplayKitViews-OutputFileMap.json -save-temps -no-color-diagnostics -explicit-module-build -module-cache-path /Users/admin/builder/spi-builder-workspace/.derivedData/Build/Intermediates.noindex/SwiftExplicitPrecompiledModules -clang-scanner-module-cache-path /Users/admin/builder/spi-builder-workspace/.derivedData/ModuleCache.noindex -sdk-module-cache-path /Users/admin/builder/spi-builder-workspace/.derivedData/SDKExplicitPrecompiledModules -emit-dependencies -emit-module -emit-module-path /Users/admin/builder/spi-builder-workspace/.derivedData/Build/Intermediates.noindex/LCARSDisplayKit.build/Debug-xros/LCARSDisplayKitViews-t.build/Objects-normal/arm64/LCARSDisplayKitViews.swiftmodule -serialize-diagnostics -dependency-scan-serialize-diagnostics-path /Users/admin/builder/spi-builder-workspace/.derivedData/Build/Intermediates.noindex/LCARSDisplayKit.build/Debug-xros/LCARSDisplayKitViews-t.build/Objects-normal/arm64/LCARSDisplayKitViews-dependency-scan.dia -validate-clang-modules-once -clang-build-session-file /Users/admin/builder/spi-builder-workspace/.derivedData/ModuleCache.noindex/Session.modulevalidation -Xcc -fmodules-prune-interval\=86400 -Xcc -fmodules-prune-after\=345600 -emit-const-values -const-gather-protocols-list /Users/admin/builder/spi-builder-workspace/.derivedData/Build/Intermediates.noindex/LCARSDisplayKit.build/Debug-xros/LCARSDisplayKitViews-t.build/Objects-normal/arm64/LCARSDisplayKitViews_const_extract_protocols.json -Xcc -I/Users/admin/builder/spi-builder-workspace/.derivedData/Build/Products/Debug-xros/include -Xcc -I/Users/admin/builder/spi-builder-workspace/.derivedData/Build/Intermediates.noindex/LCARSDisplayKit.build/Debug-xros/LCARSDisplayKitViews-t.build/DerivedSources-normal/arm64 -Xcc -I/Users/admin/builder/spi-builder-workspace/.derivedData/Build/Intermediates.noindex/LCARSDisplayKit.build/Debug-xros/LCARSDisplayKitViews-t.build/DerivedSources/arm64 -Xcc -I/Users/admin/builder/spi-builder-workspace/.derivedData/Build/Intermediates.noindex/LCARSDisplayKit.build/Debug-xros/LCARSDisplayKitViews-t.build/DerivedSources -Xcc -DSWIFT_PACKAGE -Xcc -DDEBUG\=1 -emit-objc-header -emit-objc-header-path /Users/admin/builder/spi-builder-workspace/.derivedData/Build/Intermediates.noindex/LCARSDisplayKit.build/Debug-xros/LCARSDisplayKitViews-t.build/Objects-normal/arm64/LCARSDisplayKitViews-Swift.h -working-directory /Users/admin/builder/spi-builder-workspace/.swiftpm/xcode -experimental-emit-module-separately -disable-cmo
SwiftDriverJobDiscovery normal arm64 Compiling UIColor+LCARSDisplayKit.swift (in target 'LCARSDisplayKitUI' from project 'LCARSDisplayKit')
SwiftDriverJobDiscovery normal arm64 Compiling Configuration.swift, CrescentButton.swift (in target 'LCARSDisplayKitUI' from project 'LCARSDisplayKit')
SwiftDriverJobDiscovery normal arm64 Compiling TNG.swift, Tappable.swift (in target 'LCARSDisplayKitUI' from project 'LCARSDisplayKit')
SwiftDriverJobDiscovery normal arm64 Compiling ElbowButton.swift, RoundedRectangleButton.swift (in target 'LCARSDisplayKitUI' from project 'LCARSDisplayKit')
SwiftDriver\ Compilation LCARSDisplayKitUI normal arm64 com.apple.xcode.tools.swift.compiler (in target 'LCARSDisplayKitUI' from project 'LCARSDisplayKit')
    cd /Users/admin/builder/spi-builder-workspace/.swiftpm/xcode
    builtin-Swift-Compilation -- /Applications/Xcode-27.0.0-Release.Candidate.app/Contents/Developer/Toolchains/XcodeDefault.xctoolchain/usr/bin/swiftc -parse-as-library -module-name LCARSDisplayKitUI -Onone @/Users/admin/builder/spi-builder-workspace/.derivedData/Build/Intermediates.noindex/LCARSDisplayKit.build/Debug-xros/LCARSDisplayKitUI-t.build/Objects-normal/arm64/LCARSDisplayKitUI.SwiftFileList -DSWIFT_PACKAGE -DDEBUG -DSWIFT_MODULE_RESOURCE_BUNDLE_UNAVAILABLE -DXcode -plugin-path /Applications/Xcode-27.0.0-Release.Candidate.app/Contents/Developer/Toolchains/XcodeDefault.xctoolchain/usr/lib/swift/host/plugins/testing -enable-experimental-feature DebugDescriptionMacro -sdk /Applications/Xcode-27.0.0-Release.Candidate.app/Contents/Developer/Platforms/XROS.platform/Developer/SDKs/XROS27.0.sdk -target arm64-apple-xros1.0 -g -module-cache-path /Users/admin/builder/spi-builder-workspace/.derivedData/ModuleCache.noindex -Xfrontend -serialize-debugging-options -profile-coverage-mapping -profile-generate -enable-testing -index-store-path /Users/admin/builder/spi-builder-workspace/.derivedData/Index.noindex/DataStore -Xcc -D_LIBCPP_HARDENING_MODE\=_LIBCPP_HARDENING_MODE_DEBUG -swift-version 5 -I /Users/admin/builder/spi-builder-workspace/.derivedData/Build/Products/Debug-xros -Isystem /Applications/Xcode-27.0.0-Release.Candidate.app/Contents/Developer/Platforms/XROS.platform/Developer/usr/lib -F /Users/admin/builder/spi-builder-workspace/.derivedData/Build/Products/Debug-xros/PackageFrameworks -F /Users/admin/builder/spi-builder-workspace/.derivedData/Build/Products/Debug-xros -F /Applications/Xcode-27.0.0-Release.Candidate.app/Contents/Developer/Platforms/XROS.platform/Developer/Library/Frameworks -F /Applications/Xcode-27.0.0-Release.Candidate.app/Contents/Developer/Platforms/XROS.platform/Developer/SDKs/XROS27.0.sdk/Developer/Library/Frameworks -c -j10 -enable-batch-mode -incremental -Xcc -ivfsstatcache -Xcc /Users/admin/builder/spi-builder-workspace/.derivedData/SDKStatCaches.noindex/xros27.0-24M361-e829b21a6f8c9b70876ba0858053c044735bd543db762f57723cac368afd1ce4.sdkstatcache -output-file-map /Users/admin/builder/spi-builder-workspace/.derivedData/Build/Intermediates.noindex/LCARSDisplayKit.build/Debug-xros/LCARSDisplayKitUI-t.build/Objects-normal/arm64/LCARSDisplayKitUI-OutputFileMap.json -save-temps -no-color-diagnostics -explicit-module-build -module-cache-path /Users/admin/builder/spi-builder-workspace/.derivedData/Build/Intermediates.noindex/SwiftExplicitPrecompiledModules -clang-scanner-module-cache-path /Users/admin/builder/spi-builder-workspace/.derivedData/ModuleCache.noindex -sdk-module-cache-path /Users/admin/builder/spi-builder-workspace/.derivedData/SDKExplicitPrecompiledModules -emit-dependencies -emit-module -emit-module-path /Users/admin/builder/spi-builder-workspace/.derivedData/Build/Intermediates.noindex/LCARSDisplayKit.build/Debug-xros/LCARSDisplayKitUI-t.build/Objects-normal/arm64/LCARSDisplayKitUI.swiftmodule -serialize-diagnostics -dependency-scan-serialize-diagnostics-path /Users/admin/builder/spi-builder-workspace/.derivedData/Build/Intermediates.noindex/LCARSDisplayKit.build/Debug-xros/LCARSDisplayKitUI-t.build/Objects-normal/arm64/LCARSDisplayKitUI-dependency-scan.dia -validate-clang-modules-once -clang-build-session-file /Users/admin/builder/spi-builder-workspace/.derivedData/ModuleCache.noindex/Session.modulevalidation -Xcc -fmodules-prune-interval\=86400 -Xcc -fmodules-prune-after\=345600 -emit-const-values -const-gather-protocols-list /Users/admin/builder/spi-builder-workspace/.derivedData/Build/Intermediates.noindex/LCARSDisplayKit.build/Debug-xros/LCARSDisplayKitUI-t.build/Objects-normal/arm64/LCARSDisplayKitUI_const_extract_protocols.json -Xcc -I/Users/admin/builder/spi-builder-workspace/.derivedData/Build/Products/Debug-xros/include -Xcc -I/Users/admin/builder/spi-builder-workspace/.derivedData/Build/Intermediates.noindex/LCARSDisplayKit.build/Debug-xros/LCARSDisplayKitUI-t.build/DerivedSources-normal/arm64 -Xcc -I/Users/admin/builder/spi-builder-workspace/.derivedData/Build/Intermediates.noindex/LCARSDisplayKit.build/Debug-xros/LCARSDisplayKitUI-t.build/DerivedSources/arm64 -Xcc -I/Users/admin/builder/spi-builder-workspace/.derivedData/Build/Intermediates.noindex/LCARSDisplayKit.build/Debug-xros/LCARSDisplayKitUI-t.build/DerivedSources -Xcc -DSWIFT_PACKAGE -Xcc -DDEBUG\=1 -emit-objc-header -emit-objc-header-path /Users/admin/builder/spi-builder-workspace/.derivedData/Build/Intermediates.noindex/LCARSDisplayKit.build/Debug-xros/LCARSDisplayKitUI-t.build/Objects-normal/arm64/LCARSDisplayKitUI-Swift.h -working-directory /Users/admin/builder/spi-builder-workspace/.swiftpm/xcode -experimental-emit-module-separately -disable-cmo
SwiftEmitModule normal arm64 Emitting\ module\ for\ LCARSDisplayKitViews (in target 'LCARSDisplayKitViews' from project 'LCARSDisplayKit')
SwiftCompile normal arm64 (in target 'LCARSDisplayKitViews' from project 'LCARSDisplayKit')
    cd /Users/admin/builder/spi-builder-workspace/.swiftpm/xcode

SwiftCompile normal arm64 Compiling\ DirectionGroupingView.swift /Users/admin/builder/spi-builder-workspace/Sources/LCARSDisplayKitViews/DirectionGroupingView.swift (in target 'LCARSDisplayKitViews' from project 'LCARSDisplayKit')
SwiftCompile normal arm64 /Users/admin/builder/spi-builder-workspace/Sources/LCARSDisplayKitViews/DirectionGroupingView.swift (in target 'LCARSDisplayKitViews' from project 'LCARSDisplayKit')
    cd /Users/admin/builder/spi-builder-workspace/.swiftpm/xcode
    builtin-SwiftPerFileCompile DirectionGroupingView.swift
SwiftCompile normal arm64 Compiling\ DirectionGroupingView03.swift /Users/admin/builder/spi-builder-workspace/Sources/LCARSDisplayKitViews/DirectionGroupingView03.swift (in target 'LCARSDisplayKitViews' from project 'LCARSDisplayKit')
SwiftCompile normal arm64 /Users/admin/builder/spi-builder-workspace/Sources/LCARSDisplayKitViews/DirectionGroupingView03.swift (in target 'LCARSDisplayKitViews' from project 'LCARSDisplayKit')
    cd /Users/admin/builder/spi-builder-workspace/.swiftpm/xcode
    builtin-SwiftPerFileCompile DirectionGroupingView03.swift
SwiftCompile normal arm64 Compiling\ DirectionGroupingView02.swift /Users/admin/builder/spi-builder-workspace/Sources/LCARSDisplayKitViews/DirectionGroupingView02.swift (in target 'LCARSDisplayKitViews' from project 'LCARSDisplayKit')
SwiftCompile normal arm64 /Users/admin/builder/spi-builder-workspace/Sources/LCARSDisplayKitViews/DirectionGroupingView02.swift (in target 'LCARSDisplayKitViews' from project 'LCARSDisplayKit')
    cd /Users/admin/builder/spi-builder-workspace/.swiftpm/xcode
    builtin-SwiftPerFileCompile DirectionGroupingView02.swift
SwiftCompile normal arm64 Compiling\ DirectionGroupingView01.swift /Users/admin/builder/spi-builder-workspace/Sources/LCARSDisplayKitViews/DirectionGroupingView01.swift (in target 'LCARSDisplayKitViews' from project 'LCARSDisplayKit')
SwiftCompile normal arm64 /Users/admin/builder/spi-builder-workspace/Sources/LCARSDisplayKitViews/DirectionGroupingView01.swift (in target 'LCARSDisplayKitViews' from project 'LCARSDisplayKit')
    cd /Users/admin/builder/spi-builder-workspace/.swiftpm/xcode
    builtin-SwiftPerFileCompile DirectionGroupingView01.swift
SwiftCompile normal arm64 Compiling\ DPad.swift /Users/admin/builder/spi-builder-workspace/Sources/LCARSDisplayKitViews/DPad.swift (in target 'LCARSDisplayKitViews' from project 'LCARSDisplayKit')
SwiftCompile normal arm64 /Users/admin/builder/spi-builder-workspace/Sources/LCARSDisplayKitViews/DPad.swift (in target 'LCARSDisplayKitViews' from project 'LCARSDisplayKit')
    cd /Users/admin/builder/spi-builder-workspace/.swiftpm/xcode
    builtin-SwiftPerFileCompile DPad.swift
SwiftDriverJobDiscovery normal arm64 Emitting module for LCARSDisplayKitViews (in target 'LCARSDisplayKitViews' from project 'LCARSDisplayKit')
SwiftDriverJobDiscovery normal arm64 Compiling DPad.swift (in target 'LCARSDisplayKitViews' from project 'LCARSDisplayKit')
SwiftDriver\ Compilation\ Requirements LCARSDisplayKitViews normal arm64 com.apple.xcode.tools.swift.compiler (in target 'LCARSDisplayKitViews' from project 'LCARSDisplayKit')
    cd /Users/admin/builder/spi-builder-workspace/.swiftpm/xcode
    builtin-Swift-Compilation-Requirements -- /Applications/Xcode-27.0.0-Release.Candidate.app/Contents/Developer/Toolchains/XcodeDefault.xctoolchain/usr/bin/swiftc -parse-as-library -module-name LCARSDisplayKitViews -Onone @/Users/admin/builder/spi-builder-workspace/.derivedData/Build/Intermediates.noindex/LCARSDisplayKit.build/Debug-xros/LCARSDisplayKitViews-t.build/Objects-normal/arm64/LCARSDisplayKitViews.SwiftFileList -DSWIFT_PACKAGE -DDEBUG -DSWIFT_MODULE_RESOURCE_BUNDLE_UNAVAILABLE -DXcode -plugin-path /Applications/Xcode-27.0.0-Release.Candidate.app/Contents/Developer/Toolchains/XcodeDefault.xctoolchain/usr/lib/swift/host/plugins/testing -enable-experimental-feature DebugDescriptionMacro -sdk /Applications/Xcode-27.0.0-Release.Candidate.app/Contents/Developer/Platforms/XROS.platform/Developer/SDKs/XROS27.0.sdk -target arm64-apple-xros1.0 -g -module-cache-path /Users/admin/builder/spi-builder-workspace/.derivedData/ModuleCache.noindex -Xfrontend -serialize-debugging-options -profile-coverage-mapping -profile-generate -enable-testing -index-store-path /Users/admin/builder/spi-builder-workspace/.derivedData/Index.noindex/DataStore -Xcc -D_LIBCPP_HARDENING_MODE\=_LIBCPP_HARDENING_MODE_DEBUG -swift-version 5 -I /Users/admin/builder/spi-builder-workspace/.derivedData/Build/Products/Debug-xros -Isystem /Applications/Xcode-27.0.0-Release.Candidate.app/Contents/Developer/Platforms/XROS.platform/Developer/usr/lib -F /Users/admin/builder/spi-builder-workspace/.derivedData/Build/Products/Debug-xros/PackageFrameworks -F /Users/admin/builder/spi-builder-workspace/.derivedData/Build/Products/Debug-xros -F /Applications/Xcode-27.0.0-Release.Candidate.app/Contents/Developer/Platforms/XROS.platform/Developer/Library/Frameworks -F /Applications/Xcode-27.0.0-Release.Candidate.app/Contents/Developer/Platforms/XROS.platform/Developer/SDKs/XROS27.0.sdk/Developer/Library/Frameworks -c -j10 -enable-batch-mode -incremental -Xcc -ivfsstatcache -Xcc /Users/admin/builder/spi-builder-workspace/.derivedData/SDKStatCaches.noindex/xros27.0-24M361-e829b21a6f8c9b70876ba0858053c044735bd543db762f57723cac368afd1ce4.sdkstatcache -output-file-map /Users/admin/builder/spi-builder-workspace/.derivedData/Build/Intermediates.noindex/LCARSDisplayKit.build/Debug-xros/LCARSDisplayKitViews-t.build/Objects-normal/arm64/LCARSDisplayKitViews-OutputFileMap.json -save-temps -no-color-diagnostics -explicit-module-build -module-cache-path /Users/admin/builder/spi-builder-workspace/.derivedData/Build/Intermediates.noindex/SwiftExplicitPrecompiledModules -clang-scanner-module-cache-path /Users/admin/builder/spi-builder-workspace/.derivedData/ModuleCache.noindex -sdk-module-cache-path /Users/admin/builder/spi-builder-workspace/.derivedData/SDKExplicitPrecompiledModules -emit-dependencies -emit-module -emit-module-path /Users/admin/builder/spi-builder-workspace/.derivedData/Build/Intermediates.noindex/LCARSDisplayKit.build/Debug-xros/LCARSDisplayKitViews-t.build/Objects-normal/arm64/LCARSDisplayKitViews.swiftmodule -serialize-diagnostics -dependency-scan-serialize-diagnostics-path /Users/admin/builder/spi-builder-workspace/.derivedData/Build/Intermediates.noindex/LCARSDisplayKit.build/Debug-xros/LCARSDisplayKitViews-t.build/Objects-normal/arm64/LCARSDisplayKitViews-dependency-scan.dia -validate-clang-modules-once -clang-build-session-file /Users/admin/builder/spi-builder-workspace/.derivedData/ModuleCache.noindex/Session.modulevalidation -Xcc -fmodules-prune-interval\=86400 -Xcc -fmodules-prune-after\=345600 -emit-const-values -const-gather-protocols-list /Users/admin/builder/spi-builder-workspace/.derivedData/Build/Intermediates.noindex/LCARSDisplayKit.build/Debug-xros/LCARSDisplayKitViews-t.build/Objects-normal/arm64/LCARSDisplayKitViews_const_extract_protocols.json -Xcc -I/Users/admin/builder/spi-builder-workspace/.derivedData/Build/Products/Debug-xros/include -Xcc -I/Users/admin/builder/spi-builder-workspace/.derivedData/Build/Intermediates.noindex/LCARSDisplayKit.build/Debug-xros/LCARSDisplayKitViews-t.build/DerivedSources-normal/arm64 -Xcc -I/Users/admin/builder/spi-builder-workspace/.derivedData/Build/Intermediates.noindex/LCARSDisplayKit.build/Debug-xros/LCARSDisplayKitViews-t.build/DerivedSources/arm64 -Xcc -I/Users/admin/builder/spi-builder-workspace/.derivedData/Build/Intermediates.noindex/LCARSDisplayKit.build/Debug-xros/LCARSDisplayKitViews-t.build/DerivedSources -Xcc -DSWIFT_PACKAGE -Xcc -DDEBUG\=1 -emit-objc-header -emit-objc-header-path /Users/admin/builder/spi-builder-workspace/.derivedData/Build/Intermediates.noindex/LCARSDisplayKit.build/Debug-xros/LCARSDisplayKitViews-t.build/Objects-normal/arm64/LCARSDisplayKitViews-Swift.h -working-directory /Users/admin/builder/spi-builder-workspace/.swiftpm/xcode -experimental-emit-module-separately -disable-cmo
SwiftDriverJobDiscovery normal arm64 Compiling DirectionGroupingView02.swift (in target 'LCARSDisplayKitViews' from project 'LCARSDisplayKit')
SwiftMergeGeneratedHeaders /Users/admin/builder/spi-builder-workspace/.derivedData/Build/Intermediates.noindex/GeneratedModuleMaps-xros/LCARSDisplayKitViews-Swift.h /Users/admin/builder/spi-builder-workspace/.derivedData/Build/Intermediates.noindex/LCARSDisplayKit.build/Debug-xros/LCARSDisplayKitViews-t.build/Objects-normal/arm64/LCARSDisplayKitViews-Swift.h (in target 'LCARSDisplayKitViews' from project 'LCARSDisplayKit')
    cd /Users/admin/builder/spi-builder-workspace
    builtin-swiftHeaderTool -arch arm64 /Users/admin/builder/spi-builder-workspace/.derivedData/Build/Intermediates.noindex/LCARSDisplayKit.build/Debug-xros/LCARSDisplayKitViews-t.build/Objects-normal/arm64/LCARSDisplayKitViews-Swift.h -o /Users/admin/builder/spi-builder-workspace/.derivedData/Build/Intermediates.noindex/GeneratedModuleMaps-xros/LCARSDisplayKitViews-Swift.h
Copy /Users/admin/builder/spi-builder-workspace/.derivedData/Build/Products/Debug-xros/LCARSDisplayKitViews.swiftmodule/arm64-apple-xros.swiftdoc /Users/admin/builder/spi-builder-workspace/.derivedData/Build/Intermediates.noindex/LCARSDisplayKit.build/Debug-xros/LCARSDisplayKitViews-t.build/Objects-normal/arm64/LCARSDisplayKitViews.swiftdoc (in target 'LCARSDisplayKitViews' from project 'LCARSDisplayKit')
    cd /Users/admin/builder/spi-builder-workspace
    builtin-copy -exclude .DS_Store -exclude CVS -exclude .svn -exclude .git -exclude .hg -resolve-src-symlinks -rename /Users/admin/builder/spi-builder-workspace/.derivedData/Build/Intermediates.noindex/LCARSDisplayKit.build/Debug-xros/LCARSDisplayKitViews-t.build/Objects-normal/arm64/LCARSDisplayKitViews.swiftdoc /Users/admin/builder/spi-builder-workspace/.derivedData/Build/Products/Debug-xros/LCARSDisplayKitViews.swiftmodule/arm64-apple-xros.swiftdoc
Copy /Users/admin/builder/spi-builder-workspace/.derivedData/Build/Products/Debug-xros/LCARSDisplayKitViews.swiftmodule/arm64-apple-xros.abi.json /Users/admin/builder/spi-builder-workspace/.derivedData/Build/Intermediates.noindex/LCARSDisplayKit.build/Debug-xros/LCARSDisplayKitViews-t.build/Objects-normal/arm64/LCARSDisplayKitViews.abi.json (in target 'LCARSDisplayKitViews' from project 'LCARSDisplayKit')
    cd /Users/admin/builder/spi-builder-workspace
    builtin-copy -exclude .DS_Store -exclude CVS -exclude .svn -exclude .git -exclude .hg -resolve-src-symlinks -rename /Users/admin/builder/spi-builder-workspace/.derivedData/Build/Intermediates.noindex/LCARSDisplayKit.build/Debug-xros/LCARSDisplayKitViews-t.build/Objects-normal/arm64/LCARSDisplayKitViews.abi.json /Users/admin/builder/spi-builder-workspace/.derivedData/Build/Products/Debug-xros/LCARSDisplayKitViews.swiftmodule/arm64-apple-xros.abi.json
Copy /Users/admin/builder/spi-builder-workspace/.derivedData/Build/Products/Debug-xros/LCARSDisplayKitViews.swiftmodule/arm64-apple-xros.swiftmodule /Users/admin/builder/spi-builder-workspace/.derivedData/Build/Intermediates.noindex/LCARSDisplayKit.build/Debug-xros/LCARSDisplayKitViews-t.build/Objects-normal/arm64/LCARSDisplayKitViews.swiftmodule (in target 'LCARSDisplayKitViews' from project 'LCARSDisplayKit')
    cd /Users/admin/builder/spi-builder-workspace
    builtin-copy -exclude .DS_Store -exclude CVS -exclude .svn -exclude .git -exclude .hg -resolve-src-symlinks -rename /Users/admin/builder/spi-builder-workspace/.derivedData/Build/Intermediates.noindex/LCARSDisplayKit.build/Debug-xros/LCARSDisplayKitViews-t.build/Objects-normal/arm64/LCARSDisplayKitViews.swiftmodule /Users/admin/builder/spi-builder-workspace/.derivedData/Build/Products/Debug-xros/LCARSDisplayKitViews.swiftmodule/arm64-apple-xros.swiftmodule
Copy /Users/admin/builder/spi-builder-workspace/.derivedData/Build/Products/Debug-xros/LCARSDisplayKitViews.swiftmodule/Project/arm64-apple-xros.swiftsourceinfo /Users/admin/builder/spi-builder-workspace/.derivedData/Build/Intermediates.noindex/LCARSDisplayKit.build/Debug-xros/LCARSDisplayKitViews-t.build/Objects-normal/arm64/LCARSDisplayKitViews.swiftsourceinfo (in target 'LCARSDisplayKitViews' from project 'LCARSDisplayKit')
    cd /Users/admin/builder/spi-builder-workspace
    builtin-copy -exclude .DS_Store -exclude CVS -exclude .svn -exclude .git -exclude .hg -resolve-src-symlinks -rename /Users/admin/builder/spi-builder-workspace/.derivedData/Build/Intermediates.noindex/LCARSDisplayKit.build/Debug-xros/LCARSDisplayKitViews-t.build/Objects-normal/arm64/LCARSDisplayKitViews.swiftsourceinfo /Users/admin/builder/spi-builder-workspace/.derivedData/Build/Products/Debug-xros/LCARSDisplayKitViews.swiftmodule/Project/arm64-apple-xros.swiftsourceinfo
SwiftDriverJobDiscovery normal arm64 Compiling DirectionGroupingView.swift (in target 'LCARSDisplayKitViews' from project 'LCARSDisplayKit')
SwiftDriverJobDiscovery normal arm64 Compiling DirectionGroupingView03.swift (in target 'LCARSDisplayKitViews' from project 'LCARSDisplayKit')
SwiftDriverJobDiscovery normal arm64 Compiling DirectionGroupingView01.swift (in target 'LCARSDisplayKitViews' from project 'LCARSDisplayKit')
SwiftDriver\ Compilation LCARSDisplayKitViews normal arm64 com.apple.xcode.tools.swift.compiler (in target 'LCARSDisplayKitViews' from project 'LCARSDisplayKit')
    cd /Users/admin/builder/spi-builder-workspace/.swiftpm/xcode
    builtin-Swift-Compilation -- /Applications/Xcode-27.0.0-Release.Candidate.app/Contents/Developer/Toolchains/XcodeDefault.xctoolchain/usr/bin/swiftc -parse-as-library -module-name LCARSDisplayKitViews -Onone @/Users/admin/builder/spi-builder-workspace/.derivedData/Build/Intermediates.noindex/LCARSDisplayKit.build/Debug-xros/LCARSDisplayKitViews-t.build/Objects-normal/arm64/LCARSDisplayKitViews.SwiftFileList -DSWIFT_PACKAGE -DDEBUG -DSWIFT_MODULE_RESOURCE_BUNDLE_UNAVAILABLE -DXcode -plugin-path /Applications/Xcode-27.0.0-Release.Candidate.app/Contents/Developer/Toolchains/XcodeDefault.xctoolchain/usr/lib/swift/host/plugins/testing -enable-experimental-feature DebugDescriptionMacro -sdk /Applications/Xcode-27.0.0-Release.Candidate.app/Contents/Developer/Platforms/XROS.platform/Developer/SDKs/XROS27.0.sdk -target arm64-apple-xros1.0 -g -module-cache-path /Users/admin/builder/spi-builder-workspace/.derivedData/ModuleCache.noindex -Xfrontend -serialize-debugging-options -profile-coverage-mapping -profile-generate -enable-testing -index-store-path /Users/admin/builder/spi-builder-workspace/.derivedData/Index.noindex/DataStore -Xcc -D_LIBCPP_HARDENING_MODE\=_LIBCPP_HARDENING_MODE_DEBUG -swift-version 5 -I /Users/admin/builder/spi-builder-workspace/.derivedData/Build/Products/Debug-xros -Isystem /Applications/Xcode-27.0.0-Release.Candidate.app/Contents/Developer/Platforms/XROS.platform/Developer/usr/lib -F /Users/admin/builder/spi-builder-workspace/.derivedData/Build/Products/Debug-xros/PackageFrameworks -F /Users/admin/builder/spi-builder-workspace/.derivedData/Build/Products/Debug-xros -F /Applications/Xcode-27.0.0-Release.Candidate.app/Contents/Developer/Platforms/XROS.platform/Developer/Library/Frameworks -F /Applications/Xcode-27.0.0-Release.Candidate.app/Contents/Developer/Platforms/XROS.platform/Developer/SDKs/XROS27.0.sdk/Developer/Library/Frameworks -c -j10 -enable-batch-mode -incremental -Xcc -ivfsstatcache -Xcc /Users/admin/builder/spi-builder-workspace/.derivedData/SDKStatCaches.noindex/xros27.0-24M361-e829b21a6f8c9b70876ba0858053c044735bd543db762f57723cac368afd1ce4.sdkstatcache -output-file-map /Users/admin/builder/spi-builder-workspace/.derivedData/Build/Intermediates.noindex/LCARSDisplayKit.build/Debug-xros/LCARSDisplayKitViews-t.build/Objects-normal/arm64/LCARSDisplayKitViews-OutputFileMap.json -save-temps -no-color-diagnostics -explicit-module-build -module-cache-path /Users/admin/builder/spi-builder-workspace/.derivedData/Build/Intermediates.noindex/SwiftExplicitPrecompiledModules -clang-scanner-module-cache-path /Users/admin/builder/spi-builder-workspace/.derivedData/ModuleCache.noindex -sdk-module-cache-path /Users/admin/builder/spi-builder-workspace/.derivedData/SDKExplicitPrecompiledModules -emit-dependencies -emit-module -emit-module-path /Users/admin/builder/spi-builder-workspace/.derivedData/Build/Intermediates.noindex/LCARSDisplayKit.build/Debug-xros/LCARSDisplayKitViews-t.build/Objects-normal/arm64/LCARSDisplayKitViews.swiftmodule -serialize-diagnostics -dependency-scan-serialize-diagnostics-path /Users/admin/builder/spi-builder-workspace/.derivedData/Build/Intermediates.noindex/LCARSDisplayKit.build/Debug-xros/LCARSDisplayKitViews-t.build/Objects-normal/arm64/LCARSDisplayKitViews-dependency-scan.dia -validate-clang-modules-once -clang-build-session-file /Users/admin/builder/spi-builder-workspace/.derivedData/ModuleCache.noindex/Session.modulevalidation -Xcc -fmodules-prune-interval\=86400 -Xcc -fmodules-prune-after\=345600 -emit-const-values -const-gather-protocols-list /Users/admin/builder/spi-builder-workspace/.derivedData/Build/Intermediates.noindex/LCARSDisplayKit.build/Debug-xros/LCARSDisplayKitViews-t.build/Objects-normal/arm64/LCARSDisplayKitViews_const_extract_protocols.json -Xcc -I/Users/admin/builder/spi-builder-workspace/.derivedData/Build/Products/Debug-xros/include -Xcc -I/Users/admin/builder/spi-builder-workspace/.derivedData/Build/Intermediates.noindex/LCARSDisplayKit.build/Debug-xros/LCARSDisplayKitViews-t.build/DerivedSources-normal/arm64 -Xcc -I/Users/admin/builder/spi-builder-workspace/.derivedData/Build/Intermediates.noindex/LCARSDisplayKit.build/Debug-xros/LCARSDisplayKitViews-t.build/DerivedSources/arm64 -Xcc -I/Users/admin/builder/spi-builder-workspace/.derivedData/Build/Intermediates.noindex/LCARSDisplayKit.build/Debug-xros/LCARSDisplayKitViews-t.build/DerivedSources -Xcc -DSWIFT_PACKAGE -Xcc -DDEBUG\=1 -emit-objc-header -emit-objc-header-path /Users/admin/builder/spi-builder-workspace/.derivedData/Build/Intermediates.noindex/LCARSDisplayKit.build/Debug-xros/LCARSDisplayKitViews-t.build/Objects-normal/arm64/LCARSDisplayKitViews-Swift.h -working-directory /Users/admin/builder/spi-builder-workspace/.swiftpm/xcode -experimental-emit-module-separately -disable-cmo
SwiftDriverJobDiscovery normal arm64 Compiling UIImage+GraphPoint.swift (in target 'GraphPointUI' from project 'GraphPoint')
PruneExplicitPrecompiledModules /Users/admin/builder/spi-builder-workspace/.derivedData/Build/Intermediates.noindex/SwiftExplicitPrecompiledModules
PruneExplicitPrecompiledModules /Users/admin/builder/spi-builder-workspace/.derivedData/Build/Intermediates.noindex/ExplicitPrecompiledModules
PruneExplicitPrecompiledModules /Users/admin/builder/spi-builder-workspace/.derivedData/SDKExplicitPrecompiledModules
2026-09-16 11:09:56.336 xcodebuild[728:4862] [MT] IDERunDestination: Supported platforms for the buildables in the current scheme is empty.
** BUILD FAILED **
The following build commands failed:
	SwiftCompile normal arm64 /Users/admin/builder/spi-builder-workspace/.dependencies/checkouts/GraphPoint/Sources/GraphPointUI/CircularProgress.swift (in target 'GraphPointUI' from project 'GraphPoint')
	SwiftCompile normal arm64 Compiling\ CircularProgress.swift /Users/admin/builder/spi-builder-workspace/.dependencies/checkouts/GraphPoint/Sources/GraphPointUI/CircularProgress.swift (in target 'GraphPointUI' from project 'GraphPoint')
	SwiftCompile normal arm64 /Users/admin/builder/spi-builder-workspace/.dependencies/checkouts/GraphPoint/Sources/GraphPointUI/CircularSlider.swift (in target 'GraphPointUI' from project 'GraphPoint')
	SwiftCompile normal arm64 Compiling\ CircularSlider.swift /Users/admin/builder/spi-builder-workspace/.dependencies/checkouts/GraphPoint/Sources/GraphPointUI/CircularSlider.swift (in target 'GraphPointUI' from project 'GraphPoint')
	Building workspace LCARSDisplayKit with scheme LCARSDisplayKit-Package
(5 failures)
Command line invocation:
    /Applications/Xcode-27.0.0-Release.Candidate.app/Contents/Developer/usr/bin/xcodebuild -IDEClonedSourcePackagesDirPathOverride=/Users/admin/builder/spi-builder-workspace/.dependencies -resolvePackageDependencies
Resolve Package Graph
Resolved source packages:
  GraphPoint: https://github.com/richardpiazza/GraphPoint.git @ 3.4.0
  LCARSDisplayKit: /Users/admin/builder/spi-builder-workspace
resolved source packages: GraphPoint, LCARSDisplayKit
2026-09-16 11:10:05.965 xcodebuild[883:5465] [MT] IDERunDestination: Supported platforms for the buildables in the current scheme is empty.
{
  "dependencies" : [
    {
      "identity" : "graphpoint",
      "requirement" : {
        "range" : [
          {
            "lower_bound" : "3.3.0",
            "upper_bound" : "4.0.0"
          }
        ]
      },
      "type" : "sourceControl",
      "url" : "https://github.com/richardpiazza/GraphPoint.git"
    }
  ],
  "manifest_display_name" : "LCARSDisplayKit",
  "name" : "LCARSDisplayKit",
  "path" : "/Users/admin/builder/spi-builder-workspace",
  "platforms" : [
  ],
  "products" : [
    {
      "name" : "LCARSDisplayKit",
      "targets" : [
        "LCARSDisplayKit"
      ],
      "type" : {
        "library" : [
          "automatic"
        ]
      }
    },
    {
      "name" : "LCARSDisplayKitUI",
      "targets" : [
        "LCARSDisplayKitUI"
      ],
      "type" : {
        "library" : [
          "automatic"
        ]
      }
    },
    {
      "name" : "LCARSDisplayKitViews",
      "targets" : [
        "LCARSDisplayKitViews"
      ],
      "type" : {
        "library" : [
          "automatic"
        ]
      }
    }
  ],
  "swift_languages_versions" : [
    "4.2",
    "5"
  ],
  "targets" : [
    {
      "c99name" : "LCARSDisplayKitViews",
      "module_type" : "SwiftTarget",
      "name" : "LCARSDisplayKitViews",
      "path" : "Sources/LCARSDisplayKitViews",
      "product_dependencies" : [
        "GraphPoint"
      ],
      "product_memberships" : [
        "LCARSDisplayKitViews"
      ],
      "sources" : [
        "DPad.swift",
        "DirectionGroupingView.swift",
        "DirectionGroupingView01.swift",
        "DirectionGroupingView02.swift",
        "DirectionGroupingView03.swift"
      ],
      "target_dependencies" : [
        "LCARSDisplayKit",
        "LCARSDisplayKitUI"
      ],
      "type" : "library"
    },
    {
      "c99name" : "LCARSDisplayKitUI",
      "module_type" : "SwiftTarget",
      "name" : "LCARSDisplayKitUI",
      "path" : "Sources/LCARSDisplayKitUI",
      "product_dependencies" : [
        "GraphPoint"
      ],
      "product_memberships" : [
        "LCARSDisplayKitUI",
        "LCARSDisplayKitViews"
      ],
      "sources" : [
        "ArcButton.swift",
        "Behavior.swift",
        "Button.swift",
        "CommandSequencer.swift",
        "Configuration.swift",
        "CrescentButton.swift",
        "DirectionButton.swift",
        "EdgedCrescentButton.swift",
        "ElbowButton.swift",
        "RoundedRectangleButton.swift",
        "TNG.swift",
        "Tappable.swift",
        "Theme.swift",
        "UIColor+LCARSDisplayKit.swift",
        "UIFont+LCARSDisplayKit.swift",
        "UIImage+LCARSDisplayKit.swift"
      ],
      "target_dependencies" : [
        "LCARSDisplayKit"
      ],
      "type" : "library"
    },
    {
      "c99name" : "LCARSDisplayKitTests",
      "module_type" : "SwiftTarget",
      "name" : "LCARSDisplayKitTests",
      "path" : "Tests/LCARSDisplayKitTests",
      "product_dependencies" : [
        "GraphPoint"
      ],
      "sources" : [
        "LCARSDisplayKitTests.swift"
      ],
      "target_dependencies" : [
        "LCARSDisplayKit"
      ],
      "type" : "test"
    },
    {
      "c99name" : "LCARSDisplayKit",
      "module_type" : "SwiftTarget",
      "name" : "LCARSDisplayKit",
      "path" : "Sources/LCARSDisplayKit",
      "product_dependencies" : [
        "GraphPoint"
      ],
      "product_memberships" : [
        "LCARSDisplayKit",
        "LCARSDisplayKitUI",
        "LCARSDisplayKitViews"
      ],
      "sources" : [
        "Arc.swift",
        "Assets.swift",
        "Crescent.swift",
        "Direction.swift",
        "EdgedCrescent.swift",
        "Elbow.swift",
        "Graphable.swift",
        "RoundedRectangle.swift"
      ],
      "type" : "library"
    }
  ],
  "tools_version" : "5.0"
}
{
  "workspace" : {
    "name" : "LCARSDisplayKit",
    "schemes" : [
      "LCARSDisplayKit",
      "LCARSDisplayKit-Package",
      "LCARSDisplayKitUI",
      "LCARSDisplayKitViews"
    ]
  }
}
2026-09-16 11:10:07.208 xcodebuild[891:5530] [MT] IDERunDestination: Supported platforms for the buildables in the current scheme is empty.
{
  "workspace" : {
    "name" : "LCARSDisplayKit",
    "schemes" : [
      "LCARSDisplayKit",
      "LCARSDisplayKit-Package",
      "LCARSDisplayKitUI",
      "LCARSDisplayKitViews"
    ]
  }
}
2026-09-16 11:10:08.217 xcodebuild[893:5561] [MT] IDERunDestination: Supported platforms for the buildables in the current scheme is empty.
Running build ...
env DEVELOPER_DIR=/Applications/Xcode-27.0.0-Release.Candidate.app xcrun xcodebuild -IDEClonedSourcePackagesDirPathOverride=$PWD/.dependencies -skipMacroValidation -skipPackagePluginValidation -derivedDataPath $PWD/.derivedData build -scheme LCARSDisplayKit-Package -destination generic/platform=xrOS
Command line invocation:
    /Applications/Xcode-27.0.0-Release.Candidate.app/Contents/Developer/usr/bin/xcodebuild -IDEClonedSourcePackagesDirPathOverride=/Users/admin/builder/spi-builder-workspace/.dependencies -skipMacroValidation -skipPackagePluginValidation -derivedDataPath /Users/admin/builder/spi-builder-workspace/.derivedData build -scheme LCARSDisplayKit-Package -destination generic/platform=xrOS
Resolve Package Graph
Resolved source packages:
  LCARSDisplayKit: /Users/admin/builder/spi-builder-workspace
  GraphPoint: https://github.com/richardpiazza/GraphPoint.git @ 3.4.0
ComputePackagePrebuildTargetDependencyGraph
Prepare packages
CreateBuildRequest
SendProjectDescription
CreateBuildOperation
ComputeTargetDependencyGraph
note: Building targets in dependency order
note: Target dependency graph (9 targets)
    Target 'LCARSDisplayKitViews-product' in project 'LCARSDisplayKit'
        ➜ Explicit dependency on target 'LCARSDisplayKitViews' in project 'LCARSDisplayKit'
        ➜ Explicit dependency on target 'LCARSDisplayKit' in project 'LCARSDisplayKit'
        ➜ Explicit dependency on target 'LCARSDisplayKitUI' in project 'LCARSDisplayKit'
        ➜ Explicit dependency on target 'GraphPoint-product' in project 'GraphPoint'
    Target 'LCARSDisplayKitViews' in project 'LCARSDisplayKit'
        ➜ Explicit dependency on target 'LCARSDisplayKit' in project 'LCARSDisplayKit'
        ➜ Explicit dependency on target 'LCARSDisplayKitUI' in project 'LCARSDisplayKit'
        ➜ Explicit dependency on target 'GraphPoint-product' in project 'GraphPoint'
    Target 'LCARSDisplayKitUI-product' in project 'LCARSDisplayKit'
        ➜ Explicit dependency on target 'LCARSDisplayKitUI' in project 'LCARSDisplayKit'
        ➜ Explicit dependency on target 'LCARSDisplayKit' in project 'LCARSDisplayKit'
        ➜ Explicit dependency on target 'GraphPoint-product' in project 'GraphPoint'
    Target 'LCARSDisplayKitUI' in project 'LCARSDisplayKit'
        ➜ Explicit dependency on target 'LCARSDisplayKit' in project 'LCARSDisplayKit'
        ➜ Explicit dependency on target 'GraphPoint-product' in project 'GraphPoint'
    Target 'LCARSDisplayKit-product' in project 'LCARSDisplayKit'
        ➜ Explicit dependency on target 'LCARSDisplayKit' in project 'LCARSDisplayKit'
        ➜ Explicit dependency on target 'GraphPoint-product' in project 'GraphPoint'
    Target 'LCARSDisplayKit' in project 'LCARSDisplayKit'
        ➜ Explicit dependency on target 'GraphPoint-product' in project 'GraphPoint'
    Target 'GraphPoint-product' in project 'GraphPoint'
        ➜ Explicit dependency on target 'GraphPoint' in project 'GraphPoint'
        ➜ Explicit dependency on target 'GraphPointUI' in project 'GraphPoint'
    Target 'GraphPointUI' in project 'GraphPoint'
        ➜ Explicit dependency on target 'GraphPoint' in project 'GraphPoint'
    Target 'GraphPoint' in project 'GraphPoint' (no dependencies)
GatherProvisioningInputs
CreateBuildDescription
ClangStatCache /Applications/Xcode-27.0.0-Release.Candidate.app/Contents/Developer/Toolchains/XcodeDefault.xctoolchain/usr/bin/clang-stat-cache /Applications/Xcode-27.0.0-Release.Candidate.app/Contents/Developer/Platforms/XROS.platform/Developer/SDKs/XROS27.0.sdk /Users/admin/builder/spi-builder-workspace/.derivedData/SDKStatCaches.noindex/xros27.0-24M361-e829b21a6f8c9b70876ba0858053c044735bd543db762f57723cac368afd1ce4.sdkstatcache
    cd /Users/admin/builder/spi-builder-workspace/.swiftpm/xcode
    /Applications/Xcode-27.0.0-Release.Candidate.app/Contents/Developer/Toolchains/XcodeDefault.xctoolchain/usr/bin/clang-stat-cache /Applications/Xcode-27.0.0-Release.Candidate.app/Contents/Developer/Platforms/XROS.platform/Developer/SDKs/XROS27.0.sdk -o /Users/admin/builder/spi-builder-workspace/.derivedData/SDKStatCaches.noindex/xros27.0-24M361-e829b21a6f8c9b70876ba0858053c044735bd543db762f57723cac368afd1ce4.sdkstatcache
SwiftDriver GraphPointUI normal arm64 com.apple.xcode.tools.swift.compiler (in target 'GraphPointUI' from project 'GraphPoint')
    cd /Users/admin/builder/spi-builder-workspace/.swiftpm/xcode
    builtin-SwiftDriver -- /Applications/Xcode-27.0.0-Release.Candidate.app/Contents/Developer/Toolchains/XcodeDefault.xctoolchain/usr/bin/swiftc -parse-as-library -module-name GraphPointUI -Onone @/Users/admin/builder/spi-builder-workspace/.derivedData/Build/Intermediates.noindex/GraphPoint.build/Debug-xros/GraphPointUI-t.build/Objects-normal/arm64/GraphPointUI.SwiftFileList -DSWIFT_PACKAGE -DDEBUG -DSWIFT_MODULE_RESOURCE_BUNDLE_UNAVAILABLE -DXcode -plugin-path /Applications/Xcode-27.0.0-Release.Candidate.app/Contents/Developer/Toolchains/XcodeDefault.xctoolchain/usr/lib/swift/host/plugins/testing -enable-experimental-feature DebugDescriptionMacro -sdk /Applications/Xcode-27.0.0-Release.Candidate.app/Contents/Developer/Platforms/XROS.platform/Developer/SDKs/XROS27.0.sdk -target arm64-apple-xros1.0 -g -module-cache-path /Users/admin/builder/spi-builder-workspace/.derivedData/ModuleCache.noindex -Xfrontend -serialize-debugging-options -profile-coverage-mapping -profile-generate -enable-testing -suppress-warnings -index-store-path /Users/admin/builder/spi-builder-workspace/.derivedData/Index.noindex/DataStore -Xcc -D_LIBCPP_HARDENING_MODE\=_LIBCPP_HARDENING_MODE_DEBUG -swift-version 5 -I /Users/admin/builder/spi-builder-workspace/.derivedData/Build/Products/Debug-xros -Isystem /Applications/Xcode-27.0.0-Release.Candidate.app/Contents/Developer/Platforms/XROS.platform/Developer/usr/lib -F /Users/admin/builder/spi-builder-workspace/.derivedData/Build/Products/Debug-xros/PackageFrameworks -F /Users/admin/builder/spi-builder-workspace/.derivedData/Build/Products/Debug-xros -F /Applications/Xcode-27.0.0-Release.Candidate.app/Contents/Developer/Platforms/XROS.platform/Developer/Library/Frameworks -F /Applications/Xcode-27.0.0-Release.Candidate.app/Contents/Developer/Platforms/XROS.platform/Developer/SDKs/XROS27.0.sdk/Developer/Library/Frameworks -c -j10 -enable-batch-mode -incremental -Xcc -ivfsstatcache -Xcc /Users/admin/builder/spi-builder-workspace/.derivedData/SDKStatCaches.noindex/xros27.0-24M361-e829b21a6f8c9b70876ba0858053c044735bd543db762f57723cac368afd1ce4.sdkstatcache -output-file-map /Users/admin/builder/spi-builder-workspace/.derivedData/Build/Intermediates.noindex/GraphPoint.build/Debug-xros/GraphPointUI-t.build/Objects-normal/arm64/GraphPointUI-OutputFileMap.json -save-temps -no-color-diagnostics -explicit-module-build -module-cache-path /Users/admin/builder/spi-builder-workspace/.derivedData/Build/Intermediates.noindex/SwiftExplicitPrecompiledModules -clang-scanner-module-cache-path /Users/admin/builder/spi-builder-workspace/.derivedData/ModuleCache.noindex -sdk-module-cache-path /Users/admin/builder/spi-builder-workspace/.derivedData/SDKExplicitPrecompiledModules -emit-dependencies -emit-module -emit-module-path /Users/admin/builder/spi-builder-workspace/.derivedData/Build/Intermediates.noindex/GraphPoint.build/Debug-xros/GraphPointUI-t.build/Objects-normal/arm64/GraphPointUI.swiftmodule -serialize-diagnostics -dependency-scan-serialize-diagnostics-path /Users/admin/builder/spi-builder-workspace/.derivedData/Build/Intermediates.noindex/GraphPoint.build/Debug-xros/GraphPointUI-t.build/Objects-normal/arm64/GraphPointUI-dependency-scan.dia -validate-clang-modules-once -clang-build-session-file /Users/admin/builder/spi-builder-workspace/.derivedData/ModuleCache.noindex/Session.modulevalidation -Xcc -fmodules-prune-interval\=86400 -Xcc -fmodules-prune-after\=345600 -emit-const-values -const-gather-protocols-list /Users/admin/builder/spi-builder-workspace/.derivedData/Build/Intermediates.noindex/GraphPoint.build/Debug-xros/GraphPointUI-t.build/Objects-normal/arm64/GraphPointUI_const_extract_protocols.json -Xcc -I/Users/admin/builder/spi-builder-workspace/.derivedData/Build/Products/Debug-xros/include -Xcc -I/Users/admin/builder/spi-builder-workspace/.derivedData/Build/Intermediates.noindex/GraphPoint.build/Debug-xros/GraphPointUI-t.build/DerivedSources-normal/arm64 -Xcc -I/Users/admin/builder/spi-builder-workspace/.derivedData/Build/Intermediates.noindex/GraphPoint.build/Debug-xros/GraphPointUI-t.build/DerivedSources/arm64 -Xcc -I/Users/admin/builder/spi-builder-workspace/.derivedData/Build/Intermediates.noindex/GraphPoint.build/Debug-xros/GraphPointUI-t.build/DerivedSources -Xcc -DSWIFT_PACKAGE -Xcc -DDEBUG\=1 -emit-objc-header -emit-objc-header-path /Users/admin/builder/spi-builder-workspace/.derivedData/Build/Intermediates.noindex/GraphPoint.build/Debug-xros/GraphPointUI-t.build/Objects-normal/arm64/GraphPointUI-Swift.h -working-directory /Users/admin/builder/spi-builder-workspace/.swiftpm/xcode -experimental-emit-module-separately -disable-cmo
SwiftEmitModule normal arm64 Emitting\ module\ for\ GraphPointUI (in target 'GraphPointUI' from project 'GraphPoint')
SwiftCompile normal arm64 (in target 'GraphPointUI' from project 'GraphPoint')
    cd /Users/admin/builder/spi-builder-workspace/.swiftpm/xcode

SwiftCompile normal arm64 Compiling\ CircularSlider.swift /Users/admin/builder/spi-builder-workspace/.dependencies/checkouts/GraphPoint/Sources/GraphPointUI/CircularSlider.swift (in target 'GraphPointUI' from project 'GraphPoint')
SwiftCompile normal arm64 /Users/admin/builder/spi-builder-workspace/.dependencies/checkouts/GraphPoint/Sources/GraphPointUI/CircularSlider.swift (in target 'GraphPointUI' from project 'GraphPoint')
    cd /Users/admin/builder/spi-builder-workspace/.swiftpm/xcode
    builtin-SwiftPerFileCompile CircularSlider.swift
SwiftCompile normal arm64 Compiling\ CircularProgress.swift /Users/admin/builder/spi-builder-workspace/.dependencies/checkouts/GraphPoint/Sources/GraphPointUI/CircularProgress.swift (in target 'GraphPointUI' from project 'GraphPoint')
/Users/admin/builder/spi-builder-workspace/.dependencies/checkouts/GraphPoint/Sources/GraphPointUI/CircularProgress.swift:148:68: error: 'UIScreen' is unavailable in visionOS
146 |         }
147 |
148 |         UIGraphicsBeginImageContextWithOptions(bounds.size, false, UIScreen.main.scale)
    |                                                                    `- error: 'UIScreen' is unavailable in visionOS
149 |         let context = UIGraphicsGetCurrentContext()
150 |
/Applications/Xcode-27.0.0-Release.Candidate.app/Contents/Developer/Platforms/XROS.platform/Developer/SDKs/XROS27.0.sdk/System/Library/Frameworks/UIKit.framework/Headers/UIScreen.h:54:12: note: 'UIScreen' has been explicitly marked unavailable here
 52 |
 53 | UIKIT_EXTERN API_AVAILABLE(ios(2.0)) API_UNAVAILABLE(visionos, watchos) NS_SWIFT_UI_ACTOR
 54 | @interface UIScreen : NSObject <UITraitEnvironment>
    |            `- note: 'UIScreen' has been explicitly marked unavailable here
 55 |
 56 | @property(class, nonatomic, readonly) NSArray<UIScreen *> *screens API_DEPRECATED("Use UIApplication.shared.openSessions to find open sessions with scenes from other screens", ios(3.2, 16.0), visionos(1.0, 1.0)) API_UNAVAILABLE(watchos); // all screens currently attached to the device
Failed frontend command:
/Applications/Xcode-27.0.0-Release.Candidate.app/Contents/Developer/Toolchains/XcodeDefault.xctoolchain/usr/bin/swift-frontend -frontend -c /Users/admin/builder/spi-builder-workspace/.dependencies/checkouts/GraphPoint/Sources/GraphPointUI/Arc.swift /Users/admin/builder/spi-builder-workspace/.dependencies/checkouts/GraphPoint/Sources/GraphPointUI/CGMutablePath+GraphPoint.swift -primary-file /Users/admin/builder/spi-builder-workspace/.dependencies/checkouts/GraphPoint/Sources/GraphPointUI/CircularProgress.swift /Users/admin/builder/spi-builder-workspace/.dependencies/checkouts/GraphPoint/Sources/GraphPointUI/CircularSlider.swift /Users/admin/builder/spi-builder-workspace/.dependencies/checkouts/GraphPoint/Sources/GraphPointUI/UIImage+GraphPoint.swift -emit-dependencies-path /Users/admin/builder/spi-builder-workspace/.derivedData/Build/Intermediates.noindex/GraphPoint.build/Debug-xros/GraphPointUI-t.build/Objects-normal/arm64/CircularProgress.d -emit-const-values-path /Users/admin/builder/spi-builder-workspace/.derivedData/Build/Intermediates.noindex/GraphPoint.build/Debug-xros/GraphPointUI-t.build/Objects-normal/arm64/CircularProgress.swiftconstvalues -emit-reference-dependencies-path /Users/admin/builder/spi-builder-workspace/.derivedData/Build/Intermediates.noindex/GraphPoint.build/Debug-xros/GraphPointUI-t.build/Objects-normal/arm64/CircularProgress.swiftdeps -serialize-diagnostics-path /Users/admin/builder/spi-builder-workspace/.derivedData/Build/Intermediates.noindex/GraphPoint.build/Debug-xros/GraphPointUI-t.build/Objects-normal/arm64/CircularProgress.dia -target arm64-apple-xros1.0 -module-can-import-version CoreGraphics 2049 2049.0.0 -module-can-import-version UIKit 9127.0.84.1 9127.0.84 -disable-cross-import-overlay-search -load-resolved-plugin /Applications/Xcode-27.0.0-Release.Candidate.app/Contents/Developer/Platforms/XROS.platform/Developer/usr/lib/swift/host/plugins/libFoundationMacros.dylib\#/Applications/Xcode-27.0.0-Release.Candidate.app/Contents/Developer/Platforms/XROS.platform/Developer/usr/bin/swift-plugin-server\#FoundationMacros -load-resolved-plugin /Applications/Xcode-27.0.0-Release.Candidate.app/Contents/Developer/Platforms/XROS.platform/Developer/usr/lib/swift/host/plugins/libObservationMacros.dylib\#/Applications/Xcode-27.0.0-Release.Candidate.app/Contents/Developer/Platforms/XROS.platform/Developer/usr/bin/swift-plugin-server\#ObservationMacros -load-resolved-plugin /Applications/Xcode-27.0.0-Release.Candidate.app/Contents/Developer/Platforms/XROS.platform/Developer/usr/lib/swift/host/plugins/libPreviewsMacros.dylib\#/Applications/Xcode-27.0.0-Release.Candidate.app/Contents/Developer/Platforms/XROS.platform/Developer/usr/bin/swift-plugin-server\#PreviewsMacros -load-resolved-plugin /Applications/Xcode-27.0.0-Release.Candidate.app/Contents/Developer/Platforms/XROS.platform/Developer/usr/lib/swift/host/plugins/libSwiftMacros.dylib\#/Applications/Xcode-27.0.0-Release.Candidate.app/Contents/Developer/Platforms/XROS.platform/Developer/usr/bin/swift-plugin-server\#SwiftMacros -load-resolved-plugin /Applications/Xcode-27.0.0-Release.Candidate.app/Contents/Developer/Platforms/XROS.platform/Developer/usr/lib/swift/host/plugins/libSwiftUIMacros.dylib\#/Applications/Xcode-27.0.0-Release.Candidate.app/Contents/Developer/Platforms/XROS.platform/Developer/usr/bin/swift-plugin-server\#SwiftUIMacros -disable-implicit-swift-modules -Xcc -fno-implicit-modules -Xcc -fno-implicit-module-maps -explicit-swift-module-map-file /Users/admin/builder/spi-builder-workspace/.derivedData/Build/Intermediates.noindex/GraphPoint.build/Debug-xros/GraphPointUI-t.build/Objects-normal/arm64/GraphPointUI-dependencies-1.json -Xllvm -aarch64-use-tbi -enable-objc-interop -stack-check -sdk /Applications/Xcode-27.0.0-Release.Candidate.app/Contents/Developer/Platforms/XROS.platform/Developer/SDKs/XROS27.0.sdk -I /Users/admin/builder/spi-builder-workspace/.derivedData/Build/Products/Debug-xros -Isystem /Applications/Xcode-27.0.0-Release.Candidate.app/Contents/Developer/Platforms/XROS.platform/Developer/usr/lib -F /Users/admin/builder/spi-builder-workspace/.derivedData/Build/Products/Debug-xros/PackageFrameworks -F /Users/admin/builder/spi-builder-workspace/.derivedData/Build/Products/Debug-xros -F /Applications/Xcode-27.0.0-Release.Candidate.app/Contents/Developer/Platforms/XROS.platform/Developer/Library/Frameworks -F /Applications/Xcode-27.0.0-Release.Candidate.app/Contents/Developer/Platforms/XROS.platform/Developer/SDKs/XROS27.0.sdk/Developer/Library/Frameworks -module-cache-path /Users/admin/builder/spi-builder-workspace/.derivedData/Build/Intermediates.noindex/SwiftExplicitPrecompiledModules -no-color-diagnostics -Xcc -fno-color-diagnostics -enable-testing -g -debug-info-format\=dwarf -dwarf-version\=4 -suppress-warnings -profile-generate -profile-coverage-mapping -swift-version 5 -Onone -D SWIFT_PACKAGE -D DEBUG -D SWIFT_MODULE_RESOURCE_BUNDLE_UNAVAILABLE -D Xcode -serialize-debugging-options -enable-experimental-feature DebugDescriptionMacro -empty-abi-descriptor -validate-clang-modules-once -clang-build-session-file /Users/admin/builder/spi-builder-workspace/.derivedData/ModuleCache.noindex/Session.modulevalidation -Xcc -working-directory -Xcc /Users/admin/builder/spi-builder-workspace/.swiftpm/xcode -enable-anonymous-context-mangled-names -file-compilation-dir /Users/admin/builder/spi-builder-workspace/.swiftpm/xcode -Xcc -D_LIBCPP_HARDENING_MODE\=_LIBCPP_HARDENING_MODE_DEBUG -Xcc -ivfsstatcache -Xcc /Users/admin/builder/spi-builder-workspace/.derivedData/SDKStatCaches.noindex/xros27.0-24M361-e829b21a6f8c9b70876ba0858053c044735bd543db762f57723cac368afd1ce4.sdkstatcache -Xcc -fmodules-prune-interval\=86400 -Xcc -fmodules-prune-after\=345600 -Xcc -I/Users/admin/builder/spi-builder-workspace/.derivedData/Build/Products/Debug-xros/include -Xcc -I/Users/admin/builder/spi-builder-workspace/.derivedData/Build/Intermediates.noindex/GraphPoint.build/Debug-xros/GraphPointUI-t.build/DerivedSources-normal/arm64 -Xcc -I/Users/admin/builder/spi-builder-workspace/.derivedData/Build/Intermediates.noindex/GraphPoint.build/Debug-xros/GraphPointUI-t.build/DerivedSources/arm64 -Xcc -I/Users/admin/builder/spi-builder-workspace/.derivedData/Build/Intermediates.noindex/GraphPoint.build/Debug-xros/GraphPointUI-t.build/DerivedSources -Xcc -DSWIFT_PACKAGE -Xcc -DDEBUG\=1 -no-auto-bridging-header-chaining -module-name GraphPointUI -const-gather-protocols-file /Users/admin/builder/spi-builder-workspace/.derivedData/Build/Intermediates.noindex/GraphPoint.build/Debug-xros/GraphPointUI-t.build/Objects-normal/arm64/GraphPointUI_const_extract_protocols.json -disable-clang-spi -clang-target arm64-apple-xros27.0 -target-sdk-version 27.0 -target-sdk-name xros27.0 -in-process-plugin-server-path /Applications/Xcode-27.0.0-Release.Candidate.app/Contents/Developer/Toolchains/XcodeDefault.xctoolchain/usr/lib/swift/host/libSwiftInProcPluginServer.dylib -parse-as-library -o /Users/admin/builder/spi-builder-workspace/.derivedData/Build/Intermediates.noindex/GraphPoint.build/Debug-xros/GraphPointUI-t.build/Objects-normal/arm64/CircularProgress.o -debug-module-path /Users/admin/builder/spi-builder-workspace/.derivedData/Build/Intermediates.noindex/GraphPoint.build/Debug-xros/GraphPointUI-t.build/Objects-normal/arm64/GraphPointUI.swiftmodule -index-unit-output-path /GraphPoint.build/Debug-xros/GraphPointUI-t.build/Objects-normal/arm64/CircularProgress.o -index-store-path /Users/admin/builder/spi-builder-workspace/.derivedData/Index.noindex/DataStore -index-system-modules
SwiftCompile normal arm64 /Users/admin/builder/spi-builder-workspace/.dependencies/checkouts/GraphPoint/Sources/GraphPointUI/CircularProgress.swift (in target 'GraphPointUI' from project 'GraphPoint')
    cd /Users/admin/builder/spi-builder-workspace/.swiftpm/xcode
    builtin-SwiftPerFileCompile CircularProgress.swift
PruneExplicitPrecompiledModules /Users/admin/builder/spi-builder-workspace/.derivedData/Build/Intermediates.noindex/SwiftExplicitPrecompiledModules
PruneExplicitPrecompiledModules /Users/admin/builder/spi-builder-workspace/.derivedData/Build/Intermediates.noindex/ExplicitPrecompiledModules
PruneExplicitPrecompiledModules /Users/admin/builder/spi-builder-workspace/.derivedData/SDKExplicitPrecompiledModules
2026-09-16 11:10:09.222 xcodebuild[894:5586] [MT] IDERunDestination: Supported platforms for the buildables in the current scheme is empty.
** BUILD FAILED **
The following build commands failed:
	SwiftCompile normal arm64 Compiling\ CircularProgress.swift /Users/admin/builder/spi-builder-workspace/.dependencies/checkouts/GraphPoint/Sources/GraphPointUI/CircularProgress.swift (in target 'GraphPointUI' from project 'GraphPoint')
	SwiftCompile normal arm64 /Users/admin/builder/spi-builder-workspace/.dependencies/checkouts/GraphPoint/Sources/GraphPointUI/CircularProgress.swift (in target 'GraphPointUI' from project 'GraphPoint')
	Building workspace LCARSDisplayKit with scheme LCARSDisplayKit-Package
(3 failures)
BUILD FAILURE 6.4 visionOS