Build Information
Failed to build Khac, reference master (7e5ed5), with Swift 6.3 for macOS (Xcode) using Xcode 26.4 on 16 Aug 2026 20:21:07 UTC.
Build Command
env DEVELOPER_DIR=/Applications/Xcode-26.4.0.app xcrun xcodebuild -IDEClonedSourcePackagesDirPathOverride=$PWD/.dependencies -skipMacroValidation -skipPackagePluginValidation -derivedDataPath $PWD/.derivedData build -scheme Khac-Package -destination platform=macOS,arch=arm64Build Log
========================================
RunAll
========================================
Builder version: undefined version: run 'make version' to update
Interrupt handler set up.
========================================
Checkout
========================================
Clone URL: https://github.com/nhannht/Khac.git
Reference: master
Initialized empty Git repository in /Users/admin/builder/spi-builder-workspace/.git/
From https://github.com/nhannht/Khac
* branch master -> FETCH_HEAD
* [new branch] master -> origin/master
HEAD is now at 7e5ed56 chore: release 0.4.0
Cloned https://github.com/nhannht/Khac.git
Revision (git rev-parse @):
7e5ed5638c0c2f743beb02a2b5181a12f7281ba7
SPI manifest file found: $PWD/.spi.yml
SUCCESS checkout https://github.com/nhannht/Khac.git at master
========================================
Build
========================================
Selected platform: macosXcodebuild
Swift version: 6.3
Building package at path: $PWD
https://github.com/nhannht/Khac.git
Command line invocation:
/Applications/Xcode-26.4.0.app/Contents/Developer/usr/bin/xcodebuild -IDEClonedSourcePackagesDirPathOverride=/Users/admin/builder/spi-builder-workspace/.dependencies -resolvePackageDependencies
Resolve Package Graph
Resolve Package Graph
Resolved source packages:
Khac: /Users/admin/builder/spi-builder-workspace
resolved source packages: Khac
2026-08-16 16:20:29.625 xcodebuild[541:3123] [MT] IDERunDestination: Supported platforms for the buildables in the current scheme is empty.
{
"dependencies" : [
],
"manifest_display_name" : "Khac",
"name" : "Khac",
"path" : "/Users/admin/builder/spi-builder-workspace",
"platforms" : [
{
"name" : "macos",
"version" : "12.0"
},
{
"name" : "ios",
"version" : "15.0"
},
{
"name" : "tvos",
"version" : "15.0"
},
{
"name" : "watchos",
"version" : "8.0"
}
],
"products" : [
{
"name" : "Khac",
"targets" : [
"Khac"
],
"type" : {
"library" : [
"automatic"
]
}
},
{
"name" : "khac",
"targets" : [
"KhacCLI"
],
"type" : {
"executable" : null
}
}
],
"targets" : [
{
"c99name" : "KhacTests",
"module_type" : "SwiftTarget",
"name" : "KhacTests",
"path" : "Tests/KhacTests",
"sources" : [
"BackwardsRangeTests.swift",
"CompactRangeTests.swift",
"CoreTests.swift",
"DayShiftPrefixTests.swift",
"DaySuffixWordTests.swift",
"EraSuffixNormalizationTests.swift",
"GatedRangeConnectorTests.swift",
"HyphenatedIdentifierTests.swift",
"ISORejectionTests.swift",
"KnownFailure.swift",
"LocalePrefixWordsTests.swift",
"MergeDateTimeCertaintyTests.swift",
"MergingRefinerTests.swift",
"MonthNameFormsTests.swift",
"NormalizationTests.swift",
"Oracle/DE/DEAllCases.swift",
"Oracle/DE/DEOracleTests.swift",
"Oracle/DE/DeCasualCases.swift",
"Oracle/DE/DeDashCases.swift",
"Oracle/DE/DeMonthNameLittleEndianCases.swift",
"Oracle/DE/DeTimeExpCases.swift",
"Oracle/DE/DeTimeUnitsCasualRelativeCases.swift",
"Oracle/DE/DeTimeUnitsWithinCases.swift",
"Oracle/DE/DeWeekdayCases.swift",
"Oracle/DE/DeYearCases.swift",
"Oracle/EN/AllCases.swift",
"Oracle/EN/CasualCases.swift",
"Oracle/EN/ENOracleSmokeTests.swift",
"Oracle/EN/ENOracleTests.swift",
"Oracle/EN/GeneralCases.swift",
"Oracle/EN/ISOCases.swift",
"Oracle/EN/MergingRelativeDatesCases.swift",
"Oracle/EN/MonthCases.swift",
"Oracle/EN/MonthNameLittleEndianCases.swift",
"Oracle/EN/MonthNameMiddleEndianCases.swift",
"Oracle/EN/NegativeCases.swift",
"Oracle/EN/RelativeCases.swift",
"Oracle/EN/SlashCases.swift",
"Oracle/EN/TimeExpressionCases.swift",
"Oracle/EN/TimeUnitsAgoCases.swift",
"Oracle/EN/TimeUnitsCasualRelativeCases.swift",
"Oracle/EN/TimeUnitsLaterCases.swift",
"Oracle/EN/TimeUnitsWithinCases.swift",
"Oracle/EN/WeekdayCases.swift",
"Oracle/EN/YearCases.swift",
"Oracle/EN/YearMonthDayCases.swift",
"Oracle/ES/ESAllCases.swift",
"Oracle/ES/ESOracleTests.swift",
"Oracle/ES/EsCasualCases.swift",
"Oracle/ES/EsMonthNameLittleEndianCases.swift",
"Oracle/ES/EsSlashCases.swift",
"Oracle/ES/EsTimeExpCases.swift",
"Oracle/ES/EsTimeUnitsWithinCases.swift",
"Oracle/FI/FIAllCases.swift",
"Oracle/FI/FIOracleTests.swift",
"Oracle/FI/FiCasualCases.swift",
"Oracle/FI/FiCasualTimeCases.swift",
"Oracle/FI/FiMonthNameLittleEndianCases.swift",
"Oracle/FI/FiTimeExpCases.swift",
"Oracle/FI/FiTimeUnitsAgoCases.swift",
"Oracle/FI/FiTimeUnitsCasualRelativeCases.swift",
"Oracle/FI/FiTimeUnitsWithinCases.swift",
"Oracle/FI/FiWeekdayCases.swift",
"Oracle/FR/FRAllCases.swift",
"Oracle/FR/FROracleTests.swift",
"Oracle/FR/FrCasualCases.swift",
"Oracle/FR/FrLittleEndianCases.swift",
"Oracle/FR/FrSlashCases.swift",
"Oracle/FR/FrTimeExpCases.swift",
"Oracle/FR/FrTimeUnitsAgoCases.swift",
"Oracle/FR/FrTimeUnitsCasualRelativeCases.swift",
"Oracle/FR/FrTimeUnitsWithinCases.swift",
"Oracle/FR/FrWeekdayCases.swift",
"Oracle/IT/ITAllCases.swift",
"Oracle/IT/ITOracleTests.swift",
"Oracle/IT/ItCasualCases.swift",
"Oracle/IT/ItInterStdCases.swift",
"Oracle/IT/ItMergingRelativeDatesCases.swift",
"Oracle/IT/ItMonthCases.swift",
"Oracle/IT/ItMonthNameLittleEndianCases.swift",
"Oracle/IT/ItMonthNameMiddleEndianCases.swift",
"Oracle/IT/ItNegativeCasesCases.swift",
"Oracle/IT/ItRelativeCases.swift",
"Oracle/IT/ItRootCases.swift",
"Oracle/IT/ItSlashCases.swift",
"Oracle/IT/ItTimeExpCases.swift",
"Oracle/IT/ItTimeUnitsAgoCases.swift",
"Oracle/IT/ItTimeUnitsCasualRelativeCases.swift",
"Oracle/IT/ItTimeUnitsLaterCases.swift",
"Oracle/IT/ItTimeUnitsWithinCases.swift",
"Oracle/IT/ItTimezoneExpCases.swift",
"Oracle/IT/ItWeekdayCases.swift",
"Oracle/IT/ItYearCases.swift",
"Oracle/IT/ItYearMonthDayCases.swift",
"Oracle/JA/JAAllCases.swift",
"Oracle/JA/JAOracleTests.swift",
"Oracle/JA/JaCasualCases.swift",
"Oracle/JA/JaSlashDateFormatCases.swift",
"Oracle/JA/JaStandardCases.swift",
"Oracle/JA/JaTimeExpCases.swift",
"Oracle/JA/JaWeekdayCases.swift",
"Oracle/NL/NLAllCases.swift",
"Oracle/NL/NLOracleTests.swift",
"Oracle/NL/NlCasualCases.swift",
"Oracle/NL/NlMonthCases.swift",
"Oracle/NL/NlMonthNameLittleEndianCases.swift",
"Oracle/NL/NlRelativeCases.swift",
"Oracle/NL/NlSlashCases.swift",
"Oracle/NL/NlTimeExpCases.swift",
"Oracle/NL/NlTimeUnitsAgoCases.swift",
"Oracle/NL/NlTimeUnitsCasualRelativeCases.swift",
"Oracle/NL/NlTimeUnitsLaterCases.swift",
"Oracle/NL/NlTimeUnitsWithinCases.swift",
"Oracle/NL/NlWeekdayCases.swift",
"Oracle/OracleTypes.swift",
"Oracle/PT/PTAllCases.swift",
"Oracle/PT/PTOracleTests.swift",
"Oracle/PT/PtCasualCases.swift",
"Oracle/PT/PtMonthNameLittleEndianCases.swift",
"Oracle/PT/PtSlashCases.swift",
"Oracle/PT/PtTimeExpCases.swift",
"Oracle/RU/RUAllCases.swift",
"Oracle/RU/RUOracleTests.swift",
"Oracle/RU/RuCasualCases.swift",
"Oracle/RU/RuMonthCases.swift",
"Oracle/RU/RuMonthNameLittleEndianCases.swift",
"Oracle/RU/RuRelativeCases.swift",
"Oracle/RU/RuTimeExpCases.swift",
"Oracle/RU/RuTimeUnitsAgoCases.swift",
"Oracle/RU/RuTimeUnitsCasualRelativeCases.swift",
"Oracle/RU/RuTimeUnitsWithinCases.swift",
"Oracle/RU/RuWeekdayCases.swift",
"Oracle/SV/SVAllCases.swift",
"Oracle/SV/SVOracleTests.swift",
"Oracle/SV/SvCasualCases.swift",
"Oracle/SV/SvMonthNameLittleEndianCases.swift",
"Oracle/SV/SvTimeUnitsCasualRelativeCases.swift",
"Oracle/SV/SvWeekdayCases.swift",
"Oracle/UK/UKAllCases.swift",
"Oracle/UK/UKOracleTests.swift",
"Oracle/UK/UkCasualCases.swift",
"Oracle/UK/UkMonthCases.swift",
"Oracle/UK/UkMonthNameLittleEndianCases.swift",
"Oracle/UK/UkRelativeCases.swift",
"Oracle/UK/UkTimeExpCases.swift",
"Oracle/UK/UkTimeUnitsAgoCases.swift",
"Oracle/UK/UkTimeUnitsCasualRelativeCases.swift",
"Oracle/UK/UkTimeUnitsWithinCases.swift",
"Oracle/UK/UkWeekdayCases.swift",
"Oracle/ZH/ZHAllCases.swift",
"Oracle/ZH/ZHOracleTests.swift",
"Oracle/ZH/ZhHansAgoCases.swift",
"Oracle/ZH/ZhHansCasualCases.swift",
"Oracle/ZH/ZhHansDateCases.swift",
"Oracle/ZH/ZhHansDeadlineCases.swift",
"Oracle/ZH/ZhHansTimeExpCases.swift",
"Oracle/ZH/ZhHansWeekdayCases.swift",
"Oracle/ZH/ZhHantAgoCases.swift",
"Oracle/ZH/ZhHantCasualCases.swift",
"Oracle/ZH/ZhHantDateCases.swift",
"Oracle/ZH/ZhHantDeadlineCases.swift",
"Oracle/ZH/ZhHantTimeExpCases.swift",
"Oracle/ZH/ZhHantWeekdayCases.swift",
"Oracle/ZH/ZhRootCases.swift",
"OverlapFilterEquivalenceTests.swift",
"ParserTests.swift",
"PatternCacheTests.swift",
"PublicAPITests.swift",
"ReadmeExamplesTests.swift",
"ScaffoldTests.swift",
"Support/MockLocale.swift",
"TimezoneOffsetTests.swift",
"VITests.swift",
"WeekendPostfixTests.swift"
],
"target_dependencies" : [
"Khac"
],
"type" : "test"
},
{
"c99name" : "KhacCLITests",
"module_type" : "SwiftTarget",
"name" : "KhacCLITests",
"path" : "Tests/KhacCLITests",
"sources" : [
"LineIndexTests.swift"
],
"target_dependencies" : [
"KhacCLICore"
],
"type" : "test"
},
{
"c99name" : "KhacCLICore",
"module_type" : "SwiftTarget",
"name" : "KhacCLICore",
"path" : "Sources/KhacCLICore",
"product_memberships" : [
"khac"
],
"sources" : [
"Arguments.swift",
"Event.swift",
"LineIndex.swift",
"Output.swift",
"Run.swift",
"SourceLoader.swift"
],
"target_dependencies" : [
"Khac"
],
"type" : "library"
},
{
"c99name" : "KhacCLI",
"module_type" : "SwiftTarget",
"name" : "KhacCLI",
"path" : "Sources/KhacCLI",
"product_memberships" : [
"khac"
],
"sources" : [
"main.swift"
],
"target_dependencies" : [
"KhacCLICore"
],
"type" : "executable"
},
{
"c99name" : "Khac",
"module_type" : "SwiftTarget",
"name" : "Khac",
"path" : "Sources/Khac",
"product_memberships" : [
"Khac",
"khac"
],
"sources" : [
"Core/Engine.swift",
"Core/Options.swift",
"Core/ParsedResult.swift",
"Core/ParsingComponents.swift",
"Core/ParsingContext.swift",
"Core/PreparedLocale.swift",
"Core/ReferencePoint.swift",
"Core/Regex/Regex.swift",
"Core/Support/ParserSupport.swift",
"Core/Support/PrecedingText.swift",
"Core/Support/RelativeDuration.swift",
"Core/Text/Normalization.swift",
"Khac.swift",
"Locales/CJK/CJKNumerals.swift",
"Locales/DE/DELocale.swift",
"Locales/DE/DEParsers.swift",
"Locales/EN/ENLocale.swift",
"Locales/EN/ENParsers.swift",
"Locales/EN/ENRefiners.swift",
"Locales/ES/ESLocale.swift",
"Locales/FI/FILocale.swift",
"Locales/FI/FIParsers.swift",
"Locales/FR/FRLocale.swift",
"Locales/IT/ITLocale.swift",
"Locales/JA/JALocale.swift",
"Locales/JA/JAParsers.swift",
"Locales/Locale.swift",
"Locales/NL/NLLocale.swift",
"Locales/PT/PTLocale.swift",
"Locales/RU/RULocale.swift",
"Locales/RU/RUParsers.swift",
"Locales/SV/SVLocale.swift",
"Locales/UK/UKLocale.swift",
"Locales/UK/UKParsers.swift",
"Locales/VI/VILocale.swift",
"Locales/ZH/ZHLocale.swift",
"Locales/ZH/ZHParsers.swift",
"Parsers/CasualDateParser.swift",
"Parsers/ISOParser.swift",
"Parsers/MonthNameParser.swift",
"Parsers/NumericDateParser.swift",
"Parsers/RelativeUnitParser.swift",
"Parsers/TimeExpressionParser.swift",
"Parsers/WeekdayParser.swift",
"Parsers/YearParser.swift",
"Refiners/ExtractTimezoneOffsetRefiner.swift",
"Refiners/ExtractYearSuffixRefiner.swift",
"Refiners/ForwardDateRefiner.swift",
"Refiners/MergeDateRangeRefiner.swift",
"Refiners/MergeDateTimeRefiner.swift",
"Refiners/MergeRelativeAnchorRefiner.swift",
"Refiners/MergeWeekdayRefiner.swift",
"Refiners/MergingRefiner.swift",
"Refiners/OverlapFilterRefiner.swift",
"Refiners/UnlikelyFilterRefiner.swift"
],
"type" : "library"
}
],
"tools_version" : "5.10"
}
{
"workspace" : {
"name" : "spi-builder-workspace",
"schemes" : [
"khac",
"Khac",
"Khac-Package"
]
}
}
2026-08-16 16:20:50.901 xcodebuild[724:4484] [MT] IDERunDestination: Supported platforms for the buildables in the current scheme is empty.
Running build ...
env DEVELOPER_DIR=/Applications/Xcode-26.4.0.app xcrun xcodebuild -IDEClonedSourcePackagesDirPathOverride=$PWD/.dependencies -skipMacroValidation -skipPackagePluginValidation -derivedDataPath $PWD/.derivedData build -scheme Khac-Package -destination platform=macOS,arch=arm64
Command line invocation:
/Applications/Xcode-26.4.0.app/Contents/Developer/usr/bin/xcodebuild -IDEClonedSourcePackagesDirPathOverride=/Users/admin/builder/spi-builder-workspace/.dependencies -skipMacroValidation -skipPackagePluginValidation -derivedDataPath /Users/admin/builder/spi-builder-workspace/.derivedData build -scheme Khac-Package -destination platform=macOS,arch=arm64
Resolve Package Graph
Resolved source packages:
Khac: /Users/admin/builder/spi-builder-workspace
ComputePackagePrebuildTargetDependencyGraph
Prepare packages
CreateBuildRequest
SendProjectDescription
CreateBuildOperation
ComputeTargetDependencyGraph
note: Building targets in dependency order
note: Target dependency graph (4 targets)
Target 'khac' in project 'Khac'
➜ Explicit dependency on target 'Khac' in project 'Khac'
➜ Explicit dependency on target 'KhacCLICore' in project 'Khac'
Target 'KhacCLICore' in project 'Khac'
➜ Explicit dependency on target 'Khac' in project 'Khac'
Target 'Khac' in project 'Khac'
➜ Explicit dependency on target 'Khac' in project 'Khac'
Target 'Khac' in project 'Khac' (no dependencies)
GatherProvisioningInputs
CreateBuildDescription
ExecuteExternalTool /Applications/Xcode-26.4.0.app/Contents/Developer/Toolchains/XcodeDefault.xctoolchain/usr/bin/swiftc --version
ExecuteExternalTool /Applications/Xcode-26.4.0.app/Contents/Developer/Toolchains/XcodeDefault.xctoolchain/usr/bin/clang -v -E -dM -isysroot /Applications/Xcode-26.4.0.app/Contents/Developer/Platforms/MacOSX.platform/Developer/SDKs/MacOSX26.4.sdk -x c -c /dev/null
ExecuteExternalTool /Applications/Xcode-26.4.0.app/Contents/Developer/Toolchains/XcodeDefault.xctoolchain/usr/bin/ld -version_details
ReadFileContents /Applications/Xcode-26.4.0.app/Contents/Developer/Toolchains/XcodeDefault.xctoolchain/usr/share/docc/features.json
Build description signature: 10d27743e33030dc0179cc2a17be9fdd
Build description path: /Users/admin/builder/spi-builder-workspace/.derivedData/Build/Intermediates.noindex/XCBuildData/10d27743e33030dc0179cc2a17be9fdd.xcbuilddata
ClangStatCache /Applications/Xcode-26.4.0.app/Contents/Developer/Toolchains/XcodeDefault.xctoolchain/usr/bin/clang-stat-cache /Applications/Xcode-26.4.0.app/Contents/Developer/Platforms/MacOSX.platform/Developer/SDKs/MacOSX26.4.sdk /Users/admin/builder/spi-builder-workspace/.derivedData/SDKStatCaches.noindex/macosx26.4-25E236-688ef53f1462e2c8f657fdc38a81448fdfce61f96a3a6fc38dcbb3b93e3bb2ee.sdkstatcache
cd /Users/admin/builder/spi-builder-workspace/.swiftpm/xcode
/Applications/Xcode-26.4.0.app/Contents/Developer/Toolchains/XcodeDefault.xctoolchain/usr/bin/clang-stat-cache /Applications/Xcode-26.4.0.app/Contents/Developer/Platforms/MacOSX.platform/Developer/SDKs/MacOSX26.4.sdk -o /Users/admin/builder/spi-builder-workspace/.derivedData/SDKStatCaches.noindex/macosx26.4-25E236-688ef53f1462e2c8f657fdc38a81448fdfce61f96a3a6fc38dcbb3b93e3bb2ee.sdkstatcache
CreateBuildDirectory /Users/admin/builder/spi-builder-workspace/.derivedData/Build/Intermediates.noindex
cd /Users/admin/builder/spi-builder-workspace/.swiftpm/xcode
builtin-create-build-directory /Users/admin/builder/spi-builder-workspace/.derivedData/Build/Intermediates.noindex
CreateBuildDirectory /Users/admin/builder/spi-builder-workspace/.derivedData/Build/Products
cd /Users/admin/builder/spi-builder-workspace/.swiftpm/xcode
builtin-create-build-directory /Users/admin/builder/spi-builder-workspace/.derivedData/Build/Products
CreateBuildDirectory /Users/admin/builder/spi-builder-workspace/.derivedData/Build/Products/Debug
cd /Users/admin/builder/spi-builder-workspace/.swiftpm/xcode
builtin-create-build-directory /Users/admin/builder/spi-builder-workspace/.derivedData/Build/Products/Debug
CreateBuildDirectory /Users/admin/builder/spi-builder-workspace/.derivedData/Build/Intermediates.noindex/SwiftExplicitPrecompiledModules
cd /Users/admin/builder/spi-builder-workspace/.swiftpm/xcode
builtin-create-build-directory /Users/admin/builder/spi-builder-workspace/.derivedData/Build/Intermediates.noindex/SwiftExplicitPrecompiledModules
CreateBuildDirectory /Users/admin/builder/spi-builder-workspace/.derivedData/Build/Intermediates.noindex/ExplicitPrecompiledModules
cd /Users/admin/builder/spi-builder-workspace/.swiftpm/xcode
builtin-create-build-directory /Users/admin/builder/spi-builder-workspace/.derivedData/Build/Intermediates.noindex/ExplicitPrecompiledModules
CreateBuildDirectory /Users/admin/builder/spi-builder-workspace/.derivedData/Build/Intermediates.noindex/EagerLinkingTBDs/Debug
cd /Users/admin/builder/spi-builder-workspace/.swiftpm/xcode
builtin-create-build-directory /Users/admin/builder/spi-builder-workspace/.derivedData/Build/Intermediates.noindex/EagerLinkingTBDs/Debug
CreateBuildDirectory /Users/admin/builder/spi-builder-workspace/.derivedData/Build/Products/Debug/PackageFrameworks
cd /Users/admin/builder/spi-builder-workspace/.swiftpm/xcode
builtin-create-build-directory /Users/admin/builder/spi-builder-workspace/.derivedData/Build/Products/Debug/PackageFrameworks
WriteAuxiliaryFile /Users/admin/builder/spi-builder-workspace/.derivedData/Build/Intermediates.noindex/Khac.build/Debug/Khac.build/Khac.modulemap (in target 'Khac' from project 'Khac')
cd /Users/admin/builder/spi-builder-workspace
write-file /Users/admin/builder/spi-builder-workspace/.derivedData/Build/Intermediates.noindex/Khac.build/Debug/Khac.build/Khac.modulemap
WriteAuxiliaryFile /Users/admin/builder/spi-builder-workspace/.derivedData/Build/Intermediates.noindex/Khac.build/Debug/khac.build/khac.DependencyMetadataFileList (in target 'khac' from project 'Khac')
cd /Users/admin/builder/spi-builder-workspace
write-file /Users/admin/builder/spi-builder-workspace/.derivedData/Build/Intermediates.noindex/Khac.build/Debug/khac.build/khac.DependencyMetadataFileList
WriteAuxiliaryFile /Users/admin/builder/spi-builder-workspace/.derivedData/Build/Intermediates.noindex/Khac.build/Debug/khac.build/khac.DependencyStaticMetadataFileList (in target 'khac' from project 'Khac')
cd /Users/admin/builder/spi-builder-workspace
write-file /Users/admin/builder/spi-builder-workspace/.derivedData/Build/Intermediates.noindex/Khac.build/Debug/khac.build/khac.DependencyStaticMetadataFileList
WriteAuxiliaryFile /Users/admin/builder/spi-builder-workspace/.derivedData/Build/Intermediates.noindex/Khac.build/Debug/khac.build/Objects-normal/arm64/khac.SwiftFileList (in target 'khac' from project 'Khac')
cd /Users/admin/builder/spi-builder-workspace
write-file /Users/admin/builder/spi-builder-workspace/.derivedData/Build/Intermediates.noindex/Khac.build/Debug/khac.build/Objects-normal/arm64/khac.SwiftFileList
WriteAuxiliaryFile /Users/admin/builder/spi-builder-workspace/.derivedData/Build/Intermediates.noindex/Khac.build/Debug/khac.build/Objects-normal/arm64/khac_const_extract_protocols.json (in target 'khac' from project 'Khac')
cd /Users/admin/builder/spi-builder-workspace
write-file /Users/admin/builder/spi-builder-workspace/.derivedData/Build/Intermediates.noindex/Khac.build/Debug/khac.build/Objects-normal/arm64/khac_const_extract_protocols.json
WriteAuxiliaryFile /Users/admin/builder/spi-builder-workspace/.derivedData/Build/Intermediates.noindex/Khac.build/Debug/Khac.build/Objects-normal/arm64/Khac.SwiftFileList (in target 'Khac' from project 'Khac')
cd /Users/admin/builder/spi-builder-workspace
write-file /Users/admin/builder/spi-builder-workspace/.derivedData/Build/Intermediates.noindex/Khac.build/Debug/Khac.build/Objects-normal/arm64/Khac.SwiftFileList
WriteAuxiliaryFile /Users/admin/builder/spi-builder-workspace/.derivedData/Build/Intermediates.noindex/Khac.build/Debug/khac.build/Objects-normal/arm64/khac.LinkFileList (in target 'khac' from project 'Khac')
cd /Users/admin/builder/spi-builder-workspace
write-file /Users/admin/builder/spi-builder-workspace/.derivedData/Build/Intermediates.noindex/Khac.build/Debug/khac.build/Objects-normal/arm64/khac.LinkFileList
WriteAuxiliaryFile /Users/admin/builder/spi-builder-workspace/.derivedData/Build/Intermediates.noindex/Khac.build/Debug/Khac.build/Objects-normal/arm64/Khac-OutputFileMap.json (in target 'Khac' from project 'Khac')
cd /Users/admin/builder/spi-builder-workspace
write-file /Users/admin/builder/spi-builder-workspace/.derivedData/Build/Intermediates.noindex/Khac.build/Debug/Khac.build/Objects-normal/arm64/Khac-OutputFileMap.json
WriteAuxiliaryFile /Users/admin/builder/spi-builder-workspace/.derivedData/Build/Intermediates.noindex/Khac.build/Debug/Khac.build/Objects-normal/arm64/Khac_const_extract_protocols.json (in target 'Khac' from project 'Khac')
cd /Users/admin/builder/spi-builder-workspace
write-file /Users/admin/builder/spi-builder-workspace/.derivedData/Build/Intermediates.noindex/Khac.build/Debug/Khac.build/Objects-normal/arm64/Khac_const_extract_protocols.json
WriteAuxiliaryFile /Users/admin/builder/spi-builder-workspace/.derivedData/Build/Intermediates.noindex/Khac.build/Debug/khac.build/Objects-normal/arm64/khac-OutputFileMap.json (in target 'khac' from project 'Khac')
cd /Users/admin/builder/spi-builder-workspace
write-file /Users/admin/builder/spi-builder-workspace/.derivedData/Build/Intermediates.noindex/Khac.build/Debug/khac.build/Objects-normal/arm64/khac-OutputFileMap.json
WriteAuxiliaryFile /Users/admin/builder/spi-builder-workspace/.derivedData/Build/Intermediates.noindex/Khac.build/Debug/KhacCLICore.build/Objects-normal/arm64/KhacCLICore.SwiftFileList (in target 'KhacCLICore' from project 'Khac')
cd /Users/admin/builder/spi-builder-workspace
write-file /Users/admin/builder/spi-builder-workspace/.derivedData/Build/Intermediates.noindex/Khac.build/Debug/KhacCLICore.build/Objects-normal/arm64/KhacCLICore.SwiftFileList
WriteAuxiliaryFile /Users/admin/builder/spi-builder-workspace/.derivedData/Build/Intermediates.noindex/Khac.build/Debug/KhacCLICore.build/Objects-normal/arm64/KhacCLICore_const_extract_protocols.json (in target 'KhacCLICore' from project 'Khac')
cd /Users/admin/builder/spi-builder-workspace
write-file /Users/admin/builder/spi-builder-workspace/.derivedData/Build/Intermediates.noindex/Khac.build/Debug/KhacCLICore.build/Objects-normal/arm64/KhacCLICore_const_extract_protocols.json
WriteAuxiliaryFile /Users/admin/builder/spi-builder-workspace/.derivedData/Build/Intermediates.noindex/Khac.build/Debug/KhacCLICore.build/Objects-normal/arm64/KhacCLICore.SwiftConstValuesFileList (in target 'KhacCLICore' from project 'Khac')
cd /Users/admin/builder/spi-builder-workspace
write-file /Users/admin/builder/spi-builder-workspace/.derivedData/Build/Intermediates.noindex/Khac.build/Debug/KhacCLICore.build/Objects-normal/arm64/KhacCLICore.SwiftConstValuesFileList
WriteAuxiliaryFile /Users/admin/builder/spi-builder-workspace/.derivedData/Build/Intermediates.noindex/Khac.build/Debug/KhacCLICore.build/Objects-normal/arm64/KhacCLICore.LinkFileList (in target 'KhacCLICore' from project 'Khac')
cd /Users/admin/builder/spi-builder-workspace
write-file /Users/admin/builder/spi-builder-workspace/.derivedData/Build/Intermediates.noindex/Khac.build/Debug/KhacCLICore.build/Objects-normal/arm64/KhacCLICore.LinkFileList
WriteAuxiliaryFile /Users/admin/builder/spi-builder-workspace/.derivedData/Build/Intermediates.noindex/Khac.build/Debug/KhacCLICore.build/Objects-normal/arm64/KhacCLICore-OutputFileMap.json (in target 'KhacCLICore' from project 'Khac')
cd /Users/admin/builder/spi-builder-workspace
write-file /Users/admin/builder/spi-builder-workspace/.derivedData/Build/Intermediates.noindex/Khac.build/Debug/KhacCLICore.build/Objects-normal/arm64/KhacCLICore-OutputFileMap.json
WriteAuxiliaryFile /Users/admin/builder/spi-builder-workspace/.derivedData/Build/Intermediates.noindex/Khac.build/Debug/KhacCLICore.build/KhacCLICore.modulemap (in target 'KhacCLICore' from project 'Khac')
cd /Users/admin/builder/spi-builder-workspace
write-file /Users/admin/builder/spi-builder-workspace/.derivedData/Build/Intermediates.noindex/Khac.build/Debug/KhacCLICore.build/KhacCLICore.modulemap
WriteAuxiliaryFile /Users/admin/builder/spi-builder-workspace/.derivedData/Build/Intermediates.noindex/Khac.build/Debug/KhacCLICore.build/KhacCLICore.DependencyStaticMetadataFileList (in target 'KhacCLICore' from project 'Khac')
cd /Users/admin/builder/spi-builder-workspace
write-file /Users/admin/builder/spi-builder-workspace/.derivedData/Build/Intermediates.noindex/Khac.build/Debug/KhacCLICore.build/KhacCLICore.DependencyStaticMetadataFileList
WriteAuxiliaryFile /Users/admin/builder/spi-builder-workspace/.derivedData/Build/Intermediates.noindex/Khac.build/Debug/KhacCLICore.build/KhacCLICore.DependencyMetadataFileList (in target 'KhacCLICore' from project 'Khac')
cd /Users/admin/builder/spi-builder-workspace
write-file /Users/admin/builder/spi-builder-workspace/.derivedData/Build/Intermediates.noindex/Khac.build/Debug/KhacCLICore.build/KhacCLICore.DependencyMetadataFileList
WriteAuxiliaryFile /Users/admin/builder/spi-builder-workspace/.derivedData/Build/Intermediates.noindex/Khac.build/Debug/Khac.build/Objects-normal/arm64/Khac.SwiftConstValuesFileList (in target 'Khac' from project 'Khac')
cd /Users/admin/builder/spi-builder-workspace
write-file /Users/admin/builder/spi-builder-workspace/.derivedData/Build/Intermediates.noindex/Khac.build/Debug/Khac.build/Objects-normal/arm64/Khac.SwiftConstValuesFileList
WriteAuxiliaryFile /Users/admin/builder/spi-builder-workspace/.derivedData/Build/Intermediates.noindex/Khac.build/Debug/Khac.build/Objects-normal/arm64/Khac.LinkFileList (in target 'Khac' from project 'Khac')
cd /Users/admin/builder/spi-builder-workspace
write-file /Users/admin/builder/spi-builder-workspace/.derivedData/Build/Intermediates.noindex/Khac.build/Debug/Khac.build/Objects-normal/arm64/Khac.LinkFileList
WriteAuxiliaryFile /Users/admin/builder/spi-builder-workspace/.derivedData/Build/Intermediates.noindex/Khac.build/Debug/Khac.build/Khac.DependencyStaticMetadataFileList (in target 'Khac' from project 'Khac')
cd /Users/admin/builder/spi-builder-workspace
write-file /Users/admin/builder/spi-builder-workspace/.derivedData/Build/Intermediates.noindex/Khac.build/Debug/Khac.build/Khac.DependencyStaticMetadataFileList
WriteAuxiliaryFile /Users/admin/builder/spi-builder-workspace/.derivedData/Build/Intermediates.noindex/Khac.build/Debug/Khac.build/Khac.DependencyMetadataFileList (in target 'Khac' from project 'Khac')
cd /Users/admin/builder/spi-builder-workspace
write-file /Users/admin/builder/spi-builder-workspace/.derivedData/Build/Intermediates.noindex/Khac.build/Debug/Khac.build/Khac.DependencyMetadataFileList
Copy /Users/admin/builder/spi-builder-workspace/.derivedData/Build/Intermediates.noindex/GeneratedModuleMaps/Khac.modulemap /Users/admin/builder/spi-builder-workspace/.derivedData/Build/Intermediates.noindex/Khac.build/Debug/Khac.build/Khac.modulemap (in target 'Khac' from project 'Khac')
cd /Users/admin/builder/spi-builder-workspace
builtin-copy -exclude .DS_Store -exclude CVS -exclude .svn -exclude .git -exclude .hg -resolve-src-symlinks /Users/admin/builder/spi-builder-workspace/.derivedData/Build/Intermediates.noindex/Khac.build/Debug/Khac.build/Khac.modulemap /Users/admin/builder/spi-builder-workspace/.derivedData/Build/Intermediates.noindex/GeneratedModuleMaps
Copy /Users/admin/builder/spi-builder-workspace/.derivedData/Build/Intermediates.noindex/GeneratedModuleMaps/KhacCLICore.modulemap /Users/admin/builder/spi-builder-workspace/.derivedData/Build/Intermediates.noindex/Khac.build/Debug/KhacCLICore.build/KhacCLICore.modulemap (in target 'KhacCLICore' from project 'Khac')
cd /Users/admin/builder/spi-builder-workspace
builtin-copy -exclude .DS_Store -exclude CVS -exclude .svn -exclude .git -exclude .hg -resolve-src-symlinks /Users/admin/builder/spi-builder-workspace/.derivedData/Build/Intermediates.noindex/Khac.build/Debug/KhacCLICore.build/KhacCLICore.modulemap /Users/admin/builder/spi-builder-workspace/.derivedData/Build/Intermediates.noindex/GeneratedModuleMaps
SwiftDriver Khac normal arm64 com.apple.xcode.tools.swift.compiler (in target 'Khac' from project 'Khac')
cd /Users/admin/builder/spi-builder-workspace/.swiftpm/xcode
builtin-SwiftDriver -- /Applications/Xcode-26.4.0.app/Contents/Developer/Toolchains/XcodeDefault.xctoolchain/usr/bin/swiftc -module-name Khac -Onone @/Users/admin/builder/spi-builder-workspace/.derivedData/Build/Intermediates.noindex/Khac.build/Debug/Khac.build/Objects-normal/arm64/Khac.SwiftFileList -DSWIFT_PACKAGE -DDEBUG -DSWIFT_MODULE_RESOURCE_BUNDLE_UNAVAILABLE -DXcode -plugin-path /Applications/Xcode-26.4.0.app/Contents/Developer/Toolchains/XcodeDefault.xctoolchain/usr/lib/swift/host/plugins/testing -enable-experimental-feature DebugDescriptionMacro -sdk /Applications/Xcode-26.4.0.app/Contents/Developer/Platforms/MacOSX.platform/Developer/SDKs/MacOSX26.4.sdk -target arm64-apple-macos12.0 -g -module-cache-path /Users/admin/builder/spi-builder-workspace/.derivedData/ModuleCache.noindex -Xfrontend -serialize-debugging-options -profile-coverage-mapping -profile-generate -enable-testing -index-store-path /Users/admin/builder/spi-builder-workspace/.derivedData/Index.noindex/DataStore -Xcc -D_LIBCPP_HARDENING_MODE\=_LIBCPP_HARDENING_MODE_DEBUG -swift-version 5 -I /Users/admin/builder/spi-builder-workspace/.derivedData/Build/Products/Debug -Isystem /Applications/Xcode-26.4.0.app/Contents/Developer/Platforms/MacOSX.platform/Developer/usr/lib -F /Users/admin/builder/spi-builder-workspace/.derivedData/Build/Products/Debug -F /Applications/Xcode-26.4.0.app/Contents/Developer/Platforms/MacOSX.platform/Developer/Library/Frameworks -c -j10 -enable-batch-mode -incremental -Xcc -ivfsstatcache -Xcc /Users/admin/builder/spi-builder-workspace/.derivedData/SDKStatCaches.noindex/macosx26.4-25E236-688ef53f1462e2c8f657fdc38a81448fdfce61f96a3a6fc38dcbb3b93e3bb2ee.sdkstatcache -output-file-map /Users/admin/builder/spi-builder-workspace/.derivedData/Build/Intermediates.noindex/Khac.build/Debug/Khac.build/Objects-normal/arm64/Khac-OutputFileMap.json -use-frontend-parseable-output -save-temps -no-color-diagnostics -explicit-module-build -module-cache-path /Users/admin/builder/spi-builder-workspace/.derivedData/Build/Intermediates.noindex/SwiftExplicitPrecompiledModules -clang-scanner-module-cache-path /Users/admin/builder/spi-builder-workspace/.derivedData/ModuleCache.noindex -sdk-module-cache-path /Users/admin/builder/spi-builder-workspace/.derivedData/ModuleCache.noindex -serialize-diagnostics -emit-dependencies -emit-module -emit-module-path /Users/admin/builder/spi-builder-workspace/.derivedData/Build/Intermediates.noindex/Khac.build/Debug/Khac.build/Objects-normal/arm64/Khac.swiftmodule -validate-clang-modules-once -clang-build-session-file /Users/admin/builder/spi-builder-workspace/.derivedData/ModuleCache.noindex/Session.modulevalidation -package-name spi_builder_workspace -Xcc -I/Users/admin/builder/spi-builder-workspace/.derivedData/Build/Intermediates.noindex/Khac.build/Debug/Khac.build/swift-overrides.hmap -emit-const-values -Xfrontend -const-gather-protocols-file -Xfrontend /Users/admin/builder/spi-builder-workspace/.derivedData/Build/Intermediates.noindex/Khac.build/Debug/Khac.build/Objects-normal/arm64/Khac_const_extract_protocols.json -Xcc -I/Users/admin/builder/spi-builder-workspace/.derivedData/Build/Products/Debug/include -Xcc -I/Users/admin/builder/spi-builder-workspace/.derivedData/Build/Intermediates.noindex/Khac.build/Debug/Khac.build/DerivedSources-normal/arm64 -Xcc -I/Users/admin/builder/spi-builder-workspace/.derivedData/Build/Intermediates.noindex/Khac.build/Debug/Khac.build/DerivedSources/arm64 -Xcc -I/Users/admin/builder/spi-builder-workspace/.derivedData/Build/Intermediates.noindex/Khac.build/Debug/Khac.build/DerivedSources -Xcc -DSWIFT_PACKAGE -Xcc -DDEBUG\=1 -emit-objc-header -emit-objc-header-path /Users/admin/builder/spi-builder-workspace/.derivedData/Build/Intermediates.noindex/Khac.build/Debug/Khac.build/Objects-normal/arm64/Khac-Swift.h -working-directory /Users/admin/builder/spi-builder-workspace/.swiftpm/xcode -experimental-emit-module-separately -disable-cmo
SwiftExplicitDependencyGeneratePcm arm64 /Users/admin/builder/spi-builder-workspace/.derivedData/ModuleCache.noindex/_Builtin_float-BCLCOFDJ45OMTZGSK1C16CGHW.pcm
SwiftExplicitDependencyGeneratePcm arm64 /Users/admin/builder/spi-builder-workspace/.derivedData/ModuleCache.noindex/ptrcheck-AAQ399SBBP2BDCMG81VRYRUPH.pcm
SwiftExplicitDependencyGeneratePcm arm64 /Users/admin/builder/spi-builder-workspace/.derivedData/ModuleCache.noindex/SwiftShims-3I2AYATAZOB5SX5PV3FFLUN3C.pcm
SwiftExplicitDependencyGeneratePcm arm64 /Users/admin/builder/spi-builder-workspace/.derivedData/ModuleCache.noindex/_Builtin_stdbool-1WXIS9B8VZ4ADZ061QHYRWR5D.pcm
SwiftExplicitDependencyGeneratePcm arm64 /Users/admin/builder/spi-builder-workspace/.derivedData/ModuleCache.noindex/_Builtin_stddef-ADGO289DDFG5Q27QQ112PKPEZ.pcm
SwiftExplicitDependencyGeneratePcm arm64 /Users/admin/builder/spi-builder-workspace/.derivedData/ModuleCache.noindex/_AvailabilityInternal-5X5O5I1K4D43GH7GT4CGHWXLB.pcm
SwiftExplicitDependencyGeneratePcm arm64 /Users/admin/builder/spi-builder-workspace/.derivedData/ModuleCache.noindex/ptrauth-E0NVGU93S9O2QVCG64NNOZE2S.pcm
SwiftExplicitDependencyGeneratePcm arm64 /Users/admin/builder/spi-builder-workspace/.derivedData/ModuleCache.noindex/_Builtin_stdarg-6A9L0EIEOJ6YCVBSISW78RWKS.pcm
SwiftExplicitDependencyGeneratePcm arm64 /Users/admin/builder/spi-builder-workspace/.derivedData/ModuleCache.noindex/_SwiftConcurrencyShims-32R3Z9RQY92YALH0OD4ICAILO.pcm
SwiftExplicitDependencyGeneratePcm arm64 /Users/admin/builder/spi-builder-workspace/.derivedData/ModuleCache.noindex/_DarwinFoundation1-GSSKQPJJW7SA1MLS4HASRW3M.pcm
SwiftExplicitDependencyGeneratePcm arm64 /Users/admin/builder/spi-builder-workspace/.derivedData/ModuleCache.noindex/_DarwinFoundation2-X5HZSTF4XF14KD1VQVVZ7DB8.pcm
SwiftExplicitDependencyGeneratePcm arm64 /Users/admin/builder/spi-builder-workspace/.derivedData/ModuleCache.noindex/_Builtin_limits-491K6A0QLGG5JHYG15DXNJX2E.pcm
SwiftExplicitDependencyGeneratePcm arm64 /Users/admin/builder/spi-builder-workspace/.derivedData/ModuleCache.noindex/sys_types-B8IE8I8WDCT8XY9KJOINFAYTG.pcm
SwiftExplicitDependencyGeneratePcm arm64 /Users/admin/builder/spi-builder-workspace/.derivedData/ModuleCache.noindex/_Builtin_stdint-6AB3YXIQ4BDSRRE3TRNTF0OMM.pcm
SwiftExplicitDependencyGeneratePcm arm64 /Users/admin/builder/spi-builder-workspace/.derivedData/ModuleCache.noindex/_DarwinFoundation3-DMGWQDFUW313ZACCZI4XLDLQ1.pcm
SwiftExplicitDependencyGeneratePcm arm64 /Users/admin/builder/spi-builder-workspace/.derivedData/ModuleCache.noindex/libDER-3PT2HVP45SXV8N8LCNR5SYA65.pcm
SwiftExplicitDependencyGeneratePcm arm64 /Users/admin/builder/spi-builder-workspace/.derivedData/ModuleCache.noindex/_Builtin_inttypes-BBBF5RT536Y4I87NLI3MWUZS6.pcm
SwiftExplicitDependencyGeneratePcm arm64 /Users/admin/builder/spi-builder-workspace/.derivedData/ModuleCache.noindex/Darwin-3F91P5BX2TKCGL6BR17N6GQDC.pcm
SwiftExplicitDependencyGeneratePcm arm64 /Users/admin/builder/spi-builder-workspace/.derivedData/ModuleCache.noindex/launch-AFSCPX9157218S9492O0JL1YP.pcm
SwiftExplicitDependencyGeneratePcm arm64 /Users/admin/builder/spi-builder-workspace/.derivedData/ModuleCache.noindex/libkern-RVY6HDIC3JFUPOK9RR52HYIA.pcm
SwiftExplicitDependencyGeneratePcm arm64 /Users/admin/builder/spi-builder-workspace/.derivedData/ModuleCache.noindex/MachO-BDEU6LGPQ76RC84QS7KXQQ3QL.pcm
SwiftExplicitDependencyGeneratePcm arm64 /Users/admin/builder/spi-builder-workspace/.derivedData/ModuleCache.noindex/ObjectiveC-6TCYF66X09PKWGHX4JCJOWK1K.pcm
SwiftExplicitDependencyGeneratePcm arm64 /Users/admin/builder/spi-builder-workspace/.derivedData/ModuleCache.noindex/os_object-DT91J1DL43SMC5KJP0KLXIA3Z.pcm
SwiftExplicitDependencyGeneratePcm arm64 /Users/admin/builder/spi-builder-workspace/.derivedData/ModuleCache.noindex/os_workgroup-8FRTL4121JBMOHW50XB1IB9V3.pcm
SwiftExplicitDependencyGeneratePcm arm64 /Users/admin/builder/spi-builder-workspace/.derivedData/ModuleCache.noindex/Dispatch-B0DV6M8EG5BIP5321UHN4BRJU.pcm
SwiftExplicitDependencyGeneratePcm arm64 /Users/admin/builder/spi-builder-workspace/.derivedData/ModuleCache.noindex/XPC-2J5ES7IQGYS2L7L69WUL6MTBR.pcm
SwiftExplicitDependencyGeneratePcm arm64 /Users/admin/builder/spi-builder-workspace/.derivedData/ModuleCache.noindex/CoreFoundation-ANQ3A25QNSYX7B50BP32T807.pcm
SwiftExplicitDependencyGeneratePcm arm64 /Users/admin/builder/spi-builder-workspace/.derivedData/ModuleCache.noindex/Security-CV0NM9C2Z4JA5YDDLMIYM5KY9.pcm
SwiftExplicitDependencyGeneratePcm arm64 /Users/admin/builder/spi-builder-workspace/.derivedData/ModuleCache.noindex/IOKit-E1TTD7GPKU23O8MO53HNIJ123.pcm
SwiftExplicitDependencyGeneratePcm arm64 /Users/admin/builder/spi-builder-workspace/.derivedData/ModuleCache.noindex/CFNetwork-9O034QAFSU7BBHM8I0WT8OZ01.pcm
SwiftExplicitDependencyGeneratePcm arm64 /Users/admin/builder/spi-builder-workspace/.derivedData/ModuleCache.noindex/DiskArbitration-VO6U70ZP61URI2H1J70SQCQZ.pcm
SwiftExplicitDependencyGeneratePcm arm64 /Users/admin/builder/spi-builder-workspace/.derivedData/ModuleCache.noindex/CoreServices-9VY6U63TWM3XIX70OZQU6WOIQ.pcm
SwiftExplicitDependencyGeneratePcm arm64 /Users/admin/builder/spi-builder-workspace/.derivedData/ModuleCache.noindex/Foundation-4ST2G3OL1U694TZLAJEK24H48.pcm
SwiftEmitModule normal arm64 Emitting\ module\ for\ Khac (in target 'Khac' from project 'Khac')
EmitSwiftModule normal arm64 (in target 'Khac' from project 'Khac')
cd /Users/admin/builder/spi-builder-workspace/.swiftpm/xcode
SwiftCompile normal arm64 Compiling\ MergeRelativeAnchorRefiner.swift,\ MergeWeekdayRefiner.swift,\ MergingRefiner.swift,\ OverlapFilterRefiner.swift,\ UnlikelyFilterRefiner.swift /Users/admin/builder/spi-builder-workspace/Sources/Khac/Refiners/MergeRelativeAnchorRefiner.swift /Users/admin/builder/spi-builder-workspace/Sources/Khac/Refiners/MergeWeekdayRefiner.swift /Users/admin/builder/spi-builder-workspace/Sources/Khac/Refiners/MergingRefiner.swift /Users/admin/builder/spi-builder-workspace/Sources/Khac/Refiners/OverlapFilterRefiner.swift /Users/admin/builder/spi-builder-workspace/Sources/Khac/Refiners/UnlikelyFilterRefiner.swift (in target 'Khac' from project 'Khac')
SwiftCompile normal arm64 /Users/admin/builder/spi-builder-workspace/Sources/Khac/Refiners/MergeRelativeAnchorRefiner.swift (in target 'Khac' from project 'Khac')
cd /Users/admin/builder/spi-builder-workspace/.swiftpm/xcode
SwiftCompile normal arm64 /Users/admin/builder/spi-builder-workspace/Sources/Khac/Refiners/MergeWeekdayRefiner.swift (in target 'Khac' from project 'Khac')
cd /Users/admin/builder/spi-builder-workspace/.swiftpm/xcode
SwiftCompile normal arm64 /Users/admin/builder/spi-builder-workspace/Sources/Khac/Refiners/MergingRefiner.swift (in target 'Khac' from project 'Khac')
cd /Users/admin/builder/spi-builder-workspace/.swiftpm/xcode
SwiftCompile normal arm64 /Users/admin/builder/spi-builder-workspace/Sources/Khac/Refiners/OverlapFilterRefiner.swift (in target 'Khac' from project 'Khac')
cd /Users/admin/builder/spi-builder-workspace/.swiftpm/xcode
SwiftCompile normal arm64 /Users/admin/builder/spi-builder-workspace/Sources/Khac/Refiners/UnlikelyFilterRefiner.swift (in target 'Khac' from project 'Khac')
cd /Users/admin/builder/spi-builder-workspace/.swiftpm/xcode
SwiftCompile normal arm64 Compiling\ NumericDateParser.swift,\ RelativeUnitParser.swift,\ TimeExpressionParser.swift,\ WeekdayParser.swift,\ YearParser.swift /Users/admin/builder/spi-builder-workspace/Sources/Khac/Parsers/NumericDateParser.swift /Users/admin/builder/spi-builder-workspace/Sources/Khac/Parsers/RelativeUnitParser.swift /Users/admin/builder/spi-builder-workspace/Sources/Khac/Parsers/TimeExpressionParser.swift /Users/admin/builder/spi-builder-workspace/Sources/Khac/Parsers/WeekdayParser.swift /Users/admin/builder/spi-builder-workspace/Sources/Khac/Parsers/YearParser.swift (in target 'Khac' from project 'Khac')
SwiftCompile normal arm64 /Users/admin/builder/spi-builder-workspace/Sources/Khac/Parsers/NumericDateParser.swift (in target 'Khac' from project 'Khac')
cd /Users/admin/builder/spi-builder-workspace/.swiftpm/xcode
SwiftCompile normal arm64 /Users/admin/builder/spi-builder-workspace/Sources/Khac/Parsers/RelativeUnitParser.swift (in target 'Khac' from project 'Khac')
cd /Users/admin/builder/spi-builder-workspace/.swiftpm/xcode
SwiftCompile normal arm64 /Users/admin/builder/spi-builder-workspace/Sources/Khac/Parsers/TimeExpressionParser.swift (in target 'Khac' from project 'Khac')
cd /Users/admin/builder/spi-builder-workspace/.swiftpm/xcode
/Users/admin/builder/spi-builder-workspace/Sources/Khac/Parsers/TimeExpressionParser.swift:189:13: warning: variable 'startComponents' was never mutated; consider changing to 'let' constant
var startComponents = components(context, start)
~~~ ^
let
SwiftCompile normal arm64 /Users/admin/builder/spi-builder-workspace/Sources/Khac/Parsers/WeekdayParser.swift (in target 'Khac' from project 'Khac')
cd /Users/admin/builder/spi-builder-workspace/.swiftpm/xcode
SwiftCompile normal arm64 /Users/admin/builder/spi-builder-workspace/Sources/Khac/Parsers/YearParser.swift (in target 'Khac' from project 'Khac')
cd /Users/admin/builder/spi-builder-workspace/.swiftpm/xcode
SwiftCompile normal arm64 Compiling\ ZHLocale.swift,\ ZHParsers.swift,\ CasualDateParser.swift,\ ISOParser.swift,\ MonthNameParser.swift /Users/admin/builder/spi-builder-workspace/Sources/Khac/Locales/ZH/ZHLocale.swift /Users/admin/builder/spi-builder-workspace/Sources/Khac/Locales/ZH/ZHParsers.swift /Users/admin/builder/spi-builder-workspace/Sources/Khac/Parsers/CasualDateParser.swift /Users/admin/builder/spi-builder-workspace/Sources/Khac/Parsers/ISOParser.swift /Users/admin/builder/spi-builder-workspace/Sources/Khac/Parsers/MonthNameParser.swift (in target 'Khac' from project 'Khac')
SwiftCompile normal arm64 /Users/admin/builder/spi-builder-workspace/Sources/Khac/Locales/ZH/ZHLocale.swift (in target 'Khac' from project 'Khac')
cd /Users/admin/builder/spi-builder-workspace/.swiftpm/xcode
SwiftCompile normal arm64 /Users/admin/builder/spi-builder-workspace/Sources/Khac/Locales/ZH/ZHParsers.swift (in target 'Khac' from project 'Khac')
cd /Users/admin/builder/spi-builder-workspace/.swiftpm/xcode
SwiftCompile normal arm64 /Users/admin/builder/spi-builder-workspace/Sources/Khac/Parsers/CasualDateParser.swift (in target 'Khac' from project 'Khac')
cd /Users/admin/builder/spi-builder-workspace/.swiftpm/xcode
SwiftCompile normal arm64 /Users/admin/builder/spi-builder-workspace/Sources/Khac/Parsers/ISOParser.swift (in target 'Khac' from project 'Khac')
cd /Users/admin/builder/spi-builder-workspace/.swiftpm/xcode
SwiftCompile normal arm64 /Users/admin/builder/spi-builder-workspace/Sources/Khac/Parsers/MonthNameParser.swift (in target 'Khac' from project 'Khac')
cd /Users/admin/builder/spi-builder-workspace/.swiftpm/xcode
SwiftCompile normal arm64 Compiling\ JALocale.swift,\ JAParsers.swift,\ Locale.swift,\ NLLocale.swift,\ PTLocale.swift,\ RULocale.swift /Users/admin/builder/spi-builder-workspace/Sources/Khac/Locales/JA/JALocale.swift /Users/admin/builder/spi-builder-workspace/Sources/Khac/Locales/JA/JAParsers.swift /Users/admin/builder/spi-builder-workspace/Sources/Khac/Locales/Locale.swift /Users/admin/builder/spi-builder-workspace/Sources/Khac/Locales/NL/NLLocale.swift /Users/admin/builder/spi-builder-workspace/Sources/Khac/Locales/PT/PTLocale.swift /Users/admin/builder/spi-builder-workspace/Sources/Khac/Locales/RU/RULocale.swift (in target 'Khac' from project 'Khac')
SwiftCompile normal arm64 /Users/admin/builder/spi-builder-workspace/Sources/Khac/Locales/JA/JALocale.swift (in target 'Khac' from project 'Khac')
cd /Users/admin/builder/spi-builder-workspace/.swiftpm/xcode
SwiftCompile normal arm64 /Users/admin/builder/spi-builder-workspace/Sources/Khac/Locales/JA/JAParsers.swift (in target 'Khac' from project 'Khac')
cd /Users/admin/builder/spi-builder-workspace/.swiftpm/xcode
SwiftCompile normal arm64 /Users/admin/builder/spi-builder-workspace/Sources/Khac/Locales/Locale.swift (in target 'Khac' from project 'Khac')
cd /Users/admin/builder/spi-builder-workspace/.swiftpm/xcode
SwiftCompile normal arm64 /Users/admin/builder/spi-builder-workspace/Sources/Khac/Locales/NL/NLLocale.swift (in target 'Khac' from project 'Khac')
cd /Users/admin/builder/spi-builder-workspace/.swiftpm/xcode
SwiftCompile normal arm64 /Users/admin/builder/spi-builder-workspace/Sources/Khac/Locales/PT/PTLocale.swift (in target 'Khac' from project 'Khac')
cd /Users/admin/builder/spi-builder-workspace/.swiftpm/xcode
SwiftCompile normal arm64 /Users/admin/builder/spi-builder-workspace/Sources/Khac/Locales/RU/RULocale.swift (in target 'Khac' from project 'Khac')
cd /Users/admin/builder/spi-builder-workspace/.swiftpm/xcode
SwiftCompile normal arm64 Compiling\ ExtractTimezoneOffsetRefiner.swift,\ ExtractYearSuffixRefiner.swift,\ ForwardDateRefiner.swift,\ MergeDateRangeRefiner.swift,\ MergeDateTimeRefiner.swift /Users/admin/builder/spi-builder-workspace/Sources/Khac/Refiners/ExtractTimezoneOffsetRefiner.swift /Users/admin/builder/spi-builder-workspace/Sources/Khac/Refiners/ExtractYearSuffixRefiner.swift /Users/admin/builder/spi-builder-workspace/Sources/Khac/Refiners/ForwardDateRefiner.swift /Users/admin/builder/spi-builder-workspace/Sources/Khac/Refiners/MergeDateRangeRefiner.swift /Users/admin/builder/spi-builder-workspace/Sources/Khac/Refiners/MergeDateTimeRefiner.swift (in target 'Khac' from project 'Khac')
SwiftCompile normal arm64 /Users/admin/builder/spi-builder-workspace/Sources/Khac/Refiners/ExtractTimezoneOffsetRefiner.swift (in target 'Khac' from project 'Khac')
cd /Users/admin/builder/spi-builder-workspace/.swiftpm/xcode
SwiftCompile normal arm64 /Users/admin/builder/spi-builder-workspace/Sources/Khac/Refiners/ExtractYearSuffixRefiner.swift (in target 'Khac' from project 'Khac')
cd /Users/admin/builder/spi-builder-workspace/.swiftpm/xcode
SwiftCompile normal arm64 /Users/admin/builder/spi-builder-workspace/Sources/Khac/Refiners/ForwardDateRefiner.swift (in target 'Khac' from project 'Khac')
cd /Users/admin/builder/spi-builder-workspace/.swiftpm/xcode
SwiftCompile normal arm64 /Users/admin/builder/spi-builder-workspace/Sources/Khac/Refiners/MergeDateRangeRefiner.swift (in target 'Khac' from project 'Khac')
cd /Users/admin/builder/spi-builder-workspace/.swiftpm/xcode
SwiftCompile normal arm64 /Users/admin/builder/spi-builder-workspace/Sources/Khac/Refiners/MergeDateTimeRefiner.swift (in target 'Khac' from project 'Khac')
cd /Users/admin/builder/spi-builder-workspace/.swiftpm/xcode
SwiftCompile normal arm64 Compiling\ ENRefiners.swift,\ ESLocale.swift,\ FILocale.swift,\ FIParsers.swift,\ FRLocale.swift,\ ITLocale.swift /Users/admin/builder/spi-builder-workspace/Sources/Khac/Locales/EN/ENRefiners.swift /Users/admin/builder/spi-builder-workspace/Sources/Khac/Locales/ES/ESLocale.swift /Users/admin/builder/spi-builder-workspace/Sources/Khac/Locales/FI/FILocale.swift /Users/admin/builder/spi-builder-workspace/Sources/Khac/Locales/FI/FIParsers.swift /Users/admin/builder/spi-builder-workspace/Sources/Khac/Locales/FR/FRLocale.swift /Users/admin/builder/spi-builder-workspace/Sources/Khac/Locales/IT/ITLocale.swift (in target 'Khac' from project 'Khac')
SwiftCompile normal arm64 /Users/admin/builder/spi-builder-workspace/Sources/Khac/Locales/EN/ENRefiners.swift (in target 'Khac' from project 'Khac')
cd /Users/admin/builder/spi-builder-workspace/.swiftpm/xcode
SwiftCompile normal arm64 /Users/admin/builder/spi-builder-workspace/Sources/Khac/Locales/ES/ESLocale.swift (in target 'Khac' from project 'Khac')
cd /Users/admin/builder/spi-builder-workspace/.swiftpm/xcode
SwiftCompile normal arm64 /Users/admin/builder/spi-builder-workspace/Sources/Khac/Locales/FI/FILocale.swift (in target 'Khac' from project 'Khac')
cd /Users/admin/builder/spi-builder-workspace/.swiftpm/xcode
SwiftCompile normal arm64 /Users/admin/builder/spi-builder-workspace/Sources/Khac/Locales/FI/FIParsers.swift (in target 'Khac' from project 'Khac')
cd /Users/admin/builder/spi-builder-workspace/.swiftpm/xcode
SwiftCompile normal arm64 /Users/admin/builder/spi-builder-workspace/Sources/Khac/Locales/FR/FRLocale.swift (in target 'Khac' from project 'Khac')
cd /Users/admin/builder/spi-builder-workspace/.swiftpm/xcode
SwiftCompile normal arm64 /Users/admin/builder/spi-builder-workspace/Sources/Khac/Locales/IT/ITLocale.swift (in target 'Khac' from project 'Khac')
cd /Users/admin/builder/spi-builder-workspace/.swiftpm/xcode
SwiftCompile normal arm64 Compiling\ ReferencePoint.swift,\ Regex.swift,\ ParserSupport.swift,\ PrecedingText.swift,\ RelativeDuration.swift,\ Normalization.swift /Users/admin/builder/spi-builder-workspace/Sources/Khac/Core/ReferencePoint.swift /Users/admin/builder/spi-builder-workspace/Sources/Khac/Core/Regex/Regex.swift /Users/admin/builder/spi-builder-workspace/Sources/Khac/Core/Support/ParserSupport.swift /Users/admin/builder/spi-builder-workspace/Sources/Khac/Core/Support/PrecedingText.swift /Users/admin/builder/spi-builder-workspace/Sources/Khac/Core/Support/RelativeDuration.swift /Users/admin/builder/spi-builder-workspace/Sources/Khac/Core/Text/Normalization.swift (in target 'Khac' from project 'Khac')
SwiftCompile normal arm64 /Users/admin/builder/spi-builder-workspace/Sources/Khac/Core/ReferencePoint.swift (in target 'Khac' from project 'Khac')
cd /Users/admin/builder/spi-builder-workspace/.swiftpm/xcode
SwiftCompile normal arm64 /Users/admin/builder/spi-builder-workspace/Sources/Khac/Core/Regex/Regex.swift (in target 'Khac' from project 'Khac')
cd /Users/admin/builder/spi-builder-workspace/.swiftpm/xcode
SwiftCompile normal arm64 /Users/admin/builder/spi-builder-workspace/Sources/Khac/Core/Support/ParserSupport.swift (in target 'Khac' from project 'Khac')
cd /Users/admin/builder/spi-builder-workspace/.swiftpm/xcode
SwiftCompile normal arm64 /Users/admin/builder/spi-builder-workspace/Sources/Khac/Core/Support/PrecedingText.swift (in target 'Khac' from project 'Khac')
cd /Users/admin/builder/spi-builder-workspace/.swiftpm/xcode
SwiftCompile normal arm64 /Users/admin/builder/spi-builder-workspace/Sources/Khac/Core/Support/RelativeDuration.swift (in target 'Khac' from project 'Khac')
cd /Users/admin/builder/spi-builder-workspace/.swiftpm/xcode
SwiftCompile normal arm64 /Users/admin/builder/spi-builder-workspace/Sources/Khac/Core/Text/Normalization.swift (in target 'Khac' from project 'Khac')
cd /Users/admin/builder/spi-builder-workspace/.swiftpm/xcode
SwiftCompile normal arm64 Compiling\ Engine.swift,\ Options.swift,\ ParsedResult.swift,\ ParsingComponents.swift,\ ParsingContext.swift,\ PreparedLocale.swift /Users/admin/builder/spi-builder-workspace/Sources/Khac/Core/Engine.swift /Users/admin/builder/spi-builder-workspace/Sources/Khac/Core/Options.swift /Users/admin/builder/spi-builder-workspace/Sources/Khac/Core/ParsedResult.swift /Users/admin/builder/spi-builder-workspace/Sources/Khac/Core/ParsingComponents.swift /Users/admin/builder/spi-builder-workspace/Sources/Khac/Core/ParsingContext.swift /Users/admin/builder/spi-builder-workspace/Sources/Khac/Core/PreparedLocale.swift (in target 'Khac' from project 'Khac')
SwiftCompile normal arm64 /Users/admin/builder/spi-builder-workspace/Sources/Khac/Core/Engine.swift (in target 'Khac' from project 'Khac')
cd /Users/admin/builder/spi-builder-workspace/.swiftpm/xcode
/Users/admin/builder/spi-builder-workspace/Sources/Khac/Core/Engine.swift:74:17: warning: initialization of immutable value 'locale' was never used; consider replacing with assignment to '_' or removing it
let locale = prepared.locale
~~~~^~~~~~
_
SwiftCompile normal arm64 /Users/admin/builder/spi-builder-workspace/Sources/Khac/Core/Options.swift (in target 'Khac' from project 'Khac')
cd /Users/admin/builder/spi-builder-workspace/.swiftpm/xcode
SwiftCompile normal arm64 /Users/admin/builder/spi-builder-workspace/Sources/Khac/Core/ParsedResult.swift (in target 'Khac' from project 'Khac')
cd /Users/admin/builder/spi-builder-workspace/.swiftpm/xcode
SwiftCompile normal arm64 /Users/admin/builder/spi-builder-workspace/Sources/Khac/Core/ParsingComponents.swift (in target 'Khac' from project 'Khac')
cd /Users/admin/builder/spi-builder-workspace/.swiftpm/xcode
SwiftCompile normal arm64 /Users/admin/builder/spi-builder-workspace/Sources/Khac/Core/ParsingContext.swift (in target 'Khac' from project 'Khac')
cd /Users/admin/builder/spi-builder-workspace/.swiftpm/xcode
SwiftCompile normal arm64 /Users/admin/builder/spi-builder-workspace/Sources/Khac/Core/PreparedLocale.swift (in target 'Khac' from project 'Khac')
cd /Users/admin/builder/spi-builder-workspace/.swiftpm/xcode
SwiftCompile normal arm64 Compiling\ RUParsers.swift,\ SVLocale.swift,\ UKLocale.swift,\ UKParsers.swift,\ VILocale.swift /Users/admin/builder/spi-builder-workspace/Sources/Khac/Locales/RU/RUParsers.swift /Users/admin/builder/spi-builder-workspace/Sources/Khac/Locales/SV/SVLocale.swift /Users/admin/builder/spi-builder-workspace/Sources/Khac/Locales/UK/UKLocale.swift /Users/admin/builder/spi-builder-workspace/Sources/Khac/Locales/UK/UKParsers.swift /Users/admin/builder/spi-builder-workspace/Sources/Khac/Locales/VI/VILocale.swift (in target 'Khac' from project 'Khac')
SwiftCompile normal arm64 /Users/admin/builder/spi-builder-workspace/Sources/Khac/Locales/RU/RUParsers.swift (in target 'Khac' from project 'Khac')
cd /Users/admin/builder/spi-builder-workspace/.swiftpm/xcode
SwiftCompile normal arm64 /Users/admin/builder/spi-builder-workspace/Sources/Khac/Locales/SV/SVLocale.swift (in target 'Khac' from project 'Khac')
cd /Users/admin/builder/spi-builder-workspace/.swiftpm/xcode
SwiftCompile normal arm64 /Users/admin/builder/spi-builder-workspace/Sources/Khac/Locales/UK/UKLocale.swift (in target 'Khac' from project 'Khac')
cd /Users/admin/builder/spi-builder-workspace/.swiftpm/xcode
SwiftCompile normal arm64 /Users/admin/builder/spi-builder-workspace/Sources/Khac/Locales/UK/UKParsers.swift (in target 'Khac' from project 'Khac')
cd /Users/admin/builder/spi-builder-workspace/.swiftpm/xcode
SwiftCompile normal arm64 /Users/admin/builder/spi-builder-workspace/Sources/Khac/Locales/VI/VILocale.swift (in target 'Khac' from project 'Khac')
cd /Users/admin/builder/spi-builder-workspace/.swiftpm/xcode
SwiftCompile normal arm64 Compiling\ Khac.swift,\ CJKNumerals.swift,\ DELocale.swift,\ DEParsers.swift,\ ENLocale.swift,\ ENParsers.swift /Users/admin/builder/spi-builder-workspace/Sources/Khac/Khac.swift /Users/admin/builder/spi-builder-workspace/Sources/Khac/Locales/CJK/CJKNumerals.swift /Users/admin/builder/spi-builder-workspace/Sources/Khac/Locales/DE/DELocale.swift /Users/admin/builder/spi-builder-workspace/Sources/Khac/Locales/DE/DEParsers.swift /Users/admin/builder/spi-builder-workspace/Sources/Khac/Locales/EN/ENLocale.swift /Users/admin/builder/spi-builder-workspace/Sources/Khac/Locales/EN/ENParsers.swift (in target 'Khac' from project 'Khac')
SwiftCompile normal arm64 /Users/admin/builder/spi-builder-workspace/Sources/Khac/Khac.swift (in target 'Khac' from project 'Khac')
cd /Users/admin/builder/spi-builder-workspace/.swiftpm/xcode
SwiftCompile normal arm64 /Users/admin/builder/spi-builder-workspace/Sources/Khac/Locales/CJK/CJKNumerals.swift (in target 'Khac' from project 'Khac')
cd /Users/admin/builder/spi-builder-workspace/.swiftpm/xcode
SwiftCompile normal arm64 /Users/admin/builder/spi-builder-workspace/Sources/Khac/Locales/DE/DELocale.swift (in target 'Khac' from project 'Khac')
cd /Users/admin/builder/spi-builder-workspace/.swiftpm/xcode
SwiftCompile normal arm64 /Users/admin/builder/spi-builder-workspace/Sources/Khac/Locales/DE/DEParsers.swift (in target 'Khac' from project 'Khac')
cd /Users/admin/builder/spi-builder-workspace/.swiftpm/xcode
SwiftCompile normal arm64 /Users/admin/builder/spi-builder-workspace/Sources/Khac/Locales/EN/ENLocale.swift (in target 'Khac' from project 'Khac')
cd /Users/admin/builder/spi-builder-workspace/.swiftpm/xcode
SwiftCompile normal arm64 /Users/admin/builder/spi-builder-workspace/Sources/Khac/Locales/EN/ENParsers.swift (in target 'Khac' from project 'Khac')
cd /Users/admin/builder/spi-builder-workspace/.swiftpm/xcode
SwiftDriverJobDiscovery normal arm64 Emitting module for Khac (in target 'Khac' from project 'Khac')
SwiftDriver\ Compilation\ Requirements Khac normal arm64 com.apple.xcode.tools.swift.compiler (in target 'Khac' from project 'Khac')
cd /Users/admin/builder/spi-builder-workspace/.swiftpm/xcode
builtin-Swift-Compilation-Requirements -- /Applications/Xcode-26.4.0.app/Contents/Developer/Toolchains/XcodeDefault.xctoolchain/usr/bin/swiftc -module-name Khac -Onone @/Users/admin/builder/spi-builder-workspace/.derivedData/Build/Intermediates.noindex/Khac.build/Debug/Khac.build/Objects-normal/arm64/Khac.SwiftFileList -DSWIFT_PACKAGE -DDEBUG -DSWIFT_MODULE_RESOURCE_BUNDLE_UNAVAILABLE -DXcode -plugin-path /Applications/Xcode-26.4.0.app/Contents/Developer/Toolchains/XcodeDefault.xctoolchain/usr/lib/swift/host/plugins/testing -enable-experimental-feature DebugDescriptionMacro -sdk /Applications/Xcode-26.4.0.app/Contents/Developer/Platforms/MacOSX.platform/Developer/SDKs/MacOSX26.4.sdk -target arm64-apple-macos12.0 -g -module-cache-path /Users/admin/builder/spi-builder-workspace/.derivedData/ModuleCache.noindex -Xfrontend -serialize-debugging-options -profile-coverage-mapping -profile-generate -enable-testing -index-store-path /Users/admin/builder/spi-builder-workspace/.derivedData/Index.noindex/DataStore -Xcc -D_LIBCPP_HARDENING_MODE\=_LIBCPP_HARDENING_MODE_DEBUG -swift-version 5 -I /Users/admin/builder/spi-builder-workspace/.derivedData/Build/Products/Debug -Isystem /Applications/Xcode-26.4.0.app/Contents/Developer/Platforms/MacOSX.platform/Developer/usr/lib -F /Users/admin/builder/spi-builder-workspace/.derivedData/Build/Products/Debug -F /Applications/Xcode-26.4.0.app/Contents/Developer/Platforms/MacOSX.platform/Developer/Library/Frameworks -c -j10 -enable-batch-mode -incremental -Xcc -ivfsstatcache -Xcc /Users/admin/builder/spi-builder-workspace/.derivedData/SDKStatCaches.noindex/macosx26.4-25E236-688ef53f1462e2c8f657fdc38a81448fdfce61f96a3a6fc38dcbb3b93e3bb2ee.sdkstatcache -output-file-map /Users/admin/builder/spi-builder-workspace/.derivedData/Build/Intermediates.noindex/Khac.build/Debug/Khac.build/Objects-normal/arm64/Khac-OutputFileMap.json -use-frontend-parseable-output -save-temps -no-color-diagnostics -explicit-module-build -module-cache-path /Users/admin/builder/spi-builder-workspace/.derivedData/Build/Intermediates.noindex/SwiftExplicitPrecompiledModules -clang-scanner-module-cache-path /Users/admin/builder/spi-builder-workspace/.derivedData/ModuleCache.noindex -sdk-module-cache-path /Users/admin/builder/spi-builder-workspace/.derivedData/ModuleCache.noindex -serialize-diagnostics -emit-dependencies -emit-module -emit-module-path /Users/admin/builder/spi-builder-workspace/.derivedData/Build/Intermediates.noindex/Khac.build/Debug/Khac.build/Objects-normal/arm64/Khac.swiftmodule -validate-clang-modules-once -clang-build-session-file /Users/admin/builder/spi-builder-workspace/.derivedData/ModuleCache.noindex/Session.modulevalidation -package-name spi_builder_workspace -Xcc -I/Users/admin/builder/spi-builder-workspace/.derivedData/Build/Intermediates.noindex/Khac.build/Debug/Khac.build/swift-overrides.hmap -emit-const-values -Xfrontend -const-gather-protocols-file -Xfrontend /Users/admin/builder/spi-builder-workspace/.derivedData/Build/Intermediates.noindex/Khac.build/Debug/Khac.build/Objects-normal/arm64/Khac_const_extract_protocols.json -Xcc -I/Users/admin/builder/spi-builder-workspace/.derivedData/Build/Products/Debug/include -Xcc -I/Users/admin/builder/spi-builder-workspace/.derivedData/Build/Intermediates.noindex/Khac.build/Debug/Khac.build/DerivedSources-normal/arm64 -Xcc -I/Users/admin/builder/spi-builder-workspace/.derivedData/Build/Intermediates.noindex/Khac.build/Debug/Khac.build/DerivedSources/arm64 -Xcc -I/Users/admin/builder/spi-builder-workspace/.derivedData/Build/Intermediates.noindex/Khac.build/Debug/Khac.build/DerivedSources -Xcc -DSWIFT_PACKAGE -Xcc -DDEBUG\=1 -emit-objc-header -emit-objc-header-path /Users/admin/builder/spi-builder-workspace/.derivedData/Build/Intermediates.noindex/Khac.build/Debug/Khac.build/Objects-normal/arm64/Khac-Swift.h -working-directory /Users/admin/builder/spi-builder-workspace/.swiftpm/xcode -experimental-emit-module-separately -disable-cmo
SwiftDriverJobDiscovery normal arm64 Compiling RUParsers.swift, SVLocale.swift, UKLocale.swift, UKParsers.swift, VILocale.swift (in target 'Khac' from project 'Khac')
SwiftDriverJobDiscovery normal arm64 Compiling MergeRelativeAnchorRefiner.swift, MergeWeekdayRefiner.swift, MergingRefiner.swift, OverlapFilterRefiner.swift, UnlikelyFilterRefiner.swift (in target 'Khac' from project 'Khac')
SwiftDriverJobDiscovery normal arm64 Compiling ExtractTimezoneOffsetRefiner.swift, ExtractYearSuffixRefiner.swift, ForwardDateRefiner.swift, MergeDateRangeRefiner.swift, MergeDateTimeRefiner.swift (in target 'Khac' from project 'Khac')
SwiftMergeGeneratedHeaders /Users/admin/builder/spi-builder-workspace/.derivedData/Build/Intermediates.noindex/GeneratedModuleMaps/Khac-Swift.h /Users/admin/builder/spi-builder-workspace/.derivedData/Build/Intermediates.noindex/Khac.build/Debug/Khac.build/Objects-normal/arm64/Khac-Swift.h (in target 'Khac' from project 'Khac')
cd /Users/admin/builder/spi-builder-workspace
builtin-swiftHeaderTool -arch arm64 /Users/admin/builder/spi-builder-workspace/.derivedData/Build/Intermediates.noindex/Khac.build/Debug/Khac.build/Objects-normal/arm64/Khac-Swift.h -o /Users/admin/builder/spi-builder-workspace/.derivedData/Build/Intermediates.noindex/GeneratedModuleMaps/Khac-Swift.h
Copy /Users/admin/builder/spi-builder-workspace/.derivedData/Build/Products/Debug/Khac.swiftmodule/arm64-apple-macos.swiftmodule /Users/admin/builder/spi-builder-workspace/.derivedData/Build/Intermediates.noindex/Khac.build/Debug/Khac.build/Objects-normal/arm64/Khac.swiftmodule (in target 'Khac' from project 'Khac')
cd /Users/admin/builder/spi-builder-workspace
builtin-copy -exclude .DS_Store -exclude CVS -exclude .svn -exclude .git -exclude .hg -resolve-src-symlinks -rename /Users/admin/builder/spi-builder-workspace/.derivedData/Build/Intermediates.noindex/Khac.build/Debug/Khac.build/Objects-normal/arm64/Khac.swiftmodule /Users/admin/builder/spi-builder-workspace/.derivedData/Build/Products/Debug/Khac.swiftmodule/arm64-apple-macos.swiftmodule
Copy /Users/admin/builder/spi-builder-workspace/.derivedData/Build/Products/Debug/Khac.swiftmodule/arm64-apple-macos.swiftdoc /Users/admin/builder/spi-builder-workspace/.derivedData/Build/Intermediates.noindex/Khac.build/Debug/Khac.build/Objects-normal/arm64/Khac.swiftdoc (in target 'Khac' from project 'Khac')
cd /Users/admin/builder/spi-builder-workspace
builtin-copy -exclude .DS_Store -exclude CVS -exclude .svn -exclude .git -exclude .hg -resolve-src-symlinks -rename /Users/admin/builder/spi-builder-workspace/.derivedData/Build/Intermediates.noindex/Khac.build/Debug/Khac.build/Objects-normal/arm64/Khac.swiftdoc /Users/admin/builder/spi-builder-workspace/.derivedData/Build/Products/Debug/Khac.swiftmodule/arm64-apple-macos.swiftdoc
Copy /Users/admin/builder/spi-builder-workspace/.derivedData/Build/Products/Debug/Khac.swiftmodule/arm64-apple-macos.abi.json /Users/admin/builder/spi-builder-workspace/.derivedData/Build/Intermediates.noindex/Khac.build/Debug/Khac.build/Objects-normal/arm64/Khac.abi.json (in target 'Khac' from project 'Khac')
cd /Users/admin/builder/spi-builder-workspace
builtin-copy -exclude .DS_Store -exclude CVS -exclude .svn -exclude .git -exclude .hg -resolve-src-symlinks -rename /Users/admin/builder/spi-builder-workspace/.derivedData/Build/Intermediates.noindex/Khac.build/Debug/Khac.build/Objects-normal/arm64/Khac.abi.json /Users/admin/builder/spi-builder-workspace/.derivedData/Build/Products/Debug/Khac.swiftmodule/arm64-apple-macos.abi.json
Copy /Users/admin/builder/spi-builder-workspace/.derivedData/Build/Products/Debug/Khac.swiftmodule/Project/arm64-apple-macos.swiftsourceinfo /Users/admin/builder/spi-builder-workspace/.derivedData/Build/Intermediates.noindex/Khac.build/Debug/Khac.build/Objects-normal/arm64/Khac.swiftsourceinfo (in target 'Khac' from project 'Khac')
cd /Users/admin/builder/spi-builder-workspace
builtin-copy -exclude .DS_Store -exclude CVS -exclude .svn -exclude .git -exclude .hg -resolve-src-symlinks -rename /Users/admin/builder/spi-builder-workspace/.derivedData/Build/Intermediates.noindex/Khac.build/Debug/Khac.build/Objects-normal/arm64/Khac.swiftsourceinfo /Users/admin/builder/spi-builder-workspace/.derivedData/Build/Products/Debug/Khac.swiftmodule/Project/arm64-apple-macos.swiftsourceinfo
SwiftDriverJobDiscovery normal arm64 Compiling Engine.swift, Options.swift, ParsedResult.swift, ParsingComponents.swift, ParsingContext.swift, PreparedLocale.swift (in target 'Khac' from project 'Khac')
SwiftDriverJobDiscovery normal arm64 Compiling NumericDateParser.swift, RelativeUnitParser.swift, TimeExpressionParser.swift, WeekdayParser.swift, YearParser.swift (in target 'Khac' from project 'Khac')
SwiftDriverJobDiscovery normal arm64 Compiling ZHLocale.swift, ZHParsers.swift, CasualDateParser.swift, ISOParser.swift, MonthNameParser.swift (in target 'Khac' from project 'Khac')
SwiftDriverJobDiscovery normal arm64 Compiling ReferencePoint.swift, Regex.swift, ParserSupport.swift, PrecedingText.swift, RelativeDuration.swift, Normalization.swift (in target 'Khac' from project 'Khac')
SwiftDriverJobDiscovery normal arm64 Compiling ENRefiners.swift, ESLocale.swift, FILocale.swift, FIParsers.swift, FRLocale.swift, ITLocale.swift (in target 'Khac' from project 'Khac')
SwiftDriverJobDiscovery normal arm64 Compiling Khac.swift, CJKNumerals.swift, DELocale.swift, DEParsers.swift, ENLocale.swift, ENParsers.swift (in target 'Khac' from project 'Khac')
SwiftDriver KhacCLICore normal arm64 com.apple.xcode.tools.swift.compiler (in target 'KhacCLICore' from project 'Khac')
cd /Users/admin/builder/spi-builder-workspace/.swiftpm/xcode
builtin-SwiftDriver -- /Applications/Xcode-26.4.0.app/Contents/Developer/Toolchains/XcodeDefault.xctoolchain/usr/bin/swiftc -module-name KhacCLICore -Onone @/Users/admin/builder/spi-builder-workspace/.derivedData/Build/Intermediates.noindex/Khac.build/Debug/KhacCLICore.build/Objects-normal/arm64/KhacCLICore.SwiftFileList -DSWIFT_PACKAGE -DDEBUG -DSWIFT_MODULE_RESOURCE_BUNDLE_UNAVAILABLE -DXcode -plugin-path /Applications/Xcode-26.4.0.app/Contents/Developer/Toolchains/XcodeDefault.xctoolchain/usr/lib/swift/host/plugins/testing -enable-experimental-feature DebugDescriptionMacro -sdk /Applications/Xcode-26.4.0.app/Contents/Developer/Platforms/MacOSX.platform/Developer/SDKs/MacOSX26.4.sdk -target arm64-apple-macos12.0 -g -module-cache-path /Users/admin/builder/spi-builder-workspace/.derivedData/ModuleCache.noindex -Xfrontend -serialize-debugging-options -profile-coverage-mapping -profile-generate -enable-testing -index-store-path /Users/admin/builder/spi-builder-workspace/.derivedData/Index.noindex/DataStore -Xcc -D_LIBCPP_HARDENING_MODE\=_LIBCPP_HARDENING_MODE_DEBUG -swift-version 5 -I /Users/admin/builder/spi-builder-workspace/.derivedData/Build/Products/Debug -Isystem /Applications/Xcode-26.4.0.app/Contents/Developer/Platforms/MacOSX.platform/Developer/usr/lib -F /Users/admin/builder/spi-builder-workspace/.derivedData/Build/Products/Debug/PackageFrameworks -F /Users/admin/builder/spi-builder-workspace/.derivedData/Build/Products/Debug -F /Applications/Xcode-26.4.0.app/Contents/Developer/Platforms/MacOSX.platform/Developer/Library/Frameworks -c -j10 -enable-batch-mode -incremental -Xcc -ivfsstatcache -Xcc /Users/admin/builder/spi-builder-workspace/.derivedData/SDKStatCaches.noindex/macosx26.4-25E236-688ef53f1462e2c8f657fdc38a81448fdfce61f96a3a6fc38dcbb3b93e3bb2ee.sdkstatcache -output-file-map /Users/admin/builder/spi-builder-workspace/.derivedData/Build/Intermediates.noindex/Khac.build/Debug/KhacCLICore.build/Objects-normal/arm64/KhacCLICore-OutputFileMap.json -use-frontend-parseable-output -save-temps -no-color-diagnostics -explicit-module-build -module-cache-path /Users/admin/builder/spi-builder-workspace/.derivedData/Build/Intermediates.noindex/SwiftExplicitPrecompiledModules -clang-scanner-module-cache-path /Users/admin/builder/spi-builder-workspace/.derivedData/ModuleCache.noindex -sdk-module-cache-path /Users/admin/builder/spi-builder-workspace/.derivedData/ModuleCache.noindex -serialize-diagnostics -emit-dependencies -emit-module -emit-module-path /Users/admin/builder/spi-builder-workspace/.derivedData/Build/Intermediates.noindex/Khac.build/Debug/KhacCLICore.build/Objects-normal/arm64/KhacCLICore.swiftmodule -validate-clang-modules-once -clang-build-session-file /Users/admin/builder/spi-builder-workspace/.derivedData/ModuleCache.noindex/Session.modulevalidation -package-name spi_builder_workspace -Xcc -I/Users/admin/builder/spi-builder-workspace/.derivedData/Build/Intermediates.noindex/Khac.build/Debug/KhacCLICore.build/swift-overrides.hmap -emit-const-values -Xfrontend -const-gather-protocols-file -Xfrontend /Users/admin/builder/spi-builder-workspace/.derivedData/Build/Intermediates.noindex/Khac.build/Debug/KhacCLICore.build/Objects-normal/arm64/KhacCLICore_const_extract_protocols.json -Xcc -I/Users/admin/builder/spi-builder-workspace/.derivedData/Build/Products/Debug/include -Xcc -I/Users/admin/builder/spi-builder-workspace/.derivedData/Build/Intermediates.noindex/Khac.build/Debug/KhacCLICore.build/DerivedSources-normal/arm64 -Xcc -I/Users/admin/builder/spi-builder-workspace/.derivedData/Build/Intermediates.noindex/Khac.build/Debug/KhacCLICore.build/DerivedSources/arm64 -Xcc -I/Users/admin/builder/spi-builder-workspace/.derivedData/Build/Intermediates.noindex/Khac.build/Debug/KhacCLICore.build/DerivedSources -Xcc -DSWIFT_PACKAGE -Xcc -DDEBUG\=1 -emit-objc-header -emit-objc-header-path /Users/admin/builder/spi-builder-workspace/.derivedData/Build/Intermediates.noindex/Khac.build/Debug/KhacCLICore.build/Objects-normal/arm64/KhacCLICore-Swift.h -working-directory /Users/admin/builder/spi-builder-workspace/.swiftpm/xcode -experimental-emit-module-separately -disable-cmo
SwiftDriverJobDiscovery normal arm64 Compiling JALocale.swift, JAParsers.swift, Locale.swift, NLLocale.swift, PTLocale.swift, RULocale.swift (in target 'Khac' from project 'Khac')
SwiftDriver\ Compilation Khac normal arm64 com.apple.xcode.tools.swift.compiler (in target 'Khac' from project 'Khac')
cd /Users/admin/builder/spi-builder-workspace/.swiftpm/xcode
builtin-Swift-Compilation -- /Applications/Xcode-26.4.0.app/Contents/Developer/Toolchains/XcodeDefault.xctoolchain/usr/bin/swiftc -module-name Khac -Onone @/Users/admin/builder/spi-builder-workspace/.derivedData/Build/Intermediates.noindex/Khac.build/Debug/Khac.build/Objects-normal/arm64/Khac.SwiftFileList -DSWIFT_PACKAGE -DDEBUG -DSWIFT_MODULE_RESOURCE_BUNDLE_UNAVAILABLE -DXcode -plugin-path /Applications/Xcode-26.4.0.app/Contents/Developer/Toolchains/XcodeDefault.xctoolchain/usr/lib/swift/host/plugins/testing -enable-experimental-feature DebugDescriptionMacro -sdk /Applications/Xcode-26.4.0.app/Contents/Developer/Platforms/MacOSX.platform/Developer/SDKs/MacOSX26.4.sdk -target arm64-apple-macos12.0 -g -module-cache-path /Users/admin/builder/spi-builder-workspace/.derivedData/ModuleCache.noindex -Xfrontend -serialize-debugging-options -profile-coverage-mapping -profile-generate -enable-testing -index-store-path /Users/admin/builder/spi-builder-workspace/.derivedData/Index.noindex/DataStore -Xcc -D_LIBCPP_HARDENING_MODE\=_LIBCPP_HARDENING_MODE_DEBUG -swift-version 5 -I /Users/admin/builder/spi-builder-workspace/.derivedData/Build/Products/Debug -Isystem /Applications/Xcode-26.4.0.app/Contents/Developer/Platforms/MacOSX.platform/Developer/usr/lib -F /Users/admin/builder/spi-builder-workspace/.derivedData/Build/Products/Debug -F /Applications/Xcode-26.4.0.app/Contents/Developer/Platforms/MacOSX.platform/Developer/Library/Frameworks -c -j10 -enable-batch-mode -incremental -Xcc -ivfsstatcache -Xcc /Users/admin/builder/spi-builder-workspace/.derivedData/SDKStatCaches.noindex/macosx26.4-25E236-688ef53f1462e2c8f657fdc38a81448fdfce61f96a3a6fc38dcbb3b93e3bb2ee.sdkstatcache -output-file-map /Users/admin/builder/spi-builder-workspace/.derivedData/Build/Intermediates.noindex/Khac.build/Debug/Khac.build/Objects-normal/arm64/Khac-OutputFileMap.json -use-frontend-parseable-output -save-temps -no-color-diagnostics -explicit-module-build -module-cache-path /Users/admin/builder/spi-builder-workspace/.derivedData/Build/Intermediates.noindex/SwiftExplicitPrecompiledModules -clang-scanner-module-cache-path /Users/admin/builder/spi-builder-workspace/.derivedData/ModuleCache.noindex -sdk-module-cache-path /Users/admin/builder/spi-builder-workspace/.derivedData/ModuleCache.noindex -serialize-diagnostics -emit-dependencies -emit-module -emit-module-path /Users/admin/builder/spi-builder-workspace/.derivedData/Build/Intermediates.noindex/Khac.build/Debug/Khac.build/Objects-normal/arm64/Khac.swiftmodule -validate-clang-modules-once -clang-build-session-file /Users/admin/builder/spi-builder-workspace/.derivedData/ModuleCache.noindex/Session.modulevalidation -package-name spi_builder_workspace -Xcc -I/Users/admin/builder/spi-builder-workspace/.derivedData/Build/Intermediates.noindex/Khac.build/Debug/Khac.build/swift-overrides.hmap -emit-const-values -Xfrontend -const-gather-protocols-file -Xfrontend /Users/admin/builder/spi-builder-workspace/.derivedData/Build/Intermediates.noindex/Khac.build/Debug/Khac.build/Objects-normal/arm64/Khac_const_extract_protocols.json -Xcc -I/Users/admin/builder/spi-builder-workspace/.derivedData/Build/Products/Debug/include -Xcc -I/Users/admin/builder/spi-builder-workspace/.derivedData/Build/Intermediates.noindex/Khac.build/Debug/Khac.build/DerivedSources-normal/arm64 -Xcc -I/Users/admin/builder/spi-builder-workspace/.derivedData/Build/Intermediates.noindex/Khac.build/Debug/Khac.build/DerivedSources/arm64 -Xcc -I/Users/admin/builder/spi-builder-workspace/.derivedData/Build/Intermediates.noindex/Khac.build/Debug/Khac.build/DerivedSources -Xcc -DSWIFT_PACKAGE -Xcc -DDEBUG\=1 -emit-objc-header -emit-objc-header-path /Users/admin/builder/spi-builder-workspace/.derivedData/Build/Intermediates.noindex/Khac.build/Debug/Khac.build/Objects-normal/arm64/Khac-Swift.h -working-directory /Users/admin/builder/spi-builder-workspace/.swiftpm/xcode -experimental-emit-module-separately -disable-cmo
error: unable to open dependencies file (/Users/admin/builder/spi-builder-workspace/.derivedData/Build/Intermediates.noindex/Khac.build/Debug/Khac.build/Objects-normal/arm64/Engine.d) (in target 'Khac' from project 'Khac')
2026-08-16 16:20:52.586 xcodebuild[732:4568] [MT] IDERunDestination: Supported platforms for the buildables in the current scheme is empty.
--- xcodebuild: WARNING: Using the first of multiple matching destinations:
{ platform:macOS, arch:arm64, id:28ec87ab59657241b4e3996db85d5560732e37c3, name:My Mac }
{ platform:macOS, arch:arm64, variant:Mac Catalyst, id:28ec87ab59657241b4e3996db85d5560732e37c3, name:My Mac }
{ platform:macOS, arch:arm64, variant:DriverKit, id:28ec87ab59657241b4e3996db85d5560732e37c3, name:My Mac }
{ platform:macOS, arch:arm64, variant:Designed for [iPad,iPhone], id:28ec87ab59657241b4e3996db85d5560732e37c3, name:My Mac }
remark: Incremental compilation has been disabled: RUParsers.swift has no swiftDeps file
remark: Incremental compilation has been disabled: RUParsers.swift has no swiftDeps file
remark: Incremental compilation has been disabled: malformed dependencies file 'none?!'
remark: Incremental compilation has been disabled: SVLocale.swift has no swiftDeps file
remark: Incremental compilation has been disabled: SVLocale.swift has no swiftDeps file
remark: Incremental compilation has been disabled: malformed dependencies file 'none?!'
remark: Incremental compilation has been disabled: UKLocale.swift has no swiftDeps file
remark: Incremental compilation has been disabled: UKLocale.swift has no swiftDeps file
remark: Incremental compilation has been disabled: malformed dependencies file 'none?!'
remark: Incremental compilation has been disabled: UKParsers.swift has no swiftDeps file
remark: Incremental compilation has been disabled: UKParsers.swift has no swiftDeps file
remark: Incremental compilation has been disabled: malformed dependencies file 'none?!'
remark: Incremental compilation has been disabled: VILocale.swift has no swiftDeps file
remark: Incremental compilation has been disabled: VILocale.swift has no swiftDeps file
remark: Incremental compilation has been disabled: malformed dependencies file 'none?!'
remark: Incremental compilation has been disabled: MergeRelativeAnchorRefiner.swift has no swiftDeps file
remark: Incremental compilation has been disabled: MergeRelativeAnchorRefiner.swift has no swiftDeps file
remark: Incremental compilation has been disabled: malformed dependencies file 'none?!'
remark: Incremental compilation has been disabled: MergeWeekdayRefiner.swift has no swiftDeps file
remark: Incremental compilation has been disabled: MergeWeekdayRefiner.swift has no swiftDeps file
remark: Incremental compilation has been disabled: malformed dependencies file 'none?!'
remark: Incremental compilation has been disabled: MergingRefiner.swift has no swiftDeps file
remark: Incremental compilation has been disabled: MergingRefiner.swift has no swiftDeps file
remark: Incremental compilation has been disabled: malformed dependencies file 'none?!'
remark: Incremental compilation has been disabled: OverlapFilterRefiner.swift has no swiftDeps file
remark: Incremental compilation has been disabled: OverlapFilterRefiner.swift has no swiftDeps file
remark: Incremental compilation has been disabled: malformed dependencies file 'none?!'
remark: Incremental compilation has been disabled: UnlikelyFilterRefiner.swift has no swiftDeps file
remark: Incremental compilation has been disabled: UnlikelyFilterRefiner.swift has no swiftDeps file
remark: Incremental compilation has been disabled: malformed dependencies file 'none?!'
remark: Incremental compilation has been disabled: ExtractTimezoneOffsetRefiner.swift has no swiftDeps file
remark: Incremental compilation has been disabled: ExtractTimezoneOffsetRefiner.swift has no swiftDeps file
remark: Incremental compilation has been disabled: malformed dependencies file 'none?!'
remark: Incremental compilation has been disabled: ExtractYearSuffixRefiner.swift has no swiftDeps file
remark: Incremental compilation has been disabled: ExtractYearSuffixRefiner.swift has no swiftDeps file
remark: Incremental compilation has been disabled: malformed dependencies file 'none?!'
remark: Incremental compilation has been disabled: ForwardDateRefiner.swift has no swiftDeps file
remark: Incremental compilation has been disabled: ForwardDateRefiner.swift has no swiftDeps file
remark: Incremental compilation has been disabled: malformed dependencies file 'none?!'
remark: Incremental compilation has been disabled: MergeDateRangeRefiner.swift has no swiftDeps file
remark: Incremental compilation has been disabled: MergeDateRangeRefiner.swift has no swiftDeps file
remark: Incremental compilation has been disabled: malformed dependencies file 'none?!'
remark: Incremental compilation has been disabled: MergeDateTimeRefiner.swift has no swiftDeps file
remark: Incremental compilation has been disabled: MergeDateTimeRefiner.swift has no swiftDeps file
remark: Incremental compilation has been disabled: malformed dependencies file 'none?!'
remark: Incremental compilation has been disabled: Engine.swift has no swiftDeps file
remark: Incremental compilation has been disabled: Engine.swift has no swiftDeps file
remark: Incremental compilation has been disabled: malformed dependencies file 'none?!'
remark: Incremental compilation has been disabled: Options.swift has no swiftDeps file
remark: Incremental compilation has been disabled: Options.swift has no swiftDeps file
remark: Incremental compilation has been disabled: malformed dependencies file 'none?!'
remark: Incremental compilation has been disabled: ParsedResult.swift has no swiftDeps file
remark: Incremental compilation has been disabled: ParsedResult.swift has no swiftDeps file
remark: Incremental compilation has been disabled: malformed dependencies file 'none?!'
remark: Incremental compilation has been disabled: ParsingComponents.swift has no swiftDeps file
remark: Incremental compilation has been disabled: ParsingComponents.swift has no swiftDeps file
remark: Incremental compilation has been disabled: malformed dependencies file 'none?!'
remark: Incremental compilation has been disabled: ParsingContext.swift has no swiftDeps file
remark: Incremental compilation has been disabled: ParsingContext.swift has no swiftDeps file
remark: Incremental compilation has been disabled: malformed dependencies file 'none?!'
remark: Incremental compilation has been disabled: PreparedLocale.swift has no swiftDeps file
remark: Incremental compilation has been disabled: PreparedLocale.swift has no swiftDeps file
remark: Incremental compilation has been disabled: malformed dependencies file 'none?!'
remark: Incremental compilation has been disabled: NumericDateParser.swift has no swiftDeps file
remark: Incremental compilation has been disabled: NumericDateParser.swift has no swiftDeps file
remark: Incremental compilation has been disabled: malformed dependencies file 'none?!'
remark: Incremental compilation has been disabled: RelativeUnitParser.swift has no swiftDeps file
remark: Incremental compilation has been disabled: RelativeUnitParser.swift has no swiftDeps file
remark: Incremental compilation has been disabled: malformed dependencies file 'none?!'
remark: Incremental compilation has been disabled: TimeExpressionParser.swift has no swiftDeps file
remark: Incremental compilation has been disabled: TimeExpressionParser.swift has no swiftDeps file
remark: Incremental compilation has been disabled: malformed dependencies file 'none?!'
remark: Incremental compilation has been disabled: WeekdayParser.swift has no swiftDeps file
remark: Incremental compilation has been disabled: WeekdayParser.swift has no swiftDeps file
remark: Incremental compilation has been disabled: malformed dependencies file 'none?!'
remark: Incremental compilation has been disabled: YearParser.swift has no swiftDeps file
remark: Incremental compilation has been disabled: YearParser.swift has no swiftDeps file
remark: Incremental compilation has been disabled: malformed dependencies file 'none?!'
remark: Incremental compilation has been disabled: ZHLocale.swift has no swiftDeps file
remark: Incremental compilation has been disabled: ZHLocale.swift has no swiftDeps file
remark: Incremental compilation has been disabled: malformed dependencies file 'none?!'
remark: Incremental compilation has been disabled: ZHParsers.swift has no swiftDeps file
remark: Incremental compilation has been disabled: ZHParsers.swift has no swiftDeps file
remark: Incremental compilation has been disabled: malformed dependencies file 'none?!'
remark: Incremental compilation has been disabled: CasualDateParser.swift has no swiftDeps file
remark: Incremental compilation has been disabled: CasualDateParser.swift has no swiftDeps file
remark: Incremental compilation has been disabled: malformed dependencies file 'none?!'
remark: Incremental compilation has been disabled: ISOParser.swift has no swiftDeps file
remark: Incremental compilation has been disabled: ISOParser.swift has no swiftDeps file
remark: Incremental compilation has been disabled: malformed dependencies file 'none?!'
remark: Incremental compilation has been disabled: MonthNameParser.swift has no swiftDeps file
remark: Incremental compilation has been disabled: MonthNameParser.swift has no swiftDeps file
remark: Incremental compilation has been disabled: malformed dependencies file 'none?!'
remark: Incremental compilation has been disabled: ReferencePoint.swift has no swiftDeps file
remark: Incremental compilation has been disabled: ReferencePoint.swift has no swiftDeps file
remark: Incremental compilation has been disabled: malformed dependencies file 'none?!'
remark: Incremental compilation has been disabled: Regex.swift has no swiftDeps file
remark: Incremental compilation has been disabled: Regex.swift has no swiftDeps file
remark: Incremental compilation has been disabled: malformed dependencies file 'none?!'
remark: Incremental compilation has been disabled: ParserSupport.swift has no swiftDeps file
remark: Incremental compilation has been disabled: ParserSupport.swift has no swiftDeps file
remark: Incremental compilation has been disabled: malformed dependencies file 'none?!'
remark: Incremental compilation has been disabled: PrecedingText.swift has no swiftDeps file
remark: Incremental compilation has been disabled: PrecedingText.swift has no swiftDeps file
remark: Incremental compilation has been disabled: malformed dependencies file 'none?!'
remark: Incremental compilation has been disabled: RelativeDuration.swift has no swiftDeps file
remark: Incremental compilation has been disabled: RelativeDuration.swift has no swiftDeps file
remark: Incremental compilation has been disabled: malformed dependencies file 'none?!'
remark: Incremental compilation has been disabled: Normalization.swift has no swiftDeps file
remark: Incremental compilation has been disabled: Normalization.swift has no swiftDeps file
remark: Incremental compilation has been disabled: malformed dependencies file 'none?!'
remark: Incremental compilation has been disabled: ENRefiners.swift has no swiftDeps file
remark: Incremental compilation has been disabled: ENRefiners.swift has no swiftDeps file
remark: Incremental compilation has been disabled: malformed dependencies file 'none?!'
remark: Incremental compilation has been disabled: ESLocale.swift has no swiftDeps file
remark: Incremental compilation has been disabled: ESLocale.swift has no swiftDeps file
remark: Incremental compilation has been disabled: malformed dependencies file 'none?!'
remark: Incremental compilation has been disabled: FILocale.swift has no swiftDeps file
remark: Incremental compilation has been disabled: FILocale.swift has no swiftDeps file
remark: Incremental compilation has been disabled: malformed dependencies file 'none?!'
remark: Incremental compilation has been disabled: FIParsers.swift has no swiftDeps file
remark: Incremental compilation has been disabled: FIParsers.swift has no swiftDeps file
remark: Incremental compilation has been disabled: malformed dependencies file 'none?!'
remark: Incremental compilation has been disabled: FRLocale.swift has no swiftDeps file
remark: Incremental compilation has been disabled: FRLocale.swift has no swiftDeps file
remark: Incremental compilation has been disabled: malformed dependencies file 'none?!'
remark: Incremental compilation has been disabled: ITLocale.swift has no swiftDeps file
remark: Incremental compilation has been disabled: ITLocale.swift has no swiftDeps file
remark: Incremental compilation has been disabled: malformed dependencies file 'none?!'
remark: Incremental compilation has been disabled: Khac.swift has no swiftDeps file
remark: Incremental compilation has been disabled: Khac.swift has no swiftDeps file
remark: Incremental compilation has been disabled: malformed dependencies file 'none?!'
remark: Incremental compilation has been disabled: CJKNumerals.swift has no swiftDeps file
remark: Incremental compilation has been disabled: CJKNumerals.swift has no swiftDeps file
remark: Incremental compilation has been disabled: malformed dependencies file 'none?!'
remark: Incremental compilation has been disabled: DELocale.swift has no swiftDeps file
remark: Incremental compilation has been disabled: DELocale.swift has no swiftDeps file
remark: Incremental compilation has been disabled: malformed dependencies file 'none?!'
remark: Incremental compilation has been disabled: DEParsers.swift has no swiftDeps file
remark: Incremental compilation has been disabled: DEParsers.swift has no swiftDeps file
remark: Incremental compilation has been disabled: malformed dependencies file 'none?!'
remark: Incremental compilation has been disabled: ENLocale.swift has no swiftDeps file
remark: Incremental compilation has been disabled: ENLocale.swift has no swiftDeps file
remark: Incremental compilation has been disabled: malformed dependencies file 'none?!'
remark: Incremental compilation has been disabled: ENParsers.swift has no swiftDeps file
remark: Incremental compilation has been disabled: ENParsers.swift has no swiftDeps file
remark: Incremental compilation has been disabled: malformed dependencies file 'none?!'
remark: Incremental compilation has been disabled: JALocale.swift has no swiftDeps file
remark: Incremental compilation has been disabled: JALocale.swift has no swiftDeps file
remark: Incremental compilation has been disabled: malformed dependencies file 'none?!'
remark: Incremental compilation has been disabled: JAParsers.swift has no swiftDeps file
remark: Incremental compilation has been disabled: JAParsers.swift has no swiftDeps file
remark: Incremental compilation has been disabled: malformed dependencies file 'none?!'
remark: Incremental compilation has been disabled: Locale.swift has no swiftDeps file
remark: Incremental compilation has been disabled: Locale.swift has no swiftDeps file
remark: Incremental compilation has been disabled: malformed dependencies file 'none?!'
remark: Incremental compilation has been disabled: NLLocale.swift has no swiftDeps file
remark: Incremental compilation has been disabled: NLLocale.swift has no swiftDeps file
remark: Incremental compilation has been disabled: malformed dependencies file 'none?!'
remark: Incremental compilation has been disabled: PTLocale.swift has no swiftDeps file
remark: Incremental compilation has been disabled: PTLocale.swift has no swiftDeps file
remark: Incremental compilation has been disabled: malformed dependencies file 'none?!'
remark: Incremental compilation has been disabled: RULocale.swift has no swiftDeps file
remark: Incremental compilation has been disabled: RULocale.swift has no swiftDeps file
remark: Incremental compilation has been disabled: malformed dependencies file 'none?!'
** BUILD FAILED **
The following build commands failed:
SwiftDriver\ Compilation Khac normal arm64 com.apple.xcode.tools.swift.compiler (in target 'Khac' from project 'Khac')
Building workspace spi-builder-workspace with scheme Khac-Package
(2 failures)
Command line invocation:
/Applications/Xcode-26.4.0.app/Contents/Developer/usr/bin/xcodebuild -IDEClonedSourcePackagesDirPathOverride=/Users/admin/builder/spi-builder-workspace/.dependencies -resolvePackageDependencies
Resolve Package Graph
Resolved source packages:
Khac: /Users/admin/builder/spi-builder-workspace
resolved source packages: Khac
2026-08-16 16:21:04.845 xcodebuild[793:4947] [MT] IDERunDestination: Supported platforms for the buildables in the current scheme is empty.
{
"dependencies" : [
],
"manifest_display_name" : "Khac",
"name" : "Khac",
"path" : "/Users/admin/builder/spi-builder-workspace",
"platforms" : [
{
"name" : "macos",
"version" : "12.0"
},
{
"name" : "ios",
"version" : "15.0"
},
{
"name" : "tvos",
"version" : "15.0"
},
{
"name" : "watchos",
"version" : "8.0"
}
],
"products" : [
{
"name" : "Khac",
"targets" : [
"Khac"
],
"type" : {
"library" : [
"automatic"
]
}
},
{
"name" : "khac",
"targets" : [
"KhacCLI"
],
"type" : {
"executable" : null
}
}
],
"targets" : [
{
"c99name" : "KhacTests",
"module_type" : "SwiftTarget",
"name" : "KhacTests",
"path" : "Tests/KhacTests",
"sources" : [
"BackwardsRangeTests.swift",
"CompactRangeTests.swift",
"CoreTests.swift",
"DayShiftPrefixTests.swift",
"DaySuffixWordTests.swift",
"EraSuffixNormalizationTests.swift",
"GatedRangeConnectorTests.swift",
"HyphenatedIdentifierTests.swift",
"ISORejectionTests.swift",
"KnownFailure.swift",
"LocalePrefixWordsTests.swift",
"MergeDateTimeCertaintyTests.swift",
"MergingRefinerTests.swift",
"MonthNameFormsTests.swift",
"NormalizationTests.swift",
"Oracle/DE/DEAllCases.swift",
"Oracle/DE/DEOracleTests.swift",
"Oracle/DE/DeCasualCases.swift",
"Oracle/DE/DeDashCases.swift",
"Oracle/DE/DeMonthNameLittleEndianCases.swift",
"Oracle/DE/DeTimeExpCases.swift",
"Oracle/DE/DeTimeUnitsCasualRelativeCases.swift",
"Oracle/DE/DeTimeUnitsWithinCases.swift",
"Oracle/DE/DeWeekdayCases.swift",
"Oracle/DE/DeYearCases.swift",
"Oracle/EN/AllCases.swift",
"Oracle/EN/CasualCases.swift",
"Oracle/EN/ENOracleSmokeTests.swift",
"Oracle/EN/ENOracleTests.swift",
"Oracle/EN/GeneralCases.swift",
"Oracle/EN/ISOCases.swift",
"Oracle/EN/MergingRelativeDatesCases.swift",
"Oracle/EN/MonthCases.swift",
"Oracle/EN/MonthNameLittleEndianCases.swift",
"Oracle/EN/MonthNameMiddleEndianCases.swift",
"Oracle/EN/NegativeCases.swift",
"Oracle/EN/RelativeCases.swift",
"Oracle/EN/SlashCases.swift",
"Oracle/EN/TimeExpressionCases.swift",
"Oracle/EN/TimeUnitsAgoCases.swift",
"Oracle/EN/TimeUnitsCasualRelativeCases.swift",
"Oracle/EN/TimeUnitsLaterCases.swift",
"Oracle/EN/TimeUnitsWithinCases.swift",
"Oracle/EN/WeekdayCases.swift",
"Oracle/EN/YearCases.swift",
"Oracle/EN/YearMonthDayCases.swift",
"Oracle/ES/ESAllCases.swift",
"Oracle/ES/ESOracleTests.swift",
"Oracle/ES/EsCasualCases.swift",
"Oracle/ES/EsMonthNameLittleEndianCases.swift",
"Oracle/ES/EsSlashCases.swift",
"Oracle/ES/EsTimeExpCases.swift",
"Oracle/ES/EsTimeUnitsWithinCases.swift",
"Oracle/FI/FIAllCases.swift",
"Oracle/FI/FIOracleTests.swift",
"Oracle/FI/FiCasualCases.swift",
"Oracle/FI/FiCasualTimeCases.swift",
"Oracle/FI/FiMonthNameLittleEndianCases.swift",
"Oracle/FI/FiTimeExpCases.swift",
"Oracle/FI/FiTimeUnitsAgoCases.swift",
"Oracle/FI/FiTimeUnitsCasualRelativeCases.swift",
"Oracle/FI/FiTimeUnitsWithinCases.swift",
"Oracle/FI/FiWeekdayCases.swift",
"Oracle/FR/FRAllCases.swift",
"Oracle/FR/FROracleTests.swift",
"Oracle/FR/FrCasualCases.swift",
"Oracle/FR/FrLittleEndianCases.swift",
"Oracle/FR/FrSlashCases.swift",
"Oracle/FR/FrTimeExpCases.swift",
"Oracle/FR/FrTimeUnitsAgoCases.swift",
"Oracle/FR/FrTimeUnitsCasualRelativeCases.swift",
"Oracle/FR/FrTimeUnitsWithinCases.swift",
"Oracle/FR/FrWeekdayCases.swift",
"Oracle/IT/ITAllCases.swift",
"Oracle/IT/ITOracleTests.swift",
"Oracle/IT/ItCasualCases.swift",
"Oracle/IT/ItInterStdCases.swift",
"Oracle/IT/ItMergingRelativeDatesCases.swift",
"Oracle/IT/ItMonthCases.swift",
"Oracle/IT/ItMonthNameLittleEndianCases.swift",
"Oracle/IT/ItMonthNameMiddleEndianCases.swift",
"Oracle/IT/ItNegativeCasesCases.swift",
"Oracle/IT/ItRelativeCases.swift",
"Oracle/IT/ItRootCases.swift",
"Oracle/IT/ItSlashCases.swift",
"Oracle/IT/ItTimeExpCases.swift",
"Oracle/IT/ItTimeUnitsAgoCases.swift",
"Oracle/IT/ItTimeUnitsCasualRelativeCases.swift",
"Oracle/IT/ItTimeUnitsLaterCases.swift",
"Oracle/IT/ItTimeUnitsWithinCases.swift",
"Oracle/IT/ItTimezoneExpCases.swift",
"Oracle/IT/ItWeekdayCases.swift",
"Oracle/IT/ItYearCases.swift",
"Oracle/IT/ItYearMonthDayCases.swift",
"Oracle/JA/JAAllCases.swift",
"Oracle/JA/JAOracleTests.swift",
"Oracle/JA/JaCasualCases.swift",
"Oracle/JA/JaSlashDateFormatCases.swift",
"Oracle/JA/JaStandardCases.swift",
"Oracle/JA/JaTimeExpCases.swift",
"Oracle/JA/JaWeekdayCases.swift",
"Oracle/NL/NLAllCases.swift",
"Oracle/NL/NLOracleTests.swift",
"Oracle/NL/NlCasualCases.swift",
"Oracle/NL/NlMonthCases.swift",
"Oracle/NL/NlMonthNameLittleEndianCases.swift",
"Oracle/NL/NlRelativeCases.swift",
"Oracle/NL/NlSlashCases.swift",
"Oracle/NL/NlTimeExpCases.swift",
"Oracle/NL/NlTimeUnitsAgoCases.swift",
"Oracle/NL/NlTimeUnitsCasualRelativeCases.swift",
"Oracle/NL/NlTimeUnitsLaterCases.swift",
"Oracle/NL/NlTimeUnitsWithinCases.swift",
"Oracle/NL/NlWeekdayCases.swift",
"Oracle/OracleTypes.swift",
"Oracle/PT/PTAllCases.swift",
"Oracle/PT/PTOracleTests.swift",
"Oracle/PT/PtCasualCases.swift",
"Oracle/PT/PtMonthNameLittleEndianCases.swift",
"Oracle/PT/PtSlashCases.swift",
"Oracle/PT/PtTimeExpCases.swift",
"Oracle/RU/RUAllCases.swift",
"Oracle/RU/RUOracleTests.swift",
"Oracle/RU/RuCasualCases.swift",
"Oracle/RU/RuMonthCases.swift",
"Oracle/RU/RuMonthNameLittleEndianCases.swift",
"Oracle/RU/RuRelativeCases.swift",
"Oracle/RU/RuTimeExpCases.swift",
"Oracle/RU/RuTimeUnitsAgoCases.swift",
"Oracle/RU/RuTimeUnitsCasualRelativeCases.swift",
"Oracle/RU/RuTimeUnitsWithinCases.swift",
"Oracle/RU/RuWeekdayCases.swift",
"Oracle/SV/SVAllCases.swift",
"Oracle/SV/SVOracleTests.swift",
"Oracle/SV/SvCasualCases.swift",
"Oracle/SV/SvMonthNameLittleEndianCases.swift",
"Oracle/SV/SvTimeUnitsCasualRelativeCases.swift",
"Oracle/SV/SvWeekdayCases.swift",
"Oracle/UK/UKAllCases.swift",
"Oracle/UK/UKOracleTests.swift",
"Oracle/UK/UkCasualCases.swift",
"Oracle/UK/UkMonthCases.swift",
"Oracle/UK/UkMonthNameLittleEndianCases.swift",
"Oracle/UK/UkRelativeCases.swift",
"Oracle/UK/UkTimeExpCases.swift",
"Oracle/UK/UkTimeUnitsAgoCases.swift",
"Oracle/UK/UkTimeUnitsCasualRelativeCases.swift",
"Oracle/UK/UkTimeUnitsWithinCases.swift",
"Oracle/UK/UkWeekdayCases.swift",
"Oracle/ZH/ZHAllCases.swift",
"Oracle/ZH/ZHOracleTests.swift",
"Oracle/ZH/ZhHansAgoCases.swift",
"Oracle/ZH/ZhHansCasualCases.swift",
"Oracle/ZH/ZhHansDateCases.swift",
"Oracle/ZH/ZhHansDeadlineCases.swift",
"Oracle/ZH/ZhHansTimeExpCases.swift",
"Oracle/ZH/ZhHansWeekdayCases.swift",
"Oracle/ZH/ZhHantAgoCases.swift",
"Oracle/ZH/ZhHantCasualCases.swift",
"Oracle/ZH/ZhHantDateCases.swift",
"Oracle/ZH/ZhHantDeadlineCases.swift",
"Oracle/ZH/ZhHantTimeExpCases.swift",
"Oracle/ZH/ZhHantWeekdayCases.swift",
"Oracle/ZH/ZhRootCases.swift",
"OverlapFilterEquivalenceTests.swift",
"ParserTests.swift",
"PatternCacheTests.swift",
"PublicAPITests.swift",
"ReadmeExamplesTests.swift",
"ScaffoldTests.swift",
"Support/MockLocale.swift",
"TimezoneOffsetTests.swift",
"VITests.swift",
"WeekendPostfixTests.swift"
],
"target_dependencies" : [
"Khac"
],
"type" : "test"
},
{
"c99name" : "KhacCLITests",
"module_type" : "SwiftTarget",
"name" : "KhacCLITests",
"path" : "Tests/KhacCLITests",
"sources" : [
"LineIndexTests.swift"
],
"target_dependencies" : [
"KhacCLICore"
],
"type" : "test"
},
{
"c99name" : "KhacCLICore",
"module_type" : "SwiftTarget",
"name" : "KhacCLICore",
"path" : "Sources/KhacCLICore",
"product_memberships" : [
"khac"
],
"sources" : [
"Arguments.swift",
"Event.swift",
"LineIndex.swift",
"Output.swift",
"Run.swift",
"SourceLoader.swift"
],
"target_dependencies" : [
"Khac"
],
"type" : "library"
},
{
"c99name" : "KhacCLI",
"module_type" : "SwiftTarget",
"name" : "KhacCLI",
"path" : "Sources/KhacCLI",
"product_memberships" : [
"khac"
],
"sources" : [
"main.swift"
],
"target_dependencies" : [
"KhacCLICore"
],
"type" : "executable"
},
{
"c99name" : "Khac",
"module_type" : "SwiftTarget",
"name" : "Khac",
"path" : "Sources/Khac",
"product_memberships" : [
"Khac",
"khac"
],
"sources" : [
"Core/Engine.swift",
"Core/Options.swift",
"Core/ParsedResult.swift",
"Core/ParsingComponents.swift",
"Core/ParsingContext.swift",
"Core/PreparedLocale.swift",
"Core/ReferencePoint.swift",
"Core/Regex/Regex.swift",
"Core/Support/ParserSupport.swift",
"Core/Support/PrecedingText.swift",
"Core/Support/RelativeDuration.swift",
"Core/Text/Normalization.swift",
"Khac.swift",
"Locales/CJK/CJKNumerals.swift",
"Locales/DE/DELocale.swift",
"Locales/DE/DEParsers.swift",
"Locales/EN/ENLocale.swift",
"Locales/EN/ENParsers.swift",
"Locales/EN/ENRefiners.swift",
"Locales/ES/ESLocale.swift",
"Locales/FI/FILocale.swift",
"Locales/FI/FIParsers.swift",
"Locales/FR/FRLocale.swift",
"Locales/IT/ITLocale.swift",
"Locales/JA/JALocale.swift",
"Locales/JA/JAParsers.swift",
"Locales/Locale.swift",
"Locales/NL/NLLocale.swift",
"Locales/PT/PTLocale.swift",
"Locales/RU/RULocale.swift",
"Locales/RU/RUParsers.swift",
"Locales/SV/SVLocale.swift",
"Locales/UK/UKLocale.swift",
"Locales/UK/UKParsers.swift",
"Locales/VI/VILocale.swift",
"Locales/ZH/ZHLocale.swift",
"Locales/ZH/ZHParsers.swift",
"Parsers/CasualDateParser.swift",
"Parsers/ISOParser.swift",
"Parsers/MonthNameParser.swift",
"Parsers/NumericDateParser.swift",
"Parsers/RelativeUnitParser.swift",
"Parsers/TimeExpressionParser.swift",
"Parsers/WeekdayParser.swift",
"Parsers/YearParser.swift",
"Refiners/ExtractTimezoneOffsetRefiner.swift",
"Refiners/ExtractYearSuffixRefiner.swift",
"Refiners/ForwardDateRefiner.swift",
"Refiners/MergeDateRangeRefiner.swift",
"Refiners/MergeDateTimeRefiner.swift",
"Refiners/MergeRelativeAnchorRefiner.swift",
"Refiners/MergeWeekdayRefiner.swift",
"Refiners/MergingRefiner.swift",
"Refiners/OverlapFilterRefiner.swift",
"Refiners/UnlikelyFilterRefiner.swift"
],
"type" : "library"
}
],
"tools_version" : "5.10"
}
{
"workspace" : {
"name" : "spi-builder-workspace",
"schemes" : [
"khac",
"Khac",
"Khac-Package"
]
}
}
2026-08-16 16:21:05.999 xcodebuild[803:5030] [MT] IDERunDestination: Supported platforms for the buildables in the current scheme is empty.
Running build ...
env DEVELOPER_DIR=/Applications/Xcode-26.4.0.app xcrun xcodebuild -IDEClonedSourcePackagesDirPathOverride=$PWD/.dependencies -skipMacroValidation -skipPackagePluginValidation -derivedDataPath $PWD/.derivedData build -scheme Khac-Package -destination platform=macOS,arch=arm64
Command line invocation:
/Applications/Xcode-26.4.0.app/Contents/Developer/usr/bin/xcodebuild -IDEClonedSourcePackagesDirPathOverride=/Users/admin/builder/spi-builder-workspace/.dependencies -skipMacroValidation -skipPackagePluginValidation -derivedDataPath /Users/admin/builder/spi-builder-workspace/.derivedData build -scheme Khac-Package -destination platform=macOS,arch=arm64
Resolve Package Graph
Resolved source packages:
Khac: /Users/admin/builder/spi-builder-workspace
ComputePackagePrebuildTargetDependencyGraph
Prepare packages
CreateBuildRequest
SendProjectDescription
CreateBuildOperation
ComputeTargetDependencyGraph
note: Building targets in dependency order
note: Target dependency graph (4 targets)
Target 'khac' in project 'Khac'
➜ Explicit dependency on target 'Khac' in project 'Khac'
➜ Explicit dependency on target 'KhacCLICore' in project 'Khac'
Target 'KhacCLICore' in project 'Khac'
➜ Explicit dependency on target 'Khac' in project 'Khac'
Target 'Khac' in project 'Khac'
➜ Explicit dependency on target 'Khac' in project 'Khac'
Target 'Khac' in project 'Khac' (no dependencies)
GatherProvisioningInputs
CreateBuildDescription
ClangStatCache /Applications/Xcode-26.4.0.app/Contents/Developer/Toolchains/XcodeDefault.xctoolchain/usr/bin/clang-stat-cache /Applications/Xcode-26.4.0.app/Contents/Developer/Platforms/MacOSX.platform/Developer/SDKs/MacOSX26.4.sdk /Users/admin/builder/spi-builder-workspace/.derivedData/SDKStatCaches.noindex/macosx26.4-25E236-688ef53f1462e2c8f657fdc38a81448fdfce61f96a3a6fc38dcbb3b93e3bb2ee.sdkstatcache
cd /Users/admin/builder/spi-builder-workspace/.swiftpm/xcode
/Applications/Xcode-26.4.0.app/Contents/Developer/Toolchains/XcodeDefault.xctoolchain/usr/bin/clang-stat-cache /Applications/Xcode-26.4.0.app/Contents/Developer/Platforms/MacOSX.platform/Developer/SDKs/MacOSX26.4.sdk -o /Users/admin/builder/spi-builder-workspace/.derivedData/SDKStatCaches.noindex/macosx26.4-25E236-688ef53f1462e2c8f657fdc38a81448fdfce61f96a3a6fc38dcbb3b93e3bb2ee.sdkstatcache
WriteAuxiliaryFile /Users/admin/builder/spi-builder-workspace/.derivedData/Build/Intermediates.noindex/Khac.build/Debug/khac.build/khac.DependencyStaticMetadataFileList (in target 'khac' from project 'Khac')
cd /Users/admin/builder/spi-builder-workspace
write-file /Users/admin/builder/spi-builder-workspace/.derivedData/Build/Intermediates.noindex/Khac.build/Debug/khac.build/khac.DependencyStaticMetadataFileList
WriteAuxiliaryFile /Users/admin/builder/spi-builder-workspace/.derivedData/Build/Intermediates.noindex/Khac.build/Debug/khac.build/Objects-normal/arm64/khac.SwiftFileList (in target 'khac' from project 'Khac')
cd /Users/admin/builder/spi-builder-workspace
write-file /Users/admin/builder/spi-builder-workspace/.derivedData/Build/Intermediates.noindex/Khac.build/Debug/khac.build/Objects-normal/arm64/khac.SwiftFileList
WriteAuxiliaryFile /Users/admin/builder/spi-builder-workspace/.derivedData/Build/Intermediates.noindex/Khac.build/Debug/khac.build/Objects-normal/arm64/khac.LinkFileList (in target 'khac' from project 'Khac')
cd /Users/admin/builder/spi-builder-workspace
write-file /Users/admin/builder/spi-builder-workspace/.derivedData/Build/Intermediates.noindex/Khac.build/Debug/khac.build/Objects-normal/arm64/khac.LinkFileList
SwiftDriver Khac normal arm64 com.apple.xcode.tools.swift.compiler (in target 'Khac' from project 'Khac')
cd /Users/admin/builder/spi-builder-workspace/.swiftpm/xcode
builtin-SwiftDriver -- /Applications/Xcode-26.4.0.app/Contents/Developer/Toolchains/XcodeDefault.xctoolchain/usr/bin/swiftc -module-name Khac -Onone @/Users/admin/builder/spi-builder-workspace/.derivedData/Build/Intermediates.noindex/Khac.build/Debug/Khac.build/Objects-normal/arm64/Khac.SwiftFileList -DSWIFT_PACKAGE -DDEBUG -DSWIFT_MODULE_RESOURCE_BUNDLE_UNAVAILABLE -DXcode -plugin-path /Applications/Xcode-26.4.0.app/Contents/Developer/Toolchains/XcodeDefault.xctoolchain/usr/lib/swift/host/plugins/testing -enable-experimental-feature DebugDescriptionMacro -sdk /Applications/Xcode-26.4.0.app/Contents/Developer/Platforms/MacOSX.platform/Developer/SDKs/MacOSX26.4.sdk -target arm64-apple-macos12.0 -g -module-cache-path /Users/admin/builder/spi-builder-workspace/.derivedData/ModuleCache.noindex -Xfrontend -serialize-debugging-options -profile-coverage-mapping -profile-generate -enable-testing -index-store-path /Users/admin/builder/spi-builder-workspace/.derivedData/Index.noindex/DataStore -Xcc -D_LIBCPP_HARDENING_MODE\=_LIBCPP_HARDENING_MODE_DEBUG -swift-version 5 -I /Users/admin/builder/spi-builder-workspace/.derivedData/Build/Products/Debug -Isystem /Applications/Xcode-26.4.0.app/Contents/Developer/Platforms/MacOSX.platform/Developer/usr/lib -F /Users/admin/builder/spi-builder-workspace/.derivedData/Build/Products/Debug -F /Applications/Xcode-26.4.0.app/Contents/Developer/Platforms/MacOSX.platform/Developer/Library/Frameworks -c -j10 -enable-batch-mode -incremental -Xcc -ivfsstatcache -Xcc /Users/admin/builder/spi-builder-workspace/.derivedData/SDKStatCaches.noindex/macosx26.4-25E236-688ef53f1462e2c8f657fdc38a81448fdfce61f96a3a6fc38dcbb3b93e3bb2ee.sdkstatcache -output-file-map /Users/admin/builder/spi-builder-workspace/.derivedData/Build/Intermediates.noindex/Khac.build/Debug/Khac.build/Objects-normal/arm64/Khac-OutputFileMap.json -use-frontend-parseable-output -save-temps -no-color-diagnostics -explicit-module-build -module-cache-path /Users/admin/builder/spi-builder-workspace/.derivedData/Build/Intermediates.noindex/SwiftExplicitPrecompiledModules -clang-scanner-module-cache-path /Users/admin/builder/spi-builder-workspace/.derivedData/ModuleCache.noindex -sdk-module-cache-path /Users/admin/builder/spi-builder-workspace/.derivedData/ModuleCache.noindex -serialize-diagnostics -emit-dependencies -emit-module -emit-module-path /Users/admin/builder/spi-builder-workspace/.derivedData/Build/Intermediates.noindex/Khac.build/Debug/Khac.build/Objects-normal/arm64/Khac.swiftmodule -validate-clang-modules-once -clang-build-session-file /Users/admin/builder/spi-builder-workspace/.derivedData/ModuleCache.noindex/Session.modulevalidation -package-name spi_builder_workspace -Xcc -I/Users/admin/builder/spi-builder-workspace/.derivedData/Build/Intermediates.noindex/Khac.build/Debug/Khac.build/swift-overrides.hmap -emit-const-values -Xfrontend -const-gather-protocols-file -Xfrontend /Users/admin/builder/spi-builder-workspace/.derivedData/Build/Intermediates.noindex/Khac.build/Debug/Khac.build/Objects-normal/arm64/Khac_const_extract_protocols.json -Xcc -I/Users/admin/builder/spi-builder-workspace/.derivedData/Build/Products/Debug/include -Xcc -I/Users/admin/builder/spi-builder-workspace/.derivedData/Build/Intermediates.noindex/Khac.build/Debug/Khac.build/DerivedSources-normal/arm64 -Xcc -I/Users/admin/builder/spi-builder-workspace/.derivedData/Build/Intermediates.noindex/Khac.build/Debug/Khac.build/DerivedSources/arm64 -Xcc -I/Users/admin/builder/spi-builder-workspace/.derivedData/Build/Intermediates.noindex/Khac.build/Debug/Khac.build/DerivedSources -Xcc -DSWIFT_PACKAGE -Xcc -DDEBUG\=1 -emit-objc-header -emit-objc-header-path /Users/admin/builder/spi-builder-workspace/.derivedData/Build/Intermediates.noindex/Khac.build/Debug/Khac.build/Objects-normal/arm64/Khac-Swift.h -working-directory /Users/admin/builder/spi-builder-workspace/.swiftpm/xcode -experimental-emit-module-separately -disable-cmo
/Users/admin/builder/spi-builder-workspace/Sources/KhacCLI/main.swift:6:8: error: Unable to resolve module dependency: 'KhacCLICore'
import KhacCLICore
^ (in target 'Khac' from project 'Khac')
/Users/admin/builder/spi-builder-workspace/Sources/KhacCLI/main.swift:6:8: note: A dependency of main module 'Khac'
import KhacCLICore
^ (in target 'Khac' from project 'Khac')
SwiftDriver KhacCLICore normal arm64 com.apple.xcode.tools.swift.compiler (in target 'KhacCLICore' from project 'Khac')
cd /Users/admin/builder/spi-builder-workspace/.swiftpm/xcode
builtin-SwiftDriver -- /Applications/Xcode-26.4.0.app/Contents/Developer/Toolchains/XcodeDefault.xctoolchain/usr/bin/swiftc -module-name KhacCLICore -Onone @/Users/admin/builder/spi-builder-workspace/.derivedData/Build/Intermediates.noindex/Khac.build/Debug/KhacCLICore.build/Objects-normal/arm64/KhacCLICore.SwiftFileList -DSWIFT_PACKAGE -DDEBUG -DSWIFT_MODULE_RESOURCE_BUNDLE_UNAVAILABLE -DXcode -plugin-path /Applications/Xcode-26.4.0.app/Contents/Developer/Toolchains/XcodeDefault.xctoolchain/usr/lib/swift/host/plugins/testing -enable-experimental-feature DebugDescriptionMacro -sdk /Applications/Xcode-26.4.0.app/Contents/Developer/Platforms/MacOSX.platform/Developer/SDKs/MacOSX26.4.sdk -target arm64-apple-macos12.0 -g -module-cache-path /Users/admin/builder/spi-builder-workspace/.derivedData/ModuleCache.noindex -Xfrontend -serialize-debugging-options -profile-coverage-mapping -profile-generate -enable-testing -index-store-path /Users/admin/builder/spi-builder-workspace/.derivedData/Index.noindex/DataStore -Xcc -D_LIBCPP_HARDENING_MODE\=_LIBCPP_HARDENING_MODE_DEBUG -swift-version 5 -I /Users/admin/builder/spi-builder-workspace/.derivedData/Build/Products/Debug -Isystem /Applications/Xcode-26.4.0.app/Contents/Developer/Platforms/MacOSX.platform/Developer/usr/lib -F /Users/admin/builder/spi-builder-workspace/.derivedData/Build/Products/Debug/PackageFrameworks -F /Users/admin/builder/spi-builder-workspace/.derivedData/Build/Products/Debug -F /Applications/Xcode-26.4.0.app/Contents/Developer/Platforms/MacOSX.platform/Developer/Library/Frameworks -c -j10 -enable-batch-mode -incremental -Xcc -ivfsstatcache -Xcc /Users/admin/builder/spi-builder-workspace/.derivedData/SDKStatCaches.noindex/macosx26.4-25E236-688ef53f1462e2c8f657fdc38a81448fdfce61f96a3a6fc38dcbb3b93e3bb2ee.sdkstatcache -output-file-map /Users/admin/builder/spi-builder-workspace/.derivedData/Build/Intermediates.noindex/Khac.build/Debug/KhacCLICore.build/Objects-normal/arm64/KhacCLICore-OutputFileMap.json -use-frontend-parseable-output -save-temps -no-color-diagnostics -explicit-module-build -module-cache-path /Users/admin/builder/spi-builder-workspace/.derivedData/Build/Intermediates.noindex/SwiftExplicitPrecompiledModules -clang-scanner-module-cache-path /Users/admin/builder/spi-builder-workspace/.derivedData/ModuleCache.noindex -sdk-module-cache-path /Users/admin/builder/spi-builder-workspace/.derivedData/ModuleCache.noindex -serialize-diagnostics -emit-dependencies -emit-module -emit-module-path /Users/admin/builder/spi-builder-workspace/.derivedData/Build/Intermediates.noindex/Khac.build/Debug/KhacCLICore.build/Objects-normal/arm64/KhacCLICore.swiftmodule -validate-clang-modules-once -clang-build-session-file /Users/admin/builder/spi-builder-workspace/.derivedData/ModuleCache.noindex/Session.modulevalidation -package-name spi_builder_workspace -Xcc -I/Users/admin/builder/spi-builder-workspace/.derivedData/Build/Intermediates.noindex/Khac.build/Debug/KhacCLICore.build/swift-overrides.hmap -emit-const-values -Xfrontend -const-gather-protocols-file -Xfrontend /Users/admin/builder/spi-builder-workspace/.derivedData/Build/Intermediates.noindex/Khac.build/Debug/KhacCLICore.build/Objects-normal/arm64/KhacCLICore_const_extract_protocols.json -Xcc -I/Users/admin/builder/spi-builder-workspace/.derivedData/Build/Products/Debug/include -Xcc -I/Users/admin/builder/spi-builder-workspace/.derivedData/Build/Intermediates.noindex/Khac.build/Debug/KhacCLICore.build/DerivedSources-normal/arm64 -Xcc -I/Users/admin/builder/spi-builder-workspace/.derivedData/Build/Intermediates.noindex/Khac.build/Debug/KhacCLICore.build/DerivedSources/arm64 -Xcc -I/Users/admin/builder/spi-builder-workspace/.derivedData/Build/Intermediates.noindex/Khac.build/Debug/KhacCLICore.build/DerivedSources -Xcc -DSWIFT_PACKAGE -Xcc -DDEBUG\=1 -emit-objc-header -emit-objc-header-path /Users/admin/builder/spi-builder-workspace/.derivedData/Build/Intermediates.noindex/Khac.build/Debug/KhacCLICore.build/Objects-normal/arm64/KhacCLICore-Swift.h -working-directory /Users/admin/builder/spi-builder-workspace/.swiftpm/xcode -experimental-emit-module-separately -disable-cmo
2026-08-16 16:21:06.906 xcodebuild[806:5063] [MT] IDERunDestination: Supported platforms for the buildables in the current scheme is empty.
--- xcodebuild: WARNING: Using the first of multiple matching destinations:
{ platform:macOS, arch:arm64, id:28ec87ab59657241b4e3996db85d5560732e37c3, name:My Mac }
{ platform:macOS, arch:arm64, variant:Mac Catalyst, id:28ec87ab59657241b4e3996db85d5560732e37c3, name:My Mac }
{ platform:macOS, arch:arm64, variant:DriverKit, id:28ec87ab59657241b4e3996db85d5560732e37c3, name:My Mac }
{ platform:macOS, arch:arm64, variant:Designed for [iPad,iPhone], id:28ec87ab59657241b4e3996db85d5560732e37c3, name:My Mac }
/Users/admin/builder/spi-builder-workspace/Sources/KhacCLI/main.swift:6:8: error: unable to resolve module dependency: 'KhacCLICore'
import KhacCLICore
^
/Users/admin/builder/spi-builder-workspace/Sources/KhacCLI/main.swift:6:8: note: a dependency of main module 'Khac'
import KhacCLICore
^
** BUILD FAILED **
The following build commands failed:
SwiftDriver Khac normal arm64 com.apple.xcode.tools.swift.compiler (in target 'Khac' from project 'Khac')
Building workspace spi-builder-workspace with scheme Khac-Package
(2 failures)
BUILD FAILURE 6.3 macosXcodebuild