Build Information
Failed to build FaviconFinder, reference main (3df0f6), with Swift 6.3 for Android on 26 Jun 2026 11:36:22 UTC.
Build Command
bash -c docker run --pull=always --rm -v "checkouts-53886770-0":/host -w "$PWD" -e JAVA_HOME="/root/.sdkman/candidates/java/current" -e SPI_BUILD="1" -e SPI_PROCESSING="1" registry.gitlab.com/saguaro1/spi-images:android-6.3-latest swift build --swift-sdk aarch64-unknown-linux-android28 2>&1Build Log
========================================
RunAll
========================================
Builder version: 0e64495ecc1688c3b3e031a5ef1348b5c05091ae
Interrupt handler set up.
========================================
Checkout
========================================
Clone URL: https://github.com/will-lumley/FaviconFinder.git
Reference: main
Initialized empty Git repository in /host/spi-builder-workspace/.git/
hint: Using 'master' as the name for the initial branch. This default branch name
hint: is subject to change. To configure the initial branch name to use in all
hint: of your new repositories, which will suppress this warning, call:
hint:
hint: git config --global init.defaultBranch <name>
hint:
hint: Names commonly chosen instead of 'master' are 'main', 'trunk' and
hint: 'development'. The just-created branch can be renamed via this command:
hint:
hint: git branch -m <name>
From https://github.com/will-lumley/FaviconFinder
* branch main -> FETCH_HEAD
* [new branch] main -> origin/main
HEAD is now at 3df0f6e Merge pull request #115 from will-lumley/feature/tlds
Cloned https://github.com/will-lumley/FaviconFinder.git
Revision (git rev-parse @):
3df0f6e399771134ae2c43b9796ef2996866bbf5
SUCCESS checkout https://github.com/will-lumley/FaviconFinder.git at main
========================================
Build
========================================
Selected platform: android
Swift version: 6.3
Building package at path: $PWD
https://github.com/will-lumley/FaviconFinder.git
Running build ...
bash -c docker run --pull=always --rm -v "checkouts-53886770-0":/host -w "$PWD" -e JAVA_HOME="/root/.sdkman/candidates/java/current" -e SPI_BUILD="1" -e SPI_PROCESSING="1" registry.gitlab.com/saguaro1/spi-images:android-6.3-latest swift build --swift-sdk aarch64-unknown-linux-android28 2>&1
android-6.3-latest: Pulling from saguaro1/spi-images
Digest: sha256:451958f7df55f9af673f8b0851dc526f2aee3222db374ae53b89fa21ad564bc8
Status: Image is up to date for registry.gitlab.com/saguaro1/spi-images:android-6.3-latest
Fetching https://github.com/swift-server/async-http-client.git
Fetching https://github.com/scinfu/SwiftSoup.git
[1/6014] Fetching swiftsoup
[6015/21986] Fetching swiftsoup, async-http-client
Fetched https://github.com/scinfu/SwiftSoup.git from cache (0.60s)
[160/15972] Fetching async-http-client
Fetched https://github.com/swift-server/async-http-client.git from cache (0.91s)
Computing version for https://github.com/scinfu/SwiftSoup.git
Computed https://github.com/scinfu/SwiftSoup.git at 2.13.5 (1.05s)
Computing version for https://github.com/swift-server/async-http-client.git
Computed https://github.com/swift-server/async-http-client.git at 1.34.0 (0.16s)
Fetching https://github.com/apple/swift-algorithms.git
Fetching https://github.com/apple/swift-configuration.git
Fetching https://github.com/apple/swift-nio-transport-services.git
Fetching https://github.com/apple/swift-log.git
Fetching https://github.com/apple/swift-service-context.git
Fetching https://github.com/apple/swift-distributed-tracing.git
[1/1295] Fetching swift-service-context
[14/8893] Fetching swift-service-context, swift-log
[1505/12175] Fetching swift-service-context, swift-log, swift-configuration
[9699/17990] Fetching swift-service-context, swift-log, swift-configuration, swift-distributed-tracing
[9776/24053] Fetching swift-service-context, swift-log, swift-configuration, swift-distributed-tracing, swift-algorithms
[10926/26913] Fetching swift-service-context, swift-log, swift-configuration, swift-distributed-tracing, swift-algorithms, swift-nio-transport-services
Fetched https://github.com/apple/swift-log.git from cache (0.50s)
[17976/19315] Fetching swift-service-context, swift-configuration, swift-distributed-tracing, swift-algorithms, swift-nio-transport-services
Fetching https://github.com/apple/swift-atomics.git
Fetched https://github.com/apple/swift-service-context.git from cache (0.55s)
Fetched https://github.com/apple/swift-algorithms.git from cache (0.55s)
Fetching https://github.com/apple/swift-nio-extras.git
Fetching https://github.com/apple/swift-nio-ssl.git
Fetched https://github.com/apple/swift-nio-transport-services.git from cache (0.56s)
Fetched https://github.com/apple/swift-configuration.git from cache (0.56s)
Fetching https://github.com/apple/swift-nio.git
Fetching https://github.com/apple/swift-nio-http2.git
Fetched https://github.com/apple/swift-distributed-tracing.git from cache (0.56s)
[1/1868] Fetching swift-atomics
Fetched https://github.com/apple/swift-atomics.git from cache (0.49s)
[1/6543] Fetching swift-nio-extras
[6544/22124] Fetching swift-nio-extras, swift-nio-ssl
[6700/106278] Fetching swift-nio-extras, swift-nio-ssl, swift-nio
[7792/118401] Fetching swift-nio-extras, swift-nio-ssl, swift-nio, swift-nio-http2
Fetched https://github.com/apple/swift-nio-extras.git from cache (1.27s)
Fetched https://github.com/apple/swift-nio-ssl.git from cache (1.28s)
[53359/96277] Fetching swift-nio, swift-nio-http2
Fetched https://github.com/apple/swift-nio-http2.git from cache (1.35s)
[51334/84154] Fetching swift-nio
Fetched https://github.com/apple/swift-nio.git from cache (3.03s)
Computing version for https://github.com/apple/swift-service-context.git
Computed https://github.com/apple/swift-service-context.git at 1.3.0 (3.74s)
Computing version for https://github.com/apple/swift-distributed-tracing.git
Computed https://github.com/apple/swift-distributed-tracing.git at 1.4.1 (0.14s)
Computing version for https://github.com/apple/swift-algorithms.git
Computed https://github.com/apple/swift-algorithms.git at 1.2.1 (0.85s)
Fetching https://github.com/apple/swift-numerics.git
[1/6429] Fetching swift-numerics
Fetched https://github.com/apple/swift-numerics.git from cache (0.51s)
Computing version for https://github.com/apple/swift-nio.git
Computed https://github.com/apple/swift-nio.git at 2.101.2 (0.77s)
Fetching https://github.com/apple/swift-system.git
Fetching https://github.com/apple/swift-collections.git
[1/5925] Fetching swift-system
[1897/31164] Fetching swift-system, swift-collections
Fetched https://github.com/apple/swift-system.git from cache (0.56s)
[2020/25239] Fetching swift-collections
Fetched https://github.com/apple/swift-collections.git from cache (1.03s)
Computing version for https://github.com/apple/swift-atomics.git
Computed https://github.com/apple/swift-atomics.git at 1.3.1 (1.18s)
Computing version for https://github.com/apple/swift-configuration.git
Computed https://github.com/apple/swift-configuration.git at 1.2.0 (0.76s)
Fetching https://github.com/swift-server/swift-service-lifecycle
[1/2764] Fetching swift-service-lifecycle
Fetched https://github.com/swift-server/swift-service-lifecycle from cache (0.49s)
Computing version for https://github.com/apple/swift-numerics.git
Computed https://github.com/apple/swift-numerics.git at 1.1.1 (0.63s)
Computing version for https://github.com/apple/swift-collections.git
Computed https://github.com/apple/swift-collections.git at 1.6.0 (0.22s)
Computing version for https://github.com/swift-server/swift-service-lifecycle
Computed https://github.com/swift-server/swift-service-lifecycle at 2.11.0 (0.13s)
Fetching https://github.com/apple/swift-async-algorithms.git
[1/6553] Fetching swift-async-algorithms
Fetched https://github.com/apple/swift-async-algorithms.git from cache (0.55s)
Computing version for https://github.com/apple/swift-async-algorithms.git
Computed https://github.com/apple/swift-async-algorithms.git at 1.1.4 (0.73s)
Computing version for https://github.com/apple/swift-nio-transport-services.git
Computed https://github.com/apple/swift-nio-transport-services.git at 1.28.0 (0.14s)
Computing version for https://github.com/apple/swift-nio-http2.git
Computed https://github.com/apple/swift-nio-http2.git at 1.44.0 (0.15s)
Computing version for https://github.com/apple/swift-system.git
Computed https://github.com/apple/swift-system.git at 1.7.2 (0.16s)
Computing version for https://github.com/apple/swift-nio-ssl.git
Computed https://github.com/apple/swift-nio-ssl.git at 2.37.1 (0.17s)
Computing version for https://github.com/apple/swift-log.git
Computed https://github.com/apple/swift-log.git at 1.14.0 (0.14s)
Computing version for https://github.com/apple/swift-nio-extras.git
Computed https://github.com/apple/swift-nio-extras.git at 1.34.1 (0.19s)
Fetching https://github.com/apple/swift-http-types.git
Fetching https://github.com/apple/swift-asn1.git
Fetching https://github.com/apple/swift-http-structured-headers.git
Fetching https://github.com/apple/swift-certificates.git
[1/1905] Fetching swift-asn1
[763/3124] Fetching swift-asn1, swift-http-types
[3125/10452] Fetching swift-asn1, swift-http-types, swift-certificates
[10453/11701] Fetching swift-asn1, swift-http-types, swift-certificates, swift-http-structured-headers
Fetched https://github.com/apple/swift-certificates.git from cache (0.63s)
[3512/4373] Fetching swift-asn1, swift-http-types, swift-http-structured-headers
Fetched https://github.com/apple/swift-http-structured-headers.git from cache (0.71s)
Fetched https://github.com/apple/swift-http-types.git from cache (0.71s)
Fetched https://github.com/apple/swift-asn1.git from cache (0.71s)
Computing version for https://github.com/apple/swift-http-types.git
Computed https://github.com/apple/swift-http-types.git at 1.6.0 (0.86s)
Computing version for https://github.com/apple/swift-asn1.git
Computed https://github.com/apple/swift-asn1.git at 1.7.1 (0.31s)
Computing version for https://github.com/apple/swift-http-structured-headers.git
Computed https://github.com/apple/swift-http-structured-headers.git at 1.7.0 (0.14s)
Computing version for https://github.com/apple/swift-certificates.git
Computed https://github.com/apple/swift-certificates.git at 1.19.2 (0.19s)
Fetching https://github.com/apple/swift-crypto.git
[1/17761] Fetching swift-crypto
Fetched https://github.com/apple/swift-crypto.git from cache (1.27s)
Computing version for https://github.com/apple/swift-crypto.git
Computed https://github.com/apple/swift-crypto.git at 4.5.0 (1.51s)
Creating working copy for https://github.com/apple/swift-collections.git
Working copy of https://github.com/apple/swift-collections.git resolved at 1.6.0
Creating working copy for https://github.com/apple/swift-crypto.git
Working copy of https://github.com/apple/swift-crypto.git resolved at 4.5.0
Creating working copy for https://github.com/apple/swift-nio-extras.git
Working copy of https://github.com/apple/swift-nio-extras.git resolved at 1.34.1
Creating working copy for https://github.com/apple/swift-atomics.git
Working copy of https://github.com/apple/swift-atomics.git resolved at 1.3.1
Creating working copy for https://github.com/swift-server/async-http-client.git
Working copy of https://github.com/swift-server/async-http-client.git resolved at 1.34.0
Creating working copy for https://github.com/apple/swift-distributed-tracing.git
Working copy of https://github.com/apple/swift-distributed-tracing.git resolved at 1.4.1
Creating working copy for https://github.com/apple/swift-async-algorithms.git
Working copy of https://github.com/apple/swift-async-algorithms.git resolved at 1.1.4
Creating working copy for https://github.com/apple/swift-nio.git
Working copy of https://github.com/apple/swift-nio.git resolved at 2.101.2
Creating working copy for https://github.com/apple/swift-certificates.git
Working copy of https://github.com/apple/swift-certificates.git resolved at 1.19.2
Creating working copy for https://github.com/apple/swift-configuration.git
Working copy of https://github.com/apple/swift-configuration.git resolved at 1.2.0
Creating working copy for https://github.com/swift-server/swift-service-lifecycle
Working copy of https://github.com/swift-server/swift-service-lifecycle resolved at 2.11.0
Creating working copy for https://github.com/apple/swift-asn1.git
Working copy of https://github.com/apple/swift-asn1.git resolved at 1.7.1
Creating working copy for https://github.com/apple/swift-numerics.git
Working copy of https://github.com/apple/swift-numerics.git resolved at 1.1.1
Creating working copy for https://github.com/apple/swift-log.git
Working copy of https://github.com/apple/swift-log.git resolved at 1.14.0
Creating working copy for https://github.com/apple/swift-nio-http2.git
Working copy of https://github.com/apple/swift-nio-http2.git resolved at 1.44.0
Creating working copy for https://github.com/apple/swift-system.git
Working copy of https://github.com/apple/swift-system.git resolved at 1.7.2
Creating working copy for https://github.com/apple/swift-nio-ssl.git
Working copy of https://github.com/apple/swift-nio-ssl.git resolved at 2.37.1
Creating working copy for https://github.com/apple/swift-nio-transport-services.git
Working copy of https://github.com/apple/swift-nio-transport-services.git resolved at 1.28.0
Creating working copy for https://github.com/apple/swift-algorithms.git
Working copy of https://github.com/apple/swift-algorithms.git resolved at 1.2.1
Creating working copy for https://github.com/scinfu/SwiftSoup.git
Working copy of https://github.com/scinfu/SwiftSoup.git resolved at 2.13.5
Creating working copy for https://github.com/apple/swift-http-structured-headers.git
Working copy of https://github.com/apple/swift-http-structured-headers.git resolved at 1.7.0
Creating working copy for https://github.com/apple/swift-http-types.git
Working copy of https://github.com/apple/swift-http-types.git resolved at 1.6.0
Creating working copy for https://github.com/apple/swift-service-context.git
Working copy of https://github.com/apple/swift-service-context.git resolved at 1.3.0
Building for debugging...
[0/456] Write sources
[23/456] Compiling _NumericsShims _NumericsShims.c
[24/456] Write sources
[27/456] Compiling _AtomicsShims.c
[28/456] Compiling CNIOWindows WSAStartup.c
[29/456] Compiling CNIOPosix event_loop_id.c
[30/456] Compiling CNIOWASI CNIOWASI.c
[31/456] Compiling CNIOWindows shim.c
[32/456] Compiling CNIOOpenBSD shim.c
[33/456] Compiling CNIOLinux liburing_shims.c
[34/456] Compiling CNIOFreeBSD shim.c
[35/456] Compiling CNIOLLHTTP c_nio_http.c
[36/456] Compiling CSystem shims.c
[37/456] Write swift-version-272D24FF697CF451.txt
[38/456] Compiling CNIOExtrasZlib zutil.c
[39/456] Compiling CNIOLinux shim.c
[40/456] Compiling CNIOExtrasZlib inftrees.c
[41/456] Compiling CNIOLLHTTP c_nio_api.c
[42/456] Compiling CNIOExtrasZlib inffast.c
[43/456] Compiling CNIOExtrasZlib trees.c
[44/461] Compiling CNIOExtrasZlib inflate.c
[45/577] Compiling CNIOLLHTTP c_nio_llhttp.c
[47/595] Emitting module InternalCollectionsUtilities
[48/597] Emitting module Logging
[49/598] Emitting module SystemPackage
[50/603] Compiling RealModule RealFunctions.swift
[51/604] Compiling RealModule RelaxedArithmetic.swift
[52/604] Emitting module ServiceContextModule
[53/604] Compiling ServiceContextModule ServiceContextKey.swift
[54/604] Compiling ServiceContextModule ServiceContext.swift
[55/605] Emitting module RealModule
[57/605] Compiling InternalCollectionsUtilities Integer rank.swift
[58/605] Compiling InternalCollectionsUtilities UInt+first and last set bit.swift
[59/605] Compiling InternalCollectionsUtilities UInt+reversed.swift
[60/605] Compiling InternalCollectionsUtilities _SortedCollection.swift
[61/605] Compiling InternalCollectionsUtilities _UniqueCollection.swift
[62/605] Compiling RealModule Real.swift
[63/605] Compiling RealModule Float80+Real.swift
[64/605] Compiling _NIODataStructures PriorityQueue.swift
[65/605] Compiling _NIODataStructures _TinyArray.swift
[66/605] Compiling Logging LoggingSystem.swift
[67/605] Compiling InternalCollectionsUtilities UnsafeMutableRawBufferPointer+Extras.swift
[68/605] Compiling InternalCollectionsUtilities UnsafeRawBufferPointer+Extras.swift
[69/605] Compiling SystemPackage FilePermissions.swift
[70/605] Compiling SystemPackage FileFlags.swift
[71/605] Compiling SystemPackage FileMode.swift
[72/605] Compiling SystemPackage FileType.swift
[73/605] Compiling SystemPackage Identifiers.swift
[74/605] Compiling InternalCollectionsUtilities _UnsafeBitSet+_Word.swift
[75/605] Compiling InternalCollectionsUtilities _UnsafeBitSet.swift
[76/605] Compiling InternalCollectionsUtilities Debugging.swift
[77/605] Compiling InternalCollectionsUtilities Descriptions.swift
[78/605] Compiling InternalCollectionsUtilities FixedWidthInteger+roundUpToPowerOfTwo.swift
[79/605] Compiling InternalCollectionsUtilities String+Padding.swift
[80/605] Compiling InternalCollectionsUtilities _UnsafeBitSet+Index.swift
[81/605] Compiling InternalCollectionsUtilities UnsafeBufferPointer+Extras.swift
[82/605] Compiling InternalCollectionsUtilities UnsafeMutableBufferPointer+Extras.swift
[83/605] Compiling InternalCollectionsUtilities LifetimeOverride.swift
[84/605] Compiling InternalCollectionsUtilities RandomAccessCollection+Offsets.swift
[85/605] Compiling InternalCollectionsUtilities Span+Extras.swift
[86/606] Compiling _NIODataStructures Heap.swift
[87/606] Emitting module _NIODataStructures
[88/607] Compiling Logging Logger+Attributes.swift
[90/607] Compiling CNIOExtrasZlib deflate.c
[94/607] Compiling _NIOBase64 Base64.swift
[95/607] Compiling RealModule Float16+Real.swift
[96/607] Emitting module _NIOBase64
[104/615] Compiling CNIODarwin shim.c
[105/615] Compiling CNIOExtrasZlib adler32.c
[106/615] Compiling CNIOExtrasZlib crc32.c
[107/616] Compiling fiat_p256_adx_sqr.S
[109/651] Compiling Instrumentation Instrument.swift
[109/651] Compiling fiat_p256_adx_mul.S
[110/651] Compiling fiat_curve25519_adx_square.S
[112/651] Compiling Logging Logger.swift
[113/651] Compiling Logging Logger+With.swift
[114/651] Emitting module Instrumentation
[115/651] Compiling Instrumentation MultiplexInstrument.swift
[116/651] Compiling Instrumentation NoOpInstrument.swift
[117/651] Compiling SystemPackage SystemString.swift
[118/651] Compiling SystemPackage Util+StringArray.swift
[119/651] Compiling SystemPackage Util.swift
[120/651] Compiling SystemPackage UtilConsumers.swift
[121/651] Compiling SystemPackage WinSDK+Overlay.swift
[122/651] Compiling ContainersPreview BorrowingIteratorProtocol+Map.swift
[123/651] Compiling ContainersPreview BorrowingIteratorProtocol+Reduce.swift
[124/651] Compiling ContainersPreview BorrowingIteratorProtocol+SpanwiseZip.swift
[125/651] Compiling ContainersPreview BorrowingIteratorProtocol.swift
[126/651] Compiling ContainersPreview BorrowingSequence+Algorithms.swift
[127/655] Compiling ContainersPreview BorrowingSequence+Standard Conformances.swift
[128/655] Compiling ContainersPreview BorrowingSequence+Utilities.swift
[129/655] Compiling ContainersPreview BorrowingSequence.swift
[130/655] Compiling ContainersPreview BidirectionalContainer.swift
[131/655] Compiling ContainersPreview Container+Filter.swift
[131/655] Compiling fiat_curve25519_adx_mul.S
[133/655] Compiling ContainersPreview Container+SpanwiseZip.swift
[134/655] Compiling ContainersPreview Container.swift
[135/655] Compiling ContainersPreview ContainerIterator.swift
[136/655] Compiling ContainersPreview DynamicContainer.swift
[137/655] Compiling ContainersPreview MutableContainer.swift
[138/655] Compiling ContainersPreview Drain+Map.swift
[139/655] Compiling ContainersPreview Drain+Reduce.swift
[140/655] Compiling ContainersPreview Drain.swift
[141/655] Compiling ContainersPreview Producer+Collect.swift
[142/655] Compiling ContainersPreview Producer+Filter.swift
[143/655] Compiling Instrumentation InstrumentationSystem.swift
[144/655] Compiling ContainersPreview PermutableContainer.swift
[145/655] Compiling ContainersPreview RandomAccessContainer.swift
[146/655] Compiling ContainersPreview RangeExpression2.swift
[147/655] Compiling ContainersPreview RangeReplaceableContainer.swift
[148/655] Compiling ContainersPreview Strideable+Limits.swift
[149/655] Emitting module ContainersPreview
[150/655] Compiling ContainersPreview Producer+Map.swift
[151/655] Compiling ContainersPreview Producer+Reduce.swift
[152/655] Compiling ContainersPreview Producer.swift
[153/655] Compiling ContainersPreview InputSpan.swift
[154/655] Compiling ContainersPreview MutableRef.swift
[155/655] Compiling ContainersPreview Ref.swift
[156/655] Compiling ContainersPreview Shared.swift
[157/655] Compiling ContainersPreview SpanIterator.swift
[158/655] Compiling ContainersPreview UniqueBox.swift
[159/655] Compiling ContainersPreview OutputSpan+Extras.swift
[160/655] Compiling ContainersPreview TemporaryAllocation.swift
[161/655] Compiling ContainersPreview BorrowingIteratorProtocol+Copy.swift
[162/655] Compiling ContainersPreview BorrowingIteratorProtocol+ElementsEqual.swift
[163/655] Compiling ContainersPreview BorrowingIteratorProtocol+Filter.swift
[164/656] Compiling CNIOBoringSSLShims shims.c
[166/697] Compiling DequeModule _DequeBuffer.swift
[167/697] Compiling DequeModule _DequeBufferHeader.swift
[168/697] Compiling DequeModule RigidDeque+Append.swift
[169/697] Compiling DequeModule RigidDeque+Consumption.swift
[170/697] Compiling DequeModule RigidDeque+Container.swift
[171/697] Compiling DequeModule RigidDeque+Descriptions.swift
[172/702] Compiling DequeModule UniqueDeque+Hashable.swift
[173/702] Compiling DequeModule UniqueDeque+Initializers.swift
[174/702] Compiling DequeModule UniqueDeque+Insertions.swift
[175/702] Compiling DequeModule UniqueDeque+Prepend.swift
[176/702] Compiling DequeModule UniqueDeque+Removals.swift
[177/702] Compiling DequeModule UniqueDeque+Container.swift
[178/702] Compiling DequeModule UniqueDeque+Deprecated.swift
[179/702] Compiling DequeModule UniqueDeque+Descriptions.swift
[180/702] Compiling DequeModule UniqueDeque+Equatable.swift
[181/702] Compiling DequeModule UniqueDeque+Experimental.swift
[182/702] Compiling DequeModule RigidDeque+Equatable.swift
[183/702] Compiling DequeModule RigidDeque+Experimental.swift
[184/702] Compiling DequeModule RigidDeque+Hashable.swift
[185/702] Compiling DequeModule RigidDeque+Initializers.swift
[186/702] Compiling DequeModule RigidDeque+Insertions.swift
[187/702] Compiling DequeModule RigidDeque+Prepend.swift
[188/702] Compiling DequeModule RigidDeque+Removals.swift
[189/702] Compiling DequeModule RigidDeque+Replacements.swift
[190/702] Compiling DequeModule RigidDeque+Testing.swift
[191/702] Compiling DequeModule RigidDeque.swift
[192/702] Compiling DequeModule UniqueDeque+Append.swift
[193/702] Compiling DequeModule UniqueDeque+Consumption.swift
[193/702] Compiling tls_record.cc
[194/702] Compiling tls_method.cc
[196/702] Compiling DequeModule Deque+Extras.swift
[197/702] Compiling DequeModule Deque+Hashable.swift
[198/702] Compiling DequeModule Deque+Testing.swift
[199/702] Compiling DequeModule Deque._Storage.swift
[200/702] Compiling DequeModule Deque._UnsafeHandle.swift
[201/702] Compiling DequeModule Deque.swift
[203/702] Compiling DequeModule Deque+Codable.swift
[204/702] Compiling DequeModule Deque+Collection.swift
[205/702] Compiling DequeModule Deque+CustomReflectable.swift
[206/702] Compiling DequeModule Deque+Descriptions.swift
[212/702] Compiling DequeModule Deque+Equatable.swift
[213/702] Compiling DequeModule Deque+ExpressibleByArrayLiteral.swift
[233/703] Compiling Logging MetadataProvider.swift
[238/704] Compiling tls13_server.cc
[240/704] Compiling Instrumentation Locks.swift
[241/705] Compiling tls13_client.cc
[243/713] Compiling Tracing TracingTime.swift
[266/720] Compiling Tracing Tracer.swift
[267/720] Emitting module Tracing
[268/720] Compiling DequeModule UniqueDeque+Replacements.swift
[269/720] Compiling DequeModule UniqueDeque.swift
[270/720] Compiling DequeModule _DequeSlot.swift
[271/720] Compiling DequeModule _UnsafeDequeHandle.swift
[272/720] Compiling DequeModule _UnsafeDequeSegments.swift
[272/720] Compiling tls13_enc.cc
[274/720] Compiling Tracing TracerProtocol.swift
[275/720] Compiling Tracing TracerProtocol+Legacy.swift
[283/720] Compiling tls13_both.cc
[285/720] Compiling Tracing InstrumentationSystem+Tracing.swift
[286/720] Compiling Tracing SpanProtocol.swift
[287/720] Compiling Tracing NoOpTracer.swift
[288/721] Compiling t1_enc.cc
[289/721] Compiling ssl_versions.cc
[291/721] Compiling SwiftSoup HtmlTreeBuilderState.swift
[292/721] Compiling SwiftSoup LRUCache.swift
[293/721] Compiling SwiftSoup Mutex.swift
[294/721] Compiling SwiftSoup Node.swift
[295/721] Compiling SwiftSoup NodeTraversor.swift
[296/721] Compiling SwiftSoup NodeVisitor.swift
[297/721] Compiling SwiftSoup OrderedSet.swift
[298/721] Compiling SwiftSoup ParseError.swift
[298/721] Compiling ssl_x509.cc
[300/721] Emitting module SwiftSoup
[307/721] Emitting module DequeModule
[308/765] Compiling ssl_transcript.cc
[309/765] Compiling ssl_privkey.cc
[310/765] Compiling ssl_stat.cc
[311/765] Compiling ssl_session.cc
[313/765] Emitting module Configuration
[313/770] Compiling ssl_lib.cc
[315/770] Compiling SwiftSoup TreeBuilder.swift
[316/770] Compiling SwiftSoup UTF8Arrays.swift
[317/770] Compiling SwiftSoup UnicodeScalar.swift
[318/770] Compiling SwiftSoup Validate.swift
[319/770] Compiling SwiftSoup Whitelist.swift
[320/770] Compiling SwiftSoup XmlDeclaration.swift
[321/770] Compiling SwiftSoup XmlTreeBuilder.swift
[321/770] Compiling ssl_key_share.cc
[322/770] Compiling ssl_file.cc
[323/770] Compiling ssl_credential.cc
[324/770] Compiling ssl_cipher.cc
[326/770] Compiling Configuration ReloadingFileProvider.swift
[327/770] Compiling Configuration ReloadingFileProviderMetrics.swift
[328/770] Compiling Configuration YAMLSnapshot.swift
[329/770] Compiling Configuration InMemoryProvider.swift
[330/770] Compiling Configuration CombineLatestManyStorage.swift
[331/770] Compiling Configuration AsyncSequences.swift
[332/770] Compiling Configuration FoundationExtensions.swift
[332/770] Compiling ssl_cert.cc
[333/770] Compiling ssl_asn1.cc
[334/770] Compiling ssl_buffer.cc
[335/770] Compiling s3_pkt.cc
[336/770] Compiling ssl_aead_ctx.cc
[338/770] Compiling Configuration EnvironmentKeyEncoder.swift
[339/770] Compiling Configuration EnvironmentVariablesProvider.swift
[340/770] Compiling Configuration CommonProviderFileSystem.swift
[341/770] Compiling Configuration DirectoryFilesProvider.swift
[342/770] Compiling Configuration FileProvider.swift
[343/770] Compiling Configuration FileProviderSnapshot.swift
[344/770] Compiling Configuration SeparatorKeyEncoder.swift
[345/770] Compiling Configuration MultiProvider.swift
[346/770] Compiling Configuration CLIArgumentParser.swift
[347/770] Compiling Configuration CLISnapshot.swift
[348/770] Compiling Configuration CommandLineArgumentsProvider.swift
[349/770] Compiling Configuration EnvironmentFileParser.swift
[353/770] Compiling Configuration Span.swift
[354/770] Compiling Configuration ConfigBytesFromStringDecoder.swift
[355/770] Compiling Configuration AccessReporter.swift
[356/770] Compiling Configuration AccessLogger.swift
[357/770] Compiling Configuration FileAccessLogger.swift
[358/770] Compiling Configuration ConfigContext.swift
[359/770] Compiling Configuration ConfigKey.swift
[360/770] Compiling Configuration ConfigProvider.swift
[360/770] Compiling s3_lib.cc
[362/770] Compiling Configuration JSONSnapshot.swift
[363/770] Compiling Configuration PropertyListSnapshot.swift
[368/770] Compiling Configuration MutableInMemoryProvider.swift
[369/770] Compiling Configuration ConfigProvider+Operators.swift
[370/770] Compiling Configuration KeyMappingProvider.swift
[371/770] Compiling Configuration SecretsSpecifier.swift
[372/770] Compiling Configuration AsyncCombineLatestManySequence.swift
[373/770] Compiling Configuration CombineLatestManyStateMachine.swift
[382/771] Compiling s3_both.cc
[383/771] Compiling handshake_server.cc
[384/771] Compiling handshake_client.cc
[386/771] Compiling Configuration Deprecations.swift
[387/771] Compiling Configuration ExpressibleByConfigInt.swift
[388/771] Compiling Configuration ExpressibleByConfigString.swift
[389/771] Compiling Configuration CLIKeyEncoder.swift
[390/771] Compiling Configuration ConfigKeyEncoder.swift
[391/771] Compiling Configuration DotSeparatorKeyDecoder.swift
[392/771] Compiling Configuration ConfigProviderHelpers.swift
[393/771] Compiling Configuration ConfigReader+internalHelpers.swift
[394/771] Compiling Configuration ConfigReader+methods.swift
[395/771] Compiling Configuration ConfigReader.swift
[396/771] Compiling Configuration ConfigSnapshotReader+methods.swift
[397/771] Compiling Configuration ConfigSnapshotReader.swift
[398/772] Compiling handoff.cc
[399/772] Compiling handshake.cc
[400/772] Compiling extensions.cc
[401/772] Compiling dtls_record.cc
[402/772] Compiling md5-x86_64-linux.S
[403/772] Compiling encrypted_client_hello.cc
[404/772] Compiling md5-586-linux.S
[405/772] Compiling md5-x86_64-apple.S
[406/772] Compiling md5-586-apple.S
[407/772] Compiling chacha20_poly1305_x86_64-linux.S
[408/772] Compiling dtls_method.cc
[409/772] Compiling chacha20_poly1305_x86_64-apple.S
[410/772] Compiling chacha20_poly1305_armv8-win.S
[411/772] Compiling chacha20_poly1305_armv8-apple.S
[412/772] Compiling chacha20_poly1305_armv8-linux.S
[413/772] Compiling chacha-x86_64-linux.S
[414/772] Compiling d1_srtp.cc
[415/772] Compiling chacha-x86_64-apple.S
[416/772] Compiling chacha-x86-apple.S
[417/772] Compiling chacha-x86-linux.S
[418/772] Compiling chacha-armv8-win.S
[419/772] Compiling chacha-armv8-apple.S
[420/772] Compiling chacha-armv4-linux.S
[421/772] Compiling chacha-armv8-linux.S
[422/772] Compiling aes128gcmsiv-x86_64-linux.S
[423/772] Compiling aes128gcmsiv-x86_64-apple.S
[424/772] Compiling x86_64-mont5-linux.S
[425/772] Compiling x86_64-mont5-apple.S
[426/772] Compiling x86_64-mont-linux.S
[427/772] Compiling x86_64-mont-apple.S
[428/772] Compiling x86-mont-linux.S
[429/772] Compiling x86-mont-apple.S
[430/772] Compiling vpaes-x86_64-linux.S
[431/772] Compiling vpaes-x86_64-apple.S
[432/772] Compiling d1_pkt.cc
[433/772] Compiling vpaes-x86-linux.S
[434/772] Compiling err_data.cc
[435/772] Compiling vpaes-armv8-win.S
[436/772] Compiling vpaes-x86-apple.S
[437/772] Compiling vpaes-armv8-linux.S
[438/772] Compiling d1_lib.cc
[439/772] Compiling vpaes-armv8-apple.S
[440/772] Compiling vpaes-armv7-linux.S
[441/772] Compiling sha512-x86_64-linux.S
[442/772] Compiling sha512-x86_64-apple.S
[443/772] Compiling sha512-armv8-win.S
[444/772] Compiling sha512-armv8-apple.S
[445/772] Compiling sha512-armv4-linux.S
[446/772] Compiling sha512-586-apple.S
[447/772] Compiling sha512-586-linux.S
[448/772] Compiling sha512-armv8-linux.S
[449/772] Compiling sha256-x86_64-linux.S
[450/772] Compiling sha256-armv8-win.S
[451/772] Compiling sha256-x86_64-apple.S
[452/772] Compiling sha256-armv8-apple.S
[453/772] Compiling sha256-armv4-linux.S
[454/772] Compiling sha256-586-linux.S
[455/772] Compiling sha256-armv8-linux.S
[456/772] Compiling sha256-586-apple.S
[457/772] Compiling d1_both.cc
[458/772] Compiling sha1-x86_64-linux.S
[459/772] Compiling sha1-x86_64-apple.S
[460/772] Compiling sha1-armv8-win.S
[461/772] Compiling sha1-armv4-large-linux.S
[461/772] Compiling sha1-armv8-apple.S
[463/772] Compiling sha1-586-apple.S
[463/772] Compiling sha1-586-linux.S
[465/772] Compiling sha1-armv8-linux.S
[466/772] Compiling rsaz-avx2-linux.S
[467/772] Compiling rsaz-avx2-apple.S
[468/772] Compiling rdrand-x86_64-apple.S
[469/772] Compiling rdrand-x86_64-linux.S
[469/772] Compiling p256_beeu-x86_64-asm-linux.S
[471/772] Compiling p256_beeu-x86_64-asm-apple.S
[472/772] Compiling p256_beeu-armv8-asm-win.S
[473/772] Compiling p256_beeu-armv8-asm-linux.S
[474/772] Compiling p256_beeu-armv8-asm-apple.S
[475/772] Compiling p256-armv8-asm-win.S
[476/772] Compiling p256-x86_64-asm-apple.S
[477/772] Compiling p256-x86_64-asm-linux.S
[478/772] Compiling p256-armv8-asm-linux.S
[479/772] Compiling p256-armv8-asm-apple.S
[479/772] Compiling ghashv8-armv8-win.S
[481/772] Compiling bio_ssl.cc
[482/772] Compiling ghashv8-armv8-linux.S
[483/772] Compiling ghashv8-armv8-apple.S
[484/772] Compiling ghash-x86_64-linux.S
[484/772] Compiling ghashv8-armv7-linux.S
[486/772] Compiling ghash-x86_64-apple.S
[487/772] Compiling ghash-x86-linux.S
[488/772] Compiling ghash-x86-apple.S
[489/772] Compiling ghash-ssse3-x86_64-linux.S
[490/772] Compiling ghash-ssse3-x86-linux.S
[491/772] Compiling ghash-ssse3-x86_64-apple.S
[492/772] Compiling ghash-ssse3-x86-apple.S
[493/772] Compiling ghash-neon-armv8-win.S
[494/772] Compiling ghash-neon-armv8-linux.S
[495/772] Compiling ghash-neon-armv8-apple.S
[496/772] Compiling ghash-armv4-linux.S
[496/772] Compiling co-586-linux.S
[498/772] Compiling bsaes-armv7-linux.S
[499/772] Compiling bn-armv8-win.S
[500/772] Compiling co-586-apple.S
[501/772] Compiling bn-armv8-linux.S
[502/772] Compiling bn-armv8-apple.S
[503/772] Compiling bn-586-linux.S
[504/772] Compiling bn-586-apple.S
[505/772] Compiling armv8-mont-win.S
[506/772] Compiling armv8-mont-apple.S
[507/772] Compiling armv4-mont-linux.S
[508/772] Compiling armv8-mont-linux.S
[509/772] Compiling aesv8-gcm-armv8-win.S
[510/772] Compiling aesv8-gcm-armv8-apple.S
[511/772] Compiling aesv8-armv8-win.S
[512/772] Compiling aesv8-gcm-armv8-linux.S
[513/772] Compiling aesv8-armv8-apple.S
[513/772] Compiling aesv8-armv8-linux.S
[515/772] Compiling aesv8-armv7-linux.S
[516/772] Compiling aesni-x86_64-linux.S
[517/772] Compiling aesni-x86-linux.S
[518/772] Compiling aesni-x86_64-apple.S
[519/772] Compiling aesni-x86-apple.S
[520/772] Compiling aesni-gcm-x86_64-linux.S
[521/772] Compiling aesni-gcm-x86_64-apple.S
[522/772] Compiling aes-gcm-avx2-x86_64-linux.S
[523/772] Compiling aes-gcm-avx2-x86_64-apple.S
[524/772] Compiling aes-gcm-avx10-x86_64-linux.S
[525/772] Compiling aes-gcm-avx10-x86_64-apple.S
[526/772] Compiling x_val.cc
[527/772] Compiling x_req.cc
[528/772] Compiling x_x509a.cc
[529/772] Compiling x_spki.cc
[530/772] Compiling x_x509.cc
[531/772] Compiling x_pubkey.cc
[532/772] Compiling x_sig.cc
[533/772] Compiling x_name.cc
[534/772] Compiling x_exten.cc
[535/772] Compiling x_algor.cc
[536/772] Compiling x_attrib.cc
[537/772] Compiling x509spki.cc
[538/772] Compiling x_crl.cc
[539/772] Compiling x509rset.cc
[540/772] Compiling x_all.cc
[541/772] Compiling x509name.cc
[542/772] Compiling x509_txt.cc
[543/772] Compiling x509cset.cc
[544/772] Compiling x509_v3.cc
[545/772] Compiling x509_vpm.cc
[546/772] Compiling x509_trs.cc
[546/772] Compiling x509_set.cc
[548/772] Compiling x509_vfy.cc
[548/772] Compiling x509_req.cc
[550/772] Compiling x509_obj.cc
[551/772] Compiling x509_def.cc
[552/772] Compiling x509_d2.cc
[553/772] Compiling x509_lu.cc
[554/772] Compiling x509.cc
[555/772] Compiling x509_ext.cc
[556/772] Compiling x509_cmp.cc
[557/772] Compiling x509_att.cc
[558/772] Compiling v3_skey.cc
[559/772] Compiling v3_prn.cc
[560/772] Compiling v3_ocsp.cc
[561/772] Compiling v3_pmaps.cc
[562/772] Compiling v3_purp.cc
[563/772] Compiling v3_pcons.cc
[564/772] Compiling v3_utl.cc
[565/772] Compiling v3_ncons.cc
[566/772] Compiling v3_int.cc
[567/772] Compiling v3_lib.cc
[568/772] Compiling v3_ia5.cc
[569/772] Compiling v3_extku.cc
[570/772] Compiling v3_info.cc
[571/772] Compiling v3_genn.cc
[572/772] Compiling v3_enum.cc
[573/772] Compiling v3_crld.cc
[574/772] Compiling v3_cpols.cc
[575/772] Compiling v3_conf.cc
[576/772] Compiling v3_bitst.cc
[577/772] Compiling v3_bcons.cc
[578/772] Compiling v3_akey.cc
[579/772] Compiling v3_akeya.cc
[580/772] Compiling v3_alt.cc
[581/772] Compiling t_x509a.cc
[582/772] Compiling i2d_pr.cc
[583/772] Compiling t_x509.cc
[584/772] Compiling t_crl.cc
[585/772] Compiling t_req.cc
[586/772] Compiling name_print.cc
[587/772] Compiling rsa_pss.cc
[588/772] Compiling policy.cc
[589/772] Compiling by_file.cc
[590/772] Compiling by_dir.cc
[591/772] Compiling voprf.cc
[591/772] Compiling algorithm.cc
[593/772] Compiling asn1_gen.cc
[594/772] Compiling a_verify.cc
[595/772] Compiling trust_token.cc
[596/772] Compiling a_sign.cc
[597/772] Compiling a_digest.cc
[598/772] Compiling thread.cc
[599/772] Compiling thread_win.cc
[599/772] Compiling thread_none.cc
[601/772] Compiling thread_pthread.cc
[602/772] Compiling stack.cc
[603/772] Compiling pmbtoken.cc
[604/772] Compiling slhdsa.cc
[605/772] Compiling spake2plus.cc
[606/772] Compiling sha256.cc
[607/772] Compiling siphash.cc
[608/772] Compiling sha1.cc
[609/772] Compiling sha512.cc
[610/772] Compiling rsa_print.cc
[611/772] Compiling rsa_extra.cc
[612/772] Compiling rsa_crypt.cc
[613/772] Compiling rc4.cc
[614/772] Compiling windows.cc
[615/772] Compiling refcount.cc
[616/772] Compiling urandom.cc
[617/772] Compiling trusty.cc
[618/772] Compiling rsa_asn1.cc
[619/772] Compiling rand.cc
[620/772] Compiling passive.cc
[621/772] Compiling poly1305_arm_asm.S
[622/772] Compiling ios.cc
[623/772] Compiling getentropy.cc
[624/772] Compiling forkunsafe.cc
[624/772] Compiling deterministic.cc
[626/772] Compiling fork_detect.cc
[627/772] Compiling poly1305_vec.cc
[628/772] Compiling poly1305_arm.cc
[629/772] Compiling pool.cc
[630/772] Compiling poly1305.cc
[631/772] Compiling pkcs7.cc
[632/772] Compiling p5_pbev2.cc
[633/772] Compiling pkcs8.cc
[634/772] Compiling pkcs8_x509.cc
[635/772] Compiling pkcs7_x509.cc
[636/772] Compiling pem_xaux.cc
[637/772] Compiling pem_x509.cc
[638/772] Compiling pem_pkey.cc
[639/772] Compiling pem_pk8.cc
[640/772] Compiling pem_oth.cc
[641/772] Compiling mlkem.cc
[642/772] Compiling pem_info.cc
[643/772] Compiling pem_lib.cc
[644/772] Compiling pem_all.cc
[645/772] Compiling obj_xref.cc
[646/772] Compiling obj.cc
[647/772] Compiling poly_rq_mul.S
[648/772] Compiling mldsa.cc
[649/772] Compiling fips_shared_support.cc
[650/772] Compiling mem.cc
[651/772] Compiling md4.cc
[652/772] Compiling md5.cc
[653/772] Compiling lhash.cc
[654/772] Compiling kyber.cc
[655/772] Compiling ex_data.cc
[656/772] Compiling sign.cc
[657/772] Compiling hrss.cc
[658/772] Compiling scrypt.cc
[659/772] Compiling hpke.cc
[660/772] Compiling print.cc
[661/772] Compiling pbkdf.cc
[662/772] Compiling p_x25519.cc
[663/772] Compiling p_x25519_asn1.cc
[664/772] Compiling p_rsa_asn1.cc
[665/772] Compiling p_hkdf.cc
[666/772] Compiling p_rsa.cc
[667/772] Compiling p_ed25519_asn1.cc
[668/772] Compiling p_ed25519.cc
[669/772] Compiling p_ec_asn1.cc
[670/772] Compiling p_ec.cc
[671/772] Compiling p_dh.cc
[672/772] Compiling p_dh_asn1.cc
[673/772] Compiling evp_ctx.cc
[674/772] Compiling p_dsa_asn1.cc
[675/772] Compiling evp_asn1.cc
[676/772] Compiling evp.cc
[677/772] Compiling engine.cc
[678/772] Compiling err.cc
[679/772] Compiling ecdh.cc
[680/772] Compiling ecdsa_asn1.cc
[681/772] Compiling hash_to_curve.cc
[682/772] Compiling ec_derive.cc
[683/772] Compiling dsa.cc
[684/772] Compiling dsa_asn1.cc
[685/772] Compiling ec_asn1.cc
[686/772] Compiling bcm.cc
[687/772] Compiling x25519-asm-arm.S
[688/772] Compiling params.cc
[689/772] Compiling digest_extra.cc
[690/772] Compiling des.cc
[691/772] Compiling dh_asn1.cc
[692/772] Compiling curve25519_64_adx.cc
[693/772] Compiling spake25519.cc
[694/772] Compiling cpu_intel.cc
[695/772] Compiling crypto.cc
[696/772] Compiling cpu_arm_linux.cc
[697/772] Compiling curve25519.cc
[698/772] Compiling cpu_arm_freebsd.cc
[699/772] Compiling cpu_aarch64_win.cc
[700/772] Compiling cpu_aarch64_sysreg.cc
[701/772] Compiling cpu_aarch64_openbsd.cc
[702/772] Compiling cpu_aarch64_linux.cc
[703/772] Compiling cpu_aarch64_apple.cc
[704/772] Compiling cpu_aarch64_fuchsia.cc
[705/772] Compiling conf.cc
[706/772] Compiling tls_cbc.cc
[707/772] Compiling get_cipher.cc
[708/772] Compiling e_rc4.cc
[709/772] Compiling e_tls.cc
[710/772] Compiling e_null.cc
[711/772] Compiling e_des.cc
[712/772] Compiling e_rc2.cc
[713/772] Compiling e_chacha20poly1305.cc
[714/772] Compiling e_aesgcmsiv.cc
[715/772] Compiling e_aesctrhmac.cc
[716/772] Compiling derive_key.cc
[717/772] Compiling chacha.cc
[718/772] Compiling unicode.cc
[719/772] Compiling buf.cc
[720/772] Compiling cbb.cc
[721/772] Compiling cbs.cc
[722/772] Compiling ber.cc
[723/772] Compiling asn1_compat.cc
[724/772] Compiling bn_asn1.cc
[725/772] Compiling convert.cc
[726/772] Compiling blake2.cc
[727/772] Compiling socket_helper.cc
[728/772] Compiling socket.cc
[729/772] Compiling printf.cc
[730/772] Compiling pair.cc
[731/772] Compiling hexdump.cc
[732/772] Compiling file.cc
[733/772] Compiling fd.cc
[734/772] Compiling errno.cc
[735/772] Compiling connect.cc
[736/772] Compiling bio_mem.cc
[737/772] Compiling bio.cc
[738/772] Compiling base64.cc
[739/772] Compiling tasn_typ.cc
[740/772] Compiling tasn_utl.cc
[741/772] Compiling tasn_fre.cc
[742/772] Compiling tasn_enc.cc
[743/772] Compiling posix_time.cc
[744/772] Compiling f_string.cc
[744/772] Compiling tasn_new.cc
[746/772] Compiling tasn_dec.cc
[747/772] Compiling f_int.cc
[748/772] Compiling asn_pack.cc
[749/772] Compiling asn1_par.cc
[750/772] Compiling asn1_lib.cc
[751/772] Compiling a_utctm.cc
[752/772] Compiling a_type.cc
[753/772] Compiling a_time.cc
[754/772] Compiling a_octet.cc
[755/772] Compiling a_strnid.cc
[756/772] Compiling a_object.cc
[757/772] Compiling a_strex.cc
[758/772] Compiling a_i2d_fp.cc
[759/772] Compiling a_dup.cc
[760/772] Compiling a_mbstr.cc
[761/772] Compiling a_d2i_fp.cc
[762/772] Write sources
[764/772] Compiling a_gentm.cc
[765/772] Write sources
[766/772] Compiling CAsyncHTTPClient CAsyncHTTPClient.c
[767/772] Compiling a_int.cc
[768/815] Compiling a_bitstr.cc
[769/815] Compiling a_bool.cc
[771/815] Compiling Algorithms Cycle.swift
[772/815] Compiling Algorithms EitherSequence.swift
[773/817] Compiling Algorithms FirstNonNil.swift
[774/817] Compiling Algorithms Joined.swift
[775/817] Compiling Algorithms Chunked.swift
[776/817] Compiling Algorithms Combinations.swift
[777/817] Compiling Algorithms Compacted.swift
[778/817] Compiling Algorithms AdjacentPairs.swift
[779/817] Compiling Algorithms Chain.swift
[780/817] Compiling Atomics IntegerOperations.swift
[781/817] Compiling Atomics Unmanaged extensions.swift
[782/817] Compiling Algorithms Stride.swift
[783/817] Compiling Algorithms Suffix.swift
[784/817] Compiling Algorithms Keyed.swift
[785/817] Compiling Algorithms MinMax.swift
[786/817] Compiling Algorithms Split.swift
[794/820] Compiling Algorithms Partition.swift
[795/820] Compiling Algorithms Permutations.swift
[796/820] Compiling Algorithms Product.swift
[800/820] Compiling Algorithms RandomSample.swift
[801/820] Compiling Algorithms Reductions.swift
[802/820] Compiling Algorithms Rotate.swift
[805/820] Compiling Algorithms Indexed.swift
[806/820] Compiling Algorithms Intersperse.swift
[811/820] Compiling Algorithms Trim.swift
[812/820] Compiling Algorithms Unique.swift
[813/820] Compiling Algorithms Windows.swift
[814/820] Emitting module Atomics
[814/820] Compiling c-nioatomics.c
[819/821] Emitting module Algorithms
[821/822] Compiling c-atomics.c
[823/829] Emitting module NIOConcurrencyHelpers
[824/829] Compiling NIOConcurrencyHelpers NIOAtomic.swift
[825/829] Compiling NIOConcurrencyHelpers atomics.swift
[826/829] Compiling NIOConcurrencyHelpers NIOLock.swift
[827/829] Compiling NIOConcurrencyHelpers lock.swift
[828/829] Compiling NIOConcurrencyHelpers NIOLockedValueBox.swift
[829/829] Compiling NIOConcurrencyHelpers NIOThreadPoolWorkAvailable.swift
[831/894] Compiling NIOCore AddressedEnvelope.swift
[832/894] Compiling NIOCore AsyncAwaitSupport.swift
[833/894] Compiling NIOCore AsyncChannel.swift
[834/894] Compiling NIOCore AsyncChannelHandler.swift
[835/894] Compiling NIOCore AsyncChannelInboundStream.swift
[836/894] Compiling NIOCore AsyncChannelOutboundWriter.swift
[837/894] Compiling NIOCore NIOAsyncSequenceProducer.swift
[838/894] Compiling NIOCore NIOAsyncSequenceProducerStrategies.swift
[839/894] Compiling NIOCore NIOAsyncWriter.swift
[840/902] Compiling NIOCore EventLoopFuture+Deprecated.swift
[841/902] Compiling NIOCore EventLoopFuture+WithEventLoop.swift
[842/902] Compiling NIOCore EventLoopFuture.swift
[843/902] Compiling NIOCore FileDescriptor.swift
[844/902] Compiling NIOCore FileHandle.swift
[845/902] Compiling NIOCore FileRegion.swift
[846/902] Compiling NIOCore GlobalSingletons.swift
[847/902] Compiling NIOCore IO.swift
[848/902] Compiling NIOCore IOData.swift
[849/902] Compiling NIOCore CircularBuffer.swift
[850/902] Compiling NIOCore Codec.swift
[851/902] Compiling NIOCore ConvenienceOptionSupport.swift
[852/902] Compiling NIOCore DeadChannel.swift
[853/902] Compiling NIOCore DispatchQueue+WithFuture.swift
[854/902] Compiling NIOCore EventLoop+Deprecated.swift
[855/902] Compiling NIOCore EventLoop+SerialExecutor.swift
[856/902] Compiling NIOCore EventLoop.swift
[857/902] Compiling NIOCore EventLoopFuture+AssumeIsolated.swift
[858/902] Compiling NIOCore NIOThrowingAsyncSequenceProducer.swift
[859/902] Compiling NIOCore BSDSocketAPI.swift
[860/902] Compiling NIOCore ByteBuffer-aux.swift
[861/902] Compiling NIOCore ByteBuffer-binaryEncodedLengthPrefix.swift
[862/902] Compiling NIOCore ByteBuffer-conversions.swift
[863/902] Compiling NIOCore ByteBuffer-core.swift
[864/902] Compiling NIOCore ByteBuffer-hex.swift
[865/902] Compiling NIOCore ByteBuffer-int.swift
[866/902] Compiling NIOCore ByteBuffer-lengthPrefix.swift
[867/902] Compiling NIOCore SingleStepByteToMessageDecoder.swift
[868/902] Compiling NIOCore SocketAddresses.swift
[869/902] Compiling NIOCore SocketOptionProvider.swift
[870/902] Compiling NIOCore SystemCallHelpers.swift
[871/902] Compiling NIOCore TimeAmount+Duration.swift
[872/902] Compiling NIOCore TypeAssistedChannelHandler.swift
[873/902] Compiling NIOCore UniversalBootstrapSupport.swift
[874/902] Compiling NIOCore Utilities.swift
[875/902] Compiling NIOCore ByteBuffer-multi-int.swift
[876/902] Compiling NIOCore ByteBuffer-quicBinaryEncodingStrategy.swift
[877/902] Compiling NIOCore ByteBuffer-views.swift
[878/902] Compiling NIOCore Channel.swift
[879/902] Compiling NIOCore ChannelHandler.swift
[880/902] Compiling NIOCore ChannelHandlers.swift
[881/902] Compiling NIOCore ChannelInvoker.swift
[882/902] Compiling NIOCore ChannelOption.swift
[883/902] Compiling NIOCore ChannelPipeline.swift
[884/902] Emitting module NIOCore
[885/902] Compiling NIOCore NIOCoreSendableMetatype.swift
[886/902] Compiling NIOCore NIODecodedAsyncSequence.swift
[887/902] Compiling NIOCore NIOLoopBound.swift
[888/902] Compiling NIOCore NIOPooledRecvBufferAllocator.swift
[889/902] Compiling NIOCore NIOScheduledCallback.swift
[890/902] Compiling NIOCore NIOSendable.swift
[891/902] Compiling NIOCore NIOSplitLinesMessageDecoder.swift
[892/902] Compiling NIOCore NIOTransportAccessibleChannelCore.swift
[893/902] Compiling NIOCore RecvByteBufferAllocator.swift
[894/902] Compiling NIOCore IPProtocol.swift
[895/902] Compiling NIOCore IntegerBitPacking.swift
[896/902] Compiling NIOCore IntegerTypes.swift
[897/902] Compiling NIOCore Interfaces.swift
[898/902] Compiling NIOCore Linux.swift
[899/902] Compiling NIOCore MarkedCircularBuffer.swift
[900/902] Compiling NIOCore MulticastChannel.swift
[901/902] Compiling NIOCore NIOAny.swift
[902/902] Compiling NIOCore NIOCloseOnErrorHandler.swift
[904/957] Compiling NIOEmbedded AsyncTestingChannel.swift
[905/957] Emitting module NIOEmbedded
[906/957] Compiling NIOEmbedded Embedded.swift
[907/957] Compiling NIOEmbedded AsyncTestingEventLoop.swift
[909/958] Compiling NIOPosix PipeChannel.swift
[910/958] Compiling NIOPosix PipePair.swift
[911/958] Compiling NIOPosix Pool.swift
[912/958] Compiling NIOPosix PosixSingletons+ConcurrencyTakeOver.swift
[913/958] Compiling NIOPosix PosixSingletons.swift
[914/958] Compiling NIOPosix RawSocketBootstrap.swift
[915/958] Compiling NIOPosix Resolver.swift
[916/965] Compiling NIOPosix HappyEyeballs.swift
[917/965] Compiling NIOPosix IO.swift
[918/965] Compiling NIOPosix IntegerBitPacking.swift
[919/965] Compiling NIOPosix IntegerTypes.swift
[920/965] Compiling NIOPosix Linux.swift
[921/965] Compiling NIOPosix LinuxCPUSet.swift
[922/965] Compiling NIOPosix LinuxUring.swift
[923/965] Compiling NIOPosix Thread.swift
[924/965] Compiling NIOPosix ThreadPosix.swift
[925/965] Compiling NIOPosix ThreadWindows.swift
[926/965] Compiling NIOPosix Utilities.swift
[927/965] Compiling NIOPosix VsockAddress.swift
[928/965] Compiling NIOPosix VsockChannelEvents.swift
[929/965] Compiling NIOPosix Windows.swift
[930/965] Compiling NIOPosix BSDSocketAPICommon.swift
[931/965] Compiling NIOPosix BSDSocketAPIPosix.swift
[932/965] Compiling NIOPosix BSDSocketAPIWindows.swift
[933/965] Compiling NIOPosix BaseSocket.swift
[934/965] Compiling NIOPosix BaseSocketChannel+AccessibleTransport.swift
[935/965] Compiling NIOPosix BaseSocketChannel+SocketOptionProvider.swift
[936/965] Compiling NIOPosix BaseSocketChannel.swift
[937/965] Emitting module NIOPosix
[938/965] Compiling NIOPosix SelectorWSAPoll.swift
[939/965] Compiling NIOPosix ServerSocket.swift
[940/965] Compiling NIOPosix Socket.swift
[941/965] Compiling NIOPosix SocketChannel.swift
[942/965] Compiling NIOPosix SocketProtocols.swift
[943/965] Compiling NIOPosix StructuredConcurrencyHelpers.swift
[944/965] Compiling NIOPosix System.swift
[945/965] Compiling NIOPosix Selectable.swift
[946/965] Compiling NIOPosix SelectableChannel.swift
[947/965] Compiling NIOPosix SelectableEventLoop.swift
[948/965] Compiling NIOPosix SelectorEpoll.swift
[949/965] Compiling NIOPosix SelectorGeneric.swift
[950/965] Compiling NIOPosix SelectorKqueue.swift
[951/965] Compiling NIOPosix SelectorUring.swift
[952/965] Compiling NIOPosix BaseStreamSocketChannel.swift
[953/965] Compiling NIOPosix Bootstrap.swift
[954/965] Compiling NIOPosix ControlMessage.swift
[955/965] Compiling NIOPosix DatagramVectorReadManager.swift
[956/965] Compiling NIOPosix Errors+Any.swift
[957/965] Compiling NIOPosix FileDescriptor.swift
[958/965] Compiling NIOPosix GetaddrinfoResolver.swift
[959/965] Compiling NIOPosix MultiThreadedEventLoopGroup.swift
[960/965] Compiling NIOPosix NIOPosixSendableMetatype.swift
[961/965] Compiling NIOPosix NIORandomizedDNSResolver.swift
[962/965] Compiling NIOPosix NIOThreadPool.swift
[963/965] Compiling NIOPosix NonBlockingFileIO.swift
[964/965] Compiling NIOPosix PendingDatagramWritesManager.swift
[965/965] Compiling NIOPosix PendingWritesManager.swift
[967/968] Emitting module NIO
[968/968] Compiling NIO Exports.swift
[970/1003] Compiling NIOSOCKS SelectedAuthenticationMethod.swift
[971/1004] Compiling NIOSOCKS SOCKSResponse.swift
[972/1004] Compiling NIOSOCKS ClientStateMachine.swift
[973/1004] Compiling NIOSOCKS ServerStateMachine.swift
[974/1004] Compiling NIOHTTP1 HTTPTypes.swift
[975/1004] Compiling NIOHTTP1 NIOTypedHTTPClientUpgradeHandler.swift
[976/1004] Compiling NIOHTTP1 ByteCollectionUtils.swift
[977/1004] Compiling NIOHTTP1 HTTPDecoder.swift
[978/1004] Compiling NIOHTTP1 HTTPServerUpgradeHandler.swift
[979/1004] Compiling NIOHTTP1 HTTPTypedPipelineSetup.swift
[980/1004] Emitting module NIOSOCKS
[981/1004] Compiling NIOHTTP1 HTTPEncoder.swift
[982/1004] Compiling NIOHTTP1 HTTPServerProtocolErrorHandler.swift
[984/1005] Compiling NIOTLS TLSEvents.swift
[985/1005] Compiling NIOTLS ProtocolNegotiationHandlerStateMachine.swift
[986/1005] Compiling NIOTLS NIOTypedApplicationProtocolNegotiationHandler.swift
[987/1005] Compiling NIOTLS ApplicationProtocolNegotiationHandler.swift
[988/1005] Emitting module NIOTLS
[989/1005] Compiling NIOTLS SNIHandler.swift
[991/1005] Compiling NIOHTTP1 NIOTypedHTTPClientUpgraderStateMachine.swift
[992/1008] Emitting module NIOHTTP1
[994/1008] Compiling NIOHTTP1 HTTPHeaderValidator.swift
[995/1008] Compiling NIOHTTP1 HTTPHeaders+Validation.swift
[996/1008] Compiling NIOHTTP1 NIOHTTPClientUpgradeHandler.swift
[997/1008] Compiling NIOHTTP1 NIOHTTPObjectAggregator.swift
[998/1008] Compiling NIOHTTP1 HTTPPipelineSetup.swift
[999/1008] Compiling NIOHTTP1 HTTPServerPipelineHandler.swift
[1000/1037] Compiling NIOSSL SSLErrors.swift
[1001/1037] Compiling NIOSSL SSLInit.swift
[1002/1037] Compiling NIOSSL IdentityVerification.swift
[1003/1037] Compiling NIOSSL SSLContext.swift
[1004/1037] Compiling NIOSSL SafeCompare.swift
[1005/1037] Compiling NIOSSL SSLPrivateKey.swift
[1006/1037] Compiling NIOSSL AndroidCABundle.swift
[1007/1037] Compiling NIOSSL ByteBufferBIO.swift
[1008/1037] Compiling NIOSSL CustomPrivateKey.swift
[1010/1055] Compiling NIOHPACK IndexedHeaderTable.swift
[1011/1056] Compiling NIOHPACK IntegerCoding.swift
[1012/1056] Compiling NIOHPACK HuffmanTables.swift
[1013/1056] Compiling NIOHTTPCompression HTTPDecompression.swift
[1014/1056] Compiling NIOHTTPCompression HTTPDecompressor.swift
[1015/1056] Compiling NIOHTTPCompression HTTPResponseCompressor.swift
[1016/1056] Compiling NIOHTTPCompression HTTPRequestCompressor.swift
[1017/1056] Compiling NIOHPACK DynamicHeaderTable.swift
[1018/1056] Compiling NIOHPACK HPACKDecoder.swift
[1019/1056] Compiling NIOHPACK StaticHeaderTable.swift
[1020/1056] Emitting module NIOHTTPCompression
[1021/1056] Compiling NIOHTTPCompression HTTPCompression.swift
[1022/1056] Compiling NIOSSL LinuxCABundle.swift
[1023/1056] Compiling NIOSSL NIOSSLClientHandler.swift
[1024/1056] Compiling NIOSSL NIOSSLHandler+Configuration.swift
[1025/1056] Compiling NIOSSL NIOSSLHandler.swift
[1028/1061] Compiling NIOHPACK HPACKEncoder.swift
[1029/1061] Compiling NIOHPACK HPACKErrors.swift
[1031/1061] Emitting module NIOSSL
[1032/1061] Emitting module NIOHPACK
[1035/1061] Compiling NIOHPACK HPACKHeader.swift
[1036/1061] Compiling NIOHPACK HeaderTables.swift
[1037/1061] Compiling NIOHPACK HuffmanCoding.swift
[1039/1062] Compiling NIOSSL NIOSSLServerHandler.swift
[1040/1062] Compiling NIOSSL ObjectIdentifier.swift
[1041/1062] Compiling NIOSSL PosixPort.swift
[1042/1062] Compiling NIOSSL SSLCallbacks.swift
[1044/1062] Compiling NIOSSL SSLPublicKey.swift
[1045/1062] Compiling NIOSSL SecurityFrameworkCertificateVerification.swift
[1046/1062] Compiling NIOSSL String+unsafeUninitializedCapacity.swift
[1047/1062] Compiling NIOSSL SubjectAlternativeName.swift
[1048/1062] Compiling NIOSSL NIOSSLSecureBytes.swift
[1049/1062] Compiling NIOSSL RNG.swift
[1051/1093] Compiling NIOHTTP2 SendingPushPromiseState.swift
[1052/1093] Compiling NIOHTTP2 SendingRstStreamState.swift
[1053/1093] Compiling NIOHTTP2 SendingWindowUpdateState.swift
[1054/1093] Compiling NIOHTTP2 HTTP2SettingsState.swift
[1055/1125] Compiling NIOHTTP2 HasExtendedConnectSettings.swift
[1056/1125] Compiling NIOHTTP2 HasFlowControlWindows.swift
[1057/1125] Compiling NIOHTTP2 HasLocalSettings.swift
[1058/1125] Compiling NIOHTTP2 HasRemoteSettings.swift
[1059/1125] Compiling NIOHTTP2 MaySendFrames.swift
[1060/1125] Compiling NIOHTTP2 SendingDataState.swift
[1061/1125] Compiling NIOHTTP2 SendingGoawayState.swift
[1062/1125] Compiling NIOHTTP2 SendingHeadersState.swift
[1068/1133] Compiling NIOHTTP2 Error+Any.swift
[1069/1133] Compiling NIOHTTP2 ConcurrentStreamBuffer.swift
[1070/1133] Compiling NIOHTTP2 ControlFrameBuffer.swift
[1071/1133] Compiling NIOHTTP2 OutboundFlowControlBuffer.swift
[1073/1134] Emitting module NIOHTTP2
[1074/1134] Compiling NIOHTTP2 NIOHTTP2ServerConnectionManagementHandler.swift
[1075/1134] Compiling NIOHTTP2 StreamChannelFlowController.swift
[1076/1134] Compiling NIOHTTP2 StreamChannelList.swift
[1077/1134] Compiling NIOHTTP2 StreamMap.swift
[1078/1134] Compiling NIOHTTP2 StreamStateMachine.swift
[1079/1134] Compiling NIOHTTP2 Timer.swift
[1080/1134] Compiling NIOHTTP2 UnsafeTransfer.swift
[1081/1134] Compiling NIOHTTP2 WatermarkedFlowController.swift
[1082/1134] Compiling NIOHTTP2 HTTP2StreamMultiplexer.swift
[1083/1134] Compiling NIOHTTP2 HTTP2ToHTTP1Codec.swift
[1084/1134] Compiling NIOHTTP2 HTTP2UserEvents.swift
[1085/1134] Compiling NIOHTTP2 InboundEventBuffer.swift
[1086/1134] Compiling NIOHTTP2 InboundWindowManager.swift
[1087/1134] Compiling NIOHTTP2 MultiplexerAbstractChannel.swift
[1088/1134] Compiling NIOHTTP2 NIOHTTP2FrameDelegate.swift
[1089/1134] Compiling NIOHTTP2 NIOHTTP2ServerConnectionManagementHandler+StateMachine.swift
[1090/1134] Compiling NIOHTTP2 DOSHeuristics.swift
[1095/1134] Compiling NIOHTTP2 OutboundFrameBuffer.swift
[1096/1134] Compiling NIOHTTP2 GlitchesMonitor.swift
[1097/1134] Compiling NIOHTTP2 HPACKHeaders+Validation.swift
[1098/1134] Compiling NIOHTTP2 HTTP2ChannelHandler+InboundStreamMultiplexer.swift
[1099/1134] Compiling NIOHTTP2 HTTP2FrameParser.swift
[1100/1134] Compiling NIOHTTP2 HTTP2PingData.swift
[1101/1134] Compiling NIOHTTP2 HTTP2PipelineHelpers.swift
[1102/1134] Compiling NIOHTTP2 HTTP2Settings.swift
[1103/1134] Compiling NIOHTTP2 HTTP2Stream.swift
[1104/1134] Compiling NIOHTTP2 HTTP2StreamChannel+OutboundStreamMultiplexer.swift
[1105/1134] Compiling NIOHTTP2 HTTP2StreamChannel.swift
[1106/1134] Compiling NIOHTTP2 HTTP2StreamDelegate.swift
[1107/1134] Compiling NIOHTTP2 HTTP2StreamID.swift
[1111/1134] Compiling NIOHTTP2 LocallyQuiescingState.swift
[1112/1134] Compiling NIOHTTP2 QuiescingState.swift
[1113/1134] Compiling NIOHTTP2 RemotelyQuiescingState.swift
[1114/1134] Compiling NIOHTTP2 SendAndReceiveGoawayState.swift
[1115/1134] Compiling NIOHTTP2 StateMachineResult.swift
[1116/1134] Compiling NIOHTTP2 ContentLengthVerifier.swift
[1117/1134] Compiling NIOHTTP2 ConnectionStateMachine.swift
[1118/1134] Compiling NIOHTTP2 ConnectionStreamsState.swift
[1119/1134] Compiling NIOHTTP2 MayReceiveFrames.swift
[1120/1134] Compiling NIOHTTP2 ReceivingDataState.swift
[1121/1134] Compiling NIOHTTP2 ReceivingGoAwayState.swift
[1122/1134] Compiling NIOHTTP2 ReceivingHeadersState.swift
[1123/1134] Compiling NIOHTTP2 ReceivingPushPromiseState.swift
[1124/1134] Compiling NIOHTTP2 ReceivingRstStreamState.swift
[1125/1134] Compiling NIOHTTP2 ReceivingWindowUpdateState.swift
[1126/1134] Compiling NIOHTTP2 HTTP2ChannelHandler+InlineStreamMultiplexer.swift
[1127/1134] Compiling NIOHTTP2 HTTP2ChannelHandler.swift
[1128/1134] Compiling NIOHTTP2 HTTP2CommonInboundStreamMultiplexer.swift
[1129/1134] Compiling NIOHTTP2 HTTP2ConnectionStateChange.swift
[1130/1134] Compiling NIOHTTP2 HTTP2Error.swift
[1131/1134] Compiling NIOHTTP2 HTTP2ErrorCode.swift
[1132/1134] Compiling NIOHTTP2 HTTP2FlowControlWindow.swift
[1133/1134] Compiling NIOHTTP2 HTTP2Frame.swift
[1134/1134] Compiling NIOHTTP2 HTTP2FrameEncoder.swift
[1136/1199] Emitting module AsyncHTTPClient
[1137/1207] Compiling AsyncHTTPClient HTTPClientResponse.swift
[1138/1207] Compiling AsyncHTTPClient SingleIteratorPrecondition.swift
[1139/1207] Compiling AsyncHTTPClient Transaction+StateMachine.swift
[1140/1207] Compiling AsyncHTTPClient Transaction.swift
[1141/1207] Compiling AsyncHTTPClient Base64.swift
[1142/1207] Compiling AsyncHTTPClient BasicAuth.swift
[1143/1207] Compiling AsyncHTTPClient BestEffortHashableTLSConfiguration.swift
[1144/1207] Compiling AsyncHTTPClient Configuration+BrowserLike.swift
[1145/1207] Compiling AsyncHTTPClient ConnectionPool.swift
[1146/1207] Compiling AsyncHTTPClient AnyAsyncSequence.swift
[1147/1207] Compiling AsyncHTTPClient AnyAsyncSequenceProucerDelete.swift
[1148/1207] Compiling AsyncHTTPClient AsyncLazySequence.swift
[1149/1207] Compiling AsyncHTTPClient HTTPClient+execute.swift
[1150/1207] Compiling AsyncHTTPClient HTTPClient+shutdown.swift
[1151/1207] Compiling AsyncHTTPClient HTTPClient+tracing.swift
[1152/1207] Compiling AsyncHTTPClient HTTPClientRequest+Prepared.swift
[1153/1207] Compiling AsyncHTTPClient HTTPClientRequest+auth.swift
[1154/1207] Compiling AsyncHTTPClient HTTPClientRequest.swift
[1155/1207] Compiling AsyncHTTPClient LRUCache.swift
[1156/1207] Compiling AsyncHTTPClient NIOLoopBound+Execute.swift
[1157/1207] Compiling AsyncHTTPClient NWErrorHandler.swift
[1158/1207] Compiling AsyncHTTPClient NWWaitingHandler.swift
[1159/1207] Compiling AsyncHTTPClient TLSConfiguration.swift
[1160/1207] Compiling AsyncHTTPClient RedirectState.swift
[1161/1207] Compiling AsyncHTTPClient RequestBag+StateMachine.swift
[1162/1207] Compiling AsyncHTTPClient RequestBag+Tracing.swift
[1163/1207] Compiling AsyncHTTPClient RequestBag.swift
[1164/1207] Compiling AsyncHTTPClient RequestValidation.swift
[1165/1207] Compiling AsyncHTTPClient SSLContextCache.swift
[1166/1207] Compiling AsyncHTTPClient Scheme.swift
[1167/1207] Compiling AsyncHTTPClient Singleton.swift
[1168/1207] Compiling AsyncHTTPClient StringConvertibleInstances.swift
[1169/1207] Compiling AsyncHTTPClient StructuredConcurrencyHelpers.swift
[1170/1207] Compiling AsyncHTTPClient TracingSupport.swift
[1171/1207] Compiling AsyncHTTPClient Utils.swift
[1172/1207] Compiling AsyncHTTPClient HTTPConnectionEvent.swift
[1173/1207] Compiling AsyncHTTPClient HTTPConnectionPool+Factory.swift
[1174/1207] Compiling AsyncHTTPClient HTTPConnectionPool+Manager.swift
[1175/1207] Compiling AsyncHTTPClient HTTPConnectionPool.swift
[1176/1207] Compiling AsyncHTTPClient HTTPExecutableRequest.swift
[1177/1207] Compiling AsyncHTTPClient HTTPRequestStateMachine+Demand.swift
[1178/1207] Compiling AsyncHTTPClient HTTPRequestStateMachine.swift
[1179/1207] Compiling AsyncHTTPClient RequestBodyLength.swift
[1180/1207] Compiling AsyncHTTPClient RequestFramingMetadata.swift
[1181/1207] Compiling AsyncHTTPClient RequestOptions.swift
[1182/1207] Compiling AsyncHTTPClient HTTPConnectionPool+Backoff.swift
[1183/1207] Compiling AsyncHTTPClient HTTPConnectionPool+HTTP1Connections.swift
[1184/1207] Compiling AsyncHTTPClient HTTPConnectionPool+HTTP1StateMachine.swift
[1185/1207] Compiling AsyncHTTPClient HTTPConnectionPool+HTTP2Connections.swift
[1186/1207] Compiling AsyncHTTPClient HTTPConnectionPool+HTTP2StateMachine.swift
[1187/1207] Compiling AsyncHTTPClient HTTPConnectionPool+RequestQueue.swift
[1188/1207] Compiling AsyncHTTPClient HTTPConnectionPool+StateMachine.swift
[1189/1207] Compiling AsyncHTTPClient ConnectionTarget.swift
[1190/1207] Compiling AsyncHTTPClient HTTP1ProxyConnectHandler.swift
[1191/1207] Compiling AsyncHTTPClient SOCKSEventsHandler.swift
[1192/1207] Compiling AsyncHTTPClient TLSEventsHandler.swift
[1193/1207] Compiling AsyncHTTPClient HTTP1ClientChannelHandler.swift
[1194/1207] Compiling AsyncHTTPClient HTTP1Connection.swift
[1195/1207] Compiling AsyncHTTPClient HTTP1ConnectionStateMachine.swift
[1196/1207] Compiling AsyncHTTPClient HTTP2ClientRequestHandler.swift
[1197/1207] Compiling AsyncHTTPClient HTTP2Connection.swift
[1198/1207] Compiling AsyncHTTPClient HTTP2IdleHandler.swift
[1199/1207] Compiling AsyncHTTPClient DeconstructedURL.swift
[1200/1207] Compiling AsyncHTTPClient FileDownloadDelegate.swift
[1201/1207] Compiling AsyncHTTPClient FoundationExtensions.swift
[1202/1207] Compiling AsyncHTTPClient HTTPClient+HTTPCookie.swift
[1203/1207] Compiling AsyncHTTPClient HTTPClient+Proxy.swift
[1204/1207] Compiling AsyncHTTPClient HTTPClient+StructuredConcurrency.swift
[1205/1207] Compiling AsyncHTTPClient HTTPClient.swift
[1206/1207] Compiling AsyncHTTPClient HTTPClientConfiguration+SwiftConfiguration.swift
[1207/1207] Compiling AsyncHTTPClient HTTPHandler.swift
error: emit-module command failed with exit code 1 (use -v to see invocation)
[1209/1230] Emitting module FaviconFinder
/host/spi-builder-workspace/Sources/FaviconFinder/Toolbox/Extensions/URLResponse+StringEncoding.swift:15:1: error: non-nominal type 'URLResponse' (aka 'AnyObject') cannot be extended [#NominalTypes]
13 | /// from the response's text encoding name.
14 | ///
15 | extension URLResponse {
| `- error: non-nominal type 'URLResponse' (aka 'AnyObject') cannot be extended [#NominalTypes]
16 |
17 | /// Determines the string encoding of the response based on the `textEncodingName` property.
/host/spi-builder-workspace/Sources/FaviconFinder/Toolbox/Response.swift:64:32: error: 'URLResponse' is unavailable: This type has moved to the FoundationNetworking module. Import that module to use it.
62 | /// - Parameter rawResponse: A tuple containing the response `Data` and `URLResponse`.
63 | ///
64 | init(_ rawResponse: (Data, URLResponse)) {
| `- error: 'URLResponse' is unavailable: This type has moved to the FoundationNetworking module. Import that module to use it.
65 | self.data = rawResponse.0
66 | self.textEncoding = rawResponse.1.encoding
Foundation.URLResponse:2:18: note: 'URLResponse' has been explicitly marked unavailable here
1 | @available(*, unavailable, message: "This type has moved to the FoundationNetworking module. Import that module to use it.")
2 | public typealias URLResponse = AnyObject
| `- note: 'URLResponse' has been explicitly marked unavailable here
/host/spi-builder-workspace/Sources/FaviconFinder/Types/FaviconImage.swift:41:22: error: cannot find type 'Data' in scope
39 |
40 | /// The raw data that makes up the image.
41 | public let data: Data
| `- error: cannot find type 'Data' in scope
42 |
43 | /// The platform-specific image type (e.g., `UIImage` for iOS, `NSImage` for macOS, or `Image` for Linux).
/host/spi-builder-workspace/Sources/FaviconFinder/Types/FaviconImage.swift:44:23: error: cannot find type 'Image' in scope
42 |
43 | /// The platform-specific image type (e.g., `UIImage` for iOS, `NSImage` for macOS, or `Image` for Linux).
44 | public let image: Image
| `- error: cannot find type 'Image' in scope
45 |
46 | // MARK: - Lifecycle
/host/spi-builder-workspace/Sources/FaviconFinder/Types/FaviconImage.swift:66:16: error: cannot find type 'Data' in scope
64 | /// - Throws: `FaviconError.invalidImage` if the image cannot be created from the data.
65 | ///
66 | init(data: Data) throws {
| `- error: cannot find type 'Data' in scope
67 | guard let image = Image(data: data) else {
68 | throw FaviconError.invalidImage
/host/spi-builder-workspace/Sources/FaviconFinder/Types/FaviconImage.swift:94:15: error: cannot find type 'CGFloat' in scope
92 | /// On other platforms, it multiplies the width and height to give a total size.
93 | ///
94 | var size: CGFloat {
| `- error: cannot find type 'CGFloat' in scope
95 | return self.image.size.width * self.image.size.height
96 | }
[#NominalTypes]: <https://docs.swift.org/compiler/documentation/diagnostics/nominal-types>
[1210/1232] Compiling FaviconFinder Response.swift
/host/spi-builder-workspace/Sources/FaviconFinder/Toolbox/Response.swift:64:32: error: 'URLResponse' is unavailable: This type has moved to the FoundationNetworking module. Import that module to use it.
62 | /// - Parameter rawResponse: A tuple containing the response `Data` and `URLResponse`.
63 | ///
64 | init(_ rawResponse: (Data, URLResponse)) {
| `- error: 'URLResponse' is unavailable: This type has moved to the FoundationNetworking module. Import that module to use it.
65 | self.data = rawResponse.0
66 | self.textEncoding = rawResponse.1.encoding
Foundation.URLResponse:2:18: note: 'URLResponse' has been explicitly marked unavailable here
1 | @available(*, unavailable, message: "This type has moved to the FoundationNetworking module. Import that module to use it.")
2 | public typealias URLResponse = AnyObject
| `- note: 'URLResponse' has been explicitly marked unavailable here
/host/spi-builder-workspace/Sources/FaviconFinder/Toolbox/Response.swift:66:43: error: value of type 'URLResponse' (aka 'AnyObject') has no member 'encoding'
64 | init(_ rawResponse: (Data, URLResponse)) {
65 | self.data = rawResponse.0
66 | self.textEncoding = rawResponse.1.encoding
| `- error: value of type 'URLResponse' (aka 'AnyObject') has no member 'encoding'
67 | }
68 |
/host/spi-builder-workspace/Sources/FaviconFinder/Types/FaviconImage.swift:41:22: error: cannot find type 'Data' in scope
39 |
40 | /// The raw data that makes up the image.
41 | public let data: Data
| `- error: cannot find type 'Data' in scope
42 |
43 | /// The platform-specific image type (e.g., `UIImage` for iOS, `NSImage` for macOS, or `Image` for Linux).
/host/spi-builder-workspace/Sources/FaviconFinder/Types/FaviconImage.swift:44:23: error: cannot find type 'Image' in scope
42 |
43 | /// The platform-specific image type (e.g., `UIImage` for iOS, `NSImage` for macOS, or `Image` for Linux).
44 | public let image: Image
| `- error: cannot find type 'Image' in scope
45 |
46 | // MARK: - Lifecycle
/host/spi-builder-workspace/Sources/FaviconFinder/Types/FaviconImage.swift:66:16: error: cannot find type 'Data' in scope
64 | /// - Throws: `FaviconError.invalidImage` if the image cannot be created from the data.
65 | ///
66 | init(data: Data) throws {
| `- error: cannot find type 'Data' in scope
67 | guard let image = Image(data: data) else {
68 | throw FaviconError.invalidImage
/host/spi-builder-workspace/Sources/FaviconFinder/Types/FaviconImage.swift:94:15: error: cannot find type 'CGFloat' in scope
92 | /// On other platforms, it multiplies the width and height to give a total size.
93 | ///
94 | var size: CGFloat {
| `- error: cannot find type 'CGFloat' in scope
95 | return self.image.size.width * self.image.size.height
96 | }
[1211/1232] Compiling FaviconFinder Favicon.swift
/host/spi-builder-workspace/Sources/FaviconFinder/Toolbox/Response.swift:64:32: error: 'URLResponse' is unavailable: This type has moved to the FoundationNetworking module. Import that module to use it.
62 | /// - Parameter rawResponse: A tuple containing the response `Data` and `URLResponse`.
63 | ///
64 | init(_ rawResponse: (Data, URLResponse)) {
| `- error: 'URLResponse' is unavailable: This type has moved to the FoundationNetworking module. Import that module to use it.
65 | self.data = rawResponse.0
66 | self.textEncoding = rawResponse.1.encoding
Foundation.URLResponse:2:18: note: 'URLResponse' has been explicitly marked unavailable here
1 | @available(*, unavailable, message: "This type has moved to the FoundationNetworking module. Import that module to use it.")
2 | public typealias URLResponse = AnyObject
| `- note: 'URLResponse' has been explicitly marked unavailable here
/host/spi-builder-workspace/Sources/FaviconFinder/Toolbox/Response.swift:66:43: error: value of type 'URLResponse' (aka 'AnyObject') has no member 'encoding'
64 | init(_ rawResponse: (Data, URLResponse)) {
65 | self.data = rawResponse.0
66 | self.textEncoding = rawResponse.1.encoding
| `- error: value of type 'URLResponse' (aka 'AnyObject') has no member 'encoding'
67 | }
68 |
/host/spi-builder-workspace/Sources/FaviconFinder/Types/FaviconImage.swift:41:22: error: cannot find type 'Data' in scope
39 |
40 | /// The raw data that makes up the image.
41 | public let data: Data
| `- error: cannot find type 'Data' in scope
42 |
43 | /// The platform-specific image type (e.g., `UIImage` for iOS, `NSImage` for macOS, or `Image` for Linux).
/host/spi-builder-workspace/Sources/FaviconFinder/Types/FaviconImage.swift:44:23: error: cannot find type 'Image' in scope
42 |
43 | /// The platform-specific image type (e.g., `UIImage` for iOS, `NSImage` for macOS, or `Image` for Linux).
44 | public let image: Image
| `- error: cannot find type 'Image' in scope
45 |
46 | // MARK: - Lifecycle
/host/spi-builder-workspace/Sources/FaviconFinder/Types/FaviconImage.swift:66:16: error: cannot find type 'Data' in scope
64 | /// - Throws: `FaviconError.invalidImage` if the image cannot be created from the data.
65 | ///
66 | init(data: Data) throws {
| `- error: cannot find type 'Data' in scope
67 | guard let image = Image(data: data) else {
68 | throw FaviconError.invalidImage
/host/spi-builder-workspace/Sources/FaviconFinder/Types/FaviconImage.swift:94:15: error: cannot find type 'CGFloat' in scope
92 | /// On other platforms, it multiplies the width and height to give a total size.
93 | ///
94 | var size: CGFloat {
| `- error: cannot find type 'CGFloat' in scope
95 | return self.image.size.width * self.image.size.height
96 | }
[1212/1232] Compiling FaviconFinder FaviconError.swift
/host/spi-builder-workspace/Sources/FaviconFinder/Toolbox/Response.swift:64:32: error: 'URLResponse' is unavailable: This type has moved to the FoundationNetworking module. Import that module to use it.
62 | /// - Parameter rawResponse: A tuple containing the response `Data` and `URLResponse`.
63 | ///
64 | init(_ rawResponse: (Data, URLResponse)) {
| `- error: 'URLResponse' is unavailable: This type has moved to the FoundationNetworking module. Import that module to use it.
65 | self.data = rawResponse.0
66 | self.textEncoding = rawResponse.1.encoding
Foundation.URLResponse:2:18: note: 'URLResponse' has been explicitly marked unavailable here
1 | @available(*, unavailable, message: "This type has moved to the FoundationNetworking module. Import that module to use it.")
2 | public typealias URLResponse = AnyObject
| `- note: 'URLResponse' has been explicitly marked unavailable here
/host/spi-builder-workspace/Sources/FaviconFinder/Toolbox/Response.swift:66:43: error: value of type 'URLResponse' (aka 'AnyObject') has no member 'encoding'
64 | init(_ rawResponse: (Data, URLResponse)) {
65 | self.data = rawResponse.0
66 | self.textEncoding = rawResponse.1.encoding
| `- error: value of type 'URLResponse' (aka 'AnyObject') has no member 'encoding'
67 | }
68 |
/host/spi-builder-workspace/Sources/FaviconFinder/Types/FaviconImage.swift:41:22: error: cannot find type 'Data' in scope
39 |
40 | /// The raw data that makes up the image.
41 | public let data: Data
| `- error: cannot find type 'Data' in scope
42 |
43 | /// The platform-specific image type (e.g., `UIImage` for iOS, `NSImage` for macOS, or `Image` for Linux).
/host/spi-builder-workspace/Sources/FaviconFinder/Types/FaviconImage.swift:44:23: error: cannot find type 'Image' in scope
42 |
43 | /// The platform-specific image type (e.g., `UIImage` for iOS, `NSImage` for macOS, or `Image` for Linux).
44 | public let image: Image
| `- error: cannot find type 'Image' in scope
45 |
46 | // MARK: - Lifecycle
/host/spi-builder-workspace/Sources/FaviconFinder/Types/FaviconImage.swift:66:16: error: cannot find type 'Data' in scope
64 | /// - Throws: `FaviconError.invalidImage` if the image cannot be created from the data.
65 | ///
66 | init(data: Data) throws {
| `- error: cannot find type 'Data' in scope
67 | guard let image = Image(data: data) else {
68 | throw FaviconError.invalidImage
/host/spi-builder-workspace/Sources/FaviconFinder/Types/FaviconImage.swift:94:15: error: cannot find type 'CGFloat' in scope
92 | /// On other platforms, it multiplies the width and height to give a total size.
93 | ///
94 | var size: CGFloat {
| `- error: cannot find type 'CGFloat' in scope
95 | return self.image.size.width * self.image.size.height
96 | }
[1213/1232] Compiling FaviconFinder FaviconFormatType.swift
/host/spi-builder-workspace/Sources/FaviconFinder/Types/FaviconImage.swift:41:22: error: cannot find type 'Data' in scope
39 |
40 | /// The raw data that makes up the image.
41 | public let data: Data
| `- error: cannot find type 'Data' in scope
42 |
43 | /// The platform-specific image type (e.g., `UIImage` for iOS, `NSImage` for macOS, or `Image` for Linux).
/host/spi-builder-workspace/Sources/FaviconFinder/Types/FaviconImage.swift:44:23: error: cannot find type 'Image' in scope
42 |
43 | /// The platform-specific image type (e.g., `UIImage` for iOS, `NSImage` for macOS, or `Image` for Linux).
44 | public let image: Image
| `- error: cannot find type 'Image' in scope
45 |
46 | // MARK: - Lifecycle
/host/spi-builder-workspace/Sources/FaviconFinder/Types/FaviconImage.swift:66:16: error: cannot find type 'Data' in scope
64 | /// - Throws: `FaviconError.invalidImage` if the image cannot be created from the data.
65 | ///
66 | init(data: Data) throws {
| `- error: cannot find type 'Data' in scope
67 | guard let image = Image(data: data) else {
68 | throw FaviconError.invalidImage
/host/spi-builder-workspace/Sources/FaviconFinder/Types/FaviconImage.swift:94:15: error: cannot find type 'CGFloat' in scope
92 | /// On other platforms, it multiplies the width and height to give a total size.
93 | ///
94 | var size: CGFloat {
| `- error: cannot find type 'CGFloat' in scope
95 | return self.image.size.width * self.image.size.height
96 | }
/host/spi-builder-workspace/Sources/FaviconFinder/Types/FaviconImage.swift:67:27: error: cannot find 'Image' in scope
65 | ///
66 | init(data: Data) throws {
67 | guard let image = Image(data: data) else {
| `- error: cannot find 'Image' in scope
68 | throw FaviconError.invalidImage
69 | }
/host/spi-builder-workspace/Sources/FaviconFinder/Types/FaviconImage.swift:95:38: error: no '*' candidates produce the expected contextual result type '_'
93 | ///
94 | var size: CGFloat {
95 | return self.image.size.width * self.image.size.height
| `- error: no '*' candidates produce the expected contextual result type '_'
96 | }
97 | #endif
Swift.Duration.*:3:22: note: '*' produces 'Duration', not the expected contextual result type '_'
1 | struct Duration {
2 | @available(macOS 13.0, iOS 16.0, watchOS 9.0, tvOS 16.0, *)
3 | public static func * (lhs: Duration, rhs: Double) -> Duration}
| `- note: '*' produces 'Duration', not the expected contextual result type '_'
4 |
Swift.Int128.*:3:22: note: '*' produces 'Int128', not the expected contextual result type '_'
1 | struct Int128 {
2 | @available(macOS 15.0, iOS 18.0, watchOS 11.0, tvOS 18.0, visionOS 2.0, *)
3 | public static func * (a: Int128, b: Int128) -> Int128}
| `- note: '*' produces 'Int128', not the expected contextual result type '_'
4 |
Swift.UInt128.*:3:22: note: '*' produces 'UInt128', not the expected contextual result type '_'
1 | struct UInt128 {
2 | @available(macOS 15.0, iOS 18.0, watchOS 11.0, tvOS 18.0, visionOS 2.0, *)
3 | public static func * (a: UInt128, b: UInt128) -> UInt128}
| `- note: '*' produces 'UInt128', not the expected contextual result type '_'
4 |
Swift.Float16.*:2:20: note: '*' produces 'Float16', not the expected contextual result type '_'
1 | struct Float16 {
2 | public static func * (lhs: Float16, rhs: Float16) -> Float16}
| `- note: '*' produces 'Float16', not the expected contextual result type '_'
3 |
Swift.Float.*:2:20: note: '*' produces 'Float', not the expected contextual result type '_'
1 | struct Float {
2 | public static func * (lhs: Float, rhs: Float) -> Float}
| `- note: '*' produces 'Float', not the expected contextual result type '_'
3 |
Swift.Double.*:2:20: note: '*' produces 'Double', not the expected contextual result type '_'
1 | struct Double {
2 | public static func * (lhs: Double, rhs: Double) -> Double}
| `- note: '*' produces 'Double', not the expected contextual result type '_'
3 |
Swift.UInt8.*:2:20: note: '*' produces 'UInt8', not the expected contextual result type '_'
1 | struct UInt8 {
2 | public static func * (lhs: UInt8, rhs: UInt8) -> UInt8}
| `- note: '*' produces 'UInt8', not the expected contextual result type '_'
3 |
Swift.Int8.*:2:20: note: '*' produces 'Int8', not the expected contextual result type '_'
1 | struct Int8 {
2 | public static func * (lhs: Int8, rhs: Int8) -> Int8}
| `- note: '*' produces 'Int8', not the expected contextual result type '_'
3 |
Swift.UInt16.*:2:20: note: '*' produces 'UInt16', not the expected contextual result type '_'
1 | struct UInt16 {
2 | public static func * (lhs: UInt16, rhs: UInt16) -> UInt16}
| `- note: '*' produces 'UInt16', not the expected contextual result type '_'
3 |
Swift.Int16.*:2:20: note: '*' produces 'Int16', not the expected contextual result type '_'
1 | struct Int16 {
2 | public static func * (lhs: Int16, rhs: Int16) -> Int16}
| `- note: '*' produces 'Int16', not the expected contextual result type '_'
3 |
Swift.UInt32.*:2:20: note: '*' produces 'UInt32', not the expected contextual result type '_'
1 | struct UInt32 {
2 | public static func * (lhs: UInt32, rhs: UInt32) -> UInt32}
| `- note: '*' produces 'UInt32', not the expected contextual result type '_'
3 |
Swift.Int32.*:2:20: note: '*' produces 'Int32', not the expected contextual result type '_'
1 | struct Int32 {
2 | public static func * (lhs: Int32, rhs: Int32) -> Int32}
| `- note: '*' produces 'Int32', not the expected contextual result type '_'
3 |
Swift.UInt64.*:2:20: note: '*' produces 'UInt64', not the expected contextual result type '_'
1 | struct UInt64 {
2 | public static func * (lhs: UInt64, rhs: UInt64) -> UInt64}
| `- note: '*' produces 'UInt64', not the expected contextual result type '_'
3 |
Swift.Int64.*:2:20: note: '*' produces 'Int64', not the expected contextual result type '_'
1 | struct Int64 {
2 | public static func * (lhs: Int64, rhs: Int64) -> Int64}
| `- note: '*' produces 'Int64', not the expected contextual result type '_'
3 |
Swift.UInt.*:2:20: note: '*' produces 'UInt', not the expected contextual result type '_'
1 | struct UInt {
2 | public static func * (lhs: UInt, rhs: UInt) -> UInt}
| `- note: '*' produces 'UInt', not the expected contextual result type '_'
3 |
Swift.Int.*:2:20: note: '*' produces 'Int', not the expected contextual result type '_'
1 | struct Int {
2 | public static func * (lhs: Int, rhs: Int) -> Int}
| `- note: '*' produces 'Int', not the expected contextual result type '_'
3 |
Swift.FloatingPoint.*:2:22: note: '*' produces '_', not the expected contextual result type '_'
1 | protocol FloatingPoint {
2 | override static func * (lhs: Self, rhs: Self) -> Self}
| `- note: '*' produces '_', not the expected contextual result type '_'
3 |
Swift.Numeric.*:2:13: note: '*' produces '_', not the expected contextual result type '_'
1 | protocol Numeric {
2 | static func * (lhs: Self, rhs: Self) -> Self}
| `- note: '*' produces '_', not the expected contextual result type '_'
3 |
Swift.BinaryInteger.*:2:22: note: '*' produces '_', not the expected contextual result type '_'
1 | protocol BinaryInteger {
2 | override static func * (lhs: Self, rhs: Self) -> Self}
| `- note: '*' produces '_', not the expected contextual result type '_'
3 |
Swift.DurationProtocol.*:2:13: note: '*' produces '_', not the expected contextual result type '_'
1 | protocol DurationProtocol {
2 | static func * (lhs: Self, rhs: Int) -> Self}
| `- note: '*' produces '_', not the expected contextual result type '_'
3 |
Swift.SIMD.*:2:20: note: '*' produces '_', not the expected contextual result type '_'
1 | protocol SIMD {
2 | public static func * (a: Self, b: Self) -> Self}
| `- note: '*' produces '_', not the expected contextual result type '_'
3 |
Swift.SIMD.*:2:20: note: '*' produces '_', not the expected contextual result type '_'
1 | protocol SIMD {
2 | public static func * (a: Self.Scalar, b: Self) -> Self}
| `- note: '*' produces '_', not the expected contextual result type '_'
3 |
Swift.SIMD.*:2:20: note: '*' produces '_', not the expected contextual result type '_'
1 | protocol SIMD {
2 | public static func * (a: Self, b: Self.Scalar) -> Self}
| `- note: '*' produces '_', not the expected contextual result type '_'
3 |
[1214/1232] Compiling FaviconFinder FaviconImage.swift
/host/spi-builder-workspace/Sources/FaviconFinder/Types/FaviconImage.swift:41:22: error: cannot find type 'Data' in scope
39 |
40 | /// The raw data that makes up the image.
41 | public let data: Data
| `- error: cannot find type 'Data' in scope
42 |
43 | /// The platform-specific image type (e.g., `UIImage` for iOS, `NSImage` for macOS, or `Image` for Linux).
/host/spi-builder-workspace/Sources/FaviconFinder/Types/FaviconImage.swift:44:23: error: cannot find type 'Image' in scope
42 |
43 | /// The platform-specific image type (e.g., `UIImage` for iOS, `NSImage` for macOS, or `Image` for Linux).
44 | public let image: Image
| `- error: cannot find type 'Image' in scope
45 |
46 | // MARK: - Lifecycle
/host/spi-builder-workspace/Sources/FaviconFinder/Types/FaviconImage.swift:66:16: error: cannot find type 'Data' in scope
64 | /// - Throws: `FaviconError.invalidImage` if the image cannot be created from the data.
65 | ///
66 | init(data: Data) throws {
| `- error: cannot find type 'Data' in scope
67 | guard let image = Image(data: data) else {
68 | throw FaviconError.invalidImage
/host/spi-builder-workspace/Sources/FaviconFinder/Types/FaviconImage.swift:94:15: error: cannot find type 'CGFloat' in scope
92 | /// On other platforms, it multiplies the width and height to give a total size.
93 | ///
94 | var size: CGFloat {
| `- error: cannot find type 'CGFloat' in scope
95 | return self.image.size.width * self.image.size.height
96 | }
/host/spi-builder-workspace/Sources/FaviconFinder/Types/FaviconImage.swift:67:27: error: cannot find 'Image' in scope
65 | ///
66 | init(data: Data) throws {
67 | guard let image = Image(data: data) else {
| `- error: cannot find 'Image' in scope
68 | throw FaviconError.invalidImage
69 | }
/host/spi-builder-workspace/Sources/FaviconFinder/Types/FaviconImage.swift:95:38: error: no '*' candidates produce the expected contextual result type '_'
93 | ///
94 | var size: CGFloat {
95 | return self.image.size.width * self.image.size.height
| `- error: no '*' candidates produce the expected contextual result type '_'
96 | }
97 | #endif
Swift.Duration.*:3:22: note: '*' produces 'Duration', not the expected contextual result type '_'
1 | struct Duration {
2 | @available(macOS 13.0, iOS 16.0, watchOS 9.0, tvOS 16.0, *)
3 | public static func * (lhs: Duration, rhs: Double) -> Duration}
| `- note: '*' produces 'Duration', not the expected contextual result type '_'
4 |
Swift.Int128.*:3:22: note: '*' produces 'Int128', not the expected contextual result type '_'
1 | struct Int128 {
2 | @available(macOS 15.0, iOS 18.0, watchOS 11.0, tvOS 18.0, visionOS 2.0, *)
3 | public static func * (a: Int128, b: Int128) -> Int128}
| `- note: '*' produces 'Int128', not the expected contextual result type '_'
4 |
Swift.UInt128.*:3:22: note: '*' produces 'UInt128', not the expected contextual result type '_'
1 | struct UInt128 {
2 | @available(macOS 15.0, iOS 18.0, watchOS 11.0, tvOS 18.0, visionOS 2.0, *)
3 | public static func * (a: UInt128, b: UInt128) -> UInt128}
| `- note: '*' produces 'UInt128', not the expected contextual result type '_'
4 |
Swift.Float16.*:2:20: note: '*' produces 'Float16', not the expected contextual result type '_'
1 | struct Float16 {
2 | public static func * (lhs: Float16, rhs: Float16) -> Float16}
| `- note: '*' produces 'Float16', not the expected contextual result type '_'
3 |
Swift.Float.*:2:20: note: '*' produces 'Float', not the expected contextual result type '_'
1 | struct Float {
2 | public static func * (lhs: Float, rhs: Float) -> Float}
| `- note: '*' produces 'Float', not the expected contextual result type '_'
3 |
Swift.Double.*:2:20: note: '*' produces 'Double', not the expected contextual result type '_'
1 | struct Double {
2 | public static func * (lhs: Double, rhs: Double) -> Double}
| `- note: '*' produces 'Double', not the expected contextual result type '_'
3 |
Swift.UInt8.*:2:20: note: '*' produces 'UInt8', not the expected contextual result type '_'
1 | struct UInt8 {
2 | public static func * (lhs: UInt8, rhs: UInt8) -> UInt8}
| `- note: '*' produces 'UInt8', not the expected contextual result type '_'
3 |
Swift.Int8.*:2:20: note: '*' produces 'Int8', not the expected contextual result type '_'
1 | struct Int8 {
2 | public static func * (lhs: Int8, rhs: Int8) -> Int8}
| `- note: '*' produces 'Int8', not the expected contextual result type '_'
3 |
Swift.UInt16.*:2:20: note: '*' produces 'UInt16', not the expected contextual result type '_'
1 | struct UInt16 {
2 | public static func * (lhs: UInt16, rhs: UInt16) -> UInt16}
| `- note: '*' produces 'UInt16', not the expected contextual result type '_'
3 |
Swift.Int16.*:2:20: note: '*' produces 'Int16', not the expected contextual result type '_'
1 | struct Int16 {
2 | public static func * (lhs: Int16, rhs: Int16) -> Int16}
| `- note: '*' produces 'Int16', not the expected contextual result type '_'
3 |
Swift.UInt32.*:2:20: note: '*' produces 'UInt32', not the expected contextual result type '_'
1 | struct UInt32 {
2 | public static func * (lhs: UInt32, rhs: UInt32) -> UInt32}
| `- note: '*' produces 'UInt32', not the expected contextual result type '_'
3 |
Swift.Int32.*:2:20: note: '*' produces 'Int32', not the expected contextual result type '_'
1 | struct Int32 {
2 | public static func * (lhs: Int32, rhs: Int32) -> Int32}
| `- note: '*' produces 'Int32', not the expected contextual result type '_'
3 |
Swift.UInt64.*:2:20: note: '*' produces 'UInt64', not the expected contextual result type '_'
1 | struct UInt64 {
2 | public static func * (lhs: UInt64, rhs: UInt64) -> UInt64}
| `- note: '*' produces 'UInt64', not the expected contextual result type '_'
3 |
Swift.Int64.*:2:20: note: '*' produces 'Int64', not the expected contextual result type '_'
1 | struct Int64 {
2 | public static func * (lhs: Int64, rhs: Int64) -> Int64}
| `- note: '*' produces 'Int64', not the expected contextual result type '_'
3 |
Swift.UInt.*:2:20: note: '*' produces 'UInt', not the expected contextual result type '_'
1 | struct UInt {
2 | public static func * (lhs: UInt, rhs: UInt) -> UInt}
| `- note: '*' produces 'UInt', not the expected contextual result type '_'
3 |
Swift.Int.*:2:20: note: '*' produces 'Int', not the expected contextual result type '_'
1 | struct Int {
2 | public static func * (lhs: Int, rhs: Int) -> Int}
| `- note: '*' produces 'Int', not the expected contextual result type '_'
3 |
Swift.FloatingPoint.*:2:22: note: '*' produces '_', not the expected contextual result type '_'
1 | protocol FloatingPoint {
2 | override static func * (lhs: Self, rhs: Self) -> Self}
| `- note: '*' produces '_', not the expected contextual result type '_'
3 |
Swift.Numeric.*:2:13: note: '*' produces '_', not the expected contextual result type '_'
1 | protocol Numeric {
2 | static func * (lhs: Self, rhs: Self) -> Self}
| `- note: '*' produces '_', not the expected contextual result type '_'
3 |
Swift.BinaryInteger.*:2:22: note: '*' produces '_', not the expected contextual result type '_'
1 | protocol BinaryInteger {
2 | override static func * (lhs: Self, rhs: Self) -> Self}
| `- note: '*' produces '_', not the expected contextual result type '_'
3 |
Swift.DurationProtocol.*:2:13: note: '*' produces '_', not the expected contextual result type '_'
1 | protocol DurationProtocol {
2 | static func * (lhs: Self, rhs: Int) -> Self}
| `- note: '*' produces '_', not the expected contextual result type '_'
3 |
Swift.SIMD.*:2:20: note: '*' produces '_', not the expected contextual result type '_'
1 | protocol SIMD {
2 | public static func * (a: Self, b: Self) -> Self}
| `- note: '*' produces '_', not the expected contextual result type '_'
3 |
Swift.SIMD.*:2:20: note: '*' produces '_', not the expected contextual result type '_'
1 | protocol SIMD {
2 | public static func * (a: Self.Scalar, b: Self) -> Self}
| `- note: '*' produces '_', not the expected contextual result type '_'
3 |
Swift.SIMD.*:2:20: note: '*' produces '_', not the expected contextual result type '_'
1 | protocol SIMD {
2 | public static func * (a: Self, b: Self.Scalar) -> Self}
| `- note: '*' produces '_', not the expected contextual result type '_'
3 |
[1215/1232] Compiling FaviconFinder FaviconSize.swift
/host/spi-builder-workspace/Sources/FaviconFinder/Types/FaviconImage.swift:41:22: error: cannot find type 'Data' in scope
39 |
40 | /// The raw data that makes up the image.
41 | public let data: Data
| `- error: cannot find type 'Data' in scope
42 |
43 | /// The platform-specific image type (e.g., `UIImage` for iOS, `NSImage` for macOS, or `Image` for Linux).
/host/spi-builder-workspace/Sources/FaviconFinder/Types/FaviconImage.swift:44:23: error: cannot find type 'Image' in scope
42 |
43 | /// The platform-specific image type (e.g., `UIImage` for iOS, `NSImage` for macOS, or `Image` for Linux).
44 | public let image: Image
| `- error: cannot find type 'Image' in scope
45 |
46 | // MARK: - Lifecycle
/host/spi-builder-workspace/Sources/FaviconFinder/Types/FaviconImage.swift:66:16: error: cannot find type 'Data' in scope
64 | /// - Throws: `FaviconError.invalidImage` if the image cannot be created from the data.
65 | ///
66 | init(data: Data) throws {
| `- error: cannot find type 'Data' in scope
67 | guard let image = Image(data: data) else {
68 | throw FaviconError.invalidImage
/host/spi-builder-workspace/Sources/FaviconFinder/Types/FaviconImage.swift:94:15: error: cannot find type 'CGFloat' in scope
92 | /// On other platforms, it multiplies the width and height to give a total size.
93 | ///
94 | var size: CGFloat {
| `- error: cannot find type 'CGFloat' in scope
95 | return self.image.size.width * self.image.size.height
96 | }
/host/spi-builder-workspace/Sources/FaviconFinder/Types/FaviconImage.swift:67:27: error: cannot find 'Image' in scope
65 | ///
66 | init(data: Data) throws {
67 | guard let image = Image(data: data) else {
| `- error: cannot find 'Image' in scope
68 | throw FaviconError.invalidImage
69 | }
/host/spi-builder-workspace/Sources/FaviconFinder/Types/FaviconImage.swift:95:38: error: no '*' candidates produce the expected contextual result type '_'
93 | ///
94 | var size: CGFloat {
95 | return self.image.size.width * self.image.size.height
| `- error: no '*' candidates produce the expected contextual result type '_'
96 | }
97 | #endif
Swift.Duration.*:3:22: note: '*' produces 'Duration', not the expected contextual result type '_'
1 | struct Duration {
2 | @available(macOS 13.0, iOS 16.0, watchOS 9.0, tvOS 16.0, *)
3 | public static func * (lhs: Duration, rhs: Double) -> Duration}
| `- note: '*' produces 'Duration', not the expected contextual result type '_'
4 |
Swift.Int128.*:3:22: note: '*' produces 'Int128', not the expected contextual result type '_'
1 | struct Int128 {
2 | @available(macOS 15.0, iOS 18.0, watchOS 11.0, tvOS 18.0, visionOS 2.0, *)
3 | public static func * (a: Int128, b: Int128) -> Int128}
| `- note: '*' produces 'Int128', not the expected contextual result type '_'
4 |
Swift.UInt128.*:3:22: note: '*' produces 'UInt128', not the expected contextual result type '_'
1 | struct UInt128 {
2 | @available(macOS 15.0, iOS 18.0, watchOS 11.0, tvOS 18.0, visionOS 2.0, *)
3 | public static func * (a: UInt128, b: UInt128) -> UInt128}
| `- note: '*' produces 'UInt128', not the expected contextual result type '_'
4 |
Swift.Float16.*:2:20: note: '*' produces 'Float16', not the expected contextual result type '_'
1 | struct Float16 {
2 | public static func * (lhs: Float16, rhs: Float16) -> Float16}
| `- note: '*' produces 'Float16', not the expected contextual result type '_'
3 |
Swift.Float.*:2:20: note: '*' produces 'Float', not the expected contextual result type '_'
1 | struct Float {
2 | public static func * (lhs: Float, rhs: Float) -> Float}
| `- note: '*' produces 'Float', not the expected contextual result type '_'
3 |
Swift.Double.*:2:20: note: '*' produces 'Double', not the expected contextual result type '_'
1 | struct Double {
2 | public static func * (lhs: Double, rhs: Double) -> Double}
| `- note: '*' produces 'Double', not the expected contextual result type '_'
3 |
Swift.UInt8.*:2:20: note: '*' produces 'UInt8', not the expected contextual result type '_'
1 | struct UInt8 {
2 | public static func * (lhs: UInt8, rhs: UInt8) -> UInt8}
| `- note: '*' produces 'UInt8', not the expected contextual result type '_'
3 |
Swift.Int8.*:2:20: note: '*' produces 'Int8', not the expected contextual result type '_'
1 | struct Int8 {
2 | public static func * (lhs: Int8, rhs: Int8) -> Int8}
| `- note: '*' produces 'Int8', not the expected contextual result type '_'
3 |
Swift.UInt16.*:2:20: note: '*' produces 'UInt16', not the expected contextual result type '_'
1 | struct UInt16 {
2 | public static func * (lhs: UInt16, rhs: UInt16) -> UInt16}
| `- note: '*' produces 'UInt16', not the expected contextual result type '_'
3 |
Swift.Int16.*:2:20: note: '*' produces 'Int16', not the expected contextual result type '_'
1 | struct Int16 {
2 | public static func * (lhs: Int16, rhs: Int16) -> Int16}
| `- note: '*' produces 'Int16', not the expected contextual result type '_'
3 |
Swift.UInt32.*:2:20: note: '*' produces 'UInt32', not the expected contextual result type '_'
1 | struct UInt32 {
2 | public static func * (lhs: UInt32, rhs: UInt32) -> UInt32}
| `- note: '*' produces 'UInt32', not the expected contextual result type '_'
3 |
Swift.Int32.*:2:20: note: '*' produces 'Int32', not the expected contextual result type '_'
1 | struct Int32 {
2 | public static func * (lhs: Int32, rhs: Int32) -> Int32}
| `- note: '*' produces 'Int32', not the expected contextual result type '_'
3 |
Swift.UInt64.*:2:20: note: '*' produces 'UInt64', not the expected contextual result type '_'
1 | struct UInt64 {
2 | public static func * (lhs: UInt64, rhs: UInt64) -> UInt64}
| `- note: '*' produces 'UInt64', not the expected contextual result type '_'
3 |
Swift.Int64.*:2:20: note: '*' produces 'Int64', not the expected contextual result type '_'
1 | struct Int64 {
2 | public static func * (lhs: Int64, rhs: Int64) -> Int64}
| `- note: '*' produces 'Int64', not the expected contextual result type '_'
3 |
Swift.UInt.*:2:20: note: '*' produces 'UInt', not the expected contextual result type '_'
1 | struct UInt {
2 | public static func * (lhs: UInt, rhs: UInt) -> UInt}
| `- note: '*' produces 'UInt', not the expected contextual result type '_'
3 |
Swift.Int.*:2:20: note: '*' produces 'Int', not the expected contextual result type '_'
1 | struct Int {
2 | public static func * (lhs: Int, rhs: Int) -> Int}
| `- note: '*' produces 'Int', not the expected contextual result type '_'
3 |
Swift.FloatingPoint.*:2:22: note: '*' produces '_', not the expected contextual result type '_'
1 | protocol FloatingPoint {
2 | override static func * (lhs: Self, rhs: Self) -> Self}
| `- note: '*' produces '_', not the expected contextual result type '_'
3 |
Swift.Numeric.*:2:13: note: '*' produces '_', not the expected contextual result type '_'
1 | protocol Numeric {
2 | static func * (lhs: Self, rhs: Self) -> Self}
| `- note: '*' produces '_', not the expected contextual result type '_'
3 |
Swift.BinaryInteger.*:2:22: note: '*' produces '_', not the expected contextual result type '_'
1 | protocol BinaryInteger {
2 | override static func * (lhs: Self, rhs: Self) -> Self}
| `- note: '*' produces '_', not the expected contextual result type '_'
3 |
Swift.DurationProtocol.*:2:13: note: '*' produces '_', not the expected contextual result type '_'
1 | protocol DurationProtocol {
2 | static func * (lhs: Self, rhs: Int) -> Self}
| `- note: '*' produces '_', not the expected contextual result type '_'
3 |
Swift.SIMD.*:2:20: note: '*' produces '_', not the expected contextual result type '_'
1 | protocol SIMD {
2 | public static func * (a: Self, b: Self) -> Self}
| `- note: '*' produces '_', not the expected contextual result type '_'
3 |
Swift.SIMD.*:2:20: note: '*' produces '_', not the expected contextual result type '_'
1 | protocol SIMD {
2 | public static func * (a: Self.Scalar, b: Self) -> Self}
| `- note: '*' produces '_', not the expected contextual result type '_'
3 |
Swift.SIMD.*:2:20: note: '*' produces '_', not the expected contextual result type '_'
1 | protocol SIMD {
2 | public static func * (a: Self, b: Self.Scalar) -> Self}
| `- note: '*' produces '_', not the expected contextual result type '_'
3 |
[1216/1232] Compiling FaviconFinder HTMLFaviconFinder.swift
/host/spi-builder-workspace/Sources/FaviconFinder/Types/FaviconImage.swift:66:16: error: cannot find type 'Data' in scope
64 | /// - Throws: `FaviconError.invalidImage` if the image cannot be created from the data.
65 | ///
66 | init(data: Data) throws {
| `- error: cannot find type 'Data' in scope
67 | guard let image = Image(data: data) else {
68 | throw FaviconError.invalidImage
[1217/1232] Compiling FaviconFinder ICOFaviconFinder.swift
/host/spi-builder-workspace/Sources/FaviconFinder/Types/FaviconImage.swift:66:16: error: cannot find type 'Data' in scope
64 | /// - Throws: `FaviconError.invalidImage` if the image cannot be created from the data.
65 | ///
66 | init(data: Data) throws {
| `- error: cannot find type 'Data' in scope
67 | guard let image = Image(data: data) else {
68 | throw FaviconError.invalidImage
[1218/1232] Compiling FaviconFinder MockFaviconFinder.swift
/host/spi-builder-workspace/Sources/FaviconFinder/Types/FaviconImage.swift:66:16: error: cannot find type 'Data' in scope
64 | /// - Throws: `FaviconError.invalidImage` if the image cannot be created from the data.
65 | ///
66 | init(data: Data) throws {
| `- error: cannot find type 'Data' in scope
67 | guard let image = Image(data: data) else {
68 | throw FaviconError.invalidImage
[1219/1232] Compiling FaviconFinder String+Removals.swift
[1220/1232] Compiling FaviconFinder String+URLQuery.swift
[1221/1232] Compiling FaviconFinder URL+Parsing.swift
[1222/1232] Compiling FaviconFinder FaviconFinder+Configuration.swift
[1223/1232] Compiling FaviconFinder FaviconFinder.swift
[1224/1232] Compiling FaviconFinder FaviconFinderProtocol.swift
[1225/1232] Compiling FaviconFinder URLResponse+StringEncoding.swift
/host/spi-builder-workspace/Sources/FaviconFinder/Toolbox/Extensions/URLResponse+StringEncoding.swift:15:1: error: non-nominal type 'URLResponse' (aka 'AnyObject') cannot be extended [#NominalTypes]
13 | /// from the response's text encoding name.
14 | ///
15 | extension URLResponse {
| `- error: non-nominal type 'URLResponse' (aka 'AnyObject') cannot be extended [#NominalTypes]
16 |
17 | /// Determines the string encoding of the response based on the `textEncodingName` property.
/host/spi-builder-workspace/Sources/FaviconFinder/Toolbox/FaviconURLSession.swift:216:27: error: cannot find 'URLRequest' in scope
214 |
215 | // Create our request
216 | var request = URLRequest(url: url)
| `- error: cannot find 'URLRequest' in scope
217 |
218 | // If there's HTTP headers, add them
/host/spi-builder-workspace/Sources/FaviconFinder/Toolbox/FaviconURLSession.swift:227:38: error: type 'URLSession' (aka 'AnyObject') has no member 'shared'
225 | // Fetch our response
226 | let response = Response(
227 | try await URLSession.shared.data(for: request)
| `- error: type 'URLSession' (aka 'AnyObject') has no member 'shared'
228 | )
229 |
/host/spi-builder-workspace/Sources/FaviconFinder/Toolbox/FaviconURLSession.swift:270:74: error: type 'URLSession' (aka 'AnyObject') has no member 'shared'
268 | }
269 |
270 | let redirectResponse = Response(try await URLSession.shared.data(from: redirectURL))
| `- error: type 'URLSession' (aka 'AnyObject') has no member 'shared'
271 | return redirectResponse
272 | }
/host/spi-builder-workspace/Sources/FaviconFinder/Toolbox/FaviconURLSession.swift:289:43: error: cannot find 'URLRequest' in scope
287 | }
288 |
289 | var redirectRequest = URLRequest(url: redirectURL)
| `- error: cannot find 'URLRequest' in scope
290 | if let httpHeaders {
291 | for (key, value) in httpHeaders {
/host/spi-builder-workspace/Sources/FaviconFinder/Toolbox/FaviconURLSession.swift:297:46: error: type 'URLSession' (aka 'AnyObject') has no member 'shared'
295 |
296 | let redirectResponse = Response(
297 | try await URLSession.shared.data(from: redirectURL)
| `- error: type 'URLSession' (aka 'AnyObject') has no member 'shared'
298 | )
299 | return redirectResponse
[#NominalTypes]: <https://docs.swift.org/compiler/documentation/diagnostics/nominal-types>
[1226/1232] Compiling FaviconFinder FaviconURLSession.swift
/host/spi-builder-workspace/Sources/FaviconFinder/Toolbox/Extensions/URLResponse+StringEncoding.swift:15:1: error: non-nominal type 'URLResponse' (aka 'AnyObject') cannot be extended [#NominalTypes]
13 | /// from the response's text encoding name.
14 | ///
15 | extension URLResponse {
| `- error: non-nominal type 'URLResponse' (aka 'AnyObject') cannot be extended [#NominalTypes]
16 |
17 | /// Determines the string encoding of the response based on the `textEncodingName` property.
/host/spi-builder-workspace/Sources/FaviconFinder/Toolbox/FaviconURLSession.swift:216:27: error: cannot find 'URLRequest' in scope
214 |
215 | // Create our request
216 | var request = URLRequest(url: url)
| `- error: cannot find 'URLRequest' in scope
217 |
218 | // If there's HTTP headers, add them
/host/spi-builder-workspace/Sources/FaviconFinder/Toolbox/FaviconURLSession.swift:227:38: error: type 'URLSession' (aka 'AnyObject') has no member 'shared'
225 | // Fetch our response
226 | let response = Response(
227 | try await URLSession.shared.data(for: request)
| `- error: type 'URLSession' (aka 'AnyObject') has no member 'shared'
228 | )
229 |
/host/spi-builder-workspace/Sources/FaviconFinder/Toolbox/FaviconURLSession.swift:270:74: error: type 'URLSession' (aka 'AnyObject') has no member 'shared'
268 | }
269 |
270 | let redirectResponse = Response(try await URLSession.shared.data(from: redirectURL))
| `- error: type 'URLSession' (aka 'AnyObject') has no member 'shared'
271 | return redirectResponse
272 | }
/host/spi-builder-workspace/Sources/FaviconFinder/Toolbox/FaviconURLSession.swift:289:43: error: cannot find 'URLRequest' in scope
287 | }
288 |
289 | var redirectRequest = URLRequest(url: redirectURL)
| `- error: cannot find 'URLRequest' in scope
290 | if let httpHeaders {
291 | for (key, value) in httpHeaders {
/host/spi-builder-workspace/Sources/FaviconFinder/Toolbox/FaviconURLSession.swift:297:46: error: type 'URLSession' (aka 'AnyObject') has no member 'shared'
295 |
296 | let redirectResponse = Response(
297 | try await URLSession.shared.data(from: redirectURL)
| `- error: type 'URLSession' (aka 'AnyObject') has no member 'shared'
298 | )
299 | return redirectResponse
[#NominalTypes]: <https://docs.swift.org/compiler/documentation/diagnostics/nominal-types>
[1227/1232] Compiling FaviconFinder Regex.swift
/host/spi-builder-workspace/Sources/FaviconFinder/Toolbox/Extensions/URLResponse+StringEncoding.swift:15:1: error: non-nominal type 'URLResponse' (aka 'AnyObject') cannot be extended [#NominalTypes]
13 | /// from the response's text encoding name.
14 | ///
15 | extension URLResponse {
| `- error: non-nominal type 'URLResponse' (aka 'AnyObject') cannot be extended [#NominalTypes]
16 |
17 | /// Determines the string encoding of the response based on the `textEncodingName` property.
/host/spi-builder-workspace/Sources/FaviconFinder/Toolbox/FaviconURLSession.swift:216:27: error: cannot find 'URLRequest' in scope
214 |
215 | // Create our request
216 | var request = URLRequest(url: url)
| `- error: cannot find 'URLRequest' in scope
217 |
218 | // If there's HTTP headers, add them
/host/spi-builder-workspace/Sources/FaviconFinder/Toolbox/FaviconURLSession.swift:227:38: error: type 'URLSession' (aka 'AnyObject') has no member 'shared'
225 | // Fetch our response
226 | let response = Response(
227 | try await URLSession.shared.data(for: request)
| `- error: type 'URLSession' (aka 'AnyObject') has no member 'shared'
228 | )
229 |
/host/spi-builder-workspace/Sources/FaviconFinder/Toolbox/FaviconURLSession.swift:270:74: error: type 'URLSession' (aka 'AnyObject') has no member 'shared'
268 | }
269 |
270 | let redirectResponse = Response(try await URLSession.shared.data(from: redirectURL))
| `- error: type 'URLSession' (aka 'AnyObject') has no member 'shared'
271 | return redirectResponse
272 | }
/host/spi-builder-workspace/Sources/FaviconFinder/Toolbox/FaviconURLSession.swift:289:43: error: cannot find 'URLRequest' in scope
287 | }
288 |
289 | var redirectRequest = URLRequest(url: redirectURL)
| `- error: cannot find 'URLRequest' in scope
290 | if let httpHeaders {
291 | for (key, value) in httpHeaders {
/host/spi-builder-workspace/Sources/FaviconFinder/Toolbox/FaviconURLSession.swift:297:46: error: type 'URLSession' (aka 'AnyObject') has no member 'shared'
295 |
296 | let redirectResponse = Response(
297 | try await URLSession.shared.data(from: redirectURL)
| `- error: type 'URLSession' (aka 'AnyObject') has no member 'shared'
298 | )
299 | return redirectResponse
[#NominalTypes]: <https://docs.swift.org/compiler/documentation/diagnostics/nominal-types>
[1228/1232] Compiling FaviconFinder WebApplicationManifestFaviconFinder.swift
[1229/1232] Compiling FaviconFinder Array+Reorder.swift
[1230/1232] Compiling FaviconFinder String+HREF.swift
[1231/1232] Compiling FaviconFinder FaviconSourceType.swift
/host/spi-builder-workspace/Sources/FaviconFinder/Types/FaviconImage.swift:41:22: error: cannot find type 'Data' in scope
39 |
40 | /// The raw data that makes up the image.
41 | public let data: Data
| `- error: cannot find type 'Data' in scope
42 |
43 | /// The platform-specific image type (e.g., `UIImage` for iOS, `NSImage` for macOS, or `Image` for Linux).
/host/spi-builder-workspace/Sources/FaviconFinder/Types/FaviconImage.swift:44:23: error: cannot find type 'Image' in scope
42 |
43 | /// The platform-specific image type (e.g., `UIImage` for iOS, `NSImage` for macOS, or `Image` for Linux).
44 | public let image: Image
| `- error: cannot find type 'Image' in scope
45 |
46 | // MARK: - Lifecycle
[1232/1232] Compiling FaviconFinder FaviconURL.swift
/host/spi-builder-workspace/Sources/FaviconFinder/Types/FaviconImage.swift:41:22: error: cannot find type 'Data' in scope
39 |
40 | /// The raw data that makes up the image.
41 | public let data: Data
| `- error: cannot find type 'Data' in scope
42 |
43 | /// The platform-specific image type (e.g., `UIImage` for iOS, `NSImage` for macOS, or `Image` for Linux).
/host/spi-builder-workspace/Sources/FaviconFinder/Types/FaviconImage.swift:44:23: error: cannot find type 'Image' in scope
42 |
43 | /// The platform-specific image type (e.g., `UIImage` for iOS, `NSImage` for macOS, or `Image` for Linux).
44 | public let image: Image
| `- error: cannot find type 'Image' in scope
45 |
46 | // MARK: - Lifecycle
BUILD FAILURE 6.3 android