The Swift Package Index logo.Swift Package Index

Build Information

Failed to build GrowingAnalytics, reference 4.13.0 (c01a56), with Swift 6.1 for Linux on 1 Oct 2026 05:43:54 UTC.

Build Command

bash -c docker run --pull=always --rm -v "checkouts-54344843-3":/host -w "$PWD" -e JAVA_HOME="/root/.sdkman/candidates/java/current" -e SPI_BUILD="1" -e SPI_PROCESSING="1" registry.gitlab.com/saguaro1/spi-images:basic-6.1-latest swift build --triple x86_64-unknown-linux-gnu 2>&1

Build Log

========================================
RunAll
========================================
Builder version: 5.1.1
Interrupt handler set up.
========================================
Checkout
========================================
Clone URL: https://github.com/growingio/growingio-sdk-ios-autotracker.git
Reference: 4.13.0
Initialized empty Git repository in /host/spi-builder-workspace/.git/
hint: Using 'master' as the name for the initial branch. This default branch name
hint: is subject to change. To configure the initial branch name to use in all
hint: of your new repositories, which will suppress this warning, call:
hint:
hint: 	git config --global init.defaultBranch <name>
hint:
hint: Names commonly chosen instead of 'master' are 'main', 'trunk' and
hint: 'development'. The just-created branch can be renamed via this command:
hint:
hint: 	git branch -m <name>
From https://github.com/growingio/growingio-sdk-ios-autotracker
 * tag               4.13.0     -> FETCH_HEAD
HEAD is now at c01a563 feat: release 4.13.0
Cloned https://github.com/growingio/growingio-sdk-ios-autotracker.git
Revision (git rev-parse @):
c01a563623f84c1c0cb1e13576a48999fb38893e
SPI manifest file found: $PWD/.spi.yml
SUCCESS checkout https://github.com/growingio/growingio-sdk-ios-autotracker.git at 4.13.0
========================================
Build
========================================
Selected platform:         linux
Swift version:             6.1
Building package at path:  $PWD
https://github.com/growingio/growingio-sdk-ios-autotracker.git
https://github.com/growingio/growingio-sdk-ios-autotracker.git
WARNING: environment variable SUPPRESS_SWIFT_6_FLAGS is not set
Running build ...
bash -c docker run --pull=always --rm -v "checkouts-54344843-3":/host -w "$PWD" -e JAVA_HOME="/root/.sdkman/candidates/java/current" -e SPI_BUILD="1" -e SPI_PROCESSING="1" registry.gitlab.com/saguaro1/spi-images:basic-6.1-latest swift build --triple x86_64-unknown-linux-gnu -Xswiftc -Xfrontend -Xswiftc -stats-output-dir -Xswiftc -Xfrontend -Xswiftc .stats -Xswiftc -strict-concurrency=complete -Xswiftc -enable-upcoming-feature -Xswiftc StrictConcurrency -Xswiftc -enable-upcoming-feature -Xswiftc DisableOutwardActorInference -Xswiftc -enable-upcoming-feature -Xswiftc GlobalActorIsolatedTypesUsability -Xswiftc -enable-upcoming-feature -Xswiftc InferSendableFromCaptures 2>&1
basic-6.1-latest: Pulling from saguaro1/spi-images
Digest: sha256:bebe373f64586285d153a73cebf57004d534988a7110464fd581e50dd24c756b
Status: Image is up to date for registry.gitlab.com/saguaro1/spi-images:basic-6.1-latest
Fetching https://github.com/apple/swift-protobuf.git
Fetching https://github.com/growingio/growingio-sdk-ios-utilities.git
[1/353] Fetching growingio-sdk-ios-utilities
Fetched https://github.com/growingio/growingio-sdk-ios-utilities.git from cache (0.42s)
[1/54384] Fetching swift-protobuf
Fetching https://github.com/growingio/growingio-sdk-ios-performance-ext.git
Fetched https://github.com/apple/swift-protobuf.git from cache (7.52s)
[1/761] Fetching growingio-sdk-ios-performance-ext
Fetched https://github.com/growingio/growingio-sdk-ios-performance-ext.git from cache (1.89s)
Computing version for https://github.com/growingio/growingio-sdk-ios-utilities.git
Computed https://github.com/growingio/growingio-sdk-ios-utilities.git at 1.2.4 (9.71s)
Computing version for https://github.com/growingio/growingio-sdk-ios-performance-ext.git
Computed https://github.com/growingio/growingio-sdk-ios-performance-ext.git at 1.0.2 (1.20s)
Computing version for https://github.com/apple/swift-protobuf.git
Computed https://github.com/apple/swift-protobuf.git at 1.38.1 (0.33s)
Creating working copy for https://github.com/growingio/growingio-sdk-ios-performance-ext.git
Working copy of https://github.com/growingio/growingio-sdk-ios-performance-ext.git resolved at 1.0.2
Creating working copy for https://github.com/growingio/growingio-sdk-ios-utilities.git
Working copy of https://github.com/growingio/growingio-sdk-ios-utilities.git resolved at 1.2.4
Creating working copy for https://github.com/apple/swift-protobuf.git
Working copy of https://github.com/apple/swift-protobuf.git resolved at 1.38.1
[1/1] Compiling plugin SwiftProtobufPlugin
Building for debugging...
[1/108] Write sources
In file included from /host/spi-builder-workspace/Modules/ABTesting/Request/GrowingABTRequest.m:20:
/host/spi-builder-workspace/Modules/ABTesting/Request/GrowingABTRequest.h:20:9: fatal error: 'Foundation/Foundation.h' file not found
   20 | #import <Foundation/Foundation.h>
      |         ^~~~~~~~~~~~~~~~~~~~~~~~~
1 error generated.
[2/108] Compiling GrowingABTRequest.m
In file included from /host/spi-builder-workspace/Modules/ABTesting/GrowingABTExperimentStorage.m:20:
/host/spi-builder-workspace/Modules/ABTesting/GrowingABTExperimentStorage.h:20:9: fatal error: 'Foundation/Foundation.h' file not found
   20 | #import <Foundation/Foundation.h>
      |         ^~~~~~~~~~~~~~~~~~~~~~~~~
1 error generated.
[2/108] Compiling GrowingModule_ABTesting GrowingABTExperimentStorage.m
In file included from /host/spi-builder-workspace/Modules/Advertising/AppleSearchAds/GrowingAsaFetcher.m:20:
/host/spi-builder-workspace/Modules/Advertising/AppleSearchAds/GrowingAsaFetcher.h:20:9: fatal error: 'Foundation/Foundation.h' file not found
   20 | #import <Foundation/Foundation.h>
      |         ^~~~~~~~~~~~~~~~~~~~~~~~~
[2/108] Compiling GrowingAsaFetcher.m
In file included from /host/spi-builder-workspace/Modules/ABTesting/GrowingABTExperiment.m:20:
In file included from /host/spi-builder-workspace/Modules/ABTesting/GrowingABTExperiment+Private.h:20:
/host/spi-builder-workspace/Modules/ABTesting/Public/GrowingABTExperiment.h:20:9: fatal error: 'Foundation/Foundation.h' file not found
   20 | #import <Foundation/Foundation.h>
      |         ^~~~~~~~~~~~~~~~~~~~~~~~~
[2/108] Compiling GrowingModule_ABTesting GrowingABTExperiment.m
[2/108] Compiling GrowingTracker_Objc GrowingTracker.m
In file included from /host/spi-builder-workspace/Modules/ABTesting/Request/GrowingABTRequestAdapter.m:20:
/host/spi-builder-workspace/Modules/ABTesting/Request/GrowingABTRequestAdapter.h:20:9: fatal error: 'Foundation/Foundation.h' file not found
   20 | #import <Foundation/Foundation.h>
      |         ^~~~~~~~~~~~~~~~~~~~~~~~~
1 error generated.
[2/108] Compiling GrowingABTRequestAdapter.m
In file included from /host/spi-builder-workspace/Modules/ABTesting/GrowingABTesting.m:20:
/host/spi-builder-workspace/Modules/ABTesting/Public/GrowingABTesting.h:20:9: fatal error: 'Foundation/Foundation.h' file not found
   20 | #import <Foundation/Foundation.h>
      |         ^~~~~~~~~~~~~~~~~~~~~~~~~
[2/108] Compiling GrowingModule_ABTesting GrowingABTesting.m
[2/108] Write swift-version-24593BA9C3E375BF.txt
Running build ...
bash -c docker run --pull=always --rm -v "checkouts-54344843-3":/host -w "$PWD" -e JAVA_HOME="/root/.sdkman/candidates/java/current" -e SPI_BUILD="1" -e SPI_PROCESSING="1" registry.gitlab.com/saguaro1/spi-images:basic-6.1-latest swift build --triple x86_64-unknown-linux-gnu 2>&1
basic-6.1-latest: Pulling from saguaro1/spi-images
Digest: sha256:bebe373f64586285d153a73cebf57004d534988a7110464fd581e50dd24c756b
Status: Image is up to date for registry.gitlab.com/saguaro1/spi-images:basic-6.1-latest
[0/1] Planning build
[1/1] Compiling plugin SwiftProtobufPlugin
Building for debugging...
In file included from /host/spi-builder-workspace/GrowingTrackerCore/Utils/GrowingKeyChainWrapper.m:20:
/host/spi-builder-workspace/GrowingTrackerCore/Utils/GrowingKeyChainWrapper.h:20:9: fatal error: 'Foundation/Foundation.h' file not found
   20 | #import <Foundation/Foundation.h>
      |         ^~~~~~~~~~~~~~~~~~~~~~~~~
1 error generated.
[1/107] Compiling GrowingKeyChainWrapper.m
[1/107] Compiling GrowingUserIdentifier.m
[1/107] Compiling GrowingArgumentChecker.m
[1/107] Compiling GrowingEventTimer.m
[1/107] Compiling GrowingDeviceInfo.m
In file included from /host/spi-builder-workspace/GrowingTrackerCore/Utils/GrowingDynamicProxy.m:20:
/host/spi-builder-workspace/GrowingTrackerCore/Public/GrowingDynamicProxy.h:20:9: fatal error: 'Foundation/Foundation.h' file not found
   20 | #import <Foundation/Foundation.h>
      |         ^~~~~~~~~~~~~~~~~~~~~~~~~
[1/107] Compiling GrowingDynamicProxy.m
In file included from /host/spi-builder-workspace/GrowingTracker/GrowingTracker.m:20:
In file included from /host/spi-builder-workspace/GrowingTracker/GrowingTracker.h:20:
/host/spi-builder-workspace/GrowingTrackerCore/Public/GrowingAttributesBuilder.h:20:9: fatal error: 'Foundation/Foundation.h' file not found
   20 | #import <Foundation/Foundation.h>
      |         ^~~~~~~~~~~~~~~~~~~~~~~~~
1 error generated.
[1/107] Write swift-version-24593BA9C3E375BF.txt
[1/107] Compiling GrowingTracker_Objc GrowingTracker.m
BUILD FAILURE 6.1 linux