The Swift Package Index logo.Swift Package Index

Build Information

Failed to build AlamofireImage, reference 4.4.0 (4cf73d), with Swift 6.4 for Android on 24 Sep 2026 18:33:34 UTC.

Build Command

bash -c docker run --pull=always --rm -v "checkouts-53886770-0":/host -w "$PWD" -e JAVA_HOME="/root/.sdkman/candidates/java/current" -e SPI_BUILD="1" -e SPI_PROCESSING="1" registry.gitlab.com/saguaro1/spi-images:android-6.4-latest swift build --swift-sdk aarch64-unknown-linux-android28 2>&1

Build Log

========================================
RunAll
========================================
Builder version: 5.1.0
Interrupt handler set up.
========================================
Checkout
========================================
Clone URL: https://github.com/Alamofire/AlamofireImage.git
Reference: 4.4.0
Initialized empty Git repository in /host/spi-builder-workspace/.git/
hint: Using 'master' as the name for the initial branch. This default branch name
hint: is subject to change. To configure the initial branch name to use in all
hint: of your new repositories, which will suppress this warning, call:
hint:
hint: 	git config --global init.defaultBranch <name>
hint:
hint: Names commonly chosen instead of 'master' are 'main', 'trunk' and
hint: 'development'. The just-created branch can be renamed via this command:
hint:
hint: 	git branch -m <name>
From https://github.com/Alamofire/AlamofireImage
 * tag               4.4.0      -> FETCH_HEAD
HEAD is now at 4cf73d6 Update for 4.4.0 (#486)
Cloned https://github.com/Alamofire/AlamofireImage.git
Revision (git rev-parse @):
4cf73d601c482b7d77bae47de3ef1b8bcf328ec1
SUCCESS checkout https://github.com/Alamofire/AlamofireImage.git at 4.4.0
========================================
Build
========================================
Selected platform:         android
Swift version:             6.4
Building package at path:  $PWD
https://github.com/Alamofire/AlamofireImage.git
Running build ...
bash -c docker run --pull=always --rm -v "checkouts-53886770-0":/host -w "$PWD" -e JAVA_HOME="/root/.sdkman/candidates/java/current" -e SPI_BUILD="1" -e SPI_PROCESSING="1" registry.gitlab.com/saguaro1/spi-images:android-6.4-latest swift build --swift-sdk aarch64-unknown-linux-android28 2>&1
android-6.4-latest: Pulling from saguaro1/spi-images
Digest: sha256:abadcff584c273feba50641b454858d377ba30b35ea7287a94f45ebd8afd0ea0
Status: Image is up to date for registry.gitlab.com/saguaro1/spi-images:android-6.4-latest
warning: 'spi-builder-workspace': /host/spi-builder-workspace/Package.swift:32:45: warning: 'v4' is deprecated: watchOS 9.0 is the oldest supported version [#DeprecatedDeclaration]
30 |                                   .iOS(.v12),
31 |                                   .tvOS(.v12),
32 |                                   .watchOS(.v4)],
   |                                             `- warning: 'v4' is deprecated: watchOS 9.0 is the oldest supported version [#DeprecatedDeclaration]
33 |                       products: [.library(name: "AlamofireImage", targets: ["AlamofireImage"])],
34 |                       dependencies: [.package(url: "https://github.com/Alamofire/Alamofire.git",
[#DeprecatedDeclaration]: <https://docs.swift.org/compiler/documentation/diagnostics/deprecated-declaration>
Fetching https://github.com/Alamofire/Alamofire.git
[1/32894] Fetching alamofire
Fetched https://github.com/Alamofire/Alamofire.git (7.37s)
Computing version for https://github.com/Alamofire/Alamofire.git
Computed https://github.com/Alamofire/Alamofire.git at 5.12.2 (7.60s)
Creating working copy for https://github.com/Alamofire/Alamofire.git
Working copy of https://github.com/Alamofire/Alamofire.git resolved at 5.12.2
Building for debugging...
[Pre-planning 1 / 154]
[Constructing 273 / 445]
[171 / 186] Alamofire
[180 / 195] Alamofire
[181 / 195] Alamofire
[191 / 205] AlamofireImage
error: SwiftCompile normal aarch64 /host/spi-builder-workspace/Source/Request+AlamofireImage.swift failed with a nonzero exit code. Command line:     cd /host
    builtin-SwiftPerFileCompile Request+AlamofireImage.swift
/host/spi-builder-workspace/Source/Request+AlamofireImage.swift:105:113: error: cannot find type 'Image' in scope
103 |     // MARK: Serialization
104 |
105 |     open func serialize(request: URLRequest?, response: HTTPURLResponse?, data: Data?, error: Error?) throws -> Image {
    |                                                                                                                 `- error: cannot find type 'Image' in scope
106 |         guard error == nil else { throw error! }
107 |
/host/spi-builder-workspace/Source/Request+AlamofireImage.swift:121:57: error: cannot find type 'Image' in scope
119 |     }
120 |
121 |     open func serializeImage(from data: Data) throws -> Image {
    |                                                         `- error: cannot find type 'Image' in scope
122 |         guard !data.isEmpty else {
123 |             throw AFError.responseSerializationFailed(reason: .inputDataNilOrZeroLength)
/host/spi-builder-workspace/Source/Request+AlamofireImage.swift:37:12: warning: non-final class 'ImageResponseSerializer' cannot conform to the 'Sendable' protocol; this is an error in the Swift 6 language mode
 35 | #endif
 36 |
 37 | open class ImageResponseSerializer: ResponseSerializer, Sendable {
    |            `- warning: non-final class 'ImageResponseSerializer' cannot conform to the 'Sendable' protocol; this is an error in the Swift 6 language mode
 38 |     // MARK: Properties
 39 |
/host/spi-builder-workspace/Source/Request+AlamofireImage.swift:37:12: error: type 'ImageResponseSerializer' does not conform to protocol 'DataResponseSerializerProtocol'
 35 | #endif
 36 |
 37 | open class ImageResponseSerializer: ResponseSerializer, Sendable {
    |            `- error: type 'ImageResponseSerializer' does not conform to protocol 'DataResponseSerializerProtocol'
 38 |     // MARK: Properties
 39 |
/host/spi-builder-workspace/Source/Request+AlamofireImage.swift:37:12: error: type 'ImageResponseSerializer' does not conform to protocol 'DownloadResponseSerializerProtocol'
 35 | #endif
 36 |
 37 | open class ImageResponseSerializer: ResponseSerializer, Sendable {
    |            |- error: type 'ImageResponseSerializer' does not conform to protocol 'DownloadResponseSerializerProtocol'
    |            `- note: add stubs for conformance
 38 |     // MARK: Properties
 39 |
/host/spi-builder-workspace/.build/checkouts/Alamofire/Source/Features/ResponseSerialization.swift:30:20: note: protocol requires nested type 'SerializedObject'
 28 | public protocol DataResponseSerializerProtocol<SerializedObject>: Sendable {
 29 |     /// The type of serialized object to be created.
 30 |     associatedtype SerializedObject: Sendable
    |                    `- note: protocol requires nested type 'SerializedObject'
 31 |
 32 |     /// Serialize the response `Data` into the provided type.
/host/spi-builder-workspace/Source/Request+AlamofireImage.swift:259:124: error: cannot find type 'DataResponsePublisher' in scope
257 |                              inflateResponseImage: Bool = true,
258 |                              emptyResponseCodes: Set<Int> = ImageResponseSerializer.defaultEmptyResponseCodes,
259 |                              emptyRequestMethods: Set<HTTPMethod> = ImageResponseSerializer.defaultEmptyRequestMethods) -> DataResponsePublisher<Image> {
    |                                                                                                                            `- error: cannot find type 'DataResponsePublisher' in scope
260 |         publishResponse(using: ImageResponseSerializer(imageScale: imageScale,
261 |                                                        inflateResponseImage: inflateResponseImage,
/host/spi-builder-workspace/Source/Request+AlamofireImage.swift:278:137: error: cannot find type 'Image' in scope
276 |                                  inflateResponseImage: Bool = true,
277 |                                  emptyResponseCodes: Set<Int> = ImageResponseSerializer.defaultEmptyResponseCodes,
278 |                                  emptyRequestMethods: Set<HTTPMethod> = ImageResponseSerializer.defaultEmptyRequestMethods) -> DataTask<Image> {
    |                                                                                                                                         `- error: cannot find type 'Image' in scope
279 |         serializingResponse(using: ImageResponseSerializer(imageScale: imageScale,
280 |                                                            inflateResponseImage: inflateResponseImage,
/host/spi-builder-workspace/Source/Request+AlamofireImage.swift:114:20: error: cannot find 'Image' in scope
112 |
113 |             print("AlamofireImage: Returning empty image from serializer!")
114 |             return Image()
    |                    `- error: cannot find 'Image' in scope
115 |         }
116 |
/host/spi-builder-workspace/Source/Request+AlamofireImage.swift:141:16: error: cannot find 'image' in scope
139 |         #endif
140 |
141 |         return image
    |                `- error: cannot find 'image' in scope
142 |     }
143 |
/host/spi-builder-workspace/Source/Request+AlamofireImage.swift:260:9: error: cannot find 'publishResponse' in scope
258 |                              emptyResponseCodes: Set<Int> = ImageResponseSerializer.defaultEmptyResponseCodes,
259 |                              emptyRequestMethods: Set<HTTPMethod> = ImageResponseSerializer.defaultEmptyRequestMethods) -> DataResponsePublisher<Image> {
260 |         publishResponse(using: ImageResponseSerializer(imageScale: imageScale,
    |         `- error: cannot find 'publishResponse' in scope
261 |                                                        inflateResponseImage: inflateResponseImage,
262 |                                                        emptyResponseCodes: emptyResponseCodes,
Failed frontend command:
/root/.local/share/swiftly/toolchains/6.4.x-snapshot-2026-09-04/usr/bin/swift-frontend -frontend -c /host/spi-builder-workspace/Source/AFIError.swift /host/spi-builder-workspace/Source/Image.swift /host/spi-builder-workspace/Source/ImageCache.swift /host/spi-builder-workspace/Source/ImageDownloader.swift /host/spi-builder-workspace/Source/ImageFilter.swift -primary-file /host/spi-builder-workspace/Source/Request+AlamofireImage.swift /host/spi-builder-workspace/Source/UIButton+AlamofireImage.swift /host/spi-builder-workspace/Source/UIImage+AlamofireImage.swift /host/spi-builder-workspace/Source/UIImageView+AlamofireImage.swift -emit-dependencies-path /host/spi-builder-workspace/.build/out/Intermediates.noindex/AlamofireImage.build/Debug-android-aarch64/AlamofireImage-t.build/Objects-normal/aarch64/Request+AlamofireImage.d -emit-const-values-path /host/spi-builder-workspace/.build/out/Intermediates.noindex/AlamofireImage.build/Debug-android-aarch64/AlamofireImage-t.build/Objects-normal/aarch64/Request+AlamofireImage.swiftconstvalues -emit-reference-dependencies-path /host/spi-builder-workspace/.build/out/Intermediates.noindex/AlamofireImage.build/Debug-android-aarch64/AlamofireImage-t.build/Objects-normal/aarch64/Request+AlamofireImage.swiftdeps -serialize-diagnostics-path /host/spi-builder-workspace/.build/out/Intermediates.noindex/AlamofireImage.build/Debug-android-aarch64/AlamofireImage-t.build/Objects-normal/aarch64/Request+AlamofireImage.dia -target aarch64-unknown-linux-android28 -Xllvm -aarch64-use-tbi -disable-objc-interop -sdk /android-ndk/android-ndk-r27d/toolchains/llvm/prebuilt/linux-x86_64/sysroot -sysroot /android-ndk/android-ndk-r27d/toolchains/llvm/prebuilt/linux-x86_64/sysroot -I /host/spi-builder-workspace/.build/out/Products/Debug-android-aarch64 -module-cache-path /host/spi-builder-workspace/.build/out/ModuleCache.noindex -color-diagnostics -Xcc -fcolor-diagnostics -enable-testing -g -debug-info-format\=dwarf -dwarf-version\=4 -swift-version 5 -Onone -D SWIFT_PACKAGE -D DEBUG -D SWIFT_MODULE_RESOURCE_BUNDLE_UNAVAILABLE -D Xcode -serialize-debugging-options -enable-experimental-feature DebugDescriptionMacro -empty-abi-descriptor -external-plugin-path /root/.local/share/swiftly/toolchains/6.4.x-snapshot-2026-09-04/usr/lib/swift/host/plugins/testing\#/root/.local/share/swiftly/toolchains/6.4.x-snapshot-2026-09-04/usr/bin/swift-plugin-server -validate-clang-modules-once -clang-build-session-file /host/spi-builder-workspace/.build/out/ModuleCache.noindex/Session.modulevalidation -Xcc -working-directory -Xcc /host -resource-dir /root/.swiftpm/swift-sdks/swift-6.4.x-DEVELOPMENT-SNAPSHOT-2026-09-04-a_android.artifactbundle/swift-android/swift-resources/usr/lib/swift-aarch64 -enable-anonymous-context-mangled-names -file-compilation-dir /host -Xcc -resource-dir -Xcc /android-ndk/android-ndk-r27d/toolchains/llvm/prebuilt/linux-x86_64/lib/clang/18 -Xcc -fno-omit-frame-pointer -Xcc -D_LIBCPP_HARDENING_MODE\=_LIBCPP_HARDENING_MODE_DEBUG -Xcc -fmodules-prune-interval\=86400 -Xcc -fmodules-prune-after\=345600 -Xcc -I/host/spi-builder-workspace/.build/out/Products/Debug-android-aarch64/include -Xcc -I/host/spi-builder-workspace/.build/out/Intermediates.noindex/AlamofireImage.build/Debug-android-aarch64/AlamofireImage-t.build/DerivedSources-normal/aarch64 -Xcc -I/host/spi-builder-workspace/.build/out/Intermediates.noindex/AlamofireImage.build/Debug-android-aarch64/AlamofireImage-t.build/DerivedSources/aarch64 -Xcc -I/host/spi-builder-workspace/.build/out/Intermediates.noindex/AlamofireImage.build/Debug-android-aarch64/AlamofireImage-t.build/DerivedSources -Xcc -DSWIFT_PACKAGE -Xcc -DDEBUG\=1 -no-auto-bridging-header-chaining -module-name AlamofireImage -package-name spi_builder_workspace -const-gather-protocols-file /host/spi-builder-workspace/.build/out/Intermediates.noindex/AlamofireImage.build/Debug-android-aarch64/AlamofireImage-t.build/Objects-normal/aarch64/AlamofireImage_const_extract_protocols.json -in-process-plugin-server-path /root/.local/share/swiftly/toolchains/6.4.x-snapshot-2026-09-04/usr/lib/swift/host/libSwiftInProcPluginServer.so -plugin-path /root/.local/share/swiftly/toolchains/6.4.x-snapshot-2026-09-04/usr/lib/swift/host/plugins -plugin-path /root/.local/share/swiftly/toolchains/6.4.x-snapshot-2026-09-04/usr/local/lib/swift/host/plugins -parse-as-library -o /host/spi-builder-workspace/.build/out/Intermediates.noindex/AlamofireImage.build/Debug-android-aarch64/AlamofireImage-t.build/Objects-normal/aarch64/Request+AlamofireImage.o -index-unit-output-path /AlamofireImage.build/Debug-android-aarch64/AlamofireImage-t.build/Objects-normal/aarch64/Request+AlamofireImage.o -index-store-path /host/spi-builder-workspace/.build/out -index-system-modules
[195 / 205] AlamofireImage
error: Build failed
BUILD FAILURE 6.4 android