The Swift Package Index logo.Swift Package Index

Build Information

Failed to build MockableKit, reference 1.1.0 (807d4d), with Swift 6.4 for Wasm on 25 Sep 2026 15:08:35 UTC.

Build Command

bash -c docker run --pull=always --rm -v "checkouts-54344847-1":/host -w "$PWD" -e JAVA_HOME="/root/.sdkman/candidates/java/current" -e SPI_BUILD="1" -e SPI_PROCESSING="1" registry.gitlab.com/saguaro1/spi-images:wasm-6.4-latest swift build --swift-sdk swift-6.4.x-DEVELOPMENT-SNAPSHOT-2026-09-04-a_wasm 2>&1

Build Log

========================================
RunAll
========================================
Builder version: 5.1.0
Interrupt handler set up.
========================================
Checkout
========================================
Clone URL: https://github.com/senolmurat/MockableKit.git
Reference: 1.1.0
Initialized empty Git repository in /host/spi-builder-workspace/.git/
hint: Using 'master' as the name for the initial branch. This default branch name
hint: is subject to change. To configure the initial branch name to use in all
hint: of your new repositories, which will suppress this warning, call:
hint:
hint: 	git config --global init.defaultBranch <name>
hint:
hint: Names commonly chosen instead of 'master' are 'main', 'trunk' and
hint: 'development'. The just-created branch can be renamed via this command:
hint:
hint: 	git branch -m <name>
From https://github.com/senolmurat/MockableKit
 * tag               1.1.0      -> FETCH_HEAD
HEAD is now at 807d4dc Merge pull request #2 from senolmurat/dev
Cloned https://github.com/senolmurat/MockableKit.git
Revision (git rev-parse @):
807d4dc47b14d3be89ddefe1c2d52c0e74852ba5
SUCCESS checkout https://github.com/senolmurat/MockableKit.git at 1.1.0
========================================
Build
========================================
Selected platform:         wasm
Swift version:             6.4
Building package at path:  $PWD
https://github.com/senolmurat/MockableKit.git
Running build ...
bash -c docker run --pull=always --rm -v "checkouts-54344847-1":/host -w "$PWD" -e JAVA_HOME="/root/.sdkman/candidates/java/current" -e SPI_BUILD="1" -e SPI_PROCESSING="1" registry.gitlab.com/saguaro1/spi-images:wasm-6.4-latest swift build --swift-sdk swift-6.4.x-DEVELOPMENT-SNAPSHOT-2026-09-04-a_wasm 2>&1
wasm-6.4-latest: Pulling from saguaro1/spi-images
Digest: sha256:4328fdb43c680d205c1d6761b1e3267aa38277eefdda9ddfb17b6a0f1a77857a
Status: Image is up to date for registry.gitlab.com/saguaro1/spi-images:wasm-6.4-latest
Building for debugging...
[Planning deferred tasks]
[25 / 33] MockableKit
[30 / 33] MockableKit
error: SwiftCompile normal wasm32 /host/spi-builder-workspace/Sources/MockableKit/MockEngine.swift failed with a nonzero exit code. Command line:     cd /host
    builtin-SwiftPerFileCompile MockEngine.swift
/host/spi-builder-workspace/Sources/MockableKit/MockEngine.swift:152:23: error: cannot find 'URLRequest' in scope
150 |         }
151 |
152 |         var request = URLRequest(url: url)
    |                       `- error: cannot find 'URLRequest' in scope
153 |         request.httpMethod = "POST"
154 |         request.setValue("application/json", forHTTPHeaderField: "Content-Type")
/host/spi-builder-workspace/Sources/MockableKit/MockEngine.swift:174:53: error: type 'URLSession' (aka 'AnyObject') has no member 'shared'
172 |         request.httpBody = try JSONSerialization.data(withJSONObject: body)
173 |
174 |         let (data, response) = try await URLSession.shared.data(for: request)
    |                                                     `- error: type 'URLSession' (aka 'AnyObject') has no member 'shared'
175 |
176 |         guard let httpResponse = response as? HTTPURLResponse else {
Failed frontend command:
/usr/bin/swift-frontend -frontend -c /host/spi-builder-workspace/Sources/MockableKit/MockCache.swift -primary-file /host/spi-builder-workspace/Sources/MockableKit/MockEngine.swift /host/spi-builder-workspace/Sources/MockableKit/MockableConfiguration.swift /host/spi-builder-workspace/Sources/MockableKit/MockableError.swift /host/spi-builder-workspace/Sources/MockableKit/MockableKit.swift /host/spi-builder-workspace/Sources/MockableKit/SchemaExtractor.swift -emit-dependencies-path /host/spi-builder-workspace/.build/out/Intermediates.noindex/MockableKit.build/Debug-webassembly-wasm32/MockableKit-t.build/Objects-normal/wasm32/MockEngine.d -emit-const-values-path /host/spi-builder-workspace/.build/out/Intermediates.noindex/MockableKit.build/Debug-webassembly-wasm32/MockableKit-t.build/Objects-normal/wasm32/MockEngine.swiftconstvalues -emit-reference-dependencies-path /host/spi-builder-workspace/.build/out/Intermediates.noindex/MockableKit.build/Debug-webassembly-wasm32/MockableKit-t.build/Objects-normal/wasm32/MockEngine.swiftdeps -serialize-diagnostics-path /host/spi-builder-workspace/.build/out/Intermediates.noindex/MockableKit.build/Debug-webassembly-wasm32/MockableKit-t.build/Objects-normal/wasm32/MockEngine.dia -target wasm32-unknown-wasip1 -disable-objc-interop -sdk /root/.swiftpm/swift-sdks/swift-6.4.x-DEVELOPMENT-SNAPSHOT-2026-09-04-a_wasm.artifactbundle/swift-6.4.x-DEVELOPMENT-SNAPSHOT-2026-09-04-a_wasm/wasm32-unknown-wasip1/WASI.sdk -sysroot /root/.swiftpm/swift-sdks/swift-6.4.x-DEVELOPMENT-SNAPSHOT-2026-09-04-a_wasm.artifactbundle/swift-6.4.x-DEVELOPMENT-SNAPSHOT-2026-09-04-a_wasm/wasm32-unknown-wasip1/WASI.sdk -I /host/spi-builder-workspace/.build/out/Products/Debug-webassembly-wasm32 -module-cache-path /host/spi-builder-workspace/.build/out/ModuleCache.noindex -color-diagnostics -Xcc -fcolor-diagnostics -enable-testing -g -debug-info-format\=dwarf -dwarf-version\=4 -swift-version 5 -Onone -D SWIFT_PACKAGE -D DEBUG -D SWIFT_MODULE_RESOURCE_BUNDLE_UNAVAILABLE -D Xcode -serialize-debugging-options -enable-experimental-feature DebugDescriptionMacro -empty-abi-descriptor -external-plugin-path /usr/lib/swift/host/plugins/testing\#/usr/bin/swift-plugin-server -validate-clang-modules-once -clang-build-session-file /host/spi-builder-workspace/.build/out/ModuleCache.noindex/Session.modulevalidation -Xcc -working-directory -Xcc /host -resource-dir /root/.swiftpm/swift-sdks/swift-6.4.x-DEVELOPMENT-SNAPSHOT-2026-09-04-a_wasm.artifactbundle/swift-6.4.x-DEVELOPMENT-SNAPSHOT-2026-09-04-a_wasm/wasm32-unknown-wasip1/swift.xctoolchain/usr/lib/swift_static -use-static-resource-dir -enable-anonymous-context-mangled-names -file-compilation-dir /host -Xcc -resource-dir -Xcc /root/.swiftpm/swift-sdks/swift-6.4.x-DEVELOPMENT-SNAPSHOT-2026-09-04-a_wasm.artifactbundle/swift-6.4.x-DEVELOPMENT-SNAPSHOT-2026-09-04-a_wasm/wasm32-unknown-wasip1/swift.xctoolchain/usr/lib/swift_static/clang -Xcc -D_LIBCPP_HARDENING_MODE\=_LIBCPP_HARDENING_MODE_DEBUG -Xcc -fmodules-prune-interval\=86400 -Xcc -fmodules-prune-after\=345600 -Xcc -I/host/spi-builder-workspace/.build/out/Products/Debug-webassembly-wasm32/include -Xcc -I/host/spi-builder-workspace/.build/out/Intermediates.noindex/MockableKit.build/Debug-webassembly-wasm32/MockableKit-t.build/DerivedSources-normal/wasm32 -Xcc -I/host/spi-builder-workspace/.build/out/Intermediates.noindex/MockableKit.build/Debug-webassembly-wasm32/MockableKit-t.build/DerivedSources/wasm32 -Xcc -I/host/spi-builder-workspace/.build/out/Intermediates.noindex/MockableKit.build/Debug-webassembly-wasm32/MockableKit-t.build/DerivedSources -Xcc -DSWIFT_PACKAGE -Xcc -DDEBUG\=1 -no-auto-bridging-header-chaining -module-name MockableKit -package-name spi_builder_workspace -const-gather-protocols-file /host/spi-builder-workspace/.build/out/Intermediates.noindex/MockableKit.build/Debug-webassembly-wasm32/MockableKit-t.build/Objects-normal/wasm32/MockableKit_const_extract_protocols.json -in-process-plugin-server-path /usr/lib/swift/host/libSwiftInProcPluginServer.so -plugin-path /usr/lib/swift/host/plugins -plugin-path /usr/local/lib/swift/host/plugins -parse-as-library -o /host/spi-builder-workspace/.build/out/Intermediates.noindex/MockableKit.build/Debug-webassembly-wasm32/MockableKit-t.build/Objects-normal/wasm32/MockEngine.o -index-unit-output-path /MockableKit.build/Debug-webassembly-wasm32/MockableKit-t.build/Objects-normal/wasm32/MockEngine.o -index-store-path /host/spi-builder-workspace/.build/out -index-system-modules
error: Build failed
BUILD FAILURE 6.4 wasm