Build Information
Failed to build Bells, reference main (d92cd5), with Swift 6.4 for tvOS using Xcode 27.0 on 19 Sep 2026 02:28:39 UTC.
Build Command
No build command. This typically means the build failed at an early stage where we determine the build command.Build Log
========================================
RunAll
========================================
Builder version: 5.1.0
Interrupt handler set up.
========================================
Checkout
========================================
Clone URL: https://github.com/Sajjon/Bells.git
Reference: main
Initialized empty Git repository in /Users/admin/builder/spi-builder-workspace/.git/
From https://github.com/Sajjon/Bells
* branch main -> FETCH_HEAD
* [new branch] main -> origin/main
HEAD is now at d92cd53 Merge pull request #1 from Sajjon/eth_sign_verify
Cloned https://github.com/Sajjon/Bells.git
Revision (git rev-parse @):
d92cd537d5876ec6338cc5631be4865551878166
SUCCESS checkout https://github.com/Sajjon/Bells.git at main
========================================
Build
========================================
Selected platform: tvOS
Swift version: 6.4
Building package at path: $PWD
https://github.com/Sajjon/Bells.git
Command line invocation:
/Applications/Xcode-27.0.0-Release.Candidate.app/Contents/Developer/usr/bin/xcodebuild -IDEClonedSourcePackagesDirPathOverride=/Users/admin/builder/spi-builder-workspace/.dependencies -resolvePackageDependencies
Resolve Package Graph
Fetching from https://github.com/apple/swift-collections
could not find a branch named ‘feature/BitSet’ in https://github.com/apple/swift-collectionsResolve Package Graph
Updating from https://github.com/apple/swift-collections
could not find a branch named ‘feature/BitSet’ in https://github.com/apple/swift-collections
Resolved source packages:
spi-builder-workspace: (null)
2026-09-18 22:28:37.601 xcodebuild[529:3054] Writing error result bundle to /var/folders/xq/y_g06wb113726d38xsyx71_h0000gn/T/ResultBundle_2026-18-09_22-28-0037.xcresult
xcodebuild: error: Could not resolve package dependencies:
could not find a branch named ‘feature/BitSet’ in https://github.com/apple/swift-collections
Command line invocation:
/Applications/Xcode-27.0.0-Release.Candidate.app/Contents/Developer/usr/bin/xcodebuild -IDEClonedSourcePackagesDirPathOverride=/Users/admin/builder/spi-builder-workspace/.dependencies -resolvePackageDependencies
Resolve Package Graph
Updating from https://github.com/apple/swift-collections
could not find a branch named ‘feature/BitSet’ in https://github.com/apple/swift-collections
Resolved source packages:
spi-builder-workspace: (null)
2026-09-18 22:28:39.363 xcodebuild[623:3792] Writing error result bundle to /var/folders/xq/y_g06wb113726d38xsyx71_h0000gn/T/ResultBundle_2026-18-09_22-28-0039.xcresult
xcodebuild: error: Could not resolve package dependencies:
could not find a branch named ‘feature/BitSet’ in https://github.com/apple/swift-collections
BUILD FAILURE 6.4 tvOS