Build Information
Failed to build RVS_Generic_Swift_Toolbox, reference master (ac9444), with Swift 6.4 for watchOS using Xcode 27.0 on 20 Oct 2026 23:49:59 UTC.
Build Command
env DEVELOPER_DIR=/Applications/Xcode-27.0.0.app xcrun xcodebuild -IDEClonedSourcePackagesDirPathOverride=$PWD/.dependencies -skipMacroValidation -skipPackagePluginValidation -derivedDataPath $PWD/.derivedData build -scheme RVS_Generic_Swift_Toolbox -destination generic/platform=watchOSBuild Log
========================================
RunAll
========================================
Builder version: 5.1.3
Interrupt handler set up.
========================================
Checkout
========================================
Clone URL: https://github.com/RiftValleySoftware/RVS_Generic_Swift_Toolbox.git
Reference: master
Initialized empty Git repository in /Users/admin/builder/spi-builder-workspace/.git/
From https://github.com/RiftValleySoftware/RVS_Generic_Swift_Toolbox
* branch master -> FETCH_HEAD
* [new branch] master -> origin/master
HEAD is now at ac94441 Updated the privacy manifest, and ensure its inclusion in the package.
Cloned https://github.com/RiftValleySoftware/RVS_Generic_Swift_Toolbox.git
Revision (git rev-parse @):
ac94441a8eac49422cec19e862116957133bd3cf
SUCCESS checkout https://github.com/RiftValleySoftware/RVS_Generic_Swift_Toolbox.git at master
========================================
Build
========================================
Selected platform: watchOS
Swift version: 6.4
Building package at path: $PWD
https://github.com/RiftValleySoftware/RVS_Generic_Swift_Toolbox.git
Command line invocation:
/Applications/Xcode-27.0.0.app/Contents/Developer/usr/bin/xcodebuild -IDEClonedSourcePackagesDirPathOverride=/Users/admin/builder/spi-builder-workspace/.dependencies -resolvePackageDependencies
resolved source packages:
{
"dependencies" : [
],
"manifest_display_name" : "RVS_Generic_Swift_Toolbox",
"name" : "RVS_Generic_Swift_Toolbox",
"path" : "/Users/admin/builder/spi-builder-workspace",
"platforms" : [
{
"name" : "ios",
"version" : "12.0"
},
{
"name" : "tvos",
"version" : "12.0"
},
{
"name" : "macos",
"version" : "10.13"
},
{
"name" : "watchos",
"version" : "6.0"
}
],
"products" : [
{
"name" : "RVS_Generic_Swift_Toolbox",
"targets" : [
"RVS_Generic_Swift_Toolbox"
],
"type" : {
"library" : [
"automatic"
]
}
}
],
"targets" : [
{
"c99name" : "RVS_Generic_Swift_ToolboxTest",
"module_type" : "SwiftTarget",
"name" : "RVS_Generic_Swift_ToolboxTest",
"path" : "Tests/RVS_Generic_Swift_ToolboxTest",
"sources" : [
"RVS_Collection_Tests.swift",
"RVS_Extensions_Tests.swift",
"RVS_IPAddress_Test.swift"
],
"target_dependencies" : [
"RVS_Generic_Swift_Toolbox"
],
"type" : "test"
},
{
"c99name" : "RVS_Generic_Swift_Toolbox",
"module_type" : "SwiftTarget",
"name" : "RVS_Generic_Swift_Toolbox",
"path" : "Sources/RVS_Generic_Swift_Toolbox",
"product_memberships" : [
"RVS_Generic_Swift_Toolbox"
],
"resources" : [
{
"path" : "/Users/admin/builder/spi-builder-workspace/Sources/RVS_Generic_Swift_Toolbox/PrivacyInfo.xcprivacy",
"rule" : {
"copy" : {
}
}
}
],
"sources" : [
"RVS_Generic_Swift_Toolbox_CollectionTools/RVS_FIFOQueue.swift",
"RVS_Generic_Swift_Toolbox_CollectionTools/RVS_SequenceProtocol.swift",
"RVS_Generic_Swift_Toolbox_CollectionTools/RVS_WeakObjectReference.swift",
"RVS_Generic_Swift_Toolbox_DebugTools/RVS_DebugTools.swift",
"RVS_Generic_Swift_Toolbox_Extensions/RVS_Bundle_Extensions.swift",
"RVS_Generic_Swift_Toolbox_Extensions/RVS_Foundation_Extensions.swift",
"RVS_Generic_Swift_Toolbox_Extensions/RVS_Number_Extensions.swift",
"RVS_Generic_Swift_Toolbox_Extensions/RVS_String_Extensions.swift",
"RVS_IPAddress/RVS_IPAddress.swift"
],
"type" : "library"
}
],
"tools_version" : "5.7"
}
{
"project" : {
"configurations" : [
"Debug",
"Release"
],
"name" : "RVS_Generic_Swift_Toolbox",
"schemes" : [
"RVS_Generic_Swift_Toolbox"
],
"targets" : [
"RVS_Generic_Swift_Toolbox",
"RVS_Generic_Swift_Toolbox_Tests"
]
}
}
Running build ...
env DEVELOPER_DIR=/Applications/Xcode-27.0.0.app xcrun xcodebuild -IDEClonedSourcePackagesDirPathOverride=$PWD/.dependencies -skipMacroValidation -skipPackagePluginValidation -derivedDataPath $PWD/.derivedData build -scheme RVS_Generic_Swift_Toolbox -destination generic/platform=watchOS
Command line invocation:
/Applications/Xcode-27.0.0.app/Contents/Developer/usr/bin/xcodebuild -IDEClonedSourcePackagesDirPathOverride=/Users/admin/builder/spi-builder-workspace/.dependencies -skipMacroValidation -skipPackagePluginValidation -derivedDataPath /Users/admin/builder/spi-builder-workspace/.derivedData build -scheme RVS_Generic_Swift_Toolbox -destination generic/platform=watchOS
ComputePackagePrebuildTargetDependencyGraph
Prepare packages
CreateBuildRequest
SendProjectDescription
CreateBuildOperation
ComputeTargetDependencyGraph
note: Building targets in dependency order
note: Target dependency graph (1 target)
Target 'RVS_Generic_Swift_Toolbox' in project 'RVS_Generic_Swift_Toolbox' (no dependencies)
GatherProvisioningInputs
CreateBuildDescription
ExecuteExternalTool /Applications/Xcode-27.0.0.app/Contents/Developer/Toolchains/XcodeDefault.xctoolchain/usr/bin/clang -v -E -dM -isysroot /Applications/Xcode-27.0.0.app/Contents/Developer/Platforms/WatchOS.platform/Developer/SDKs/WatchOS27.0.sdk -x c -c /dev/null
ExecuteExternalTool /Applications/Xcode-27.0.0.app/Contents/Developer/Toolchains/XcodeDefault.xctoolchain/usr/bin/swiftc --version
ExecuteExternalTool /Applications/Xcode-27.0.0.app/Contents/Developer/Toolchains/XcodeDefault.xctoolchain/usr/bin/libtool -V
Build description signature: 432be9552a8034c66690d52b72565321
Build description path: /Users/admin/builder/spi-builder-workspace/.derivedData/Build/Intermediates.noindex/XCBuildData/432be9552a8034c66690d52b72565321.xcbuilddata
/Users/admin/builder/spi-builder-workspace/RVS_Generic_Swift_Toolbox.xcodeproj: error: The watchOS deployment target 'WATCHOS_DEPLOYMENT_TARGET' is set to 6.0, but the range of supported deployment target versions is 9.0 to 27.0.x. (in target 'RVS_Generic_Swift_Toolbox' from project 'RVS_Generic_Swift_Toolbox')
error: The armv7k architecture is deprecated. You should update your ARCHS build setting to remove the armv7k architecture. (in target 'RVS_Generic_Swift_Toolbox' from project 'RVS_Generic_Swift_Toolbox')
note: Run script build phase 'SwiftLint' will be run during every build because the option to run the script phase "Based on dependency analysis" is unchecked. (in target 'RVS_Generic_Swift_Toolbox' from project 'RVS_Generic_Swift_Toolbox')
** BUILD FAILED **
The following build commands failed:
Building project RVS_Generic_Swift_Toolbox with scheme RVS_Generic_Swift_Toolbox
(1 failure)
Command line invocation:
/Applications/Xcode-27.0.0.app/Contents/Developer/usr/bin/xcodebuild -IDEClonedSourcePackagesDirPathOverride=/Users/admin/builder/spi-builder-workspace/.dependencies -resolvePackageDependencies
resolved source packages:
{
"dependencies" : [
],
"manifest_display_name" : "RVS_Generic_Swift_Toolbox",
"name" : "RVS_Generic_Swift_Toolbox",
"path" : "/Users/admin/builder/spi-builder-workspace",
"platforms" : [
{
"name" : "ios",
"version" : "12.0"
},
{
"name" : "tvos",
"version" : "12.0"
},
{
"name" : "macos",
"version" : "10.13"
},
{
"name" : "watchos",
"version" : "6.0"
}
],
"products" : [
{
"name" : "RVS_Generic_Swift_Toolbox",
"targets" : [
"RVS_Generic_Swift_Toolbox"
],
"type" : {
"library" : [
"automatic"
]
}
}
],
"targets" : [
{
"c99name" : "RVS_Generic_Swift_ToolboxTest",
"module_type" : "SwiftTarget",
"name" : "RVS_Generic_Swift_ToolboxTest",
"path" : "Tests/RVS_Generic_Swift_ToolboxTest",
"sources" : [
"RVS_Collection_Tests.swift",
"RVS_Extensions_Tests.swift",
"RVS_IPAddress_Test.swift"
],
"target_dependencies" : [
"RVS_Generic_Swift_Toolbox"
],
"type" : "test"
},
{
"c99name" : "RVS_Generic_Swift_Toolbox",
"module_type" : "SwiftTarget",
"name" : "RVS_Generic_Swift_Toolbox",
"path" : "Sources/RVS_Generic_Swift_Toolbox",
"product_memberships" : [
"RVS_Generic_Swift_Toolbox"
],
"resources" : [
{
"path" : "/Users/admin/builder/spi-builder-workspace/Sources/RVS_Generic_Swift_Toolbox/PrivacyInfo.xcprivacy",
"rule" : {
"copy" : {
}
}
}
],
"sources" : [
"RVS_Generic_Swift_Toolbox_CollectionTools/RVS_FIFOQueue.swift",
"RVS_Generic_Swift_Toolbox_CollectionTools/RVS_SequenceProtocol.swift",
"RVS_Generic_Swift_Toolbox_CollectionTools/RVS_WeakObjectReference.swift",
"RVS_Generic_Swift_Toolbox_DebugTools/RVS_DebugTools.swift",
"RVS_Generic_Swift_Toolbox_Extensions/RVS_Bundle_Extensions.swift",
"RVS_Generic_Swift_Toolbox_Extensions/RVS_Foundation_Extensions.swift",
"RVS_Generic_Swift_Toolbox_Extensions/RVS_Number_Extensions.swift",
"RVS_Generic_Swift_Toolbox_Extensions/RVS_String_Extensions.swift",
"RVS_IPAddress/RVS_IPAddress.swift"
],
"type" : "library"
}
],
"tools_version" : "5.7"
}
{
"project" : {
"configurations" : [
"Debug",
"Release"
],
"name" : "RVS_Generic_Swift_Toolbox",
"schemes" : [
"RVS_Generic_Swift_Toolbox"
],
"targets" : [
"RVS_Generic_Swift_Toolbox",
"RVS_Generic_Swift_Toolbox_Tests"
]
}
}
Running build ...
env DEVELOPER_DIR=/Applications/Xcode-27.0.0.app xcrun xcodebuild -IDEClonedSourcePackagesDirPathOverride=$PWD/.dependencies -skipMacroValidation -skipPackagePluginValidation -derivedDataPath $PWD/.derivedData build -scheme RVS_Generic_Swift_Toolbox -destination generic/platform=watchOS
Command line invocation:
/Applications/Xcode-27.0.0.app/Contents/Developer/usr/bin/xcodebuild -IDEClonedSourcePackagesDirPathOverride=/Users/admin/builder/spi-builder-workspace/.dependencies -skipMacroValidation -skipPackagePluginValidation -derivedDataPath /Users/admin/builder/spi-builder-workspace/.derivedData build -scheme RVS_Generic_Swift_Toolbox -destination generic/platform=watchOS
ComputePackagePrebuildTargetDependencyGraph
Prepare packages
CreateBuildRequest
SendProjectDescription
CreateBuildOperation
ComputeTargetDependencyGraph
note: Building targets in dependency order
note: Target dependency graph (1 target)
Target 'RVS_Generic_Swift_Toolbox' in project 'RVS_Generic_Swift_Toolbox' (no dependencies)
GatherProvisioningInputs
CreateBuildDescription
error: The armv7k architecture is deprecated. You should update your ARCHS build setting to remove the armv7k architecture. (in target 'RVS_Generic_Swift_Toolbox' from project 'RVS_Generic_Swift_Toolbox')
/Users/admin/builder/spi-builder-workspace/RVS_Generic_Swift_Toolbox.xcodeproj: error: The watchOS deployment target 'WATCHOS_DEPLOYMENT_TARGET' is set to 6.0, but the range of supported deployment target versions is 9.0 to 27.0.x. (in target 'RVS_Generic_Swift_Toolbox' from project 'RVS_Generic_Swift_Toolbox')
note: Run script build phase 'SwiftLint' will be run during every build because the option to run the script phase "Based on dependency analysis" is unchecked. (in target 'RVS_Generic_Swift_Toolbox' from project 'RVS_Generic_Swift_Toolbox')
** BUILD FAILED **
The following build commands failed:
Building project RVS_Generic_Swift_Toolbox with scheme RVS_Generic_Swift_Toolbox
(1 failure)
BUILD FAILURE 6.4 watchOS