The Swift Package Index logo.Swift Package Index

Build Information

Failed to build MockImagePicker, reference master (9ed8b2), with Swift 6.4 for visionOS using Xcode 27.0 on 21 Sep 2026 10:48:03 UTC.

Build Command

env DEVELOPER_DIR=/Applications/Xcode-27.0.0-Release.Candidate.app xcrun xcodebuild -IDEClonedSourcePackagesDirPathOverride=$PWD/.dependencies -skipMacroValidation -skipPackagePluginValidation -derivedDataPath $PWD/.derivedData build -scheme MockImagePicker -destination generic/platform=xrOS

Build Log

========================================
RunAll
========================================
Builder version: 5.1.0
Interrupt handler set up.
========================================
Checkout
========================================
Clone URL: https://github.com/yonat/MockImagePicker.git
Reference: master
Initialized empty Git repository in /Users/admin/builder/spi-builder-workspace/.git/
From https://github.com/yonat/MockImagePicker
 * branch            master     -> FETCH_HEAD
 * [new branch]      master     -> origin/master
HEAD is now at 9ed8b2c bump version to 1.3.1
Cloned https://github.com/yonat/MockImagePicker.git
Revision (git rev-parse @):
9ed8b2c2efa4adddffd1989f7f1a2ecf1e699dda
SUCCESS checkout https://github.com/yonat/MockImagePicker.git at master
========================================
Build
========================================
Selected platform:         visionOS
Swift version:             6.4
Building package at path:  $PWD
https://github.com/yonat/MockImagePicker.git
Command line invocation:
    /Applications/Xcode-27.0.0-Release.Candidate.app/Contents/Developer/usr/bin/xcodebuild -IDEClonedSourcePackagesDirPathOverride=/Users/admin/builder/spi-builder-workspace/.dependencies -resolvePackageDependencies
Resolve Package Graph
Fetching from https://github.com/yonat/SweeterSwift
Creating working copy of package ‘SweeterSwift’
Checking out 1.2.6 of package ‘SweeterSwift’
Resolve Package Graph
Resolved source packages:
  MockImagePicker: /Users/admin/builder/spi-builder-workspace
  SweeterSwift: https://github.com/yonat/SweeterSwift @ 1.2.6
resolved source packages: MockImagePicker, SweeterSwift
2026-09-21 06:47:05.982 xcodebuild[529:3021] [MT] IDERunDestination: Supported platforms for the buildables in the current scheme is empty.
{
  "dependencies" : [
    {
      "identity" : "sweeterswift",
      "requirement" : {
        "range" : [
          {
            "lower_bound" : "1.0.2",
            "upper_bound" : "2.0.0"
          }
        ]
      },
      "type" : "sourceControl",
      "url" : "https://github.com/yonat/SweeterSwift"
    }
  ],
  "manifest_display_name" : "MockImagePicker",
  "name" : "MockImagePicker",
  "path" : "/Users/admin/builder/spi-builder-workspace",
  "platforms" : [
    {
      "name" : "ios",
      "version" : "9.0"
    }
  ],
  "products" : [
    {
      "name" : "MockImagePicker",
      "targets" : [
        "MockImagePicker"
      ],
      "type" : {
        "library" : [
          "automatic"
        ]
      }
    }
  ],
  "swift_languages_versions" : [
    "5"
  ],
  "targets" : [
    {
      "c99name" : "MockImagePicker",
      "module_type" : "SwiftTarget",
      "name" : "MockImagePicker",
      "path" : "Sources",
      "product_dependencies" : [
        "SweeterSwift"
      ],
      "product_memberships" : [
        "MockImagePicker"
      ],
      "resources" : [
        {
          "path" : "/Users/admin/builder/spi-builder-workspace/Sources/PrivacyInfo.xcprivacy",
          "rule" : {
            "process" : {
            }
          }
        }
      ],
      "sources" : [
        "MockImagePicker.swift"
      ],
      "type" : "library"
    }
  ],
  "tools_version" : "5.6"
}
{
  "workspace" : {
    "name" : "MockImagePicker",
    "schemes" : [
      "MockImagePicker"
    ]
  }
}
2026-09-21 06:47:47.229 xcodebuild[691:4316] [MT] IDERunDestination: Supported platforms for the buildables in the current scheme is empty.
Running build ...
env DEVELOPER_DIR=/Applications/Xcode-27.0.0-Release.Candidate.app xcrun xcodebuild -IDEClonedSourcePackagesDirPathOverride=$PWD/.dependencies -skipMacroValidation -skipPackagePluginValidation -derivedDataPath $PWD/.derivedData build -scheme MockImagePicker -destination generic/platform=xrOS
Command line invocation:
    /Applications/Xcode-27.0.0-Release.Candidate.app/Contents/Developer/usr/bin/xcodebuild -IDEClonedSourcePackagesDirPathOverride=/Users/admin/builder/spi-builder-workspace/.dependencies -skipMacroValidation -skipPackagePluginValidation -derivedDataPath /Users/admin/builder/spi-builder-workspace/.derivedData build -scheme MockImagePicker -destination generic/platform=xrOS
Resolve Package Graph
Resolve Package Graph
Resolved source packages:
  MockImagePicker: /Users/admin/builder/spi-builder-workspace
  SweeterSwift: https://github.com/yonat/SweeterSwift @ 1.2.6
ComputePackagePrebuildTargetDependencyGraph
Prepare packages
CreateBuildRequest
SendProjectDescription
CreateBuildOperation
ComputeTargetDependencyGraph
note: Building targets in dependency order
note: Target dependency graph (6 targets)
    Target 'MockImagePicker-product' in project 'MockImagePicker'
        ➜ Explicit dependency on target 'MockImagePicker' in project 'MockImagePicker'
        ➜ Explicit dependency on target 'MockImagePicker_MockImagePicker' in project 'MockImagePicker'
        ➜ Explicit dependency on target 'SweeterSwift-product' in project 'SweeterSwift'
    Target 'MockImagePicker' in project 'MockImagePicker'
        ➜ Explicit dependency on target 'MockImagePicker_MockImagePicker' in project 'MockImagePicker'
        ➜ Explicit dependency on target 'SweeterSwift-product' in project 'SweeterSwift'
    Target 'SweeterSwift-product' in project 'SweeterSwift'
        ➜ Explicit dependency on target 'SweeterSwift' in project 'SweeterSwift'
        ➜ Explicit dependency on target 'SweeterSwift_SweeterSwift' in project 'SweeterSwift'
    Target 'SweeterSwift' in project 'SweeterSwift'
        ➜ Explicit dependency on target 'SweeterSwift_SweeterSwift' in project 'SweeterSwift'
    Target 'SweeterSwift_SweeterSwift' in project 'SweeterSwift' (no dependencies)
    Target 'MockImagePicker_MockImagePicker' in project 'MockImagePicker' (no dependencies)
GatherProvisioningInputs
CreateBuildDescription
ExecuteExternalTool /Applications/Xcode-27.0.0-Release.Candidate.app/Contents/Developer/Toolchains/XcodeDefault.xctoolchain/usr/bin/clang -v -E -dM -isysroot /Applications/Xcode-27.0.0-Release.Candidate.app/Contents/Developer/Platforms/XROS.platform/Developer/SDKs/XROS27.0.sdk -x c -c /dev/null
ExecuteExternalTool /Applications/Xcode-27.0.0-Release.Candidate.app/Contents/Developer/Toolchains/XcodeDefault.xctoolchain/usr/bin/swiftc --version
ExecuteExternalTool /Applications/Xcode-27.0.0-Release.Candidate.app/Contents/Developer/Toolchains/XcodeDefault.xctoolchain/usr/bin/ld -version_details
Build description signature: 2a554838c5e6441166fe47bc08b784a9
Build description path: /Users/admin/builder/spi-builder-workspace/.derivedData/Build/Intermediates.noindex/XCBuildData/2a554838c5e6441166fe47bc08b784a9.xcbuilddata
CreateBuildDirectory /Users/admin/builder/spi-builder-workspace/.derivedData/SDKExplicitPrecompiledModules
    cd /Users/admin/builder/spi-builder-workspace/.swiftpm/xcode
    builtin-create-build-directory /Users/admin/builder/spi-builder-workspace/.derivedData/SDKExplicitPrecompiledModules
CreateBuildDirectory /Users/admin/builder/spi-builder-workspace/.derivedData/ModuleCache.noindex
    cd /Users/admin/builder/spi-builder-workspace/.swiftpm/xcode
    builtin-create-build-directory /Users/admin/builder/spi-builder-workspace/.derivedData/ModuleCache.noindex
CreateBuildDirectory /Users/admin/builder/spi-builder-workspace/.derivedData/CompilationCache.noindex
    cd /Users/admin/builder/spi-builder-workspace/.swiftpm/xcode
    builtin-create-build-directory /Users/admin/builder/spi-builder-workspace/.derivedData/CompilationCache.noindex
CreateBuildDirectory /Users/admin/builder/spi-builder-workspace/.derivedData/Build/Intermediates.noindex
    cd /Users/admin/builder/spi-builder-workspace/.swiftpm/xcode
    builtin-create-build-directory /Users/admin/builder/spi-builder-workspace/.derivedData/Build/Intermediates.noindex
CreateBuildDirectory /Users/admin/builder/spi-builder-workspace/.derivedData/Build/Products
    cd /Users/admin/builder/spi-builder-workspace/.swiftpm/xcode
    builtin-create-build-directory /Users/admin/builder/spi-builder-workspace/.derivedData/Build/Products
ClangStatCache /Applications/Xcode-27.0.0-Release.Candidate.app/Contents/Developer/Toolchains/XcodeDefault.xctoolchain/usr/bin/clang-stat-cache /Applications/Xcode-27.0.0-Release.Candidate.app/Contents/Developer/Platforms/XROS.platform/Developer/SDKs/XROS27.0.sdk /Users/admin/builder/spi-builder-workspace/.derivedData/SDKStatCaches.noindex/xros27.0-24M361-e829b21a6f8c9b70876ba0858053c044735bd543db762f57723cac368afd1ce4.sdkstatcache
    cd /Users/admin/builder/spi-builder-workspace/.swiftpm/xcode
    /Applications/Xcode-27.0.0-Release.Candidate.app/Contents/Developer/Toolchains/XcodeDefault.xctoolchain/usr/bin/clang-stat-cache /Applications/Xcode-27.0.0-Release.Candidate.app/Contents/Developer/Platforms/XROS.platform/Developer/SDKs/XROS27.0.sdk -o /Users/admin/builder/spi-builder-workspace/.derivedData/SDKStatCaches.noindex/xros27.0-24M361-e829b21a6f8c9b70876ba0858053c044735bd543db762f57723cac368afd1ce4.sdkstatcache
CreateBuildDirectory /Users/admin/builder/spi-builder-workspace/.derivedData/Build/Products/Debug-xros
    cd /Users/admin/builder/spi-builder-workspace/.swiftpm/xcode
    builtin-create-build-directory /Users/admin/builder/spi-builder-workspace/.derivedData/Build/Products/Debug-xros
CreateBuildDirectory /Users/admin/builder/spi-builder-workspace/.derivedData/Build/Intermediates.noindex/SwiftExplicitPrecompiledModules
    cd /Users/admin/builder/spi-builder-workspace/.swiftpm/xcode
    builtin-create-build-directory /Users/admin/builder/spi-builder-workspace/.derivedData/Build/Intermediates.noindex/SwiftExplicitPrecompiledModules
CreateBuildDirectory /Users/admin/builder/spi-builder-workspace/.derivedData/Build/Intermediates.noindex/PrecompiledHeaders
    cd /Users/admin/builder/spi-builder-workspace/.swiftpm/xcode
    builtin-create-build-directory /Users/admin/builder/spi-builder-workspace/.derivedData/Build/Intermediates.noindex/PrecompiledHeaders
CreateBuildDirectory /Users/admin/builder/spi-builder-workspace/.derivedData/Build/Intermediates.noindex/ExplicitPrecompiledModules
    cd /Users/admin/builder/spi-builder-workspace/.swiftpm/xcode
    builtin-create-build-directory /Users/admin/builder/spi-builder-workspace/.derivedData/Build/Intermediates.noindex/ExplicitPrecompiledModules
CreateBuildDirectory /Users/admin/builder/spi-builder-workspace/.derivedData/Build/Intermediates.noindex/EagerLinkingTBDs/Debug-xros
    cd /Users/admin/builder/spi-builder-workspace/.swiftpm/xcode
    builtin-create-build-directory /Users/admin/builder/spi-builder-workspace/.derivedData/Build/Intermediates.noindex/EagerLinkingTBDs/Debug-xros
CreateBuildDirectory /Users/admin/builder/spi-builder-workspace/.derivedData/Build/Products/Debug-xros/PackageFrameworks
    cd /Users/admin/builder/spi-builder-workspace/.swiftpm/xcode
    builtin-create-build-directory /Users/admin/builder/spi-builder-workspace/.derivedData/Build/Products/Debug-xros/PackageFrameworks
WriteAuxiliaryFile /Users/admin/builder/spi-builder-workspace/.derivedData/Build/Intermediates.noindex/SweeterSwift.build/Debug-xros/SweeterSwift-t.build/SweeterSwift.modulemap (in target 'SweeterSwift' from project 'SweeterSwift')
    cd /Users/admin/builder/spi-builder-workspace/.dependencies/checkouts/SweeterSwift
    write-file /Users/admin/builder/spi-builder-workspace/.derivedData/Build/Intermediates.noindex/SweeterSwift.build/Debug-xros/SweeterSwift-t.build/SweeterSwift.modulemap
WriteAuxiliaryFile /Users/admin/builder/spi-builder-workspace/.derivedData/Build/Intermediates.noindex/SweeterSwift.build/Debug-xros/SweeterSwift-t.build/SweeterSwift.DependencyMetadataFileList (in target 'SweeterSwift' from project 'SweeterSwift')
    cd /Users/admin/builder/spi-builder-workspace/.dependencies/checkouts/SweeterSwift
    write-file /Users/admin/builder/spi-builder-workspace/.derivedData/Build/Intermediates.noindex/SweeterSwift.build/Debug-xros/SweeterSwift-t.build/SweeterSwift.DependencyMetadataFileList
WriteAuxiliaryFile /Users/admin/builder/spi-builder-workspace/.derivedData/Build/Intermediates.noindex/SweeterSwift.build/Debug-xros/SweeterSwift-t.build/SweeterSwift.DependencyStaticMetadataFileList (in target 'SweeterSwift' from project 'SweeterSwift')
    cd /Users/admin/builder/spi-builder-workspace/.dependencies/checkouts/SweeterSwift
    write-file /Users/admin/builder/spi-builder-workspace/.derivedData/Build/Intermediates.noindex/SweeterSwift.build/Debug-xros/SweeterSwift-t.build/SweeterSwift.DependencyStaticMetadataFileList
WriteAuxiliaryFile /Users/admin/builder/spi-builder-workspace/.derivedData/Build/Intermediates.noindex/SweeterSwift.build/Debug-xros/SweeterSwift-t.build/Objects-normal/arm64/SweeterSwift_const_extract_protocols.json (in target 'SweeterSwift' from project 'SweeterSwift')
    cd /Users/admin/builder/spi-builder-workspace/.dependencies/checkouts/SweeterSwift
    write-file /Users/admin/builder/spi-builder-workspace/.derivedData/Build/Intermediates.noindex/SweeterSwift.build/Debug-xros/SweeterSwift-t.build/Objects-normal/arm64/SweeterSwift_const_extract_protocols.json
WriteAuxiliaryFile /Users/admin/builder/spi-builder-workspace/.derivedData/Build/Intermediates.noindex/SweeterSwift.build/Debug-xros/SweeterSwift-t.build/Objects-normal/arm64/SweeterSwift.SwiftFileList (in target 'SweeterSwift' from project 'SweeterSwift')
    cd /Users/admin/builder/spi-builder-workspace/.dependencies/checkouts/SweeterSwift
    write-file /Users/admin/builder/spi-builder-workspace/.derivedData/Build/Intermediates.noindex/SweeterSwift.build/Debug-xros/SweeterSwift-t.build/Objects-normal/arm64/SweeterSwift.SwiftFileList
WriteAuxiliaryFile /Users/admin/builder/spi-builder-workspace/.derivedData/Build/Intermediates.noindex/SweeterSwift.build/Debug-xros/SweeterSwift_SweeterSwift-b.build/SweeterSwift_SweeterSwift.DependencyMetadataFileList (in target 'SweeterSwift_SweeterSwift' from project 'SweeterSwift')
    cd /Users/admin/builder/spi-builder-workspace/.dependencies/checkouts/SweeterSwift
    write-file /Users/admin/builder/spi-builder-workspace/.derivedData/Build/Intermediates.noindex/SweeterSwift.build/Debug-xros/SweeterSwift_SweeterSwift-b.build/SweeterSwift_SweeterSwift.DependencyMetadataFileList
WriteAuxiliaryFile /Users/admin/builder/spi-builder-workspace/.derivedData/Build/Intermediates.noindex/SweeterSwift.build/Debug-xros/SweeterSwift-t.build/Objects-normal/arm64/SweeterSwift.SwiftConstValuesFileList (in target 'SweeterSwift' from project 'SweeterSwift')
    cd /Users/admin/builder/spi-builder-workspace/.dependencies/checkouts/SweeterSwift
    write-file /Users/admin/builder/spi-builder-workspace/.derivedData/Build/Intermediates.noindex/SweeterSwift.build/Debug-xros/SweeterSwift-t.build/Objects-normal/arm64/SweeterSwift.SwiftConstValuesFileList
WriteAuxiliaryFile /Users/admin/builder/spi-builder-workspace/.derivedData/Build/Intermediates.noindex/SweeterSwift.build/Debug-xros/SweeterSwift_SweeterSwift-b.build/empty-SweeterSwift_SweeterSwift.plist (in target 'SweeterSwift_SweeterSwift' from project 'SweeterSwift')
    cd /Users/admin/builder/spi-builder-workspace/.dependencies/checkouts/SweeterSwift
    write-file /Users/admin/builder/spi-builder-workspace/.derivedData/Build/Intermediates.noindex/SweeterSwift.build/Debug-xros/SweeterSwift_SweeterSwift-b.build/empty-SweeterSwift_SweeterSwift.plist
WriteAuxiliaryFile /Users/admin/builder/spi-builder-workspace/.derivedData/Build/Intermediates.noindex/SweeterSwift.build/Debug-xros/SweeterSwift_SweeterSwift-b.build/SweeterSwift_SweeterSwift.DependencyStaticMetadataFileList (in target 'SweeterSwift_SweeterSwift' from project 'SweeterSwift')
    cd /Users/admin/builder/spi-builder-workspace/.dependencies/checkouts/SweeterSwift
    write-file /Users/admin/builder/spi-builder-workspace/.derivedData/Build/Intermediates.noindex/SweeterSwift.build/Debug-xros/SweeterSwift_SweeterSwift-b.build/SweeterSwift_SweeterSwift.DependencyStaticMetadataFileList
WriteAuxiliaryFile /Users/admin/builder/spi-builder-workspace/.derivedData/Build/Intermediates.noindex/SweeterSwift.build/Debug-xros/SweeterSwift-t.build/Objects-normal/arm64/SweeterSwift.LinkFileList (in target 'SweeterSwift' from project 'SweeterSwift')
    cd /Users/admin/builder/spi-builder-workspace/.dependencies/checkouts/SweeterSwift
    write-file /Users/admin/builder/spi-builder-workspace/.derivedData/Build/Intermediates.noindex/SweeterSwift.build/Debug-xros/SweeterSwift-t.build/Objects-normal/arm64/SweeterSwift.LinkFileList
WriteAuxiliaryFile /Users/admin/builder/spi-builder-workspace/.derivedData/Build/Intermediates.noindex/SweeterSwift.build/Debug-xros/SweeterSwift-t.build/Objects-normal/arm64/SweeterSwift-OutputFileMap.json (in target 'SweeterSwift' from project 'SweeterSwift')
    cd /Users/admin/builder/spi-builder-workspace/.dependencies/checkouts/SweeterSwift
    write-file /Users/admin/builder/spi-builder-workspace/.derivedData/Build/Intermediates.noindex/SweeterSwift.build/Debug-xros/SweeterSwift-t.build/Objects-normal/arm64/SweeterSwift-OutputFileMap.json
WriteAuxiliaryFile /Users/admin/builder/spi-builder-workspace/.derivedData/Build/Intermediates.noindex/SweeterSwift.build/Debug-xros/SweeterSwift-t.build/DerivedSources/resource_bundle_accessor.swift (in target 'SweeterSwift' from project 'SweeterSwift')
    cd /Users/admin/builder/spi-builder-workspace/.dependencies/checkouts/SweeterSwift
    write-file /Users/admin/builder/spi-builder-workspace/.derivedData/Build/Intermediates.noindex/SweeterSwift.build/Debug-xros/SweeterSwift-t.build/DerivedSources/resource_bundle_accessor.swift
WriteAuxiliaryFile /Users/admin/builder/spi-builder-workspace/.derivedData/Build/Intermediates.noindex/MockImagePicker.build/Debug-xros/MockImagePicker_MockImagePicker-b.build/empty-MockImagePicker_MockImagePicker.plist (in target 'MockImagePicker_MockImagePicker' from project 'MockImagePicker')
    cd /Users/admin/builder/spi-builder-workspace
    write-file /Users/admin/builder/spi-builder-workspace/.derivedData/Build/Intermediates.noindex/MockImagePicker.build/Debug-xros/MockImagePicker_MockImagePicker-b.build/empty-MockImagePicker_MockImagePicker.plist
Copy /Users/admin/builder/spi-builder-workspace/.derivedData/Build/Intermediates.noindex/GeneratedModuleMaps-xros/SweeterSwift.modulemap /Users/admin/builder/spi-builder-workspace/.derivedData/Build/Intermediates.noindex/SweeterSwift.build/Debug-xros/SweeterSwift-t.build/SweeterSwift.modulemap (in target 'SweeterSwift' from project 'SweeterSwift')
    cd /Users/admin/builder/spi-builder-workspace/.dependencies/checkouts/SweeterSwift
    builtin-copy -exclude .DS_Store -exclude CVS -exclude .svn -exclude .git -exclude .hg -resolve-src-symlinks /Users/admin/builder/spi-builder-workspace/.derivedData/Build/Intermediates.noindex/SweeterSwift.build/Debug-xros/SweeterSwift-t.build/SweeterSwift.modulemap /Users/admin/builder/spi-builder-workspace/.derivedData/Build/Intermediates.noindex/GeneratedModuleMaps-xros
WriteAuxiliaryFile /Users/admin/builder/spi-builder-workspace/.derivedData/Build/Intermediates.noindex/MockImagePicker.build/Debug-xros/MockImagePicker_MockImagePicker-b.build/MockImagePicker_MockImagePicker.DependencyStaticMetadataFileList (in target 'MockImagePicker_MockImagePicker' from project 'MockImagePicker')
    cd /Users/admin/builder/spi-builder-workspace
    write-file /Users/admin/builder/spi-builder-workspace/.derivedData/Build/Intermediates.noindex/MockImagePicker.build/Debug-xros/MockImagePicker_MockImagePicker-b.build/MockImagePicker_MockImagePicker.DependencyStaticMetadataFileList
WriteAuxiliaryFile /Users/admin/builder/spi-builder-workspace/.derivedData/Build/Intermediates.noindex/MockImagePicker.build/Debug-xros/MockImagePicker_MockImagePicker-b.build/MockImagePicker_MockImagePicker.DependencyMetadataFileList (in target 'MockImagePicker_MockImagePicker' from project 'MockImagePicker')
    cd /Users/admin/builder/spi-builder-workspace
    write-file /Users/admin/builder/spi-builder-workspace/.derivedData/Build/Intermediates.noindex/MockImagePicker.build/Debug-xros/MockImagePicker_MockImagePicker-b.build/MockImagePicker_MockImagePicker.DependencyMetadataFileList
WriteAuxiliaryFile /Users/admin/builder/spi-builder-workspace/.derivedData/Build/Intermediates.noindex/MockImagePicker.build/Debug-xros/MockImagePicker-t.build/Objects-normal/arm64/MockImagePicker_const_extract_protocols.json (in target 'MockImagePicker' from project 'MockImagePicker')
    cd /Users/admin/builder/spi-builder-workspace
    write-file /Users/admin/builder/spi-builder-workspace/.derivedData/Build/Intermediates.noindex/MockImagePicker.build/Debug-xros/MockImagePicker-t.build/Objects-normal/arm64/MockImagePicker_const_extract_protocols.json
WriteAuxiliaryFile /Users/admin/builder/spi-builder-workspace/.derivedData/Build/Intermediates.noindex/MockImagePicker.build/Debug-xros/MockImagePicker-t.build/Objects-normal/arm64/MockImagePicker.SwiftFileList (in target 'MockImagePicker' from project 'MockImagePicker')
    cd /Users/admin/builder/spi-builder-workspace
    write-file /Users/admin/builder/spi-builder-workspace/.derivedData/Build/Intermediates.noindex/MockImagePicker.build/Debug-xros/MockImagePicker-t.build/Objects-normal/arm64/MockImagePicker.SwiftFileList
WriteAuxiliaryFile /Users/admin/builder/spi-builder-workspace/.derivedData/Build/Intermediates.noindex/MockImagePicker.build/Debug-xros/MockImagePicker-t.build/Objects-normal/arm64/MockImagePicker.SwiftConstValuesFileList (in target 'MockImagePicker' from project 'MockImagePicker')
    cd /Users/admin/builder/spi-builder-workspace
    write-file /Users/admin/builder/spi-builder-workspace/.derivedData/Build/Intermediates.noindex/MockImagePicker.build/Debug-xros/MockImagePicker-t.build/Objects-normal/arm64/MockImagePicker.SwiftConstValuesFileList
WriteAuxiliaryFile /Users/admin/builder/spi-builder-workspace/.derivedData/Build/Intermediates.noindex/MockImagePicker.build/Debug-xros/MockImagePicker-t.build/Objects-normal/arm64/MockImagePicker.LinkFileList (in target 'MockImagePicker' from project 'MockImagePicker')
    cd /Users/admin/builder/spi-builder-workspace
    write-file /Users/admin/builder/spi-builder-workspace/.derivedData/Build/Intermediates.noindex/MockImagePicker.build/Debug-xros/MockImagePicker-t.build/Objects-normal/arm64/MockImagePicker.LinkFileList
WriteAuxiliaryFile /Users/admin/builder/spi-builder-workspace/.derivedData/Build/Intermediates.noindex/MockImagePicker.build/Debug-xros/MockImagePicker-t.build/Objects-normal/arm64/MockImagePicker-OutputFileMap.json (in target 'MockImagePicker' from project 'MockImagePicker')
    cd /Users/admin/builder/spi-builder-workspace
    write-file /Users/admin/builder/spi-builder-workspace/.derivedData/Build/Intermediates.noindex/MockImagePicker.build/Debug-xros/MockImagePicker-t.build/Objects-normal/arm64/MockImagePicker-OutputFileMap.json
WriteAuxiliaryFile /Users/admin/builder/spi-builder-workspace/.derivedData/Build/Intermediates.noindex/MockImagePicker.build/Debug-xros/MockImagePicker-t.build/MockImagePicker.modulemap (in target 'MockImagePicker' from project 'MockImagePicker')
    cd /Users/admin/builder/spi-builder-workspace
    write-file /Users/admin/builder/spi-builder-workspace/.derivedData/Build/Intermediates.noindex/MockImagePicker.build/Debug-xros/MockImagePicker-t.build/MockImagePicker.modulemap
WriteAuxiliaryFile /Users/admin/builder/spi-builder-workspace/.derivedData/Build/Intermediates.noindex/MockImagePicker.build/Debug-xros/MockImagePicker-t.build/MockImagePicker.DependencyStaticMetadataFileList (in target 'MockImagePicker' from project 'MockImagePicker')
    cd /Users/admin/builder/spi-builder-workspace
    write-file /Users/admin/builder/spi-builder-workspace/.derivedData/Build/Intermediates.noindex/MockImagePicker.build/Debug-xros/MockImagePicker-t.build/MockImagePicker.DependencyStaticMetadataFileList
WriteAuxiliaryFile /Users/admin/builder/spi-builder-workspace/.derivedData/Build/Intermediates.noindex/MockImagePicker.build/Debug-xros/MockImagePicker-t.build/MockImagePicker.DependencyMetadataFileList (in target 'MockImagePicker' from project 'MockImagePicker')
    cd /Users/admin/builder/spi-builder-workspace
    write-file /Users/admin/builder/spi-builder-workspace/.derivedData/Build/Intermediates.noindex/MockImagePicker.build/Debug-xros/MockImagePicker-t.build/MockImagePicker.DependencyMetadataFileList
MkDir /Users/admin/builder/spi-builder-workspace/.derivedData/Build/Products/Debug-xros/SweeterSwift_SweeterSwift.bundle (in target 'SweeterSwift_SweeterSwift' from project 'SweeterSwift')
    cd /Users/admin/builder/spi-builder-workspace/.dependencies/checkouts/SweeterSwift
    /bin/mkdir -p /Users/admin/builder/spi-builder-workspace/.derivedData/Build/Products/Debug-xros/SweeterSwift_SweeterSwift.bundle
WriteAuxiliaryFile /Users/admin/builder/spi-builder-workspace/.derivedData/Build/Intermediates.noindex/MockImagePicker.build/Debug-xros/MockImagePicker-t.build/DerivedSources/resource_bundle_accessor.swift (in target 'MockImagePicker' from project 'MockImagePicker')
    cd /Users/admin/builder/spi-builder-workspace
    write-file /Users/admin/builder/spi-builder-workspace/.derivedData/Build/Intermediates.noindex/MockImagePicker.build/Debug-xros/MockImagePicker-t.build/DerivedSources/resource_bundle_accessor.swift
MkDir /Users/admin/builder/spi-builder-workspace/.derivedData/Build/Products/Debug-xros/MockImagePicker_MockImagePicker.bundle (in target 'MockImagePicker_MockImagePicker' from project 'MockImagePicker')
    cd /Users/admin/builder/spi-builder-workspace
    /bin/mkdir -p /Users/admin/builder/spi-builder-workspace/.derivedData/Build/Products/Debug-xros/MockImagePicker_MockImagePicker.bundle
Copy /Users/admin/builder/spi-builder-workspace/.derivedData/Build/Intermediates.noindex/GeneratedModuleMaps-xros/MockImagePicker.modulemap /Users/admin/builder/spi-builder-workspace/.derivedData/Build/Intermediates.noindex/MockImagePicker.build/Debug-xros/MockImagePicker-t.build/MockImagePicker.modulemap (in target 'MockImagePicker' from project 'MockImagePicker')
    cd /Users/admin/builder/spi-builder-workspace
    builtin-copy -exclude .DS_Store -exclude CVS -exclude .svn -exclude .git -exclude .hg -resolve-src-symlinks /Users/admin/builder/spi-builder-workspace/.derivedData/Build/Intermediates.noindex/MockImagePicker.build/Debug-xros/MockImagePicker-t.build/MockImagePicker.modulemap /Users/admin/builder/spi-builder-workspace/.derivedData/Build/Intermediates.noindex/GeneratedModuleMaps-xros
ProcessInfoPlistFile /Users/admin/builder/spi-builder-workspace/.derivedData/Build/Products/Debug-xros/SweeterSwift_SweeterSwift.bundle/Info.plist /Users/admin/builder/spi-builder-workspace/.derivedData/Build/Intermediates.noindex/SweeterSwift.build/Debug-xros/SweeterSwift_SweeterSwift-b.build/empty-SweeterSwift_SweeterSwift.plist (in target 'SweeterSwift_SweeterSwift' from project 'SweeterSwift')
    cd /Users/admin/builder/spi-builder-workspace/.dependencies/checkouts/SweeterSwift
    builtin-infoPlistUtility /Users/admin/builder/spi-builder-workspace/.derivedData/Build/Intermediates.noindex/SweeterSwift.build/Debug-xros/SweeterSwift_SweeterSwift-b.build/empty-SweeterSwift_SweeterSwift.plist -producttype com.apple.product-type.bundle -expandbuildsettings -format binary -platform xros -o /Users/admin/builder/spi-builder-workspace/.derivedData/Build/Products/Debug-xros/SweeterSwift_SweeterSwift.bundle/Info.plist
CpResource /Users/admin/builder/spi-builder-workspace/.derivedData/Build/Products/Debug-xros/SweeterSwift_SweeterSwift.bundle/PrivacyInfo.xcprivacy /Users/admin/builder/spi-builder-workspace/.dependencies/checkouts/SweeterSwift/Source/PrivacyInfo.xcprivacy (in target 'SweeterSwift_SweeterSwift' from project 'SweeterSwift')
    cd /Users/admin/builder/spi-builder-workspace/.dependencies/checkouts/SweeterSwift
    builtin-copy -exclude .DS_Store -exclude CVS -exclude .svn -exclude .git -exclude .hg -resolve-src-symlinks /Users/admin/builder/spi-builder-workspace/.dependencies/checkouts/SweeterSwift/Source/PrivacyInfo.xcprivacy /Users/admin/builder/spi-builder-workspace/.derivedData/Build/Products/Debug-xros/SweeterSwift_SweeterSwift.bundle
ProcessInfoPlistFile /Users/admin/builder/spi-builder-workspace/.derivedData/Build/Products/Debug-xros/MockImagePicker_MockImagePicker.bundle/Info.plist /Users/admin/builder/spi-builder-workspace/.derivedData/Build/Intermediates.noindex/MockImagePicker.build/Debug-xros/MockImagePicker_MockImagePicker-b.build/empty-MockImagePicker_MockImagePicker.plist (in target 'MockImagePicker_MockImagePicker' from project 'MockImagePicker')
    cd /Users/admin/builder/spi-builder-workspace
    builtin-infoPlistUtility /Users/admin/builder/spi-builder-workspace/.derivedData/Build/Intermediates.noindex/MockImagePicker.build/Debug-xros/MockImagePicker_MockImagePicker-b.build/empty-MockImagePicker_MockImagePicker.plist -producttype com.apple.product-type.bundle -expandbuildsettings -format binary -platform xros -o /Users/admin/builder/spi-builder-workspace/.derivedData/Build/Products/Debug-xros/MockImagePicker_MockImagePicker.bundle/Info.plist
CpResource /Users/admin/builder/spi-builder-workspace/.derivedData/Build/Products/Debug-xros/MockImagePicker_MockImagePicker.bundle/PrivacyInfo.xcprivacy /Users/admin/builder/spi-builder-workspace/Sources/PrivacyInfo.xcprivacy (in target 'MockImagePicker_MockImagePicker' from project 'MockImagePicker')
    cd /Users/admin/builder/spi-builder-workspace
    builtin-copy -exclude .DS_Store -exclude CVS -exclude .svn -exclude .git -exclude .hg -resolve-src-symlinks /Users/admin/builder/spi-builder-workspace/Sources/PrivacyInfo.xcprivacy /Users/admin/builder/spi-builder-workspace/.derivedData/Build/Products/Debug-xros/MockImagePicker_MockImagePicker.bundle
RegisterExecutionPolicyException /Users/admin/builder/spi-builder-workspace/.derivedData/Build/Products/Debug-xros/MockImagePicker_MockImagePicker.bundle (in target 'MockImagePicker_MockImagePicker' from project 'MockImagePicker')
    cd /Users/admin/builder/spi-builder-workspace
    builtin-RegisterExecutionPolicyException /Users/admin/builder/spi-builder-workspace/.derivedData/Build/Products/Debug-xros/MockImagePicker_MockImagePicker.bundle
RegisterExecutionPolicyException /Users/admin/builder/spi-builder-workspace/.derivedData/Build/Products/Debug-xros/SweeterSwift_SweeterSwift.bundle (in target 'SweeterSwift_SweeterSwift' from project 'SweeterSwift')
    cd /Users/admin/builder/spi-builder-workspace/.dependencies/checkouts/SweeterSwift
    builtin-RegisterExecutionPolicyException /Users/admin/builder/spi-builder-workspace/.derivedData/Build/Products/Debug-xros/SweeterSwift_SweeterSwift.bundle
Touch /Users/admin/builder/spi-builder-workspace/.derivedData/Build/Products/Debug-xros/SweeterSwift_SweeterSwift.bundle (in target 'SweeterSwift_SweeterSwift' from project 'SweeterSwift')
    cd /Users/admin/builder/spi-builder-workspace/.dependencies/checkouts/SweeterSwift
    /usr/bin/touch -c /Users/admin/builder/spi-builder-workspace/.derivedData/Build/Products/Debug-xros/SweeterSwift_SweeterSwift.bundle
Touch /Users/admin/builder/spi-builder-workspace/.derivedData/Build/Products/Debug-xros/MockImagePicker_MockImagePicker.bundle (in target 'MockImagePicker_MockImagePicker' from project 'MockImagePicker')
    cd /Users/admin/builder/spi-builder-workspace
    /usr/bin/touch -c /Users/admin/builder/spi-builder-workspace/.derivedData/Build/Products/Debug-xros/MockImagePicker_MockImagePicker.bundle
SwiftDriver SweeterSwift normal arm64 com.apple.xcode.tools.swift.compiler (in target 'SweeterSwift' from project 'SweeterSwift')
    cd /Users/admin/builder/spi-builder-workspace/.swiftpm/xcode
    builtin-SwiftDriver -- /Applications/Xcode-27.0.0-Release.Candidate.app/Contents/Developer/Toolchains/XcodeDefault.xctoolchain/usr/bin/swiftc -parse-as-library -module-name SweeterSwift -Onone @/Users/admin/builder/spi-builder-workspace/.derivedData/Build/Intermediates.noindex/SweeterSwift.build/Debug-xros/SweeterSwift-t.build/Objects-normal/arm64/SweeterSwift.SwiftFileList -DSWIFT_PACKAGE -DDEBUG -DSWIFT_MODULE_RESOURCE_BUNDLE_AVAILABLE -DXcode -plugin-path /Applications/Xcode-27.0.0-Release.Candidate.app/Contents/Developer/Toolchains/XcodeDefault.xctoolchain/usr/lib/swift/host/plugins/testing -enable-experimental-feature DebugDescriptionMacro -sdk /Applications/Xcode-27.0.0-Release.Candidate.app/Contents/Developer/Platforms/XROS.platform/Developer/SDKs/XROS27.0.sdk -target arm64-apple-xros1.0 -g -module-cache-path /Users/admin/builder/spi-builder-workspace/.derivedData/ModuleCache.noindex -Xfrontend -serialize-debugging-options -enable-testing -suppress-warnings -index-store-path /Users/admin/builder/spi-builder-workspace/.derivedData/Index.noindex/DataStore -Xcc -D_LIBCPP_HARDENING_MODE\=_LIBCPP_HARDENING_MODE_DEBUG -swift-version 5 -I /Users/admin/builder/spi-builder-workspace/.derivedData/Build/Products/Debug-xros -Isystem /Applications/Xcode-27.0.0-Release.Candidate.app/Contents/Developer/Platforms/XROS.platform/Developer/usr/lib -F /Users/admin/builder/spi-builder-workspace/.derivedData/Build/Products/Debug-xros -F /Applications/Xcode-27.0.0-Release.Candidate.app/Contents/Developer/Platforms/XROS.platform/Developer/Library/Frameworks -F /Applications/Xcode-27.0.0-Release.Candidate.app/Contents/Developer/Platforms/XROS.platform/Developer/SDKs/XROS27.0.sdk/Developer/Library/Frameworks -c -j10 -enable-batch-mode -incremental -Xcc -ivfsstatcache -Xcc /Users/admin/builder/spi-builder-workspace/.derivedData/SDKStatCaches.noindex/xros27.0-24M361-e829b21a6f8c9b70876ba0858053c044735bd543db762f57723cac368afd1ce4.sdkstatcache -output-file-map /Users/admin/builder/spi-builder-workspace/.derivedData/Build/Intermediates.noindex/SweeterSwift.build/Debug-xros/SweeterSwift-t.build/Objects-normal/arm64/SweeterSwift-OutputFileMap.json -save-temps -no-color-diagnostics -explicit-module-build -module-cache-path /Users/admin/builder/spi-builder-workspace/.derivedData/Build/Intermediates.noindex/SwiftExplicitPrecompiledModules -clang-scanner-module-cache-path /Users/admin/builder/spi-builder-workspace/.derivedData/ModuleCache.noindex -sdk-module-cache-path /Users/admin/builder/spi-builder-workspace/.derivedData/SDKExplicitPrecompiledModules -emit-dependencies -emit-module -emit-module-path /Users/admin/builder/spi-builder-workspace/.derivedData/Build/Intermediates.noindex/SweeterSwift.build/Debug-xros/SweeterSwift-t.build/Objects-normal/arm64/SweeterSwift.swiftmodule -serialize-diagnostics -dependency-scan-serialize-diagnostics-path /Users/admin/builder/spi-builder-workspace/.derivedData/Build/Intermediates.noindex/SweeterSwift.build/Debug-xros/SweeterSwift-t.build/Objects-normal/arm64/SweeterSwift-dependency-scan.dia -validate-clang-modules-once -clang-build-session-file /Users/admin/builder/spi-builder-workspace/.derivedData/ModuleCache.noindex/Session.modulevalidation -Xcc -fmodules-prune-interval\=86400 -Xcc -fmodules-prune-after\=345600 -emit-const-values -const-gather-protocols-list /Users/admin/builder/spi-builder-workspace/.derivedData/Build/Intermediates.noindex/SweeterSwift.build/Debug-xros/SweeterSwift-t.build/Objects-normal/arm64/SweeterSwift_const_extract_protocols.json -Xcc -I/Users/admin/builder/spi-builder-workspace/.derivedData/Build/Products/Debug-xros/include -Xcc -I/Users/admin/builder/spi-builder-workspace/.derivedData/Build/Intermediates.noindex/SweeterSwift.build/Debug-xros/SweeterSwift-t.build/DerivedSources-normal/arm64 -Xcc -I/Users/admin/builder/spi-builder-workspace/.derivedData/Build/Intermediates.noindex/SweeterSwift.build/Debug-xros/SweeterSwift-t.build/DerivedSources/arm64 -Xcc -I/Users/admin/builder/spi-builder-workspace/.derivedData/Build/Intermediates.noindex/SweeterSwift.build/Debug-xros/SweeterSwift-t.build/DerivedSources -Xcc -DSWIFT_PACKAGE -Xcc -DDEBUG\=1 -emit-objc-header -emit-objc-header-path /Users/admin/builder/spi-builder-workspace/.derivedData/Build/Intermediates.noindex/SweeterSwift.build/Debug-xros/SweeterSwift-t.build/Objects-normal/arm64/SweeterSwift-Swift.h -working-directory /Users/admin/builder/spi-builder-workspace/.swiftpm/xcode -experimental-emit-module-separately -disable-cmo
SwiftExplicitDependencyGeneratePcm arm64 /Users/admin/builder/spi-builder-workspace/.derivedData/SDKExplicitPrecompiledModules/_Builtin_stdbool-5BU2ADS7JXQMYENKQHW9X8XOU.pcm
SwiftExplicitDependencyGeneratePcm arm64 /Users/admin/builder/spi-builder-workspace/.derivedData/SDKExplicitPrecompiledModules/_Builtin_float-6WKHNW5S40U2QGHXXGETUDIRA.pcm
SwiftExplicitDependencyGeneratePcm arm64 /Users/admin/builder/spi-builder-workspace/.derivedData/SDKExplicitPrecompiledModules/_Builtin_stdarg-CDA349K2K4US766844K8E0PVA.pcm
SwiftExplicitDependencyGeneratePcm arm64 /Users/admin/builder/spi-builder-workspace/.derivedData/SDKExplicitPrecompiledModules/ptrauth-1WBA714DZSVUL5JQDJ08CLKZ.pcm
SwiftExplicitDependencyGeneratePcm arm64 /Users/admin/builder/spi-builder-workspace/.derivedData/SDKExplicitPrecompiledModules/_Builtin_stddef-5NQ9Z1GV07GBSRQGAQCGXGVRI.pcm
SwiftExplicitDependencyGeneratePcm arm64 /Users/admin/builder/spi-builder-workspace/.derivedData/SDKExplicitPrecompiledModules/_AvailabilityInternal-1Q8IQP6M38UWSGZ95UCEY2M44.pcm
SwiftExplicitDependencyGeneratePcm arm64 /Users/admin/builder/spi-builder-workspace/.derivedData/SDKExplicitPrecompiledModules/SwiftShims-CI4H5RO9IYFFWQ2COB512Q2S9.pcm
SwiftExplicitDependencyGeneratePcm arm64 /Users/admin/builder/spi-builder-workspace/.derivedData/SDKExplicitPrecompiledModules/_SwiftConcurrencyShims-C8XHKSHX96D5YYALNM4W70Z0O.pcm
SwiftExplicitDependencyGeneratePcm arm64 /Users/admin/builder/spi-builder-workspace/.derivedData/SDKExplicitPrecompiledModules/DeveloperToolsSupport-46GOQP8J1QTHLYQSJW81T8UZ3.pcm
SwiftExplicitDependencyGeneratePcm arm64 /Users/admin/builder/spi-builder-workspace/.derivedData/SDKExplicitPrecompiledModules/ptrcheck-BXA97MNLI4BB0HF5I8MJE403D.pcm
SwiftExplicitDependencyGeneratePcm arm64 /Users/admin/builder/spi-builder-workspace/.derivedData/SDKExplicitPrecompiledModules/_DarwinFoundation1-5RGRVV2TZ6WC4WZW5IXF8NQ04.pcm
SwiftExplicitDependencyGeneratePcm arm64 /Users/admin/builder/spi-builder-workspace/.derivedData/SDKExplicitPrecompiledModules/_Builtin_limits-425JDMN5HPM3D0UEI8LEHP6NM.pcm
SwiftExplicitDependencyGeneratePcm arm64 /Users/admin/builder/spi-builder-workspace/.derivedData/SDKExplicitPrecompiledModules/_DarwinFoundation2-ENTECK156YEWITZRRBTOCE4KR.pcm
SwiftExplicitDependencyGeneratePcm arm64 /Users/admin/builder/spi-builder-workspace/.derivedData/SDKExplicitPrecompiledModules/_Builtin_stdint-8OR6T47OOYJA90ZBO3N1USDE.pcm
SwiftExplicitDependencyGeneratePcm arm64 /Users/admin/builder/spi-builder-workspace/.derivedData/SDKExplicitPrecompiledModules/_Builtin_tgmath-BPYSMHWI520EQRL2HW519ZY7Z.pcm
SwiftExplicitDependencyGeneratePcm arm64 /Users/admin/builder/spi-builder-workspace/.derivedData/SDKExplicitPrecompiledModules/string_h-2GT67HHHHK5CF1V1S31LH0PU2.pcm
SwiftExplicitDependencyGeneratePcm arm64 /Users/admin/builder/spi-builder-workspace/.derivedData/SDKExplicitPrecompiledModules/sys_types-AYM0BHR77VKMWZCO2T0XGV2HF.pcm
SwiftExplicitDependencyGeneratePcm arm64 /Users/admin/builder/spi-builder-workspace/.derivedData/SDKExplicitPrecompiledModules/_Builtin_stdatomic-1VUZPM79PNCAHXVBERD53WRSF.pcm
SwiftExplicitDependencyGeneratePcm arm64 /Users/admin/builder/spi-builder-workspace/.derivedData/SDKExplicitPrecompiledModules/_Builtin_intrinsics-BC5IJI3YI34RQ61ZNVDRDZ6RN.pcm
SwiftExplicitDependencyGeneratePcm arm64 /Users/admin/builder/spi-builder-workspace/.derivedData/SDKExplicitPrecompiledModules/_DarwinFoundation3-9ZHN6JKBS40BBA81RQMV8H0IC.pcm
SwiftExplicitDependencyGeneratePcm arm64 /Users/admin/builder/spi-builder-workspace/.derivedData/SDKExplicitPrecompiledModules/_Builtin_inttypes-11B64KJD36B3YOHBR1BBXBJY8.pcm
SwiftExplicitDependencyGeneratePcm arm64 /Users/admin/builder/spi-builder-workspace/.derivedData/SDKExplicitPrecompiledModules/Darwin-60P5LVNQO3ESRRM5DCJ05PFNK.pcm
SwiftExplicitDependencyGeneratePcm arm64 /Users/admin/builder/spi-builder-workspace/.derivedData/SDKExplicitPrecompiledModules/simd-9XXAB17Y6E4BBPQADD61NZ23.pcm
SwiftExplicitDependencyGeneratePcm arm64 /Users/admin/builder/spi-builder-workspace/.derivedData/SDKExplicitPrecompiledModules/MachO-3XTHY7HWV6RF3KXKYQVHUBUXK.pcm
SwiftExplicitDependencyGeneratePcm arm64 /Users/admin/builder/spi-builder-workspace/.derivedData/SDKExplicitPrecompiledModules/ObjectiveC-26TIBFYCEJZVP216ZZAU1X8KN.pcm
SwiftExplicitDependencyGeneratePcm arm64 /Users/admin/builder/spi-builder-workspace/.derivedData/SDKExplicitPrecompiledModules/os_object-692CJ8BG6RE5H04487EJJOVXW.pcm
SwiftExplicitDependencyGeneratePcm arm64 /Users/admin/builder/spi-builder-workspace/.derivedData/SDKExplicitPrecompiledModules/os_workgroup-4U1VXMWIZD80E7PRUQF2G7P9X.pcm
SwiftExplicitDependencyGeneratePcm arm64 /Users/admin/builder/spi-builder-workspace/.derivedData/SDKExplicitPrecompiledModules/Spatial-5E0I2846LO3ZE24CSVR2O57TI.pcm
SwiftExplicitDependencyGeneratePcm arm64 /Users/admin/builder/spi-builder-workspace/.derivedData/SDKExplicitPrecompiledModules/Dispatch-CLT3466HKC22GCKAWSCNG0H7T.pcm
SwiftExplicitDependencyGeneratePcm arm64 /Users/admin/builder/spi-builder-workspace/.derivedData/SDKExplicitPrecompiledModules/XPC-EP5EU7FNGP4VOA3EDM18P1KHO.pcm
SwiftExplicitDependencyGeneratePcm arm64 /Users/admin/builder/spi-builder-workspace/.derivedData/SDKExplicitPrecompiledModules/CoreFoundation-AVLTZVCXBU2TO75JCN4AGU8XJ.pcm
SwiftExplicitDependencyGeneratePcm arm64 /Users/admin/builder/spi-builder-workspace/.derivedData/SDKExplicitPrecompiledModules/os-1004XEJ3IXOOAU0KL58SM3D0K.pcm
SwiftExplicitDependencyGeneratePcm arm64 /Users/admin/builder/spi-builder-workspace/.derivedData/SDKExplicitPrecompiledModules/Security-8TH2M8WJIQMET4SADWX0N8372.pcm
SwiftExplicitDependencyGeneratePcm arm64 /Users/admin/builder/spi-builder-workspace/.derivedData/SDKExplicitPrecompiledModules/CFNetwork-5MI70N1VLDQSWTX4COWLMSIRO.pcm
SwiftExplicitDependencyGeneratePcm arm64 /Users/admin/builder/spi-builder-workspace/.derivedData/SDKExplicitPrecompiledModules/CoreGraphics-BFUJ177R223UT2ZI327ZTZY91.pcm
SwiftExplicitDependencyGeneratePcm arm64 /Users/admin/builder/spi-builder-workspace/.derivedData/SDKExplicitPrecompiledModules/Foundation-8GON1KVEKRN3NOQI8RETBRWJP.pcm
SwiftExplicitDependencyGeneratePcm arm64 /Users/admin/builder/spi-builder-workspace/.derivedData/SDKExplicitPrecompiledModules/CoreText-6F9TY5TEPCCZ1K2KYM4GMEGHD.pcm
SwiftExplicitDependencyGeneratePcm arm64 /Users/admin/builder/spi-builder-workspace/.derivedData/SDKExplicitPrecompiledModules/ImageIO-5CC6COR9KJYI1UBL7CSHLU2OG.pcm
SwiftExplicitDependencyGeneratePcm arm64 /Users/admin/builder/spi-builder-workspace/.derivedData/SDKExplicitPrecompiledModules/UserNotifications-8IIV1V1FPNAPA4LY1Y23LOM2N.pcm
SwiftExplicitDependencyGeneratePcm arm64 /Users/admin/builder/spi-builder-workspace/.derivedData/SDKExplicitPrecompiledModules/DataDetection-BANTQ3WXXGKZJYC0LLB3MD9K0.pcm
SwiftExplicitDependencyGeneratePcm arm64 /Users/admin/builder/spi-builder-workspace/.derivedData/SDKExplicitPrecompiledModules/CoreTransferable-8TBYAKHCX6UC8QQSS7BD8GQK5.pcm
SwiftExplicitDependencyGeneratePcm arm64 /Users/admin/builder/spi-builder-workspace/.derivedData/SDKExplicitPrecompiledModules/UIUtilities-AOVGLUWEAN6CG2UZFNESGSP6C.pcm
SwiftExplicitDependencyGeneratePcm arm64 /Users/admin/builder/spi-builder-workspace/.derivedData/SDKExplicitPrecompiledModules/FileProvider-C9I28SI56F2SEVH1BCWTKGODO.pcm
SwiftExplicitDependencyGeneratePcm arm64 /Users/admin/builder/spi-builder-workspace/.derivedData/SDKExplicitPrecompiledModules/IOSurface-5FE9U89GVFF9A7X7AGO2R8ENI.pcm
SwiftExplicitDependencyGeneratePcm arm64 /Users/admin/builder/spi-builder-workspace/.derivedData/SDKExplicitPrecompiledModules/OSLog-BNGT87TS0GMBFF7TY70HHB69.pcm
SwiftExplicitDependencyGeneratePcm arm64 /Users/admin/builder/spi-builder-workspace/.derivedData/SDKExplicitPrecompiledModules/Accessibility-1DR4J4YDVDGAYQTZ0FKZ1PU09.pcm
SwiftExplicitDependencyGeneratePcm arm64 /Users/admin/builder/spi-builder-workspace/.derivedData/SDKExplicitPrecompiledModules/_LocationEssentials-8GQGFVARUE99D8VJX3TINY0VP.pcm
SwiftExplicitDependencyGeneratePcm arm64 /Users/admin/builder/spi-builder-workspace/.derivedData/SDKExplicitPrecompiledModules/UniformTypeIdentifiers-E5KMWDZEKS4QW9RO1KBRDEXV6.pcm
SwiftExplicitDependencyGeneratePcm arm64 /Users/admin/builder/spi-builder-workspace/.derivedData/SDKExplicitPrecompiledModules/CoreData-73N6Z547OZUEZ8ADGEC6XRHWN.pcm
SwiftExplicitDependencyGeneratePcm arm64 /Users/admin/builder/spi-builder-workspace/.derivedData/SDKExplicitPrecompiledModules/Symbols-8G2XC01RPQ5HYIZE6JNUT864I.pcm
SwiftExplicitDependencyGeneratePcm arm64 /Users/admin/builder/spi-builder-workspace/.derivedData/SDKExplicitPrecompiledModules/CoreLocation-1SN37095DAPVJ068LLP9TBDQX.pcm
SwiftExplicitDependencyGeneratePcm arm64 /Users/admin/builder/spi-builder-workspace/.derivedData/SDKExplicitPrecompiledModules/Metal-EKNUM9P3PRIBHZK1ZBD6BA2T7.pcm
SwiftExplicitDependencyGeneratePcm arm64 /Users/admin/builder/spi-builder-workspace/.derivedData/SDKExplicitPrecompiledModules/OpenGLES-56BKSYXNVAP91BYZRWAKQZKGI.pcm
SwiftExplicitDependencyGeneratePcm arm64 /Users/admin/builder/spi-builder-workspace/.derivedData/SDKExplicitPrecompiledModules/CoreMotion-10LV922UPGE28QX2SOIO7ALIZ.pcm
SwiftExplicitDependencyGeneratePcm arm64 /Users/admin/builder/spi-builder-workspace/.derivedData/SDKExplicitPrecompiledModules/CoreVideo-E12HJSJSLO0YKWYBES11UKJ02.pcm
SwiftExplicitDependencyGeneratePcm arm64 /Users/admin/builder/spi-builder-workspace/.derivedData/SDKExplicitPrecompiledModules/CoreImage-8WF1P230U10QM666EQMNV7OF1.pcm
SwiftExplicitDependencyGeneratePcm arm64 /Users/admin/builder/spi-builder-workspace/.derivedData/SDKExplicitPrecompiledModules/QuartzCore-12T8WVKUNCL1N7VXH87MM4YOB.pcm
SwiftExplicitDependencyGeneratePcm arm64 /Users/admin/builder/spi-builder-workspace/.derivedData/SDKExplicitPrecompiledModules/SwiftUICore-6OBBMA39VFD4CB6SG2PE41FAP.pcm
SwiftExplicitDependencyGeneratePcm arm64 /Users/admin/builder/spi-builder-workspace/.derivedData/SDKExplicitPrecompiledModules/UIKit-2D2PMAAE45TMO6S28UCGCO5BR.pcm
SwiftEmitModule normal arm64 Emitting\ module\ for\ SweeterSwift (in target 'SweeterSwift' from project 'SweeterSwift')
SwiftCompile normal arm64 (in target 'SweeterSwift' from project 'SweeterSwift')
    cd /Users/admin/builder/spi-builder-workspace/.swiftpm/xcode

SwiftCompile normal arm64 Compiling\ UIStackView+Sweeter.swift /Users/admin/builder/spi-builder-workspace/.dependencies/checkouts/SweeterSwift/Source/UIStackView+Sweeter.swift (in target 'SweeterSwift' from project 'SweeterSwift')
SwiftCompile normal arm64 /Users/admin/builder/spi-builder-workspace/.dependencies/checkouts/SweeterSwift/Source/UIStackView+Sweeter.swift (in target 'SweeterSwift' from project 'SweeterSwift')
    cd /Users/admin/builder/spi-builder-workspace/.swiftpm/xcode
    builtin-SwiftPerFileCompile UIStackView+Sweeter.swift
SwiftCompile normal arm64 Compiling\ UITextView+Sweeter.swift /Users/admin/builder/spi-builder-workspace/.dependencies/checkouts/SweeterSwift/Source/UITextView+Sweeter.swift (in target 'SweeterSwift' from project 'SweeterSwift')
SwiftCompile normal arm64 /Users/admin/builder/spi-builder-workspace/.dependencies/checkouts/SweeterSwift/Source/UITextView+Sweeter.swift (in target 'SweeterSwift' from project 'SweeterSwift')
    cd /Users/admin/builder/spi-builder-workspace/.swiftpm/xcode
    builtin-SwiftPerFileCompile UITextView+Sweeter.swift
SwiftCompile normal arm64 Compiling\ UIViewController+Sweeter.swift /Users/admin/builder/spi-builder-workspace/.dependencies/checkouts/SweeterSwift/Source/UIViewController+Sweeter.swift (in target 'SweeterSwift' from project 'SweeterSwift')
SwiftCompile normal arm64 /Users/admin/builder/spi-builder-workspace/.dependencies/checkouts/SweeterSwift/Source/UIViewController+Sweeter.swift (in target 'SweeterSwift' from project 'SweeterSwift')
    cd /Users/admin/builder/spi-builder-workspace/.swiftpm/xcode
    builtin-SwiftPerFileCompile UIViewController+Sweeter.swift
SwiftCompile normal arm64 Compiling\ Swift+Sweeter.swift,\ TimeInterval+Sweeter.swift /Users/admin/builder/spi-builder-workspace/.dependencies/checkouts/SweeterSwift/Source/Swift+Sweeter.swift /Users/admin/builder/spi-builder-workspace/.dependencies/checkouts/SweeterSwift/Source/TimeInterval+Sweeter.swift (in target 'SweeterSwift' from project 'SweeterSwift')
SwiftCompile normal arm64 /Users/admin/builder/spi-builder-workspace/.dependencies/checkouts/SweeterSwift/Source/Swift+Sweeter.swift (in target 'SweeterSwift' from project 'SweeterSwift')
    cd /Users/admin/builder/spi-builder-workspace/.swiftpm/xcode
    builtin-SwiftPerFileCompile Swift+Sweeter.swift
SwiftCompile normal arm64 /Users/admin/builder/spi-builder-workspace/.dependencies/checkouts/SweeterSwift/Source/TimeInterval+Sweeter.swift (in target 'SweeterSwift' from project 'SweeterSwift')
    cd /Users/admin/builder/spi-builder-workspace/.swiftpm/xcode
    builtin-SwiftPerFileCompile TimeInterval+Sweeter.swift
SwiftCompile normal arm64 Compiling\ UIView+Sweeter.swift /Users/admin/builder/spi-builder-workspace/.dependencies/checkouts/SweeterSwift/Source/UIView+Sweeter.swift (in target 'SweeterSwift' from project 'SweeterSwift')
SwiftCompile normal arm64 /Users/admin/builder/spi-builder-workspace/.dependencies/checkouts/SweeterSwift/Source/UIView+Sweeter.swift (in target 'SweeterSwift' from project 'SweeterSwift')
    cd /Users/admin/builder/spi-builder-workspace/.swiftpm/xcode
    builtin-SwiftPerFileCompile UIView+Sweeter.swift
SwiftCompile normal arm64 Compiling\ NSAttributedString+Sweeter.swift,\ NSManagedObjectContext+Sweeter.swift /Users/admin/builder/spi-builder-workspace/.dependencies/checkouts/SweeterSwift/Source/NSAttributedString+Sweeter.swift /Users/admin/builder/spi-builder-workspace/.dependencies/checkouts/SweeterSwift/Source/NSManagedObjectContext+Sweeter.swift (in target 'SweeterSwift' from project 'SweeterSwift')
SwiftCompile normal arm64 /Users/admin/builder/spi-builder-workspace/.dependencies/checkouts/SweeterSwift/Source/NSAttributedString+Sweeter.swift (in target 'SweeterSwift' from project 'SweeterSwift')
    cd /Users/admin/builder/spi-builder-workspace/.swiftpm/xcode
    builtin-SwiftPerFileCompile NSAttributedString+Sweeter.swift
SwiftCompile normal arm64 /Users/admin/builder/spi-builder-workspace/.dependencies/checkouts/SweeterSwift/Source/NSManagedObjectContext+Sweeter.swift (in target 'SweeterSwift' from project 'SweeterSwift')
    cd /Users/admin/builder/spi-builder-workspace/.swiftpm/xcode
    builtin-SwiftPerFileCompile NSManagedObjectContext+Sweeter.swift
SwiftCompile normal arm64 Compiling\ Codable+Sweeter.swift,\ DateFormatter+Sweeter.swift /Users/admin/builder/spi-builder-workspace/.dependencies/checkouts/SweeterSwift/Source/Codable+Sweeter.swift /Users/admin/builder/spi-builder-workspace/.dependencies/checkouts/SweeterSwift/Source/DateFormatter+Sweeter.swift (in target 'SweeterSwift' from project 'SweeterSwift')
SwiftCompile normal arm64 /Users/admin/builder/spi-builder-workspace/.dependencies/checkouts/SweeterSwift/Source/Codable+Sweeter.swift (in target 'SweeterSwift' from project 'SweeterSwift')
    cd /Users/admin/builder/spi-builder-workspace/.swiftpm/xcode
    builtin-SwiftPerFileCompile Codable+Sweeter.swift
SwiftCompile normal arm64 /Users/admin/builder/spi-builder-workspace/.dependencies/checkouts/SweeterSwift/Source/DateFormatter+Sweeter.swift (in target 'SweeterSwift' from project 'SweeterSwift')
    cd /Users/admin/builder/spi-builder-workspace/.swiftpm/xcode
    builtin-SwiftPerFileCompile DateFormatter+Sweeter.swift
SwiftCompile normal arm64 Compiling\ NSObject+Sweeter.swift,\ String+Sweeter.swift /Users/admin/builder/spi-builder-workspace/.dependencies/checkouts/SweeterSwift/Source/NSObject+Sweeter.swift /Users/admin/builder/spi-builder-workspace/.dependencies/checkouts/SweeterSwift/Source/String+Sweeter.swift (in target 'SweeterSwift' from project 'SweeterSwift')
SwiftCompile normal arm64 /Users/admin/builder/spi-builder-workspace/.dependencies/checkouts/SweeterSwift/Source/NSObject+Sweeter.swift (in target 'SweeterSwift' from project 'SweeterSwift')
    cd /Users/admin/builder/spi-builder-workspace/.swiftpm/xcode
    builtin-SwiftPerFileCompile NSObject+Sweeter.swift
SwiftCompile normal arm64 /Users/admin/builder/spi-builder-workspace/.dependencies/checkouts/SweeterSwift/Source/String+Sweeter.swift (in target 'SweeterSwift' from project 'SweeterSwift')
    cd /Users/admin/builder/spi-builder-workspace/.swiftpm/xcode
    builtin-SwiftPerFileCompile String+Sweeter.swift
SwiftCompile normal arm64 Compiling\ resource_bundle_accessor.swift,\ Bundle+Sweeter.swift /Users/admin/builder/spi-builder-workspace/.derivedData/Build/Intermediates.noindex/SweeterSwift.build/Debug-xros/SweeterSwift-t.build/DerivedSources/resource_bundle_accessor.swift /Users/admin/builder/spi-builder-workspace/.dependencies/checkouts/SweeterSwift/Source/Bundle+Sweeter.swift (in target 'SweeterSwift' from project 'SweeterSwift')
SwiftCompile normal arm64 /Users/admin/builder/spi-builder-workspace/.derivedData/Build/Intermediates.noindex/SweeterSwift.build/Debug-xros/SweeterSwift-t.build/DerivedSources/resource_bundle_accessor.swift (in target 'SweeterSwift' from project 'SweeterSwift')
    cd /Users/admin/builder/spi-builder-workspace/.swiftpm/xcode
    builtin-SwiftPerFileCompile resource_bundle_accessor.swift
SwiftCompile normal arm64 /Users/admin/builder/spi-builder-workspace/.dependencies/checkouts/SweeterSwift/Source/Bundle+Sweeter.swift (in target 'SweeterSwift' from project 'SweeterSwift')
    cd /Users/admin/builder/spi-builder-workspace/.swiftpm/xcode
    builtin-SwiftPerFileCompile Bundle+Sweeter.swift
SwiftCompile normal arm64 Compiling\ UIApplication+Sweeter.swift /Users/admin/builder/spi-builder-workspace/.dependencies/checkouts/SweeterSwift/Source/UIApplication+Sweeter.swift (in target 'SweeterSwift' from project 'SweeterSwift')
SwiftCompile normal arm64 /Users/admin/builder/spi-builder-workspace/.dependencies/checkouts/SweeterSwift/Source/UIApplication+Sweeter.swift (in target 'SweeterSwift' from project 'SweeterSwift')
    cd /Users/admin/builder/spi-builder-workspace/.swiftpm/xcode
    builtin-SwiftPerFileCompile UIApplication+Sweeter.swift
SwiftDriverJobDiscovery normal arm64 Emitting module for SweeterSwift (in target 'SweeterSwift' from project 'SweeterSwift')
SwiftDriver\ Compilation\ Requirements SweeterSwift normal arm64 com.apple.xcode.tools.swift.compiler (in target 'SweeterSwift' from project 'SweeterSwift')
    cd /Users/admin/builder/spi-builder-workspace/.swiftpm/xcode
    builtin-Swift-Compilation-Requirements -- /Applications/Xcode-27.0.0-Release.Candidate.app/Contents/Developer/Toolchains/XcodeDefault.xctoolchain/usr/bin/swiftc -parse-as-library -module-name SweeterSwift -Onone @/Users/admin/builder/spi-builder-workspace/.derivedData/Build/Intermediates.noindex/SweeterSwift.build/Debug-xros/SweeterSwift-t.build/Objects-normal/arm64/SweeterSwift.SwiftFileList -DSWIFT_PACKAGE -DDEBUG -DSWIFT_MODULE_RESOURCE_BUNDLE_AVAILABLE -DXcode -plugin-path /Applications/Xcode-27.0.0-Release.Candidate.app/Contents/Developer/Toolchains/XcodeDefault.xctoolchain/usr/lib/swift/host/plugins/testing -enable-experimental-feature DebugDescriptionMacro -sdk /Applications/Xcode-27.0.0-Release.Candidate.app/Contents/Developer/Platforms/XROS.platform/Developer/SDKs/XROS27.0.sdk -target arm64-apple-xros1.0 -g -module-cache-path /Users/admin/builder/spi-builder-workspace/.derivedData/ModuleCache.noindex -Xfrontend -serialize-debugging-options -enable-testing -suppress-warnings -index-store-path /Users/admin/builder/spi-builder-workspace/.derivedData/Index.noindex/DataStore -Xcc -D_LIBCPP_HARDENING_MODE\=_LIBCPP_HARDENING_MODE_DEBUG -swift-version 5 -I /Users/admin/builder/spi-builder-workspace/.derivedData/Build/Products/Debug-xros -Isystem /Applications/Xcode-27.0.0-Release.Candidate.app/Contents/Developer/Platforms/XROS.platform/Developer/usr/lib -F /Users/admin/builder/spi-builder-workspace/.derivedData/Build/Products/Debug-xros -F /Applications/Xcode-27.0.0-Release.Candidate.app/Contents/Developer/Platforms/XROS.platform/Developer/Library/Frameworks -F /Applications/Xcode-27.0.0-Release.Candidate.app/Contents/Developer/Platforms/XROS.platform/Developer/SDKs/XROS27.0.sdk/Developer/Library/Frameworks -c -j10 -enable-batch-mode -incremental -Xcc -ivfsstatcache -Xcc /Users/admin/builder/spi-builder-workspace/.derivedData/SDKStatCaches.noindex/xros27.0-24M361-e829b21a6f8c9b70876ba0858053c044735bd543db762f57723cac368afd1ce4.sdkstatcache -output-file-map /Users/admin/builder/spi-builder-workspace/.derivedData/Build/Intermediates.noindex/SweeterSwift.build/Debug-xros/SweeterSwift-t.build/Objects-normal/arm64/SweeterSwift-OutputFileMap.json -save-temps -no-color-diagnostics -explicit-module-build -module-cache-path /Users/admin/builder/spi-builder-workspace/.derivedData/Build/Intermediates.noindex/SwiftExplicitPrecompiledModules -clang-scanner-module-cache-path /Users/admin/builder/spi-builder-workspace/.derivedData/ModuleCache.noindex -sdk-module-cache-path /Users/admin/builder/spi-builder-workspace/.derivedData/SDKExplicitPrecompiledModules -emit-dependencies -emit-module -emit-module-path /Users/admin/builder/spi-builder-workspace/.derivedData/Build/Intermediates.noindex/SweeterSwift.build/Debug-xros/SweeterSwift-t.build/Objects-normal/arm64/SweeterSwift.swiftmodule -serialize-diagnostics -dependency-scan-serialize-diagnostics-path /Users/admin/builder/spi-builder-workspace/.derivedData/Build/Intermediates.noindex/SweeterSwift.build/Debug-xros/SweeterSwift-t.build/Objects-normal/arm64/SweeterSwift-dependency-scan.dia -validate-clang-modules-once -clang-build-session-file /Users/admin/builder/spi-builder-workspace/.derivedData/ModuleCache.noindex/Session.modulevalidation -Xcc -fmodules-prune-interval\=86400 -Xcc -fmodules-prune-after\=345600 -emit-const-values -const-gather-protocols-list /Users/admin/builder/spi-builder-workspace/.derivedData/Build/Intermediates.noindex/SweeterSwift.build/Debug-xros/SweeterSwift-t.build/Objects-normal/arm64/SweeterSwift_const_extract_protocols.json -Xcc -I/Users/admin/builder/spi-builder-workspace/.derivedData/Build/Products/Debug-xros/include -Xcc -I/Users/admin/builder/spi-builder-workspace/.derivedData/Build/Intermediates.noindex/SweeterSwift.build/Debug-xros/SweeterSwift-t.build/DerivedSources-normal/arm64 -Xcc -I/Users/admin/builder/spi-builder-workspace/.derivedData/Build/Intermediates.noindex/SweeterSwift.build/Debug-xros/SweeterSwift-t.build/DerivedSources/arm64 -Xcc -I/Users/admin/builder/spi-builder-workspace/.derivedData/Build/Intermediates.noindex/SweeterSwift.build/Debug-xros/SweeterSwift-t.build/DerivedSources -Xcc -DSWIFT_PACKAGE -Xcc -DDEBUG\=1 -emit-objc-header -emit-objc-header-path /Users/admin/builder/spi-builder-workspace/.derivedData/Build/Intermediates.noindex/SweeterSwift.build/Debug-xros/SweeterSwift-t.build/Objects-normal/arm64/SweeterSwift-Swift.h -working-directory /Users/admin/builder/spi-builder-workspace/.swiftpm/xcode -experimental-emit-module-separately -disable-cmo
SwiftDriverJobDiscovery normal arm64 Compiling Swift+Sweeter.swift, TimeInterval+Sweeter.swift (in target 'SweeterSwift' from project 'SweeterSwift')
SwiftDriverJobDiscovery normal arm64 Compiling Codable+Sweeter.swift, DateFormatter+Sweeter.swift (in target 'SweeterSwift' from project 'SweeterSwift')
SwiftDriverJobDiscovery normal arm64 Compiling NSObject+Sweeter.swift, String+Sweeter.swift (in target 'SweeterSwift' from project 'SweeterSwift')
SwiftDriverJobDiscovery normal arm64 Compiling resource_bundle_accessor.swift, Bundle+Sweeter.swift (in target 'SweeterSwift' from project 'SweeterSwift')
SwiftMergeGeneratedHeaders /Users/admin/builder/spi-builder-workspace/.derivedData/Build/Intermediates.noindex/GeneratedModuleMaps-xros/SweeterSwift-Swift.h /Users/admin/builder/spi-builder-workspace/.derivedData/Build/Intermediates.noindex/SweeterSwift.build/Debug-xros/SweeterSwift-t.build/Objects-normal/arm64/SweeterSwift-Swift.h (in target 'SweeterSwift' from project 'SweeterSwift')
    cd /Users/admin/builder/spi-builder-workspace/.dependencies/checkouts/SweeterSwift
    builtin-swiftHeaderTool -arch arm64 /Users/admin/builder/spi-builder-workspace/.derivedData/Build/Intermediates.noindex/SweeterSwift.build/Debug-xros/SweeterSwift-t.build/Objects-normal/arm64/SweeterSwift-Swift.h -o /Users/admin/builder/spi-builder-workspace/.derivedData/Build/Intermediates.noindex/GeneratedModuleMaps-xros/SweeterSwift-Swift.h
Copy /Users/admin/builder/spi-builder-workspace/.derivedData/Build/Products/Debug-xros/SweeterSwift.swiftmodule/arm64-apple-xros.swiftdoc /Users/admin/builder/spi-builder-workspace/.derivedData/Build/Intermediates.noindex/SweeterSwift.build/Debug-xros/SweeterSwift-t.build/Objects-normal/arm64/SweeterSwift.swiftdoc (in target 'SweeterSwift' from project 'SweeterSwift')
    cd /Users/admin/builder/spi-builder-workspace/.dependencies/checkouts/SweeterSwift
    builtin-copy -exclude .DS_Store -exclude CVS -exclude .svn -exclude .git -exclude .hg -resolve-src-symlinks -rename /Users/admin/builder/spi-builder-workspace/.derivedData/Build/Intermediates.noindex/SweeterSwift.build/Debug-xros/SweeterSwift-t.build/Objects-normal/arm64/SweeterSwift.swiftdoc /Users/admin/builder/spi-builder-workspace/.derivedData/Build/Products/Debug-xros/SweeterSwift.swiftmodule/arm64-apple-xros.swiftdoc
Copy /Users/admin/builder/spi-builder-workspace/.derivedData/Build/Products/Debug-xros/SweeterSwift.swiftmodule/arm64-apple-xros.swiftmodule /Users/admin/builder/spi-builder-workspace/.derivedData/Build/Intermediates.noindex/SweeterSwift.build/Debug-xros/SweeterSwift-t.build/Objects-normal/arm64/SweeterSwift.swiftmodule (in target 'SweeterSwift' from project 'SweeterSwift')
    cd /Users/admin/builder/spi-builder-workspace/.dependencies/checkouts/SweeterSwift
    builtin-copy -exclude .DS_Store -exclude CVS -exclude .svn -exclude .git -exclude .hg -resolve-src-symlinks -rename /Users/admin/builder/spi-builder-workspace/.derivedData/Build/Intermediates.noindex/SweeterSwift.build/Debug-xros/SweeterSwift-t.build/Objects-normal/arm64/SweeterSwift.swiftmodule /Users/admin/builder/spi-builder-workspace/.derivedData/Build/Products/Debug-xros/SweeterSwift.swiftmodule/arm64-apple-xros.swiftmodule
Copy /Users/admin/builder/spi-builder-workspace/.derivedData/Build/Products/Debug-xros/SweeterSwift.swiftmodule/arm64-apple-xros.abi.json /Users/admin/builder/spi-builder-workspace/.derivedData/Build/Intermediates.noindex/SweeterSwift.build/Debug-xros/SweeterSwift-t.build/Objects-normal/arm64/SweeterSwift.abi.json (in target 'SweeterSwift' from project 'SweeterSwift')
    cd /Users/admin/builder/spi-builder-workspace/.dependencies/checkouts/SweeterSwift
    builtin-copy -exclude .DS_Store -exclude CVS -exclude .svn -exclude .git -exclude .hg -resolve-src-symlinks -rename /Users/admin/builder/spi-builder-workspace/.derivedData/Build/Intermediates.noindex/SweeterSwift.build/Debug-xros/SweeterSwift-t.build/Objects-normal/arm64/SweeterSwift.abi.json /Users/admin/builder/spi-builder-workspace/.derivedData/Build/Products/Debug-xros/SweeterSwift.swiftmodule/arm64-apple-xros.abi.json
Copy /Users/admin/builder/spi-builder-workspace/.derivedData/Build/Products/Debug-xros/SweeterSwift.swiftmodule/Project/arm64-apple-xros.swiftsourceinfo /Users/admin/builder/spi-builder-workspace/.derivedData/Build/Intermediates.noindex/SweeterSwift.build/Debug-xros/SweeterSwift-t.build/Objects-normal/arm64/SweeterSwift.swiftsourceinfo (in target 'SweeterSwift' from project 'SweeterSwift')
    cd /Users/admin/builder/spi-builder-workspace/.dependencies/checkouts/SweeterSwift
    builtin-copy -exclude .DS_Store -exclude CVS -exclude .svn -exclude .git -exclude .hg -resolve-src-symlinks -rename /Users/admin/builder/spi-builder-workspace/.derivedData/Build/Intermediates.noindex/SweeterSwift.build/Debug-xros/SweeterSwift-t.build/Objects-normal/arm64/SweeterSwift.swiftsourceinfo /Users/admin/builder/spi-builder-workspace/.derivedData/Build/Products/Debug-xros/SweeterSwift.swiftmodule/Project/arm64-apple-xros.swiftsourceinfo
SwiftDriver MockImagePicker normal arm64 com.apple.xcode.tools.swift.compiler (in target 'MockImagePicker' from project 'MockImagePicker')
    cd /Users/admin/builder/spi-builder-workspace/.swiftpm/xcode
    builtin-SwiftDriver -- /Applications/Xcode-27.0.0-Release.Candidate.app/Contents/Developer/Toolchains/XcodeDefault.xctoolchain/usr/bin/swiftc -parse-as-library -module-name MockImagePicker -Onone @/Users/admin/builder/spi-builder-workspace/.derivedData/Build/Intermediates.noindex/MockImagePicker.build/Debug-xros/MockImagePicker-t.build/Objects-normal/arm64/MockImagePicker.SwiftFileList -DSWIFT_PACKAGE -DDEBUG -DSWIFT_MODULE_RESOURCE_BUNDLE_AVAILABLE -DXcode -plugin-path /Applications/Xcode-27.0.0-Release.Candidate.app/Contents/Developer/Toolchains/XcodeDefault.xctoolchain/usr/lib/swift/host/plugins/testing -enable-experimental-feature DebugDescriptionMacro -sdk /Applications/Xcode-27.0.0-Release.Candidate.app/Contents/Developer/Platforms/XROS.platform/Developer/SDKs/XROS27.0.sdk -target arm64-apple-xros1.0 -g -module-cache-path /Users/admin/builder/spi-builder-workspace/.derivedData/ModuleCache.noindex -Xfrontend -serialize-debugging-options -enable-testing -index-store-path /Users/admin/builder/spi-builder-workspace/.derivedData/Index.noindex/DataStore -Xcc -D_LIBCPP_HARDENING_MODE\=_LIBCPP_HARDENING_MODE_DEBUG -swift-version 5 -I /Users/admin/builder/spi-builder-workspace/.derivedData/Build/Products/Debug-xros -Isystem /Applications/Xcode-27.0.0-Release.Candidate.app/Contents/Developer/Platforms/XROS.platform/Developer/usr/lib -F /Users/admin/builder/spi-builder-workspace/.derivedData/Build/Products/Debug-xros/PackageFrameworks -F /Users/admin/builder/spi-builder-workspace/.derivedData/Build/Products/Debug-xros -F /Applications/Xcode-27.0.0-Release.Candidate.app/Contents/Developer/Platforms/XROS.platform/Developer/Library/Frameworks -F /Applications/Xcode-27.0.0-Release.Candidate.app/Contents/Developer/Platforms/XROS.platform/Developer/SDKs/XROS27.0.sdk/Developer/Library/Frameworks -c -j10 -enable-batch-mode -incremental -Xcc -ivfsstatcache -Xcc /Users/admin/builder/spi-builder-workspace/.derivedData/SDKStatCaches.noindex/xros27.0-24M361-e829b21a6f8c9b70876ba0858053c044735bd543db762f57723cac368afd1ce4.sdkstatcache -output-file-map /Users/admin/builder/spi-builder-workspace/.derivedData/Build/Intermediates.noindex/MockImagePicker.build/Debug-xros/MockImagePicker-t.build/Objects-normal/arm64/MockImagePicker-OutputFileMap.json -save-temps -no-color-diagnostics -explicit-module-build -module-cache-path /Users/admin/builder/spi-builder-workspace/.derivedData/Build/Intermediates.noindex/SwiftExplicitPrecompiledModules -clang-scanner-module-cache-path /Users/admin/builder/spi-builder-workspace/.derivedData/ModuleCache.noindex -sdk-module-cache-path /Users/admin/builder/spi-builder-workspace/.derivedData/SDKExplicitPrecompiledModules -emit-dependencies -emit-module -emit-module-path /Users/admin/builder/spi-builder-workspace/.derivedData/Build/Intermediates.noindex/MockImagePicker.build/Debug-xros/MockImagePicker-t.build/Objects-normal/arm64/MockImagePicker.swiftmodule -serialize-diagnostics -dependency-scan-serialize-diagnostics-path /Users/admin/builder/spi-builder-workspace/.derivedData/Build/Intermediates.noindex/MockImagePicker.build/Debug-xros/MockImagePicker-t.build/Objects-normal/arm64/MockImagePicker-dependency-scan.dia -validate-clang-modules-once -clang-build-session-file /Users/admin/builder/spi-builder-workspace/.derivedData/ModuleCache.noindex/Session.modulevalidation -Xcc -fmodules-prune-interval\=86400 -Xcc -fmodules-prune-after\=345600 -emit-const-values -const-gather-protocols-list /Users/admin/builder/spi-builder-workspace/.derivedData/Build/Intermediates.noindex/MockImagePicker.build/Debug-xros/MockImagePicker-t.build/Objects-normal/arm64/MockImagePicker_const_extract_protocols.json -Xcc -I/Users/admin/builder/spi-builder-workspace/.derivedData/Build/Products/Debug-xros/include -Xcc -I/Users/admin/builder/spi-builder-workspace/.derivedData/Build/Intermediates.noindex/MockImagePicker.build/Debug-xros/MockImagePicker-t.build/DerivedSources-normal/arm64 -Xcc -I/Users/admin/builder/spi-builder-workspace/.derivedData/Build/Intermediates.noindex/MockImagePicker.build/Debug-xros/MockImagePicker-t.build/DerivedSources/arm64 -Xcc -I/Users/admin/builder/spi-builder-workspace/.derivedData/Build/Intermediates.noindex/MockImagePicker.build/Debug-xros/MockImagePicker-t.build/DerivedSources -Xcc -DSWIFT_PACKAGE -Xcc -DDEBUG\=1 -emit-objc-header -emit-objc-header-path /Users/admin/builder/spi-builder-workspace/.derivedData/Build/Intermediates.noindex/MockImagePicker.build/Debug-xros/MockImagePicker-t.build/Objects-normal/arm64/MockImagePicker-Swift.h -working-directory /Users/admin/builder/spi-builder-workspace/.swiftpm/xcode -experimental-emit-module-separately -disable-cmo
SwiftDriverJobDiscovery normal arm64 Compiling NSAttributedString+Sweeter.swift, NSManagedObjectContext+Sweeter.swift (in target 'SweeterSwift' from project 'SweeterSwift')
SwiftExplicitDependencyGeneratePcm arm64 /Users/admin/builder/spi-builder-workspace/.derivedData/SDKExplicitPrecompiledModules/CoreServices-E5J3ISJP36PGDWYO5RAH4PILU.pcm
SwiftExplicitDependencyGeneratePcm arm64 /Users/admin/builder/spi-builder-workspace/.derivedData/SDKExplicitPrecompiledModules/MobileCoreServices-AADI7E3RIPQSOP5W22F0QWXV6.pcm
SwiftEmitModule normal arm64 Emitting\ module\ for\ MockImagePicker (in target 'MockImagePicker' from project 'MockImagePicker')
/Users/admin/builder/spi-builder-workspace/Sources/MockImagePicker.swift:20:64: error: 'CameraFlashMode' is unavailable in visionOS
 18 | open class MockImagePicker: UINavigationController {
 19 |     public typealias InfoKey = UIImagePickerController.InfoKey
 20 |     public typealias CameraFlashMode = UIImagePickerController.CameraFlashMode
    |                                                                `- error: 'CameraFlashMode' is unavailable in visionOS
 21 |
 22 |     @objc open class func availableMediaTypes(for sourceType: UIImagePickerController.SourceType) -> [String]? {
/Applications/Xcode-27.0.0-Release.Candidate.app/Contents/Developer/Platforms/XROS.platform/Developer/SDKs/XROS27.0.sdk/System/Library/Frameworks/UIKit.framework/Headers/UIImagePickerController.h:43:28: note: 'CameraFlashMode' has been explicitly marked unavailable here
 41 | } API_UNAVAILABLE(tvos, visionos, watchos);
 42 |
 43 | typedef NS_ENUM(NSInteger, UIImagePickerControllerCameraFlashMode) {
    |                            `- note: 'CameraFlashMode' has been explicitly marked unavailable here
 44 |     UIImagePickerControllerCameraFlashModeOff  = -1,
 45 |     UIImagePickerControllerCameraFlashModeAuto = 0,
/Users/admin/builder/spi-builder-workspace/Sources/MockImagePicker.swift:30:91: error: 'CameraDevice' is unavailable in visionOS
 28 |     }
 29 |
 30 |     @objc open class func isCameraDeviceAvailable(_ cameraDevice: UIImagePickerController.CameraDevice) -> Bool {
    |                                                                                           `- error: 'CameraDevice' is unavailable in visionOS
 31 |         return true
 32 |     }
/Applications/Xcode-27.0.0-Release.Candidate.app/Contents/Developer/Platforms/XROS.platform/Developer/SDKs/XROS27.0.sdk/System/Library/Frameworks/UIKit.framework/Headers/UIImagePickerController.h:38:28: note: 'CameraDevice' has been explicitly marked unavailable here
 36 | } API_UNAVAILABLE(tvos, visionos, watchos);
 37 |
 38 | typedef NS_ENUM(NSInteger, UIImagePickerControllerCameraDevice) {
    |                            `- note: 'CameraDevice' has been explicitly marked unavailable here
 39 |     UIImagePickerControllerCameraDeviceRear,
 40 |     UIImagePickerControllerCameraDeviceFront
/Users/admin/builder/spi-builder-workspace/Sources/MockImagePicker.swift:34:58: error: 'CameraDevice' is unavailable in visionOS
 32 |     }
 33 |
 34 |     @objc open var cameraDevice: UIImagePickerController.CameraDevice = .rear
    |                                                          `- error: 'CameraDevice' is unavailable in visionOS
 35 |     @objc open var sourceType: UIImagePickerController.SourceType = .camera
 36 |     @objc open var mediaTypes: [String] = [kUTTypeImage as String]
/Applications/Xcode-27.0.0-Release.Candidate.app/Contents/Developer/Platforms/XROS.platform/Developer/SDKs/XROS27.0.sdk/System/Library/Frameworks/UIKit.framework/Headers/UIImagePickerController.h:38:28: note: 'CameraDevice' has been explicitly marked unavailable here
 36 | } API_UNAVAILABLE(tvos, visionos, watchos);
 37 |
 38 | typedef NS_ENUM(NSInteger, UIImagePickerControllerCameraDevice) {
    |                            `- note: 'CameraDevice' has been explicitly marked unavailable here
 39 |     UIImagePickerControllerCameraDeviceRear,
 40 |     UIImagePickerControllerCameraDeviceFront
/Users/admin/builder/spi-builder-workspace/Sources/MockImagePicker.swift:35:70: error: 'camera' is unavailable in visionOS
 33 |
 34 |     @objc open var cameraDevice: UIImagePickerController.CameraDevice = .rear
 35 |     @objc open var sourceType: UIImagePickerController.SourceType = .camera
    |                                                                      `- error: 'camera' is unavailable in visionOS
 36 |     @objc open var mediaTypes: [String] = [kUTTypeImage as String]
 37 |     @objc open var cameraFlashMode = CameraFlashMode.auto
UIKit.UIImagePickerController.SourceType.camera:4:10: note: 'camera' has been explicitly marked unavailable here
2 |   enum SourceType {
3 | @available(visionOS, unavailable)
4 |     case camera  }
  |          `- note: 'camera' has been explicitly marked unavailable here
5 | }
6 |
/Users/admin/builder/spi-builder-workspace/Sources/MockImagePicker.swift:36:44: warning: 'kUTTypeImage' was deprecated in visionOS 1.0: Use UTTypeImage or UTType.image (swift) instead. [#DeprecatedDeclaration]
 34 |     @objc open var cameraDevice: UIImagePickerController.CameraDevice = .rear
 35 |     @objc open var sourceType: UIImagePickerController.SourceType = .camera
 36 |     @objc open var mediaTypes: [String] = [kUTTypeImage as String]
    |                                            `- warning: 'kUTTypeImage' was deprecated in visionOS 1.0: Use UTTypeImage or UTType.image (swift) instead. [#DeprecatedDeclaration]
 37 |     @objc open var cameraFlashMode = CameraFlashMode.auto
 38 |     @objc open var allowsEditing = true
[#DeprecatedDeclaration]: <https://docs.swift.org/compiler/documentation/diagnostics/deprecated-declaration>
Failed frontend command:
/Applications/Xcode-27.0.0-Release.Candidate.app/Contents/Developer/Toolchains/XcodeDefault.xctoolchain/usr/bin/swift-frontend -frontend -emit-module -experimental-skip-non-inlinable-function-bodies-without-types /Users/admin/builder/spi-builder-workspace/.derivedData/Build/Intermediates.noindex/MockImagePicker.build/Debug-xros/MockImagePicker-t.build/DerivedSources/resource_bundle_accessor.swift /Users/admin/builder/spi-builder-workspace/Sources/MockImagePicker.swift -target arm64-apple-xros1.0 -disable-cross-import-overlay-search -load-resolved-plugin /Applications/Xcode-27.0.0-Release.Candidate.app/Contents/Developer/Platforms/XROS.platform/Developer/usr/lib/swift/host/plugins/libFoundationMacros.dylib\#/Applications/Xcode-27.0.0-Release.Candidate.app/Contents/Developer/Platforms/XROS.platform/Developer/usr/bin/swift-plugin-server\#FoundationMacros -load-resolved-plugin /Applications/Xcode-27.0.0-Release.Candidate.app/Contents/Developer/Platforms/XROS.platform/Developer/usr/lib/swift/host/plugins/libObservationMacros.dylib\#/Applications/Xcode-27.0.0-Release.Candidate.app/Contents/Developer/Platforms/XROS.platform/Developer/usr/bin/swift-plugin-server\#ObservationMacros -load-resolved-plugin /Applications/Xcode-27.0.0-Release.Candidate.app/Contents/Developer/Platforms/XROS.platform/Developer/usr/lib/swift/host/plugins/libPreviewsMacros.dylib\#/Applications/Xcode-27.0.0-Release.Candidate.app/Contents/Developer/Platforms/XROS.platform/Developer/usr/bin/swift-plugin-server\#PreviewsMacros -load-resolved-plugin /Applications/Xcode-27.0.0-Release.Candidate.app/Contents/Developer/Platforms/XROS.platform/Developer/usr/lib/swift/host/plugins/libSwiftMacros.dylib\#/Applications/Xcode-27.0.0-Release.Candidate.app/Contents/Developer/Platforms/XROS.platform/Developer/usr/bin/swift-plugin-server\#SwiftMacros -load-resolved-plugin /Applications/Xcode-27.0.0-Release.Candidate.app/Contents/Developer/Platforms/XROS.platform/Developer/usr/lib/swift/host/plugins/libSwiftUIMacros.dylib\#/Applications/Xcode-27.0.0-Release.Candidate.app/Contents/Developer/Platforms/XROS.platform/Developer/usr/bin/swift-plugin-server\#SwiftUIMacros -disable-implicit-swift-modules -Xcc -fno-implicit-modules -Xcc -fno-implicit-module-maps -explicit-swift-module-map-file /Users/admin/builder/spi-builder-workspace/.derivedData/Build/Intermediates.noindex/MockImagePicker.build/Debug-xros/MockImagePicker-t.build/Objects-normal/arm64/MockImagePicker-dependencies-1.json -Xllvm -aarch64-use-tbi -enable-objc-interop -stack-check -sdk /Applications/Xcode-27.0.0-Release.Candidate.app/Contents/Developer/Platforms/XROS.platform/Developer/SDKs/XROS27.0.sdk -I /Users/admin/builder/spi-builder-workspace/.derivedData/Build/Products/Debug-xros -Isystem /Applications/Xcode-27.0.0-Release.Candidate.app/Contents/Developer/Platforms/XROS.platform/Developer/usr/lib -F /Users/admin/builder/spi-builder-workspace/.derivedData/Build/Products/Debug-xros/PackageFrameworks -F /Users/admin/builder/spi-builder-workspace/.derivedData/Build/Products/Debug-xros -F /Applications/Xcode-27.0.0-Release.Candidate.app/Contents/Developer/Platforms/XROS.platform/Developer/Library/Frameworks -F /Applications/Xcode-27.0.0-Release.Candidate.app/Contents/Developer/Platforms/XROS.platform/Developer/SDKs/XROS27.0.sdk/Developer/Library/Frameworks -module-cache-path /Users/admin/builder/spi-builder-workspace/.derivedData/Build/Intermediates.noindex/SwiftExplicitPrecompiledModules -no-color-diagnostics -Xcc -fno-color-diagnostics -enable-testing -g -debug-info-format\=dwarf -dwarf-version\=4 -swift-version 5 -Onone -D SWIFT_PACKAGE -D DEBUG -D SWIFT_MODULE_RESOURCE_BUNDLE_AVAILABLE -D Xcode -serialize-debugging-options -enable-experimental-feature DebugDescriptionMacro -empty-abi-descriptor -validate-clang-modules-once -clang-build-session-file /Users/admin/builder/spi-builder-workspace/.derivedData/ModuleCache.noindex/Session.modulevalidation -Xcc -working-directory -Xcc /Users/admin/builder/spi-builder-workspace/.swiftpm/xcode -enable-anonymous-context-mangled-names -file-compilation-dir /Users/admin/builder/spi-builder-workspace/.swiftpm/xcode -Xcc -D_LIBCPP_HARDENING_MODE\=_LIBCPP_HARDENING_MODE_DEBUG -Xcc -ivfsstatcache -Xcc /Users/admin/builder/spi-builder-workspace/.derivedData/SDKStatCaches.noindex/xros27.0-24M361-e829b21a6f8c9b70876ba0858053c044735bd543db762f57723cac368afd1ce4.sdkstatcache -Xcc -fmodules-prune-interval\=86400 -Xcc -fmodules-prune-after\=345600 -Xcc -I/Users/admin/builder/spi-builder-workspace/.derivedData/Build/Products/Debug-xros/include -Xcc -I/Users/admin/builder/spi-builder-workspace/.derivedData/Build/Intermediates.noindex/MockImagePicker.build/Debug-xros/MockImagePicker-t.build/DerivedSources-normal/arm64 -Xcc -I/Users/admin/builder/spi-builder-workspace/.derivedData/Build/Intermediates.noindex/MockImagePicker.build/Debug-xros/MockImagePicker-t.build/DerivedSources/arm64 -Xcc -I/Users/admin/builder/spi-builder-workspace/.derivedData/Build/Intermediates.noindex/MockImagePicker.build/Debug-xros/MockImagePicker-t.build/DerivedSources -Xcc -DSWIFT_PACKAGE -Xcc -DDEBUG\=1 -no-auto-bridging-header-chaining -module-name MockImagePicker -const-gather-protocols-file /Users/admin/builder/spi-builder-workspace/.derivedData/Build/Intermediates.noindex/MockImagePicker.build/Debug-xros/MockImagePicker-t.build/Objects-normal/arm64/MockImagePicker_const_extract_protocols.json -disable-clang-spi -clang-target arm64-apple-xros27.0 -target-sdk-version 27.0 -target-sdk-name xros27.0 -in-process-plugin-server-path /Applications/Xcode-27.0.0-Release.Candidate.app/Contents/Developer/Toolchains/XcodeDefault.xctoolchain/usr/lib/swift/host/libSwiftInProcPluginServer.dylib -emit-module-doc-path /Users/admin/builder/spi-builder-workspace/.derivedData/Build/Intermediates.noindex/MockImagePicker.build/Debug-xros/MockImagePicker-t.build/Objects-normal/arm64/MockImagePicker.swiftdoc -emit-module-source-info-path /Users/admin/builder/spi-builder-workspace/.derivedData/Build/Intermediates.noindex/MockImagePicker.build/Debug-xros/MockImagePicker-t.build/Objects-normal/arm64/MockImagePicker.swiftsourceinfo -emit-objc-header-path /Users/admin/builder/spi-builder-workspace/.derivedData/Build/Intermediates.noindex/MockImagePicker.build/Debug-xros/MockImagePicker-t.build/Objects-normal/arm64/MockImagePicker-Swift.h -serialize-diagnostics-path /Users/admin/builder/spi-builder-workspace/.derivedData/Build/Intermediates.noindex/MockImagePicker.build/Debug-xros/MockImagePicker-t.build/Objects-normal/arm64/MockImagePicker-primary-emit-module.dia -emit-dependencies-path /Users/admin/builder/spi-builder-workspace/.derivedData/Build/Intermediates.noindex/MockImagePicker.build/Debug-xros/MockImagePicker-t.build/Objects-normal/arm64/MockImagePicker-primary-emit-module.d -parse-as-library -o /Users/admin/builder/spi-builder-workspace/.derivedData/Build/Intermediates.noindex/MockImagePicker.build/Debug-xros/MockImagePicker-t.build/Objects-normal/arm64/MockImagePicker.swiftmodule -emit-abi-descriptor-path /Users/admin/builder/spi-builder-workspace/.derivedData/Build/Intermediates.noindex/MockImagePicker.build/Debug-xros/MockImagePicker-t.build/Objects-normal/arm64/MockImagePicker.abi.json
SwiftCompile normal arm64 (in target 'MockImagePicker' from project 'MockImagePicker')
    cd /Users/admin/builder/spi-builder-workspace/.swiftpm/xcode

SwiftCompile normal arm64 Compiling\ resource_bundle_accessor.swift /Users/admin/builder/spi-builder-workspace/.derivedData/Build/Intermediates.noindex/MockImagePicker.build/Debug-xros/MockImagePicker-t.build/DerivedSources/resource_bundle_accessor.swift (in target 'MockImagePicker' from project 'MockImagePicker')
SwiftCompile normal arm64 /Users/admin/builder/spi-builder-workspace/.derivedData/Build/Intermediates.noindex/MockImagePicker.build/Debug-xros/MockImagePicker-t.build/DerivedSources/resource_bundle_accessor.swift (in target 'MockImagePicker' from project 'MockImagePicker')
    cd /Users/admin/builder/spi-builder-workspace/.swiftpm/xcode
    builtin-SwiftPerFileCompile resource_bundle_accessor.swift
SwiftCompile normal arm64 Compiling\ MockImagePicker.swift /Users/admin/builder/spi-builder-workspace/Sources/MockImagePicker.swift (in target 'MockImagePicker' from project 'MockImagePicker')
/Users/admin/builder/spi-builder-workspace/Sources/MockImagePicker.swift:20:64: error: 'CameraFlashMode' is unavailable in visionOS
 18 | open class MockImagePicker: UINavigationController {
 19 |     public typealias InfoKey = UIImagePickerController.InfoKey
 20 |     public typealias CameraFlashMode = UIImagePickerController.CameraFlashMode
    |                                                                `- error: 'CameraFlashMode' is unavailable in visionOS
 21 |
 22 |     @objc open class func availableMediaTypes(for sourceType: UIImagePickerController.SourceType) -> [String]? {
/Applications/Xcode-27.0.0-Release.Candidate.app/Contents/Developer/Platforms/XROS.platform/Developer/SDKs/XROS27.0.sdk/System/Library/Frameworks/UIKit.framework/Headers/UIImagePickerController.h:43:28: note: 'CameraFlashMode' has been explicitly marked unavailable here
 41 | } API_UNAVAILABLE(tvos, visionos, watchos);
 42 |
 43 | typedef NS_ENUM(NSInteger, UIImagePickerControllerCameraFlashMode) {
    |                            `- note: 'CameraFlashMode' has been explicitly marked unavailable here
 44 |     UIImagePickerControllerCameraFlashModeOff  = -1,
 45 |     UIImagePickerControllerCameraFlashModeAuto = 0,
/Users/admin/builder/spi-builder-workspace/Sources/MockImagePicker.swift:30:91: error: 'CameraDevice' is unavailable in visionOS
 28 |     }
 29 |
 30 |     @objc open class func isCameraDeviceAvailable(_ cameraDevice: UIImagePickerController.CameraDevice) -> Bool {
    |                                                                                           `- error: 'CameraDevice' is unavailable in visionOS
 31 |         return true
 32 |     }
/Applications/Xcode-27.0.0-Release.Candidate.app/Contents/Developer/Platforms/XROS.platform/Developer/SDKs/XROS27.0.sdk/System/Library/Frameworks/UIKit.framework/Headers/UIImagePickerController.h:38:28: note: 'CameraDevice' has been explicitly marked unavailable here
 36 | } API_UNAVAILABLE(tvos, visionos, watchos);
 37 |
 38 | typedef NS_ENUM(NSInteger, UIImagePickerControllerCameraDevice) {
    |                            `- note: 'CameraDevice' has been explicitly marked unavailable here
 39 |     UIImagePickerControllerCameraDeviceRear,
 40 |     UIImagePickerControllerCameraDeviceFront
/Users/admin/builder/spi-builder-workspace/Sources/MockImagePicker.swift:34:58: error: 'CameraDevice' is unavailable in visionOS
 32 |     }
 33 |
 34 |     @objc open var cameraDevice: UIImagePickerController.CameraDevice = .rear
    |                                                          `- error: 'CameraDevice' is unavailable in visionOS
 35 |     @objc open var sourceType: UIImagePickerController.SourceType = .camera
 36 |     @objc open var mediaTypes: [String] = [kUTTypeImage as String]
/Applications/Xcode-27.0.0-Release.Candidate.app/Contents/Developer/Platforms/XROS.platform/Developer/SDKs/XROS27.0.sdk/System/Library/Frameworks/UIKit.framework/Headers/UIImagePickerController.h:38:28: note: 'CameraDevice' has been explicitly marked unavailable here
 36 | } API_UNAVAILABLE(tvos, visionos, watchos);
 37 |
 38 | typedef NS_ENUM(NSInteger, UIImagePickerControllerCameraDevice) {
    |                            `- note: 'CameraDevice' has been explicitly marked unavailable here
 39 |     UIImagePickerControllerCameraDeviceRear,
 40 |     UIImagePickerControllerCameraDeviceFront
/Users/admin/builder/spi-builder-workspace/Sources/MockImagePicker.swift:35:70: error: 'camera' is unavailable in visionOS
 33 |
 34 |     @objc open var cameraDevice: UIImagePickerController.CameraDevice = .rear
 35 |     @objc open var sourceType: UIImagePickerController.SourceType = .camera
    |                                                                      `- error: 'camera' is unavailable in visionOS
 36 |     @objc open var mediaTypes: [String] = [kUTTypeImage as String]
 37 |     @objc open var cameraFlashMode = CameraFlashMode.auto
UIKit.UIImagePickerController.SourceType.camera:4:10: note: 'camera' has been explicitly marked unavailable here
2 |   enum SourceType {
3 | @available(visionOS, unavailable)
4 |     case camera  }
  |          `- note: 'camera' has been explicitly marked unavailable here
5 | }
6 |
SwiftCompile normal arm64 /Users/admin/builder/spi-builder-workspace/Sources/MockImagePicker.swift (in target 'MockImagePicker' from project 'MockImagePicker')
    cd /Users/admin/builder/spi-builder-workspace/.swiftpm/xcode
    builtin-SwiftPerFileCompile MockImagePicker.swift
SwiftDriverJobDiscovery normal arm64 Compiling resource_bundle_accessor.swift (in target 'MockImagePicker' from project 'MockImagePicker')
PruneExplicitPrecompiledModules /Users/admin/builder/spi-builder-workspace/.derivedData/Build/Intermediates.noindex/ExplicitPrecompiledModules
PruneExplicitPrecompiledModules /Users/admin/builder/spi-builder-workspace/.derivedData/Build/Intermediates.noindex/SwiftExplicitPrecompiledModules
PruneExplicitPrecompiledModules /Users/admin/builder/spi-builder-workspace/.derivedData/SDKExplicitPrecompiledModules
2026-09-21 06:47:49.463 xcodebuild[692:4360] [MT] IDERunDestination: Supported platforms for the buildables in the current scheme is empty.
** BUILD FAILED **
The following build commands failed:
	SwiftEmitModule normal arm64 Emitting\ module\ for\ MockImagePicker (in target 'MockImagePicker' from project 'MockImagePicker')
	SwiftCompile normal arm64 (in target 'MockImagePicker' from project 'MockImagePicker')
	Building workspace MockImagePicker with scheme MockImagePicker
(3 failures)
Command line invocation:
    /Applications/Xcode-27.0.0-Release.Candidate.app/Contents/Developer/usr/bin/xcodebuild -IDEClonedSourcePackagesDirPathOverride=/Users/admin/builder/spi-builder-workspace/.dependencies -resolvePackageDependencies
Resolve Package Graph
Resolved source packages:
  MockImagePicker: /Users/admin/builder/spi-builder-workspace
  SweeterSwift: https://github.com/yonat/SweeterSwift @ 1.2.6
resolved source packages: MockImagePicker, SweeterSwift
2026-09-21 06:48:00.111 xcodebuild[807:4898] [MT] IDERunDestination: Supported platforms for the buildables in the current scheme is empty.
{
  "dependencies" : [
    {
      "identity" : "sweeterswift",
      "requirement" : {
        "range" : [
          {
            "lower_bound" : "1.0.2",
            "upper_bound" : "2.0.0"
          }
        ]
      },
      "type" : "sourceControl",
      "url" : "https://github.com/yonat/SweeterSwift"
    }
  ],
  "manifest_display_name" : "MockImagePicker",
  "name" : "MockImagePicker",
  "path" : "/Users/admin/builder/spi-builder-workspace",
  "platforms" : [
    {
      "name" : "ios",
      "version" : "9.0"
    }
  ],
  "products" : [
    {
      "name" : "MockImagePicker",
      "targets" : [
        "MockImagePicker"
      ],
      "type" : {
        "library" : [
          "automatic"
        ]
      }
    }
  ],
  "swift_languages_versions" : [
    "5"
  ],
  "targets" : [
    {
      "c99name" : "MockImagePicker",
      "module_type" : "SwiftTarget",
      "name" : "MockImagePicker",
      "path" : "Sources",
      "product_dependencies" : [
        "SweeterSwift"
      ],
      "product_memberships" : [
        "MockImagePicker"
      ],
      "resources" : [
        {
          "path" : "/Users/admin/builder/spi-builder-workspace/Sources/PrivacyInfo.xcprivacy",
          "rule" : {
            "process" : {
            }
          }
        }
      ],
      "sources" : [
        "MockImagePicker.swift"
      ],
      "type" : "library"
    }
  ],
  "tools_version" : "5.6"
}
{
  "workspace" : {
    "name" : "MockImagePicker",
    "schemes" : [
      "MockImagePicker"
    ]
  }
}
2026-09-21 06:48:01.411 xcodebuild[815:4970] [MT] IDERunDestination: Supported platforms for the buildables in the current scheme is empty.
Running build ...
env DEVELOPER_DIR=/Applications/Xcode-27.0.0-Release.Candidate.app xcrun xcodebuild -IDEClonedSourcePackagesDirPathOverride=$PWD/.dependencies -skipMacroValidation -skipPackagePluginValidation -derivedDataPath $PWD/.derivedData build -scheme MockImagePicker -destination generic/platform=xrOS
Command line invocation:
    /Applications/Xcode-27.0.0-Release.Candidate.app/Contents/Developer/usr/bin/xcodebuild -IDEClonedSourcePackagesDirPathOverride=/Users/admin/builder/spi-builder-workspace/.dependencies -skipMacroValidation -skipPackagePluginValidation -derivedDataPath /Users/admin/builder/spi-builder-workspace/.derivedData build -scheme MockImagePicker -destination generic/platform=xrOS
Resolve Package Graph
Resolved source packages:
  SweeterSwift: https://github.com/yonat/SweeterSwift @ 1.2.6
  MockImagePicker: /Users/admin/builder/spi-builder-workspace
ComputePackagePrebuildTargetDependencyGraph
Prepare packages
CreateBuildRequest
SendProjectDescription
CreateBuildOperation
ComputeTargetDependencyGraph
note: Building targets in dependency order
note: Target dependency graph (6 targets)
    Target 'MockImagePicker-product' in project 'MockImagePicker'
        ➜ Explicit dependency on target 'MockImagePicker' in project 'MockImagePicker'
        ➜ Explicit dependency on target 'MockImagePicker_MockImagePicker' in project 'MockImagePicker'
        ➜ Explicit dependency on target 'SweeterSwift-product' in project 'SweeterSwift'
    Target 'MockImagePicker' in project 'MockImagePicker'
        ➜ Explicit dependency on target 'MockImagePicker_MockImagePicker' in project 'MockImagePicker'
        ➜ Explicit dependency on target 'SweeterSwift-product' in project 'SweeterSwift'
    Target 'SweeterSwift-product' in project 'SweeterSwift'
        ➜ Explicit dependency on target 'SweeterSwift' in project 'SweeterSwift'
        ➜ Explicit dependency on target 'SweeterSwift_SweeterSwift' in project 'SweeterSwift'
    Target 'SweeterSwift' in project 'SweeterSwift'
        ➜ Explicit dependency on target 'SweeterSwift_SweeterSwift' in project 'SweeterSwift'
    Target 'SweeterSwift_SweeterSwift' in project 'SweeterSwift' (no dependencies)
    Target 'MockImagePicker_MockImagePicker' in project 'MockImagePicker' (no dependencies)
GatherProvisioningInputs
CreateBuildDescription
ClangStatCache /Applications/Xcode-27.0.0-Release.Candidate.app/Contents/Developer/Toolchains/XcodeDefault.xctoolchain/usr/bin/clang-stat-cache /Applications/Xcode-27.0.0-Release.Candidate.app/Contents/Developer/Platforms/XROS.platform/Developer/SDKs/XROS27.0.sdk /Users/admin/builder/spi-builder-workspace/.derivedData/SDKStatCaches.noindex/xros27.0-24M361-e829b21a6f8c9b70876ba0858053c044735bd543db762f57723cac368afd1ce4.sdkstatcache
    cd /Users/admin/builder/spi-builder-workspace/.swiftpm/xcode
    /Applications/Xcode-27.0.0-Release.Candidate.app/Contents/Developer/Toolchains/XcodeDefault.xctoolchain/usr/bin/clang-stat-cache /Applications/Xcode-27.0.0-Release.Candidate.app/Contents/Developer/Platforms/XROS.platform/Developer/SDKs/XROS27.0.sdk -o /Users/admin/builder/spi-builder-workspace/.derivedData/SDKStatCaches.noindex/xros27.0-24M361-e829b21a6f8c9b70876ba0858053c044735bd543db762f57723cac368afd1ce4.sdkstatcache
SwiftDriver SweeterSwift normal arm64 com.apple.xcode.tools.swift.compiler (in target 'SweeterSwift' from project 'SweeterSwift')
    cd /Users/admin/builder/spi-builder-workspace/.swiftpm/xcode
    builtin-SwiftDriver -- /Applications/Xcode-27.0.0-Release.Candidate.app/Contents/Developer/Toolchains/XcodeDefault.xctoolchain/usr/bin/swiftc -parse-as-library -module-name SweeterSwift -Onone @/Users/admin/builder/spi-builder-workspace/.derivedData/Build/Intermediates.noindex/SweeterSwift.build/Debug-xros/SweeterSwift-t.build/Objects-normal/arm64/SweeterSwift.SwiftFileList -DSWIFT_PACKAGE -DDEBUG -DSWIFT_MODULE_RESOURCE_BUNDLE_AVAILABLE -DXcode -plugin-path /Applications/Xcode-27.0.0-Release.Candidate.app/Contents/Developer/Toolchains/XcodeDefault.xctoolchain/usr/lib/swift/host/plugins/testing -enable-experimental-feature DebugDescriptionMacro -sdk /Applications/Xcode-27.0.0-Release.Candidate.app/Contents/Developer/Platforms/XROS.platform/Developer/SDKs/XROS27.0.sdk -target arm64-apple-xros1.0 -g -module-cache-path /Users/admin/builder/spi-builder-workspace/.derivedData/ModuleCache.noindex -Xfrontend -serialize-debugging-options -enable-testing -suppress-warnings -index-store-path /Users/admin/builder/spi-builder-workspace/.derivedData/Index.noindex/DataStore -Xcc -D_LIBCPP_HARDENING_MODE\=_LIBCPP_HARDENING_MODE_DEBUG -swift-version 5 -I /Users/admin/builder/spi-builder-workspace/.derivedData/Build/Products/Debug-xros -Isystem /Applications/Xcode-27.0.0-Release.Candidate.app/Contents/Developer/Platforms/XROS.platform/Developer/usr/lib -F /Users/admin/builder/spi-builder-workspace/.derivedData/Build/Products/Debug-xros -F /Applications/Xcode-27.0.0-Release.Candidate.app/Contents/Developer/Platforms/XROS.platform/Developer/Library/Frameworks -F /Applications/Xcode-27.0.0-Release.Candidate.app/Contents/Developer/Platforms/XROS.platform/Developer/SDKs/XROS27.0.sdk/Developer/Library/Frameworks -c -j10 -enable-batch-mode -incremental -Xcc -ivfsstatcache -Xcc /Users/admin/builder/spi-builder-workspace/.derivedData/SDKStatCaches.noindex/xros27.0-24M361-e829b21a6f8c9b70876ba0858053c044735bd543db762f57723cac368afd1ce4.sdkstatcache -output-file-map /Users/admin/builder/spi-builder-workspace/.derivedData/Build/Intermediates.noindex/SweeterSwift.build/Debug-xros/SweeterSwift-t.build/Objects-normal/arm64/SweeterSwift-OutputFileMap.json -save-temps -no-color-diagnostics -explicit-module-build -module-cache-path /Users/admin/builder/spi-builder-workspace/.derivedData/Build/Intermediates.noindex/SwiftExplicitPrecompiledModules -clang-scanner-module-cache-path /Users/admin/builder/spi-builder-workspace/.derivedData/ModuleCache.noindex -sdk-module-cache-path /Users/admin/builder/spi-builder-workspace/.derivedData/SDKExplicitPrecompiledModules -emit-dependencies -emit-module -emit-module-path /Users/admin/builder/spi-builder-workspace/.derivedData/Build/Intermediates.noindex/SweeterSwift.build/Debug-xros/SweeterSwift-t.build/Objects-normal/arm64/SweeterSwift.swiftmodule -serialize-diagnostics -dependency-scan-serialize-diagnostics-path /Users/admin/builder/spi-builder-workspace/.derivedData/Build/Intermediates.noindex/SweeterSwift.build/Debug-xros/SweeterSwift-t.build/Objects-normal/arm64/SweeterSwift-dependency-scan.dia -validate-clang-modules-once -clang-build-session-file /Users/admin/builder/spi-builder-workspace/.derivedData/ModuleCache.noindex/Session.modulevalidation -Xcc -fmodules-prune-interval\=86400 -Xcc -fmodules-prune-after\=345600 -emit-const-values -const-gather-protocols-list /Users/admin/builder/spi-builder-workspace/.derivedData/Build/Intermediates.noindex/SweeterSwift.build/Debug-xros/SweeterSwift-t.build/Objects-normal/arm64/SweeterSwift_const_extract_protocols.json -Xcc -I/Users/admin/builder/spi-builder-workspace/.derivedData/Build/Products/Debug-xros/include -Xcc -I/Users/admin/builder/spi-builder-workspace/.derivedData/Build/Intermediates.noindex/SweeterSwift.build/Debug-xros/SweeterSwift-t.build/DerivedSources-normal/arm64 -Xcc -I/Users/admin/builder/spi-builder-workspace/.derivedData/Build/Intermediates.noindex/SweeterSwift.build/Debug-xros/SweeterSwift-t.build/DerivedSources/arm64 -Xcc -I/Users/admin/builder/spi-builder-workspace/.derivedData/Build/Intermediates.noindex/SweeterSwift.build/Debug-xros/SweeterSwift-t.build/DerivedSources -Xcc -DSWIFT_PACKAGE -Xcc -DDEBUG\=1 -emit-objc-header -emit-objc-header-path /Users/admin/builder/spi-builder-workspace/.derivedData/Build/Intermediates.noindex/SweeterSwift.build/Debug-xros/SweeterSwift-t.build/Objects-normal/arm64/SweeterSwift-Swift.h -working-directory /Users/admin/builder/spi-builder-workspace/.swiftpm/xcode -experimental-emit-module-separately -disable-cmo
SwiftDriver MockImagePicker normal arm64 com.apple.xcode.tools.swift.compiler (in target 'MockImagePicker' from project 'MockImagePicker')
    cd /Users/admin/builder/spi-builder-workspace/.swiftpm/xcode
    builtin-SwiftDriver -- /Applications/Xcode-27.0.0-Release.Candidate.app/Contents/Developer/Toolchains/XcodeDefault.xctoolchain/usr/bin/swiftc -parse-as-library -module-name MockImagePicker -Onone @/Users/admin/builder/spi-builder-workspace/.derivedData/Build/Intermediates.noindex/MockImagePicker.build/Debug-xros/MockImagePicker-t.build/Objects-normal/arm64/MockImagePicker.SwiftFileList -DSWIFT_PACKAGE -DDEBUG -DSWIFT_MODULE_RESOURCE_BUNDLE_AVAILABLE -DXcode -plugin-path /Applications/Xcode-27.0.0-Release.Candidate.app/Contents/Developer/Toolchains/XcodeDefault.xctoolchain/usr/lib/swift/host/plugins/testing -enable-experimental-feature DebugDescriptionMacro -sdk /Applications/Xcode-27.0.0-Release.Candidate.app/Contents/Developer/Platforms/XROS.platform/Developer/SDKs/XROS27.0.sdk -target arm64-apple-xros1.0 -g -module-cache-path /Users/admin/builder/spi-builder-workspace/.derivedData/ModuleCache.noindex -Xfrontend -serialize-debugging-options -enable-testing -index-store-path /Users/admin/builder/spi-builder-workspace/.derivedData/Index.noindex/DataStore -Xcc -D_LIBCPP_HARDENING_MODE\=_LIBCPP_HARDENING_MODE_DEBUG -swift-version 5 -I /Users/admin/builder/spi-builder-workspace/.derivedData/Build/Products/Debug-xros -Isystem /Applications/Xcode-27.0.0-Release.Candidate.app/Contents/Developer/Platforms/XROS.platform/Developer/usr/lib -F /Users/admin/builder/spi-builder-workspace/.derivedData/Build/Products/Debug-xros/PackageFrameworks -F /Users/admin/builder/spi-builder-workspace/.derivedData/Build/Products/Debug-xros -F /Applications/Xcode-27.0.0-Release.Candidate.app/Contents/Developer/Platforms/XROS.platform/Developer/Library/Frameworks -F /Applications/Xcode-27.0.0-Release.Candidate.app/Contents/Developer/Platforms/XROS.platform/Developer/SDKs/XROS27.0.sdk/Developer/Library/Frameworks -c -j10 -enable-batch-mode -incremental -Xcc -ivfsstatcache -Xcc /Users/admin/builder/spi-builder-workspace/.derivedData/SDKStatCaches.noindex/xros27.0-24M361-e829b21a6f8c9b70876ba0858053c044735bd543db762f57723cac368afd1ce4.sdkstatcache -output-file-map /Users/admin/builder/spi-builder-workspace/.derivedData/Build/Intermediates.noindex/MockImagePicker.build/Debug-xros/MockImagePicker-t.build/Objects-normal/arm64/MockImagePicker-OutputFileMap.json -save-temps -no-color-diagnostics -explicit-module-build -module-cache-path /Users/admin/builder/spi-builder-workspace/.derivedData/Build/Intermediates.noindex/SwiftExplicitPrecompiledModules -clang-scanner-module-cache-path /Users/admin/builder/spi-builder-workspace/.derivedData/ModuleCache.noindex -sdk-module-cache-path /Users/admin/builder/spi-builder-workspace/.derivedData/SDKExplicitPrecompiledModules -emit-dependencies -emit-module -emit-module-path /Users/admin/builder/spi-builder-workspace/.derivedData/Build/Intermediates.noindex/MockImagePicker.build/Debug-xros/MockImagePicker-t.build/Objects-normal/arm64/MockImagePicker.swiftmodule -serialize-diagnostics -dependency-scan-serialize-diagnostics-path /Users/admin/builder/spi-builder-workspace/.derivedData/Build/Intermediates.noindex/MockImagePicker.build/Debug-xros/MockImagePicker-t.build/Objects-normal/arm64/MockImagePicker-dependency-scan.dia -validate-clang-modules-once -clang-build-session-file /Users/admin/builder/spi-builder-workspace/.derivedData/ModuleCache.noindex/Session.modulevalidation -Xcc -fmodules-prune-interval\=86400 -Xcc -fmodules-prune-after\=345600 -emit-const-values -const-gather-protocols-list /Users/admin/builder/spi-builder-workspace/.derivedData/Build/Intermediates.noindex/MockImagePicker.build/Debug-xros/MockImagePicker-t.build/Objects-normal/arm64/MockImagePicker_const_extract_protocols.json -Xcc -I/Users/admin/builder/spi-builder-workspace/.derivedData/Build/Products/Debug-xros/include -Xcc -I/Users/admin/builder/spi-builder-workspace/.derivedData/Build/Intermediates.noindex/MockImagePicker.build/Debug-xros/MockImagePicker-t.build/DerivedSources-normal/arm64 -Xcc -I/Users/admin/builder/spi-builder-workspace/.derivedData/Build/Intermediates.noindex/MockImagePicker.build/Debug-xros/MockImagePicker-t.build/DerivedSources/arm64 -Xcc -I/Users/admin/builder/spi-builder-workspace/.derivedData/Build/Intermediates.noindex/MockImagePicker.build/Debug-xros/MockImagePicker-t.build/DerivedSources -Xcc -DSWIFT_PACKAGE -Xcc -DDEBUG\=1 -emit-objc-header -emit-objc-header-path /Users/admin/builder/spi-builder-workspace/.derivedData/Build/Intermediates.noindex/MockImagePicker.build/Debug-xros/MockImagePicker-t.build/Objects-normal/arm64/MockImagePicker-Swift.h -working-directory /Users/admin/builder/spi-builder-workspace/.swiftpm/xcode -experimental-emit-module-separately -disable-cmo
SwiftEmitModule normal arm64 Emitting\ module\ for\ SweeterSwift (in target 'SweeterSwift' from project 'SweeterSwift')
SwiftCompile normal arm64 (in target 'SweeterSwift' from project 'SweeterSwift')
    cd /Users/admin/builder/spi-builder-workspace/.swiftpm/xcode

SwiftCompile normal arm64 Compiling\ UIStackView+Sweeter.swift /Users/admin/builder/spi-builder-workspace/.dependencies/checkouts/SweeterSwift/Source/UIStackView+Sweeter.swift (in target 'SweeterSwift' from project 'SweeterSwift')
SwiftCompile normal arm64 /Users/admin/builder/spi-builder-workspace/.dependencies/checkouts/SweeterSwift/Source/UIStackView+Sweeter.swift (in target 'SweeterSwift' from project 'SweeterSwift')
    cd /Users/admin/builder/spi-builder-workspace/.swiftpm/xcode
    builtin-SwiftPerFileCompile UIStackView+Sweeter.swift
SwiftCompile normal arm64 Compiling\ UIViewController+Sweeter.swift /Users/admin/builder/spi-builder-workspace/.dependencies/checkouts/SweeterSwift/Source/UIViewController+Sweeter.swift (in target 'SweeterSwift' from project 'SweeterSwift')
SwiftCompile normal arm64 /Users/admin/builder/spi-builder-workspace/.dependencies/checkouts/SweeterSwift/Source/UIViewController+Sweeter.swift (in target 'SweeterSwift' from project 'SweeterSwift')
    cd /Users/admin/builder/spi-builder-workspace/.swiftpm/xcode
    builtin-SwiftPerFileCompile UIViewController+Sweeter.swift
SwiftCompile normal arm64 Compiling\ UITextView+Sweeter.swift /Users/admin/builder/spi-builder-workspace/.dependencies/checkouts/SweeterSwift/Source/UITextView+Sweeter.swift (in target 'SweeterSwift' from project 'SweeterSwift')
SwiftCompile normal arm64 /Users/admin/builder/spi-builder-workspace/.dependencies/checkouts/SweeterSwift/Source/UITextView+Sweeter.swift (in target 'SweeterSwift' from project 'SweeterSwift')
    cd /Users/admin/builder/spi-builder-workspace/.swiftpm/xcode
    builtin-SwiftPerFileCompile UITextView+Sweeter.swift
SwiftCompile normal arm64 Compiling\ UIApplication+Sweeter.swift /Users/admin/builder/spi-builder-workspace/.dependencies/checkouts/SweeterSwift/Source/UIApplication+Sweeter.swift (in target 'SweeterSwift' from project 'SweeterSwift')
SwiftCompile normal arm64 /Users/admin/builder/spi-builder-workspace/.dependencies/checkouts/SweeterSwift/Source/UIApplication+Sweeter.swift (in target 'SweeterSwift' from project 'SweeterSwift')
    cd /Users/admin/builder/spi-builder-workspace/.swiftpm/xcode
    builtin-SwiftPerFileCompile UIApplication+Sweeter.swift
SwiftEmitModule normal arm64 Emitting\ module\ for\ MockImagePicker (in target 'MockImagePicker' from project 'MockImagePicker')
/Users/admin/builder/spi-builder-workspace/Sources/MockImagePicker.swift:20:64: error: 'CameraFlashMode' is unavailable in visionOS
 18 | open class MockImagePicker: UINavigationController {
 19 |     public typealias InfoKey = UIImagePickerController.InfoKey
 20 |     public typealias CameraFlashMode = UIImagePickerController.CameraFlashMode
    |                                                                `- error: 'CameraFlashMode' is unavailable in visionOS
 21 |
 22 |     @objc open class func availableMediaTypes(for sourceType: UIImagePickerController.SourceType) -> [String]? {
/Applications/Xcode-27.0.0-Release.Candidate.app/Contents/Developer/Platforms/XROS.platform/Developer/SDKs/XROS27.0.sdk/System/Library/Frameworks/UIKit.framework/Headers/UIImagePickerController.h:43:28: note: 'CameraFlashMode' has been explicitly marked unavailable here
 41 | } API_UNAVAILABLE(tvos, visionos, watchos);
 42 |
 43 | typedef NS_ENUM(NSInteger, UIImagePickerControllerCameraFlashMode) {
    |                            `- note: 'CameraFlashMode' has been explicitly marked unavailable here
 44 |     UIImagePickerControllerCameraFlashModeOff  = -1,
 45 |     UIImagePickerControllerCameraFlashModeAuto = 0,
/Users/admin/builder/spi-builder-workspace/Sources/MockImagePicker.swift:30:91: error: 'CameraDevice' is unavailable in visionOS
 28 |     }
 29 |
 30 |     @objc open class func isCameraDeviceAvailable(_ cameraDevice: UIImagePickerController.CameraDevice) -> Bool {
    |                                                                                           `- error: 'CameraDevice' is unavailable in visionOS
 31 |         return true
 32 |     }
/Applications/Xcode-27.0.0-Release.Candidate.app/Contents/Developer/Platforms/XROS.platform/Developer/SDKs/XROS27.0.sdk/System/Library/Frameworks/UIKit.framework/Headers/UIImagePickerController.h:38:28: note: 'CameraDevice' has been explicitly marked unavailable here
 36 | } API_UNAVAILABLE(tvos, visionos, watchos);
 37 |
 38 | typedef NS_ENUM(NSInteger, UIImagePickerControllerCameraDevice) {
    |                            `- note: 'CameraDevice' has been explicitly marked unavailable here
 39 |     UIImagePickerControllerCameraDeviceRear,
 40 |     UIImagePickerControllerCameraDeviceFront
/Users/admin/builder/spi-builder-workspace/Sources/MockImagePicker.swift:34:58: error: 'CameraDevice' is unavailable in visionOS
 32 |     }
 33 |
 34 |     @objc open var cameraDevice: UIImagePickerController.CameraDevice = .rear
    |                                                          `- error: 'CameraDevice' is unavailable in visionOS
 35 |     @objc open var sourceType: UIImagePickerController.SourceType = .camera
 36 |     @objc open var mediaTypes: [String] = [kUTTypeImage as String]
/Applications/Xcode-27.0.0-Release.Candidate.app/Contents/Developer/Platforms/XROS.platform/Developer/SDKs/XROS27.0.sdk/System/Library/Frameworks/UIKit.framework/Headers/UIImagePickerController.h:38:28: note: 'CameraDevice' has been explicitly marked unavailable here
 36 | } API_UNAVAILABLE(tvos, visionos, watchos);
 37 |
 38 | typedef NS_ENUM(NSInteger, UIImagePickerControllerCameraDevice) {
    |                            `- note: 'CameraDevice' has been explicitly marked unavailable here
 39 |     UIImagePickerControllerCameraDeviceRear,
 40 |     UIImagePickerControllerCameraDeviceFront
/Users/admin/builder/spi-builder-workspace/Sources/MockImagePicker.swift:35:70: error: 'camera' is unavailable in visionOS
 33 |
 34 |     @objc open var cameraDevice: UIImagePickerController.CameraDevice = .rear
 35 |     @objc open var sourceType: UIImagePickerController.SourceType = .camera
    |                                                                      `- error: 'camera' is unavailable in visionOS
 36 |     @objc open var mediaTypes: [String] = [kUTTypeImage as String]
 37 |     @objc open var cameraFlashMode = CameraFlashMode.auto
UIKit.UIImagePickerController.SourceType.camera:4:10: note: 'camera' has been explicitly marked unavailable here
2 |   enum SourceType {
3 | @available(visionOS, unavailable)
4 |     case camera  }
  |          `- note: 'camera' has been explicitly marked unavailable here
5 | }
6 |
/Users/admin/builder/spi-builder-workspace/Sources/MockImagePicker.swift:36:44: warning: 'kUTTypeImage' was deprecated in visionOS 1.0: Use UTTypeImage or UTType.image (swift) instead. [#DeprecatedDeclaration]
 34 |     @objc open var cameraDevice: UIImagePickerController.CameraDevice = .rear
 35 |     @objc open var sourceType: UIImagePickerController.SourceType = .camera
 36 |     @objc open var mediaTypes: [String] = [kUTTypeImage as String]
    |                                            `- warning: 'kUTTypeImage' was deprecated in visionOS 1.0: Use UTTypeImage or UTType.image (swift) instead. [#DeprecatedDeclaration]
 37 |     @objc open var cameraFlashMode = CameraFlashMode.auto
 38 |     @objc open var allowsEditing = true
[#DeprecatedDeclaration]: <https://docs.swift.org/compiler/documentation/diagnostics/deprecated-declaration>
Failed frontend command:
/Applications/Xcode-27.0.0-Release.Candidate.app/Contents/Developer/Toolchains/XcodeDefault.xctoolchain/usr/bin/swift-frontend -frontend -emit-module -experimental-skip-non-inlinable-function-bodies-without-types /Users/admin/builder/spi-builder-workspace/.derivedData/Build/Intermediates.noindex/MockImagePicker.build/Debug-xros/MockImagePicker-t.build/DerivedSources/resource_bundle_accessor.swift /Users/admin/builder/spi-builder-workspace/Sources/MockImagePicker.swift -target arm64-apple-xros1.0 -disable-cross-import-overlay-search -load-resolved-plugin /Applications/Xcode-27.0.0-Release.Candidate.app/Contents/Developer/Platforms/XROS.platform/Developer/usr/lib/swift/host/plugins/libFoundationMacros.dylib\#/Applications/Xcode-27.0.0-Release.Candidate.app/Contents/Developer/Platforms/XROS.platform/Developer/usr/bin/swift-plugin-server\#FoundationMacros -load-resolved-plugin /Applications/Xcode-27.0.0-Release.Candidate.app/Contents/Developer/Platforms/XROS.platform/Developer/usr/lib/swift/host/plugins/libObservationMacros.dylib\#/Applications/Xcode-27.0.0-Release.Candidate.app/Contents/Developer/Platforms/XROS.platform/Developer/usr/bin/swift-plugin-server\#ObservationMacros -load-resolved-plugin /Applications/Xcode-27.0.0-Release.Candidate.app/Contents/Developer/Platforms/XROS.platform/Developer/usr/lib/swift/host/plugins/libPreviewsMacros.dylib\#/Applications/Xcode-27.0.0-Release.Candidate.app/Contents/Developer/Platforms/XROS.platform/Developer/usr/bin/swift-plugin-server\#PreviewsMacros -load-resolved-plugin /Applications/Xcode-27.0.0-Release.Candidate.app/Contents/Developer/Platforms/XROS.platform/Developer/usr/lib/swift/host/plugins/libSwiftMacros.dylib\#/Applications/Xcode-27.0.0-Release.Candidate.app/Contents/Developer/Platforms/XROS.platform/Developer/usr/bin/swift-plugin-server\#SwiftMacros -load-resolved-plugin /Applications/Xcode-27.0.0-Release.Candidate.app/Contents/Developer/Platforms/XROS.platform/Developer/usr/lib/swift/host/plugins/libSwiftUIMacros.dylib\#/Applications/Xcode-27.0.0-Release.Candidate.app/Contents/Developer/Platforms/XROS.platform/Developer/usr/bin/swift-plugin-server\#SwiftUIMacros -disable-implicit-swift-modules -Xcc -fno-implicit-modules -Xcc -fno-implicit-module-maps -explicit-swift-module-map-file /Users/admin/builder/spi-builder-workspace/.derivedData/Build/Intermediates.noindex/MockImagePicker.build/Debug-xros/MockImagePicker-t.build/Objects-normal/arm64/MockImagePicker-dependencies-1.json -Xllvm -aarch64-use-tbi -enable-objc-interop -stack-check -sdk /Applications/Xcode-27.0.0-Release.Candidate.app/Contents/Developer/Platforms/XROS.platform/Developer/SDKs/XROS27.0.sdk -I /Users/admin/builder/spi-builder-workspace/.derivedData/Build/Products/Debug-xros -Isystem /Applications/Xcode-27.0.0-Release.Candidate.app/Contents/Developer/Platforms/XROS.platform/Developer/usr/lib -F /Users/admin/builder/spi-builder-workspace/.derivedData/Build/Products/Debug-xros/PackageFrameworks -F /Users/admin/builder/spi-builder-workspace/.derivedData/Build/Products/Debug-xros -F /Applications/Xcode-27.0.0-Release.Candidate.app/Contents/Developer/Platforms/XROS.platform/Developer/Library/Frameworks -F /Applications/Xcode-27.0.0-Release.Candidate.app/Contents/Developer/Platforms/XROS.platform/Developer/SDKs/XROS27.0.sdk/Developer/Library/Frameworks -module-cache-path /Users/admin/builder/spi-builder-workspace/.derivedData/Build/Intermediates.noindex/SwiftExplicitPrecompiledModules -no-color-diagnostics -Xcc -fno-color-diagnostics -enable-testing -g -debug-info-format\=dwarf -dwarf-version\=4 -swift-version 5 -Onone -D SWIFT_PACKAGE -D DEBUG -D SWIFT_MODULE_RESOURCE_BUNDLE_AVAILABLE -D Xcode -serialize-debugging-options -enable-experimental-feature DebugDescriptionMacro -empty-abi-descriptor -validate-clang-modules-once -clang-build-session-file /Users/admin/builder/spi-builder-workspace/.derivedData/ModuleCache.noindex/Session.modulevalidation -Xcc -working-directory -Xcc /Users/admin/builder/spi-builder-workspace/.swiftpm/xcode -enable-anonymous-context-mangled-names -file-compilation-dir /Users/admin/builder/spi-builder-workspace/.swiftpm/xcode -Xcc -D_LIBCPP_HARDENING_MODE\=_LIBCPP_HARDENING_MODE_DEBUG -Xcc -ivfsstatcache -Xcc /Users/admin/builder/spi-builder-workspace/.derivedData/SDKStatCaches.noindex/xros27.0-24M361-e829b21a6f8c9b70876ba0858053c044735bd543db762f57723cac368afd1ce4.sdkstatcache -Xcc -fmodules-prune-interval\=86400 -Xcc -fmodules-prune-after\=345600 -Xcc -I/Users/admin/builder/spi-builder-workspace/.derivedData/Build/Products/Debug-xros/include -Xcc -I/Users/admin/builder/spi-builder-workspace/.derivedData/Build/Intermediates.noindex/MockImagePicker.build/Debug-xros/MockImagePicker-t.build/DerivedSources-normal/arm64 -Xcc -I/Users/admin/builder/spi-builder-workspace/.derivedData/Build/Intermediates.noindex/MockImagePicker.build/Debug-xros/MockImagePicker-t.build/DerivedSources/arm64 -Xcc -I/Users/admin/builder/spi-builder-workspace/.derivedData/Build/Intermediates.noindex/MockImagePicker.build/Debug-xros/MockImagePicker-t.build/DerivedSources -Xcc -DSWIFT_PACKAGE -Xcc -DDEBUG\=1 -no-auto-bridging-header-chaining -module-name MockImagePicker -const-gather-protocols-file /Users/admin/builder/spi-builder-workspace/.derivedData/Build/Intermediates.noindex/MockImagePicker.build/Debug-xros/MockImagePicker-t.build/Objects-normal/arm64/MockImagePicker_const_extract_protocols.json -disable-clang-spi -clang-target arm64-apple-xros27.0 -target-sdk-version 27.0 -target-sdk-name xros27.0 -in-process-plugin-server-path /Applications/Xcode-27.0.0-Release.Candidate.app/Contents/Developer/Toolchains/XcodeDefault.xctoolchain/usr/lib/swift/host/libSwiftInProcPluginServer.dylib -emit-module-doc-path /Users/admin/builder/spi-builder-workspace/.derivedData/Build/Intermediates.noindex/MockImagePicker.build/Debug-xros/MockImagePicker-t.build/Objects-normal/arm64/MockImagePicker.swiftdoc -emit-module-source-info-path /Users/admin/builder/spi-builder-workspace/.derivedData/Build/Intermediates.noindex/MockImagePicker.build/Debug-xros/MockImagePicker-t.build/Objects-normal/arm64/MockImagePicker.swiftsourceinfo -emit-objc-header-path /Users/admin/builder/spi-builder-workspace/.derivedData/Build/Intermediates.noindex/MockImagePicker.build/Debug-xros/MockImagePicker-t.build/Objects-normal/arm64/MockImagePicker-Swift.h -serialize-diagnostics-path /Users/admin/builder/spi-builder-workspace/.derivedData/Build/Intermediates.noindex/MockImagePicker.build/Debug-xros/MockImagePicker-t.build/Objects-normal/arm64/MockImagePicker-primary-emit-module.dia -emit-dependencies-path /Users/admin/builder/spi-builder-workspace/.derivedData/Build/Intermediates.noindex/MockImagePicker.build/Debug-xros/MockImagePicker-t.build/Objects-normal/arm64/MockImagePicker-primary-emit-module.d -parse-as-library -o /Users/admin/builder/spi-builder-workspace/.derivedData/Build/Intermediates.noindex/MockImagePicker.build/Debug-xros/MockImagePicker-t.build/Objects-normal/arm64/MockImagePicker.swiftmodule -emit-abi-descriptor-path /Users/admin/builder/spi-builder-workspace/.derivedData/Build/Intermediates.noindex/MockImagePicker.build/Debug-xros/MockImagePicker-t.build/Objects-normal/arm64/MockImagePicker.abi.json
SwiftCompile normal arm64 (in target 'MockImagePicker' from project 'MockImagePicker')
    cd /Users/admin/builder/spi-builder-workspace/.swiftpm/xcode

SwiftCompile normal arm64 Compiling\ MockImagePicker.swift /Users/admin/builder/spi-builder-workspace/Sources/MockImagePicker.swift (in target 'MockImagePicker' from project 'MockImagePicker')
/Users/admin/builder/spi-builder-workspace/Sources/MockImagePicker.swift:20:64: error: 'CameraFlashMode' is unavailable in visionOS
 18 | open class MockImagePicker: UINavigationController {
 19 |     public typealias InfoKey = UIImagePickerController.InfoKey
 20 |     public typealias CameraFlashMode = UIImagePickerController.CameraFlashMode
    |                                                                `- error: 'CameraFlashMode' is unavailable in visionOS
 21 |
 22 |     @objc open class func availableMediaTypes(for sourceType: UIImagePickerController.SourceType) -> [String]? {
/Applications/Xcode-27.0.0-Release.Candidate.app/Contents/Developer/Platforms/XROS.platform/Developer/SDKs/XROS27.0.sdk/System/Library/Frameworks/UIKit.framework/Headers/UIImagePickerController.h:43:28: note: 'CameraFlashMode' has been explicitly marked unavailable here
 41 | } API_UNAVAILABLE(tvos, visionos, watchos);
 42 |
 43 | typedef NS_ENUM(NSInteger, UIImagePickerControllerCameraFlashMode) {
    |                            `- note: 'CameraFlashMode' has been explicitly marked unavailable here
 44 |     UIImagePickerControllerCameraFlashModeOff  = -1,
 45 |     UIImagePickerControllerCameraFlashModeAuto = 0,
/Users/admin/builder/spi-builder-workspace/Sources/MockImagePicker.swift:30:91: error: 'CameraDevice' is unavailable in visionOS
 28 |     }
 29 |
 30 |     @objc open class func isCameraDeviceAvailable(_ cameraDevice: UIImagePickerController.CameraDevice) -> Bool {
    |                                                                                           `- error: 'CameraDevice' is unavailable in visionOS
 31 |         return true
 32 |     }
/Applications/Xcode-27.0.0-Release.Candidate.app/Contents/Developer/Platforms/XROS.platform/Developer/SDKs/XROS27.0.sdk/System/Library/Frameworks/UIKit.framework/Headers/UIImagePickerController.h:38:28: note: 'CameraDevice' has been explicitly marked unavailable here
 36 | } API_UNAVAILABLE(tvos, visionos, watchos);
 37 |
 38 | typedef NS_ENUM(NSInteger, UIImagePickerControllerCameraDevice) {
    |                            `- note: 'CameraDevice' has been explicitly marked unavailable here
 39 |     UIImagePickerControllerCameraDeviceRear,
 40 |     UIImagePickerControllerCameraDeviceFront
/Users/admin/builder/spi-builder-workspace/Sources/MockImagePicker.swift:34:58: error: 'CameraDevice' is unavailable in visionOS
 32 |     }
 33 |
 34 |     @objc open var cameraDevice: UIImagePickerController.CameraDevice = .rear
    |                                                          `- error: 'CameraDevice' is unavailable in visionOS
 35 |     @objc open var sourceType: UIImagePickerController.SourceType = .camera
 36 |     @objc open var mediaTypes: [String] = [kUTTypeImage as String]
/Applications/Xcode-27.0.0-Release.Candidate.app/Contents/Developer/Platforms/XROS.platform/Developer/SDKs/XROS27.0.sdk/System/Library/Frameworks/UIKit.framework/Headers/UIImagePickerController.h:38:28: note: 'CameraDevice' has been explicitly marked unavailable here
 36 | } API_UNAVAILABLE(tvos, visionos, watchos);
 37 |
 38 | typedef NS_ENUM(NSInteger, UIImagePickerControllerCameraDevice) {
    |                            `- note: 'CameraDevice' has been explicitly marked unavailable here
 39 |     UIImagePickerControllerCameraDeviceRear,
 40 |     UIImagePickerControllerCameraDeviceFront
/Users/admin/builder/spi-builder-workspace/Sources/MockImagePicker.swift:35:70: error: 'camera' is unavailable in visionOS
 33 |
 34 |     @objc open var cameraDevice: UIImagePickerController.CameraDevice = .rear
 35 |     @objc open var sourceType: UIImagePickerController.SourceType = .camera
    |                                                                      `- error: 'camera' is unavailable in visionOS
 36 |     @objc open var mediaTypes: [String] = [kUTTypeImage as String]
 37 |     @objc open var cameraFlashMode = CameraFlashMode.auto
UIKit.UIImagePickerController.SourceType.camera:4:10: note: 'camera' has been explicitly marked unavailable here
2 |   enum SourceType {
3 | @available(visionOS, unavailable)
4 |     case camera  }
  |          `- note: 'camera' has been explicitly marked unavailable here
5 | }
6 |
SwiftCompile normal arm64 /Users/admin/builder/spi-builder-workspace/Sources/MockImagePicker.swift (in target 'MockImagePicker' from project 'MockImagePicker')
    cd /Users/admin/builder/spi-builder-workspace/.swiftpm/xcode
    builtin-SwiftPerFileCompile MockImagePicker.swift
SwiftCompile normal arm64 Compiling\ UIView+Sweeter.swift /Users/admin/builder/spi-builder-workspace/.dependencies/checkouts/SweeterSwift/Source/UIView+Sweeter.swift (in target 'SweeterSwift' from project 'SweeterSwift')
SwiftCompile normal arm64 /Users/admin/builder/spi-builder-workspace/.dependencies/checkouts/SweeterSwift/Source/UIView+Sweeter.swift (in target 'SweeterSwift' from project 'SweeterSwift')
    cd /Users/admin/builder/spi-builder-workspace/.swiftpm/xcode
    builtin-SwiftPerFileCompile UIView+Sweeter.swift
PruneExplicitPrecompiledModules /Users/admin/builder/spi-builder-workspace/.derivedData/SDKExplicitPrecompiledModules
PruneExplicitPrecompiledModules /Users/admin/builder/spi-builder-workspace/.derivedData/Build/Intermediates.noindex/ExplicitPrecompiledModules
PruneExplicitPrecompiledModules /Users/admin/builder/spi-builder-workspace/.derivedData/Build/Intermediates.noindex/SwiftExplicitPrecompiledModules
2026-09-21 06:48:02.414 xcodebuild[816:4994] [MT] IDERunDestination: Supported platforms for the buildables in the current scheme is empty.
** BUILD FAILED **
The following build commands failed:
	SwiftEmitModule normal arm64 Emitting\ module\ for\ MockImagePicker (in target 'MockImagePicker' from project 'MockImagePicker')
	SwiftCompile normal arm64 (in target 'MockImagePicker' from project 'MockImagePicker')
	Building workspace MockImagePicker with scheme MockImagePicker
(3 failures)
BUILD FAILURE 6.4 visionOS