Build Information
Failed to build CollectionViewSlantedLayout, reference master (036442), with Swift 6.4 for iOS using Xcode 27.0 on 17 Sep 2026 00:37:20 UTC.
Build Command
env DEVELOPER_DIR=/Applications/Xcode-27.0.0-Release.Candidate.app xcrun xcodebuild -IDEClonedSourcePackagesDirPathOverride=$PWD/.dependencies -skipMacroValidation -skipPackagePluginValidation -derivedDataPath $PWD/.derivedData build -scheme CollectionViewSlantedLayout -destination generic/platform=iOSBuild Log
========================================
RunAll
========================================
Builder version: 5.1.0
Interrupt handler set up.
========================================
Checkout
========================================
Clone URL: https://github.com/yacir/CollectionViewSlantedLayout.git
Reference: master
Initialized empty Git repository in /Users/admin/builder/spi-builder-workspace/.git/
From https://github.com/yacir/CollectionViewSlantedLayout
* branch master -> FETCH_HEAD
* [new branch] master -> origin/master
HEAD is now at 0364421 Create FUNDING.yml
Cloned https://github.com/yacir/CollectionViewSlantedLayout.git
Revision (git rev-parse @):
0364421309bece26bff03da52c00222c55ed37bf
SUCCESS checkout https://github.com/yacir/CollectionViewSlantedLayout.git at master
========================================
Build
========================================
Selected platform: iOS
Swift version: 6.4
Building package at path: $PWD
https://github.com/yacir/CollectionViewSlantedLayout.git
Command line invocation:
/Applications/Xcode-27.0.0-Release.Candidate.app/Contents/Developer/usr/bin/xcodebuild -IDEClonedSourcePackagesDirPathOverride=/Users/admin/builder/spi-builder-workspace/.dependencies -resolvePackageDependencies
resolved source packages:
{
"dependencies" : [
],
"manifest_display_name" : "CollectionViewSlantedLayout",
"name" : "CollectionViewSlantedLayout",
"path" : "/Users/admin/builder/spi-builder-workspace",
"platforms" : [
{
"name" : "ios",
"version" : "9.0"
}
],
"products" : [
{
"name" : "CollectionViewSlantedLayout",
"targets" : [
"CollectionViewSlantedLayout"
],
"type" : {
"library" : [
"automatic"
]
}
}
],
"targets" : [
{
"c99name" : "CollectionViewSlantedLayoutTests",
"module_type" : "SwiftTarget",
"name" : "CollectionViewSlantedLayoutTests",
"path" : "Tests",
"sources" : [
"CollectionViewController.swift",
"CollectionViewSlantedLayoutTests.swift",
"CollectionViewSlantedMasksTests.swift"
],
"target_dependencies" : [
"CollectionViewSlantedLayout"
],
"type" : "test"
},
{
"c99name" : "CollectionViewSlantedLayout",
"module_type" : "SwiftTarget",
"name" : "CollectionViewSlantedLayout",
"path" : "Sources",
"product_memberships" : [
"CollectionViewSlantedLayout"
],
"sources" : [
"CollectionViewDelegateSlantedLayout.swift",
"CollectionViewSlantedCell.swift",
"CollectionViewSlantedLayout+Constants.swift",
"CollectionViewSlantedLayout.swift",
"Extensions/CAShapeLayer+Helpers.swift",
"Extensions/UICollectionView+Helpers.swift",
"Extensions/UICollectionViewLayout+Helpers.swift",
"Internal/CollectionViewSlantedLayoutAttributes.swift",
"Internal/CollectionViewSlantedMasks.swift"
],
"type" : "library"
}
],
"tools_version" : "5.0"
}
{
"project" : {
"configurations" : [
"Debug",
"Release"
],
"name" : "CollectionViewSlantedLayout",
"schemes" : [
"CollectionViewSlantedLayout"
],
"targets" : [
"CollectionViewSlantedLayout",
"CollectionViewSlantedLayoutTests"
]
}
}
Running build ...
env DEVELOPER_DIR=/Applications/Xcode-27.0.0-Release.Candidate.app xcrun xcodebuild -IDEClonedSourcePackagesDirPathOverride=$PWD/.dependencies -skipMacroValidation -skipPackagePluginValidation -derivedDataPath $PWD/.derivedData build -scheme CollectionViewSlantedLayout -destination generic/platform=iOS
Command line invocation:
/Applications/Xcode-27.0.0-Release.Candidate.app/Contents/Developer/usr/bin/xcodebuild -IDEClonedSourcePackagesDirPathOverride=/Users/admin/builder/spi-builder-workspace/.dependencies -skipMacroValidation -skipPackagePluginValidation -derivedDataPath /Users/admin/builder/spi-builder-workspace/.derivedData build -scheme CollectionViewSlantedLayout -destination generic/platform=iOS
ComputePackagePrebuildTargetDependencyGraph
Prepare packages
CreateBuildRequest
SendProjectDescription
CreateBuildOperation
ComputeTargetDependencyGraph
note: Building targets in dependency order
note: Target dependency graph (1 target)
Target 'CollectionViewSlantedLayout' in project 'CollectionViewSlantedLayout' (no dependencies)
GatherProvisioningInputs
CreateBuildDescription
ExecuteExternalTool /Applications/Xcode-27.0.0-Release.Candidate.app/Contents/Developer/Toolchains/XcodeDefault.xctoolchain/usr/bin/clang -v -E -dM -isysroot /Applications/Xcode-27.0.0-Release.Candidate.app/Contents/Developer/Platforms/iPhoneOS.platform/Developer/SDKs/iPhoneOS27.0.sdk -x c -c /dev/null
ExecuteExternalTool /Applications/Xcode-27.0.0-Release.Candidate.app/Contents/Developer/Toolchains/XcodeDefault.xctoolchain/usr/bin/clang -v -E -dM -arch arm64 -isysroot /Applications/Xcode-27.0.0-Release.Candidate.app/Contents/Developer/Platforms/iPhoneOS.platform/Developer/SDKs/iPhoneOS27.0.sdk -x c -c /dev/null
ExecuteExternalTool /Applications/Xcode-27.0.0-Release.Candidate.app/Contents/Developer/Toolchains/XcodeDefault.xctoolchain/usr/bin/swiftc --version
ExecuteExternalTool /Applications/Xcode-27.0.0-Release.Candidate.app/Contents/Developer/Toolchains/XcodeDefault.xctoolchain/usr/bin/ld -version_details
Build description signature: c76188ef49e1ea7415a2bb226cefc433
Build description path: /Users/admin/builder/spi-builder-workspace/.derivedData/Build/Intermediates.noindex/XCBuildData/c76188ef49e1ea7415a2bb226cefc433.xcbuilddata
/Users/admin/builder/spi-builder-workspace/CollectionViewSlantedLayout.xcodeproj: error: The iOS deployment target 'IPHONEOS_DEPLOYMENT_TARGET' is set to 10.0, but the range of supported deployment target versions is 15.0 to 27.0.x. (in target 'CollectionViewSlantedLayout' from project 'CollectionViewSlantedLayout')
warning: Run script build phase 'SwiftLint' will be run during every build because it does not specify any outputs. To address this issue, either add output dependencies to the script phase, or configure it to run in every build by unchecking "Based on dependency analysis" in the script phase. (in target 'CollectionViewSlantedLayout' from project 'CollectionViewSlantedLayout')
** BUILD FAILED **
The following build commands failed:
Building project CollectionViewSlantedLayout with scheme CollectionViewSlantedLayout
(1 failure)
Command line invocation:
/Applications/Xcode-27.0.0-Release.Candidate.app/Contents/Developer/usr/bin/xcodebuild -IDEClonedSourcePackagesDirPathOverride=/Users/admin/builder/spi-builder-workspace/.dependencies -resolvePackageDependencies
resolved source packages:
{
"dependencies" : [
],
"manifest_display_name" : "CollectionViewSlantedLayout",
"name" : "CollectionViewSlantedLayout",
"path" : "/Users/admin/builder/spi-builder-workspace",
"platforms" : [
{
"name" : "ios",
"version" : "9.0"
}
],
"products" : [
{
"name" : "CollectionViewSlantedLayout",
"targets" : [
"CollectionViewSlantedLayout"
],
"type" : {
"library" : [
"automatic"
]
}
}
],
"targets" : [
{
"c99name" : "CollectionViewSlantedLayoutTests",
"module_type" : "SwiftTarget",
"name" : "CollectionViewSlantedLayoutTests",
"path" : "Tests",
"sources" : [
"CollectionViewController.swift",
"CollectionViewSlantedLayoutTests.swift",
"CollectionViewSlantedMasksTests.swift"
],
"target_dependencies" : [
"CollectionViewSlantedLayout"
],
"type" : "test"
},
{
"c99name" : "CollectionViewSlantedLayout",
"module_type" : "SwiftTarget",
"name" : "CollectionViewSlantedLayout",
"path" : "Sources",
"product_memberships" : [
"CollectionViewSlantedLayout"
],
"sources" : [
"CollectionViewDelegateSlantedLayout.swift",
"CollectionViewSlantedCell.swift",
"CollectionViewSlantedLayout+Constants.swift",
"CollectionViewSlantedLayout.swift",
"Extensions/CAShapeLayer+Helpers.swift",
"Extensions/UICollectionView+Helpers.swift",
"Extensions/UICollectionViewLayout+Helpers.swift",
"Internal/CollectionViewSlantedLayoutAttributes.swift",
"Internal/CollectionViewSlantedMasks.swift"
],
"type" : "library"
}
],
"tools_version" : "5.0"
}
{
"project" : {
"configurations" : [
"Debug",
"Release"
],
"name" : "CollectionViewSlantedLayout",
"schemes" : [
"CollectionViewSlantedLayout"
],
"targets" : [
"CollectionViewSlantedLayout",
"CollectionViewSlantedLayoutTests"
]
}
}
Running build ...
env DEVELOPER_DIR=/Applications/Xcode-27.0.0-Release.Candidate.app xcrun xcodebuild -IDEClonedSourcePackagesDirPathOverride=$PWD/.dependencies -skipMacroValidation -skipPackagePluginValidation -derivedDataPath $PWD/.derivedData build -scheme CollectionViewSlantedLayout -destination generic/platform=iOS
Command line invocation:
/Applications/Xcode-27.0.0-Release.Candidate.app/Contents/Developer/usr/bin/xcodebuild -IDEClonedSourcePackagesDirPathOverride=/Users/admin/builder/spi-builder-workspace/.dependencies -skipMacroValidation -skipPackagePluginValidation -derivedDataPath /Users/admin/builder/spi-builder-workspace/.derivedData build -scheme CollectionViewSlantedLayout -destination generic/platform=iOS
ComputePackagePrebuildTargetDependencyGraph
Prepare packages
CreateBuildRequest
SendProjectDescription
CreateBuildOperation
ComputeTargetDependencyGraph
note: Building targets in dependency order
note: Target dependency graph (1 target)
Target 'CollectionViewSlantedLayout' in project 'CollectionViewSlantedLayout' (no dependencies)
GatherProvisioningInputs
CreateBuildDescription
/Users/admin/builder/spi-builder-workspace/CollectionViewSlantedLayout.xcodeproj: error: The iOS deployment target 'IPHONEOS_DEPLOYMENT_TARGET' is set to 10.0, but the range of supported deployment target versions is 15.0 to 27.0.x. (in target 'CollectionViewSlantedLayout' from project 'CollectionViewSlantedLayout')
warning: Run script build phase 'SwiftLint' will be run during every build because it does not specify any outputs. To address this issue, either add output dependencies to the script phase, or configure it to run in every build by unchecking "Based on dependency analysis" in the script phase. (in target 'CollectionViewSlantedLayout' from project 'CollectionViewSlantedLayout')
** BUILD FAILED **
The following build commands failed:
Building project CollectionViewSlantedLayout with scheme CollectionViewSlantedLayout
(1 failure)
BUILD FAILURE 6.4 iOS