Build Information
Failed to build FronteggSwift, reference 1.3.24 (a88332), with Swift 6.4 for watchOS using Xcode 27.0 on 14 Oct 2026 05:35:03 UTC.
Build Command
env DEVELOPER_DIR=/Applications/Xcode-27.0.0.app xcrun xcodebuild -IDEClonedSourcePackagesDirPathOverride=$PWD/.dependencies -skipMacroValidation -skipPackagePluginValidation -derivedDataPath $PWD/.derivedData build -scheme FronteggSwift -destination generic/platform=watchOSBuild Log
========================================
RunAll
========================================
Builder version: 5.1.2
Interrupt handler set up.
========================================
Checkout
========================================
Clone URL: https://github.com/frontegg/frontegg-ios-swift.git
Reference: 1.3.24
Initialized empty Git repository in /Users/admin/builder/spi-builder-workspace/.git/
From https://github.com/frontegg/frontegg-ios-swift
* tag 1.3.24 -> FETCH_HEAD
HEAD is now at a88332a Merge pull request #339 from frontegg/release/next
Cloned https://github.com/frontegg/frontegg-ios-swift.git
Revision (git rev-parse @):
a88332a66acb5d86fd226c2f16e1169b099c4766
SUCCESS checkout https://github.com/frontegg/frontegg-ios-swift.git at 1.3.24
========================================
Build
========================================
Selected platform: watchOS
Swift version: 6.4
Building package at path: $PWD
https://github.com/frontegg/frontegg-ios-swift.git
Command line invocation:
/Applications/Xcode-27.0.0.app/Contents/Developer/usr/bin/xcodebuild -IDEClonedSourcePackagesDirPathOverride=/Users/admin/builder/spi-builder-workspace/.dependencies -resolvePackageDependencies
Resolve Package Graph
Fetching from https://github.com/getsentry/sentry-cocoa.git
Creating working copy of package ‘sentry-cocoa’
Checking out 8.58.4 of package ‘sentry-cocoa’
Resolve Package Graph
Resolved source packages:
FronteggSwift: /Users/admin/builder/spi-builder-workspace
Sentry: https://github.com/getsentry/sentry-cocoa.git @ 8.58.4
resolved source packages: FronteggSwift, Sentry
2026-10-14 01:34:09.082 xcodebuild[530:3044] [MT] IDERunDestination: Supported platforms for the buildables in the current scheme is empty.
{
"dependencies" : [
{
"identity" : "sentry-cocoa",
"requirement" : {
"range" : [
{
"lower_bound" : "8.46.0",
"upper_bound" : "9.0.0"
}
]
},
"type" : "sourceControl",
"url" : "https://github.com/getsentry/sentry-cocoa.git"
}
],
"manifest_display_name" : "FronteggSwift",
"name" : "FronteggSwift",
"path" : "/Users/admin/builder/spi-builder-workspace",
"platforms" : [
{
"name" : "ios",
"version" : "14.0"
}
],
"products" : [
{
"name" : "FronteggSwift",
"targets" : [
"FronteggSwift"
],
"type" : {
"library" : [
"automatic"
]
}
}
],
"targets" : [
{
"c99name" : "FronteggSwiftTests",
"module_type" : "SwiftTarget",
"name" : "FronteggSwiftTests",
"path" : "Tests/FronteggSwiftTests",
"resources" : [
{
"path" : "/Users/admin/builder/spi-builder-workspace/Tests/FronteggSwiftTests/MockRegions",
"rule" : {
"copy" : {
}
}
}
],
"sources" : [
"AdminPortalWebViewTests.swift",
"ApiGetRequestDiagnosticsTests.swift",
"ApiHelperTests.swift",
"ApiMeRecoveryTests.swift",
"ApiMeTests.swift",
"AssetLinksBasePathTests.swift",
"AssetLinksRedirectTests.swift",
"AuthResponseTests.swift",
"AuthenticationErrorTests.swift",
"AuthorizeUrlGeneratorTests.swift",
"ConstantsTests.swift",
"CredentialManagerLockedKeychainTests.swift",
"CredentialManagerTests.swift",
"CustomWebViewTests.swift",
"DisableAutoRefreshTests.swift",
"EmbeddedLoginRootViewControllerTests.swift",
"EmbeddedTokenBridgeTests.swift",
"EncodingUtilsTests.swift",
"EntitlementEvaluatorsTests.swift",
"EntitlementsTests.swift",
"FeatureFlagsTests.swift",
"FronteggAuthEntitlementsTests.swift",
"FronteggAuthFeatureFlagsRaceTests.swift",
"FronteggAuthOAuthCallbackTests.swift",
"FronteggAuthRefreshRecoveryTests.swift",
"FronteggAuthRegionManagementTests.swift",
"FronteggAuthResetForTestingTests.swift",
"FronteggErrorTests.swift",
"FronteggSecurityAPITests.swift",
"FronteggSecurityCenterViewModelTests.swift",
"FronteggStateTests.swift",
"FronteggTenantSwitcherViewModelTests.swift",
"JWTHelperTests.swift",
"JsStringLiteralTests.swift",
"LogLevelMappingTests.swift",
"LoggerDelegateTests.swift",
"LoginBoxCustomizationTests.swift",
"LoginBoxFooterTests.swift",
"LoginPerAccountTests.swift",
"MockRegion.swift",
"MultiFactorAuthenticatorTests.swift",
"NetworkStatusMonitorTests.swift",
"OfflineScenarioTests.swift",
"PackageConfigurationTests.swift",
"PasskeysLoginCompletionTests.swift",
"PasskeysRegistrationCompletionTests.swift",
"PlistHelperTests.swift",
"PrivacyManifestTests.swift",
"RefreshGateTests.swift",
"RefreshTokenMainThreadGuardTests.swift",
"RegionConfigTests.swift",
"SDKCompatibilityTests.swift",
"SentryIsolatedHubTests.swift",
"SentryLoggingTests.swift",
"SessionRestoreLockedKeychainTests.swift",
"SocialLoginCallbackFR26132Tests.swift",
"SocialLoginConfigTests.swift",
"SocialLoginUrlGeneratorTests.swift",
"SocialLoginWebViewHandoffTests.swift",
"SsoCallbackRecoveryTests.swift",
"StepUpAuthenticatorTests.swift",
"StepUpWebDriverTests.swift",
"SuggestSavePasswordTests.swift",
"TenantTests.swift",
"TestDataFactory.swift",
"UIColorHexTests.swift",
"UnlockAccountFlowTests.swift",
"UrlHelperExtendedTests.swift",
"UrlHelperTests.swift",
"UserFromJWTTests.swift",
"UserRolePermissionTests.swift",
"UserRoleTests.swift",
"UserTests.swift"
],
"target_dependencies" : [
"FronteggSwift"
],
"type" : "test"
},
{
"c99name" : "FronteggSwift",
"module_type" : "SwiftTarget",
"name" : "FronteggSwift",
"path" : "Sources/FronteggSwift",
"product_dependencies" : [
"Sentry"
],
"product_memberships" : [
"FronteggSwift"
],
"resources" : [
{
"path" : "/Users/admin/builder/spi-builder-workspace/Sources/FronteggSwift/PrivacyInfo.xcprivacy",
"rule" : {
"copy" : {
}
}
}
],
"sources" : [
"FronteggApp.swift",
"FronteggAuth.swift",
"admin-portal/AdminPortalBridge.swift",
"admin-portal/AdminPortalView.swift",
"admin-portal/AdminPortalWebView.swift",
"auth/FronteggAuth+Authorization.swift",
"auth/FronteggAuth+Connectivity.swift",
"auth/FronteggAuth+CredentialHydration.swift",
"auth/FronteggAuth+EmbeddedAndDeepLink.swift",
"auth/FronteggAuth+Entitlements.swift",
"auth/FronteggAuth+HostedFlows.swift",
"auth/FronteggAuth+Logout.swift",
"auth/FronteggAuth+MFA.swift",
"auth/FronteggAuth+OAuthCallbacks.swift",
"auth/FronteggAuth+OAuthErrors.swift",
"auth/FronteggAuth+Passkeys.swift",
"auth/FronteggAuth+Refresh.swift",
"auth/FronteggAuth+RegionManagement.swift",
"auth/FronteggAuth+SessionRestore.swift",
"auth/FronteggAuth+SocialFlows.swift",
"auth/FronteggAuth+SocialLoginCallback.swift",
"auth/FronteggAuth+StepUp.swift",
"auth/FronteggAuth+Testing.swift",
"auth/FronteggAuth+WebSessionRecovery.swift",
"auth/RefreshGate.swift",
"authenticators/AppleAuthenticator.swift",
"authenticators/PasskeysAuthenticator.swift",
"authenticators/WebAuthenticator.swift",
"components/FronteggComponentStrings.swift",
"components/FronteggSecurityAPI.swift",
"components/FronteggSecurityCenter.swift",
"components/FronteggSecurityCenterService.swift",
"components/FronteggSecurityCenterViewModel.swift",
"components/FronteggSecurityModels.swift",
"components/FronteggTenantSwitcher.swift",
"components/FronteggTenantSwitcherViewModel.swift",
"embedded/CustomWebView.swift",
"embedded/EmbeddedLoginModal.swift",
"embedded/EmbeddedLoginPage.swift",
"embedded/FronteggWKContentController.swift",
"embedded/FronteggWebView.swift",
"embedded/LoginBoxCustomization.swift",
"embedded/LoginBoxFooter.swift",
"embedded/StepUpWebDriver.swift",
"entitlements/AttributesPreparer.swift",
"entitlements/Evaluators.swift",
"entitlements/Operations.swift",
"entitlements/PermissionMatcher.swift",
"entitlements/UserEntitlementsContext.swift",
"entitlements/UserEntitlementsParser.swift",
"models/AuthResponse.swift",
"models/AuthTypes.swift",
"models/Entitlement.swift",
"models/Passkeys.swift",
"models/SocialLoginConfig.swift",
"models/Tenant.swift",
"models/User.swift",
"models/UserRole.swift",
"models/UserRolePermission.swift",
"models/errors/AuthenticationError.swift",
"models/errors/ConfigurationError.swift",
"models/errors/FronteggError.swift",
"models/plist/FronteggPlist.swift",
"models/plist/MultiRegionConfig.swift",
"models/plist/RegionConfig.swift",
"models/plist/SingleRegionConfig.swift",
"models/webauthn/WebauthnAssertion.swift",
"models/webauthn/WebauthnCallback.swift",
"models/webauthn/WebauthnPreloginResponse.swift",
"models/webauthn/WebauthnRegistration.swift",
"services/Api.swift",
"services/CredentialManager.swift",
"services/Entitlements.swift",
"services/FeatureFlags.swift",
"services/MultiFactorAuthenticator.swift",
"services/StepUpAuthenticator.swift",
"services/WebSessionCookies.swift",
"state/FronteggState.swift",
"utils/ConfigurationCheck.swift",
"utils/Constants.swift",
"utils/EncodingUtils.swift",
"utils/FronteggOAuthToastPresenter.swift",
"utils/FronteggResources.swift",
"utils/FronteggRuntime.swift",
"utils/JWTHelper.swift",
"utils/Logger.swift",
"utils/NetworkStatusMonitor.swift",
"utils/NoRedirectSessionDelegate.swift",
"utils/PlistHelper.swift",
"utils/SDKVersion.swift",
"utils/SentryHelper.swift",
"utils/TraceIdLogger.swift",
"utils/UIColor+Hex.swift",
"utils/UIWindow+FronteggPresentation.swift",
"utils/UrlHelper.swift",
"utils/generateErrorPage.swift",
"utils/generators/AuthorizeUrlGenerator.swift",
"utils/generators/SocialLoginUrlGenerator.swift",
"views/AbstractFronteggController.swift",
"views/DefaultLoader.swift",
"views/FronteggUIKitWrapper.swift",
"views/FronteggWrapper.swift"
],
"type" : "library"
}
],
"tools_version" : "5.5"
}
{
"workspace" : {
"name" : "FronteggSwift",
"schemes" : [
"FronteggSwift"
]
}
}
2026-10-14 01:34:51.810 xcodebuild[897:5268] [MT] IDERunDestination: Supported platforms for the buildables in the current scheme is empty.
Running build ...
env DEVELOPER_DIR=/Applications/Xcode-27.0.0.app xcrun xcodebuild -IDEClonedSourcePackagesDirPathOverride=$PWD/.dependencies -skipMacroValidation -skipPackagePluginValidation -derivedDataPath $PWD/.derivedData build -scheme FronteggSwift -destination generic/platform=watchOS
Command line invocation:
/Applications/Xcode-27.0.0.app/Contents/Developer/usr/bin/xcodebuild -IDEClonedSourcePackagesDirPathOverride=/Users/admin/builder/spi-builder-workspace/.dependencies -skipMacroValidation -skipPackagePluginValidation -derivedDataPath /Users/admin/builder/spi-builder-workspace/.derivedData build -scheme FronteggSwift -destination generic/platform=watchOS
Resolve Package Graph
Resolve Package Graph
Resolved source packages:
FronteggSwift: /Users/admin/builder/spi-builder-workspace
Sentry: https://github.com/getsentry/sentry-cocoa.git @ 8.58.4
ComputePackagePrebuildTargetDependencyGraph
Prepare packages
CreateBuildRequest
SendProjectDescription
CreateBuildOperation
ComputeTargetDependencyGraph
note: Building targets in dependency order
note: Target dependency graph (5 targets)
Target 'FronteggSwift-product' in project 'FronteggSwift'
➜ Explicit dependency on target 'FronteggSwift' in project 'FronteggSwift'
➜ Explicit dependency on target 'FronteggSwift_FronteggSwift' in project 'FronteggSwift'
➜ Explicit dependency on target 'Sentry-product' in project 'Sentry'
Target 'FronteggSwift' in project 'FronteggSwift'
➜ Explicit dependency on target 'FronteggSwift_FronteggSwift' in project 'FronteggSwift'
➜ Explicit dependency on target 'Sentry-product' in project 'Sentry'
Target 'Sentry-product' in project 'Sentry'
➜ Explicit dependency on target 'SentryCppHelper' in project 'Sentry'
Target 'SentryCppHelper' in project 'Sentry' (no dependencies)
Target 'FronteggSwift_FronteggSwift' in project 'FronteggSwift' (no dependencies)
GatherProvisioningInputs
CreateBuildDescription
ExecuteExternalTool /Applications/Xcode-27.0.0.app/Contents/Developer/Toolchains/XcodeDefault.xctoolchain/usr/bin/swiftc --version
ExecuteExternalTool /Applications/Xcode-27.0.0.app/Contents/Developer/Toolchains/XcodeDefault.xctoolchain/usr/bin/clang -v -E -dM -isysroot /Applications/Xcode-27.0.0.app/Contents/Developer/Platforms/WatchOS.platform/Developer/SDKs/WatchOS27.0.sdk -x c -c /dev/null
ExecuteExternalTool /Applications/Xcode-27.0.0.app/Contents/Developer/Toolchains/XcodeDefault.xctoolchain/usr/bin/ld -version_details
Build description signature: b258b34788e045d0848310f6530364ec
Build description path: /Users/admin/builder/spi-builder-workspace/.derivedData/Build/Intermediates.noindex/XCBuildData/b258b34788e045d0848310f6530364ec.xcbuilddata
CreateBuildDirectory /Users/admin/builder/spi-builder-workspace/.derivedData/SDKExplicitPrecompiledModules
cd /Users/admin/builder/spi-builder-workspace/.swiftpm/xcode
builtin-create-build-directory /Users/admin/builder/spi-builder-workspace/.derivedData/SDKExplicitPrecompiledModules
CreateBuildDirectory /Users/admin/builder/spi-builder-workspace/.derivedData/ModuleCache.noindex
cd /Users/admin/builder/spi-builder-workspace/.swiftpm/xcode
builtin-create-build-directory /Users/admin/builder/spi-builder-workspace/.derivedData/ModuleCache.noindex
CreateBuildDirectory /Users/admin/builder/spi-builder-workspace/.derivedData/CompilationCache.noindex
cd /Users/admin/builder/spi-builder-workspace/.swiftpm/xcode
builtin-create-build-directory /Users/admin/builder/spi-builder-workspace/.derivedData/CompilationCache.noindex
ClangStatCache /Applications/Xcode-27.0.0.app/Contents/Developer/Toolchains/XcodeDefault.xctoolchain/usr/bin/clang-stat-cache /Applications/Xcode-27.0.0.app/Contents/Developer/Platforms/WatchOS.platform/Developer/SDKs/WatchOS27.0.sdk /Users/admin/builder/spi-builder-workspace/.derivedData/SDKStatCaches.noindex/watchos27.0-24R360-e829b21a6f8c9b70876ba0858053c044b9db9bc9c079ee3c7b5f3373b13d10bc.sdkstatcache
cd /Users/admin/builder/spi-builder-workspace/.swiftpm/xcode
/Applications/Xcode-27.0.0.app/Contents/Developer/Toolchains/XcodeDefault.xctoolchain/usr/bin/clang-stat-cache /Applications/Xcode-27.0.0.app/Contents/Developer/Platforms/WatchOS.platform/Developer/SDKs/WatchOS27.0.sdk -o /Users/admin/builder/spi-builder-workspace/.derivedData/SDKStatCaches.noindex/watchos27.0-24R360-e829b21a6f8c9b70876ba0858053c044b9db9bc9c079ee3c7b5f3373b13d10bc.sdkstatcache
CreateBuildDirectory /Users/admin/builder/spi-builder-workspace/.derivedData/Build/Products
cd /Users/admin/builder/spi-builder-workspace/.swiftpm/xcode
builtin-create-build-directory /Users/admin/builder/spi-builder-workspace/.derivedData/Build/Products
CreateBuildDirectory /Users/admin/builder/spi-builder-workspace/.derivedData/Build/Intermediates.noindex
cd /Users/admin/builder/spi-builder-workspace/.swiftpm/xcode
builtin-create-build-directory /Users/admin/builder/spi-builder-workspace/.derivedData/Build/Intermediates.noindex
CreateBuildDirectory /Users/admin/builder/spi-builder-workspace/.derivedData/Build/Intermediates.noindex/ExplicitPrecompiledModules
cd /Users/admin/builder/spi-builder-workspace/.swiftpm/xcode
builtin-create-build-directory /Users/admin/builder/spi-builder-workspace/.derivedData/Build/Intermediates.noindex/ExplicitPrecompiledModules
CreateBuildDirectory /Users/admin/builder/spi-builder-workspace/.derivedData/Build/Intermediates.noindex/PrecompiledHeaders
cd /Users/admin/builder/spi-builder-workspace/.swiftpm/xcode
builtin-create-build-directory /Users/admin/builder/spi-builder-workspace/.derivedData/Build/Intermediates.noindex/PrecompiledHeaders
CreateBuildDirectory /Users/admin/builder/spi-builder-workspace/.derivedData/Build/Intermediates.noindex/SwiftExplicitPrecompiledModules
cd /Users/admin/builder/spi-builder-workspace/.swiftpm/xcode
builtin-create-build-directory /Users/admin/builder/spi-builder-workspace/.derivedData/Build/Intermediates.noindex/SwiftExplicitPrecompiledModules
CreateBuildDirectory /Users/admin/builder/spi-builder-workspace/.derivedData/Build/Products/Debug-watchos
cd /Users/admin/builder/spi-builder-workspace/.swiftpm/xcode
builtin-create-build-directory /Users/admin/builder/spi-builder-workspace/.derivedData/Build/Products/Debug-watchos
CreateBuildDirectory /Users/admin/builder/spi-builder-workspace/.derivedData/Build/Intermediates.noindex/EagerLinkingTBDs/Debug-watchos
cd /Users/admin/builder/spi-builder-workspace/.swiftpm/xcode
builtin-create-build-directory /Users/admin/builder/spi-builder-workspace/.derivedData/Build/Intermediates.noindex/EagerLinkingTBDs/Debug-watchos
CreateBuildDirectory /Users/admin/builder/spi-builder-workspace/.derivedData/Build/Products/Debug-watchos/PackageFrameworks
cd /Users/admin/builder/spi-builder-workspace/.swiftpm/xcode
builtin-create-build-directory /Users/admin/builder/spi-builder-workspace/.derivedData/Build/Products/Debug-watchos/PackageFrameworks
WriteAuxiliaryFile /Users/admin/builder/spi-builder-workspace/.derivedData/Build/Intermediates.noindex/FronteggSwift.build/Debug-watchos/FronteggSwift_FronteggSwift-b.build/empty-FronteggSwift_FronteggSwift.plist (in target 'FronteggSwift_FronteggSwift' from project 'FronteggSwift')
cd /Users/admin/builder/spi-builder-workspace
write-file /Users/admin/builder/spi-builder-workspace/.derivedData/Build/Intermediates.noindex/FronteggSwift.build/Debug-watchos/FronteggSwift_FronteggSwift-b.build/empty-FronteggSwift_FronteggSwift.plist
WriteAuxiliaryFile /Users/admin/builder/spi-builder-workspace/.derivedData/Build/Intermediates.noindex/Sentry.build/Debug-watchos/SentryCppHelper-t.build/SentryCppHelper.DependencyStaticMetadataFileList (in target 'SentryCppHelper' from project 'Sentry')
cd /Users/admin/builder/spi-builder-workspace/.dependencies/checkouts/sentry-cocoa
write-file /Users/admin/builder/spi-builder-workspace/.derivedData/Build/Intermediates.noindex/Sentry.build/Debug-watchos/SentryCppHelper-t.build/SentryCppHelper.DependencyStaticMetadataFileList
WriteAuxiliaryFile /Users/admin/builder/spi-builder-workspace/.derivedData/Build/Intermediates.noindex/Sentry.build/Debug-watchos/SentryCppHelper-t.build/SentryCppHelper.modulemap (in target 'SentryCppHelper' from project 'Sentry')
cd /Users/admin/builder/spi-builder-workspace/.dependencies/checkouts/sentry-cocoa
write-file /Users/admin/builder/spi-builder-workspace/.derivedData/Build/Intermediates.noindex/Sentry.build/Debug-watchos/SentryCppHelper-t.build/SentryCppHelper.modulemap
WriteAuxiliaryFile /Users/admin/builder/spi-builder-workspace/.derivedData/Build/Intermediates.noindex/Sentry.build/Debug-watchos/SentryCppHelper-t.build/SentryCppHelper.DependencyMetadataFileList (in target 'SentryCppHelper' from project 'Sentry')
cd /Users/admin/builder/spi-builder-workspace/.dependencies/checkouts/sentry-cocoa
write-file /Users/admin/builder/spi-builder-workspace/.derivedData/Build/Intermediates.noindex/Sentry.build/Debug-watchos/SentryCppHelper-t.build/SentryCppHelper.DependencyMetadataFileList
WriteAuxiliaryFile /Users/admin/builder/spi-builder-workspace/.derivedData/Build/Intermediates.noindex/Sentry.build/Debug-watchos/SentryCppHelper-t.build/Objects-normal/arm64_32/SentryCppHelper.SwiftFileList (in target 'SentryCppHelper' from project 'Sentry')
cd /Users/admin/builder/spi-builder-workspace/.dependencies/checkouts/sentry-cocoa
write-file /Users/admin/builder/spi-builder-workspace/.derivedData/Build/Intermediates.noindex/Sentry.build/Debug-watchos/SentryCppHelper-t.build/Objects-normal/arm64_32/SentryCppHelper.SwiftFileList
WriteAuxiliaryFile /Users/admin/builder/spi-builder-workspace/.derivedData/Build/Intermediates.noindex/Sentry.build/Debug-watchos/SentryCppHelper-t.build/Objects-normal/arm64_32/SentryCppHelper-OutputFileMap.json (in target 'SentryCppHelper' from project 'Sentry')
cd /Users/admin/builder/spi-builder-workspace/.dependencies/checkouts/sentry-cocoa
write-file /Users/admin/builder/spi-builder-workspace/.derivedData/Build/Intermediates.noindex/Sentry.build/Debug-watchos/SentryCppHelper-t.build/Objects-normal/arm64_32/SentryCppHelper-OutputFileMap.json
WriteAuxiliaryFile /Users/admin/builder/spi-builder-workspace/.derivedData/Build/Intermediates.noindex/Sentry.build/Debug-watchos/SentryCppHelper-t.build/Objects-normal/arm64_32/SentryCppHelper_const_extract_protocols.json (in target 'SentryCppHelper' from project 'Sentry')
cd /Users/admin/builder/spi-builder-workspace/.dependencies/checkouts/sentry-cocoa
write-file /Users/admin/builder/spi-builder-workspace/.derivedData/Build/Intermediates.noindex/Sentry.build/Debug-watchos/SentryCppHelper-t.build/Objects-normal/arm64_32/SentryCppHelper_const_extract_protocols.json
WriteAuxiliaryFile /Users/admin/builder/spi-builder-workspace/.derivedData/Build/Intermediates.noindex/Sentry.build/Debug-watchos/SentryCppHelper-t.build/Objects-normal/arm64_32/SentryCppHelper.LinkFileList (in target 'SentryCppHelper' from project 'Sentry')
cd /Users/admin/builder/spi-builder-workspace/.dependencies/checkouts/sentry-cocoa
write-file /Users/admin/builder/spi-builder-workspace/.derivedData/Build/Intermediates.noindex/Sentry.build/Debug-watchos/SentryCppHelper-t.build/Objects-normal/arm64_32/SentryCppHelper.LinkFileList
WriteAuxiliaryFile /Users/admin/builder/spi-builder-workspace/.derivedData/Build/Intermediates.noindex/Sentry.build/Debug-watchos/SentryCppHelper-t.build/Objects-normal/arm64_32/SentryCppHelper.SwiftConstValuesFileList (in target 'SentryCppHelper' from project 'Sentry')
cd /Users/admin/builder/spi-builder-workspace/.dependencies/checkouts/sentry-cocoa
write-file /Users/admin/builder/spi-builder-workspace/.derivedData/Build/Intermediates.noindex/Sentry.build/Debug-watchos/SentryCppHelper-t.build/Objects-normal/arm64_32/SentryCppHelper.SwiftConstValuesFileList
WriteAuxiliaryFile /Users/admin/builder/spi-builder-workspace/.derivedData/Build/Intermediates.noindex/Sentry.build/Debug-watchos/SentryCppHelper-t.build/Objects-normal/arm64/SentryCppHelper_const_extract_protocols.json (in target 'SentryCppHelper' from project 'Sentry')
cd /Users/admin/builder/spi-builder-workspace/.dependencies/checkouts/sentry-cocoa
write-file /Users/admin/builder/spi-builder-workspace/.derivedData/Build/Intermediates.noindex/Sentry.build/Debug-watchos/SentryCppHelper-t.build/Objects-normal/arm64/SentryCppHelper_const_extract_protocols.json
WriteAuxiliaryFile /Users/admin/builder/spi-builder-workspace/.derivedData/Build/Intermediates.noindex/Sentry.build/Debug-watchos/SentryCppHelper-t.build/Objects-normal/arm64/SentryCppHelper.SwiftFileList (in target 'SentryCppHelper' from project 'Sentry')
cd /Users/admin/builder/spi-builder-workspace/.dependencies/checkouts/sentry-cocoa
write-file /Users/admin/builder/spi-builder-workspace/.derivedData/Build/Intermediates.noindex/Sentry.build/Debug-watchos/SentryCppHelper-t.build/Objects-normal/arm64/SentryCppHelper.SwiftFileList
WriteAuxiliaryFile /Users/admin/builder/spi-builder-workspace/.derivedData/Build/Intermediates.noindex/Sentry.build/Debug-watchos/SentryCppHelper-t.build/Objects-normal/arm64/SentryCppHelper.LinkFileList (in target 'SentryCppHelper' from project 'Sentry')
cd /Users/admin/builder/spi-builder-workspace/.dependencies/checkouts/sentry-cocoa
write-file /Users/admin/builder/spi-builder-workspace/.derivedData/Build/Intermediates.noindex/Sentry.build/Debug-watchos/SentryCppHelper-t.build/Objects-normal/arm64/SentryCppHelper.LinkFileList
WriteAuxiliaryFile /Users/admin/builder/spi-builder-workspace/.derivedData/Build/Intermediates.noindex/Sentry.build/Debug-watchos/SentryCppHelper-t.build/Objects-normal/arm64/SentryCppHelper.SwiftConstValuesFileList (in target 'SentryCppHelper' from project 'Sentry')
cd /Users/admin/builder/spi-builder-workspace/.dependencies/checkouts/sentry-cocoa
write-file /Users/admin/builder/spi-builder-workspace/.derivedData/Build/Intermediates.noindex/Sentry.build/Debug-watchos/SentryCppHelper-t.build/Objects-normal/arm64/SentryCppHelper.SwiftConstValuesFileList
WriteAuxiliaryFile /Users/admin/builder/spi-builder-workspace/.derivedData/Build/Intermediates.noindex/Sentry.build/Debug-watchos/SentryCppHelper-t.build/Objects-normal/arm64/SentryCppHelper-OutputFileMap.json (in target 'SentryCppHelper' from project 'Sentry')
cd /Users/admin/builder/spi-builder-workspace/.dependencies/checkouts/sentry-cocoa
write-file /Users/admin/builder/spi-builder-workspace/.derivedData/Build/Intermediates.noindex/Sentry.build/Debug-watchos/SentryCppHelper-t.build/Objects-normal/arm64/SentryCppHelper-OutputFileMap.json
WriteAuxiliaryFile /Users/admin/builder/spi-builder-workspace/.derivedData/Build/Intermediates.noindex/FronteggSwift.build/Debug-watchos/FronteggSwift_FronteggSwift-b.build/FronteggSwift_FronteggSwift.DependencyStaticMetadataFileList (in target 'FronteggSwift_FronteggSwift' from project 'FronteggSwift')
cd /Users/admin/builder/spi-builder-workspace
write-file /Users/admin/builder/spi-builder-workspace/.derivedData/Build/Intermediates.noindex/FronteggSwift.build/Debug-watchos/FronteggSwift_FronteggSwift-b.build/FronteggSwift_FronteggSwift.DependencyStaticMetadataFileList
WriteAuxiliaryFile /Users/admin/builder/spi-builder-workspace/.derivedData/Build/Intermediates.noindex/FronteggSwift.build/Debug-watchos/FronteggSwift_FronteggSwift-b.build/FronteggSwift_FronteggSwift.DependencyMetadataFileList (in target 'FronteggSwift_FronteggSwift' from project 'FronteggSwift')
cd /Users/admin/builder/spi-builder-workspace
write-file /Users/admin/builder/spi-builder-workspace/.derivedData/Build/Intermediates.noindex/FronteggSwift.build/Debug-watchos/FronteggSwift_FronteggSwift-b.build/FronteggSwift_FronteggSwift.DependencyMetadataFileList
MkDir /Users/admin/builder/spi-builder-workspace/.derivedData/Build/Products/Debug-watchos/FronteggSwift_FronteggSwift.bundle (in target 'FronteggSwift_FronteggSwift' from project 'FronteggSwift')
cd /Users/admin/builder/spi-builder-workspace
/bin/mkdir -p /Users/admin/builder/spi-builder-workspace/.derivedData/Build/Products/Debug-watchos/FronteggSwift_FronteggSwift.bundle
Copy /Users/admin/builder/spi-builder-workspace/.derivedData/Build/Intermediates.noindex/GeneratedModuleMaps-watchos/SentryCppHelper.modulemap /Users/admin/builder/spi-builder-workspace/.derivedData/Build/Intermediates.noindex/Sentry.build/Debug-watchos/SentryCppHelper-t.build/SentryCppHelper.modulemap (in target 'SentryCppHelper' from project 'Sentry')
cd /Users/admin/builder/spi-builder-workspace/.dependencies/checkouts/sentry-cocoa
builtin-copy -exclude .DS_Store -exclude CVS -exclude .svn -exclude .git -exclude .hg -resolve-src-symlinks /Users/admin/builder/spi-builder-workspace/.derivedData/Build/Intermediates.noindex/Sentry.build/Debug-watchos/SentryCppHelper-t.build/SentryCppHelper.modulemap /Users/admin/builder/spi-builder-workspace/.derivedData/Build/Intermediates.noindex/GeneratedModuleMaps-watchos
ProcessXCFramework /Users/admin/builder/spi-builder-workspace/.dependencies/artifacts/sentry-cocoa/Sentry/Sentry.xcframework /Users/admin/builder/spi-builder-workspace/.derivedData/Build/Products/Debug-watchos/Sentry.framework watchos
cd /Users/admin/builder/spi-builder-workspace/.swiftpm/xcode
builtin-process-xcframework --xcframework /Users/admin/builder/spi-builder-workspace/.dependencies/artifacts/sentry-cocoa/Sentry/Sentry.xcframework --platform watchos --target-path /Users/admin/builder/spi-builder-workspace/.derivedData/Build/Products/Debug-watchos
/Users/admin/builder/spi-builder-workspace/.dependencies/artifacts/sentry-cocoa/Sentry/Sentry.xcframework:1:1: note: The identity of “Sentry.xcframework” is not recorded in your project.
ProcessInfoPlistFile /Users/admin/builder/spi-builder-workspace/.derivedData/Build/Products/Debug-watchos/FronteggSwift_FronteggSwift.bundle/Info.plist /Users/admin/builder/spi-builder-workspace/.derivedData/Build/Intermediates.noindex/FronteggSwift.build/Debug-watchos/FronteggSwift_FronteggSwift-b.build/empty-FronteggSwift_FronteggSwift.plist (in target 'FronteggSwift_FronteggSwift' from project 'FronteggSwift')
cd /Users/admin/builder/spi-builder-workspace
builtin-infoPlistUtility /Users/admin/builder/spi-builder-workspace/.derivedData/Build/Intermediates.noindex/FronteggSwift.build/Debug-watchos/FronteggSwift_FronteggSwift-b.build/empty-FronteggSwift_FronteggSwift.plist -producttype com.apple.product-type.bundle -expandbuildsettings -format binary -platform watchos -o /Users/admin/builder/spi-builder-workspace/.derivedData/Build/Products/Debug-watchos/FronteggSwift_FronteggSwift.bundle/Info.plist
CpResource /Users/admin/builder/spi-builder-workspace/.derivedData/Build/Products/Debug-watchos/FronteggSwift_FronteggSwift.bundle/PrivacyInfo.xcprivacy /Users/admin/builder/spi-builder-workspace/Sources/FronteggSwift/PrivacyInfo.xcprivacy (in target 'FronteggSwift_FronteggSwift' from project 'FronteggSwift')
cd /Users/admin/builder/spi-builder-workspace
builtin-copy -exclude .DS_Store -exclude CVS -exclude .svn -exclude .git -exclude .hg -resolve-src-symlinks /Users/admin/builder/spi-builder-workspace/Sources/FronteggSwift/PrivacyInfo.xcprivacy /Users/admin/builder/spi-builder-workspace/.derivedData/Build/Products/Debug-watchos/FronteggSwift_FronteggSwift.bundle
RegisterExecutionPolicyException /Users/admin/builder/spi-builder-workspace/.derivedData/Build/Products/Debug-watchos/FronteggSwift_FronteggSwift.bundle (in target 'FronteggSwift_FronteggSwift' from project 'FronteggSwift')
cd /Users/admin/builder/spi-builder-workspace
builtin-RegisterExecutionPolicyException /Users/admin/builder/spi-builder-workspace/.derivedData/Build/Products/Debug-watchos/FronteggSwift_FronteggSwift.bundle
Touch /Users/admin/builder/spi-builder-workspace/.derivedData/Build/Products/Debug-watchos/FronteggSwift_FronteggSwift.bundle (in target 'FronteggSwift_FronteggSwift' from project 'FronteggSwift')
cd /Users/admin/builder/spi-builder-workspace
/usr/bin/touch -c /Users/admin/builder/spi-builder-workspace/.derivedData/Build/Products/Debug-watchos/FronteggSwift_FronteggSwift.bundle
WriteAuxiliaryFile /Users/admin/builder/spi-builder-workspace/.derivedData/Build/Intermediates.noindex/FronteggSwift.build/Debug-watchos/FronteggSwift-t.build/FronteggSwift.modulemap (in target 'FronteggSwift' from project 'FronteggSwift')
cd /Users/admin/builder/spi-builder-workspace
write-file /Users/admin/builder/spi-builder-workspace/.derivedData/Build/Intermediates.noindex/FronteggSwift.build/Debug-watchos/FronteggSwift-t.build/FronteggSwift.modulemap
WriteAuxiliaryFile /Users/admin/builder/spi-builder-workspace/.derivedData/Build/Intermediates.noindex/FronteggSwift.build/Debug-watchos/FronteggSwift-t.build/Objects-normal/arm64_32/FronteggSwift_const_extract_protocols.json (in target 'FronteggSwift' from project 'FronteggSwift')
cd /Users/admin/builder/spi-builder-workspace
write-file /Users/admin/builder/spi-builder-workspace/.derivedData/Build/Intermediates.noindex/FronteggSwift.build/Debug-watchos/FronteggSwift-t.build/Objects-normal/arm64_32/FronteggSwift_const_extract_protocols.json
WriteAuxiliaryFile /Users/admin/builder/spi-builder-workspace/.derivedData/Build/Intermediates.noindex/FronteggSwift.build/Debug-watchos/FronteggSwift-t.build/Objects-normal/arm64_32/FronteggSwift-OutputFileMap.json (in target 'FronteggSwift' from project 'FronteggSwift')
cd /Users/admin/builder/spi-builder-workspace
write-file /Users/admin/builder/spi-builder-workspace/.derivedData/Build/Intermediates.noindex/FronteggSwift.build/Debug-watchos/FronteggSwift-t.build/Objects-normal/arm64_32/FronteggSwift-OutputFileMap.json
WriteAuxiliaryFile /Users/admin/builder/spi-builder-workspace/.derivedData/Build/Intermediates.noindex/FronteggSwift.build/Debug-watchos/FronteggSwift-t.build/Objects-normal/arm64_32/FronteggSwift.SwiftFileList (in target 'FronteggSwift' from project 'FronteggSwift')
cd /Users/admin/builder/spi-builder-workspace
write-file /Users/admin/builder/spi-builder-workspace/.derivedData/Build/Intermediates.noindex/FronteggSwift.build/Debug-watchos/FronteggSwift-t.build/Objects-normal/arm64_32/FronteggSwift.SwiftFileList
WriteAuxiliaryFile /Users/admin/builder/spi-builder-workspace/.derivedData/Build/Intermediates.noindex/FronteggSwift.build/Debug-watchos/FronteggSwift-t.build/Objects-normal/arm64_32/FronteggSwift.SwiftConstValuesFileList (in target 'FronteggSwift' from project 'FronteggSwift')
cd /Users/admin/builder/spi-builder-workspace
write-file /Users/admin/builder/spi-builder-workspace/.derivedData/Build/Intermediates.noindex/FronteggSwift.build/Debug-watchos/FronteggSwift-t.build/Objects-normal/arm64_32/FronteggSwift.SwiftConstValuesFileList
WriteAuxiliaryFile /Users/admin/builder/spi-builder-workspace/.derivedData/Build/Intermediates.noindex/FronteggSwift.build/Debug-watchos/FronteggSwift-t.build/Objects-normal/arm64_32/FronteggSwift.LinkFileList (in target 'FronteggSwift' from project 'FronteggSwift')
cd /Users/admin/builder/spi-builder-workspace
write-file /Users/admin/builder/spi-builder-workspace/.derivedData/Build/Intermediates.noindex/FronteggSwift.build/Debug-watchos/FronteggSwift-t.build/Objects-normal/arm64_32/FronteggSwift.LinkFileList
WriteAuxiliaryFile /Users/admin/builder/spi-builder-workspace/.derivedData/Build/Intermediates.noindex/FronteggSwift.build/Debug-watchos/FronteggSwift-t.build/Objects-normal/arm64/FronteggSwift_const_extract_protocols.json (in target 'FronteggSwift' from project 'FronteggSwift')
cd /Users/admin/builder/spi-builder-workspace
write-file /Users/admin/builder/spi-builder-workspace/.derivedData/Build/Intermediates.noindex/FronteggSwift.build/Debug-watchos/FronteggSwift-t.build/Objects-normal/arm64/FronteggSwift_const_extract_protocols.json
WriteAuxiliaryFile /Users/admin/builder/spi-builder-workspace/.derivedData/Build/Intermediates.noindex/FronteggSwift.build/Debug-watchos/FronteggSwift-t.build/Objects-normal/arm64/FronteggSwift-OutputFileMap.json (in target 'FronteggSwift' from project 'FronteggSwift')
cd /Users/admin/builder/spi-builder-workspace
write-file /Users/admin/builder/spi-builder-workspace/.derivedData/Build/Intermediates.noindex/FronteggSwift.build/Debug-watchos/FronteggSwift-t.build/Objects-normal/arm64/FronteggSwift-OutputFileMap.json
WriteAuxiliaryFile /Users/admin/builder/spi-builder-workspace/.derivedData/Build/Intermediates.noindex/FronteggSwift.build/Debug-watchos/FronteggSwift-t.build/DerivedSources/resource_bundle_accessor.swift (in target 'FronteggSwift' from project 'FronteggSwift')
cd /Users/admin/builder/spi-builder-workspace
write-file /Users/admin/builder/spi-builder-workspace/.derivedData/Build/Intermediates.noindex/FronteggSwift.build/Debug-watchos/FronteggSwift-t.build/DerivedSources/resource_bundle_accessor.swift
WriteAuxiliaryFile /Users/admin/builder/spi-builder-workspace/.derivedData/Build/Intermediates.noindex/FronteggSwift.build/Debug-watchos/FronteggSwift-t.build/Objects-normal/arm64/FronteggSwift.SwiftFileList (in target 'FronteggSwift' from project 'FronteggSwift')
cd /Users/admin/builder/spi-builder-workspace
write-file /Users/admin/builder/spi-builder-workspace/.derivedData/Build/Intermediates.noindex/FronteggSwift.build/Debug-watchos/FronteggSwift-t.build/Objects-normal/arm64/FronteggSwift.SwiftFileList
WriteAuxiliaryFile /Users/admin/builder/spi-builder-workspace/.derivedData/Build/Intermediates.noindex/FronteggSwift.build/Debug-watchos/FronteggSwift-t.build/Objects-normal/arm64/FronteggSwift.SwiftConstValuesFileList (in target 'FronteggSwift' from project 'FronteggSwift')
cd /Users/admin/builder/spi-builder-workspace
write-file /Users/admin/builder/spi-builder-workspace/.derivedData/Build/Intermediates.noindex/FronteggSwift.build/Debug-watchos/FronteggSwift-t.build/Objects-normal/arm64/FronteggSwift.SwiftConstValuesFileList
WriteAuxiliaryFile /Users/admin/builder/spi-builder-workspace/.derivedData/Build/Intermediates.noindex/FronteggSwift.build/Debug-watchos/FronteggSwift-t.build/Objects-normal/arm64/FronteggSwift.LinkFileList (in target 'FronteggSwift' from project 'FronteggSwift')
cd /Users/admin/builder/spi-builder-workspace
write-file /Users/admin/builder/spi-builder-workspace/.derivedData/Build/Intermediates.noindex/FronteggSwift.build/Debug-watchos/FronteggSwift-t.build/Objects-normal/arm64/FronteggSwift.LinkFileList
WriteAuxiliaryFile /Users/admin/builder/spi-builder-workspace/.derivedData/Build/Intermediates.noindex/FronteggSwift.build/Debug-watchos/FronteggSwift-t.build/FronteggSwift.DependencyStaticMetadataFileList (in target 'FronteggSwift' from project 'FronteggSwift')
cd /Users/admin/builder/spi-builder-workspace
write-file /Users/admin/builder/spi-builder-workspace/.derivedData/Build/Intermediates.noindex/FronteggSwift.build/Debug-watchos/FronteggSwift-t.build/FronteggSwift.DependencyStaticMetadataFileList
WriteAuxiliaryFile /Users/admin/builder/spi-builder-workspace/.derivedData/Build/Intermediates.noindex/FronteggSwift.build/Debug-watchos/FronteggSwift-t.build/FronteggSwift.DependencyMetadataFileList (in target 'FronteggSwift' from project 'FronteggSwift')
cd /Users/admin/builder/spi-builder-workspace
write-file /Users/admin/builder/spi-builder-workspace/.derivedData/Build/Intermediates.noindex/FronteggSwift.build/Debug-watchos/FronteggSwift-t.build/FronteggSwift.DependencyMetadataFileList
Copy /Users/admin/builder/spi-builder-workspace/.derivedData/Build/Intermediates.noindex/GeneratedModuleMaps-watchos/FronteggSwift.modulemap /Users/admin/builder/spi-builder-workspace/.derivedData/Build/Intermediates.noindex/FronteggSwift.build/Debug-watchos/FronteggSwift-t.build/FronteggSwift.modulemap (in target 'FronteggSwift' from project 'FronteggSwift')
cd /Users/admin/builder/spi-builder-workspace
builtin-copy -exclude .DS_Store -exclude CVS -exclude .svn -exclude .git -exclude .hg -resolve-src-symlinks /Users/admin/builder/spi-builder-workspace/.derivedData/Build/Intermediates.noindex/FronteggSwift.build/Debug-watchos/FronteggSwift-t.build/FronteggSwift.modulemap /Users/admin/builder/spi-builder-workspace/.derivedData/Build/Intermediates.noindex/GeneratedModuleMaps-watchos
SwiftDriver SentryCppHelper normal arm64_32 com.apple.xcode.tools.swift.compiler (in target 'SentryCppHelper' from project 'Sentry')
cd /Users/admin/builder/spi-builder-workspace/.swiftpm/xcode
builtin-SwiftDriver -- /Applications/Xcode-27.0.0.app/Contents/Developer/Toolchains/XcodeDefault.xctoolchain/usr/bin/swiftc -parse-as-library -module-name SentryCppHelper -Onone @/Users/admin/builder/spi-builder-workspace/.derivedData/Build/Intermediates.noindex/Sentry.build/Debug-watchos/SentryCppHelper-t.build/Objects-normal/arm64_32/SentryCppHelper.SwiftFileList -DSWIFT_PACKAGE -DDEBUG -DSWIFT_MODULE_RESOURCE_BUNDLE_UNAVAILABLE -DXcode -plugin-path /Applications/Xcode-27.0.0.app/Contents/Developer/Toolchains/XcodeDefault.xctoolchain/usr/lib/swift/host/plugins/testing -enable-experimental-feature DebugDescriptionMacro -sdk /Applications/Xcode-27.0.0.app/Contents/Developer/Platforms/WatchOS.platform/Developer/SDKs/WatchOS27.0.sdk -target arm64_32-apple-watchos9.0 -g -module-cache-path /Users/admin/builder/spi-builder-workspace/.derivedData/ModuleCache.noindex -Xfrontend -serialize-debugging-options -profile-coverage-mapping -profile-generate -enable-testing -suppress-warnings -index-store-path /Users/admin/builder/spi-builder-workspace/.derivedData/Index.noindex/DataStore -Xcc -D_LIBCPP_HARDENING_MODE\=_LIBCPP_HARDENING_MODE_DEBUG -swift-version 5 -I /Users/admin/builder/spi-builder-workspace/.derivedData/Build/Products/Debug-watchos -Isystem /Applications/Xcode-27.0.0.app/Contents/Developer/Platforms/WatchOS.platform/Developer/usr/lib -F /Users/admin/builder/spi-builder-workspace/.derivedData/Build/Products/Debug-watchos -F /Applications/Xcode-27.0.0.app/Contents/Developer/Platforms/WatchOS.platform/Developer/Library/Frameworks -F /Applications/Xcode-27.0.0.app/Contents/Developer/Platforms/WatchOS.platform/Developer/SDKs/WatchOS27.0.sdk/Developer/Library/Frameworks -c -j10 -enable-batch-mode -incremental -Xcc -ivfsstatcache -Xcc /Users/admin/builder/spi-builder-workspace/.derivedData/SDKStatCaches.noindex/watchos27.0-24R360-e829b21a6f8c9b70876ba0858053c044b9db9bc9c079ee3c7b5f3373b13d10bc.sdkstatcache -output-file-map /Users/admin/builder/spi-builder-workspace/.derivedData/Build/Intermediates.noindex/Sentry.build/Debug-watchos/SentryCppHelper-t.build/Objects-normal/arm64_32/SentryCppHelper-OutputFileMap.json -save-temps -no-color-diagnostics -explicit-module-build -module-cache-path /Users/admin/builder/spi-builder-workspace/.derivedData/Build/Intermediates.noindex/SwiftExplicitPrecompiledModules -clang-scanner-module-cache-path /Users/admin/builder/spi-builder-workspace/.derivedData/ModuleCache.noindex -sdk-module-cache-path /Users/admin/builder/spi-builder-workspace/.derivedData/SDKExplicitPrecompiledModules -emit-dependencies -emit-module -emit-module-path /Users/admin/builder/spi-builder-workspace/.derivedData/Build/Intermediates.noindex/Sentry.build/Debug-watchos/SentryCppHelper-t.build/Objects-normal/arm64_32/SentryCppHelper.swiftmodule -serialize-diagnostics -dependency-scan-serialize-diagnostics-path /Users/admin/builder/spi-builder-workspace/.derivedData/Build/Intermediates.noindex/Sentry.build/Debug-watchos/SentryCppHelper-t.build/Objects-normal/arm64_32/SentryCppHelper-dependency-scan.dia -user-module-version 8.58.4 -validate-clang-modules-once -clang-build-session-file /Users/admin/builder/spi-builder-workspace/.derivedData/ModuleCache.noindex/Session.modulevalidation -Xcc -fmodules-prune-interval\=86400 -Xcc -fmodules-prune-after\=345600 -package-name sentry_cocoa -emit-const-values -const-gather-protocols-list /Users/admin/builder/spi-builder-workspace/.derivedData/Build/Intermediates.noindex/Sentry.build/Debug-watchos/SentryCppHelper-t.build/Objects-normal/arm64_32/SentryCppHelper_const_extract_protocols.json -Xcc -I/Users/admin/builder/spi-builder-workspace/.derivedData/Build/Products/Debug-watchos/include -Xcc -I/Users/admin/builder/spi-builder-workspace/.derivedData/Build/Intermediates.noindex/Sentry.build/Debug-watchos/SentryCppHelper-t.build/DerivedSources-normal/arm64_32 -Xcc -I/Users/admin/builder/spi-builder-workspace/.derivedData/Build/Intermediates.noindex/Sentry.build/Debug-watchos/SentryCppHelper-t.build/DerivedSources/arm64_32 -Xcc -I/Users/admin/builder/spi-builder-workspace/.derivedData/Build/Intermediates.noindex/Sentry.build/Debug-watchos/SentryCppHelper-t.build/DerivedSources -Xcc -DSWIFT_PACKAGE -Xcc -DDEBUG\=1 -emit-objc-header -emit-objc-header-path /Users/admin/builder/spi-builder-workspace/.derivedData/Build/Intermediates.noindex/Sentry.build/Debug-watchos/SentryCppHelper-t.build/Objects-normal/arm64_32/SentryCppHelper-Swift.h -working-directory /Users/admin/builder/spi-builder-workspace/.swiftpm/xcode -experimental-emit-module-separately -disable-cmo
SwiftDriver SentryCppHelper normal arm64 com.apple.xcode.tools.swift.compiler (in target 'SentryCppHelper' from project 'Sentry')
cd /Users/admin/builder/spi-builder-workspace/.swiftpm/xcode
builtin-SwiftDriver -- /Applications/Xcode-27.0.0.app/Contents/Developer/Toolchains/XcodeDefault.xctoolchain/usr/bin/swiftc -parse-as-library -module-name SentryCppHelper -Onone @/Users/admin/builder/spi-builder-workspace/.derivedData/Build/Intermediates.noindex/Sentry.build/Debug-watchos/SentryCppHelper-t.build/Objects-normal/arm64/SentryCppHelper.SwiftFileList -DSWIFT_PACKAGE -DDEBUG -DSWIFT_MODULE_RESOURCE_BUNDLE_UNAVAILABLE -DXcode -plugin-path /Applications/Xcode-27.0.0.app/Contents/Developer/Toolchains/XcodeDefault.xctoolchain/usr/lib/swift/host/plugins/testing -enable-experimental-feature DebugDescriptionMacro -sdk /Applications/Xcode-27.0.0.app/Contents/Developer/Platforms/WatchOS.platform/Developer/SDKs/WatchOS27.0.sdk -target arm64-apple-watchos9.0 -g -module-cache-path /Users/admin/builder/spi-builder-workspace/.derivedData/ModuleCache.noindex -Xfrontend -serialize-debugging-options -profile-coverage-mapping -profile-generate -enable-testing -suppress-warnings -index-store-path /Users/admin/builder/spi-builder-workspace/.derivedData/Index.noindex/DataStore -Xcc -D_LIBCPP_HARDENING_MODE\=_LIBCPP_HARDENING_MODE_DEBUG -swift-version 5 -I /Users/admin/builder/spi-builder-workspace/.derivedData/Build/Products/Debug-watchos -Isystem /Applications/Xcode-27.0.0.app/Contents/Developer/Platforms/WatchOS.platform/Developer/usr/lib -F /Users/admin/builder/spi-builder-workspace/.derivedData/Build/Products/Debug-watchos -F /Applications/Xcode-27.0.0.app/Contents/Developer/Platforms/WatchOS.platform/Developer/Library/Frameworks -F /Applications/Xcode-27.0.0.app/Contents/Developer/Platforms/WatchOS.platform/Developer/SDKs/WatchOS27.0.sdk/Developer/Library/Frameworks -c -j10 -enable-batch-mode -incremental -Xcc -ivfsstatcache -Xcc /Users/admin/builder/spi-builder-workspace/.derivedData/SDKStatCaches.noindex/watchos27.0-24R360-e829b21a6f8c9b70876ba0858053c044b9db9bc9c079ee3c7b5f3373b13d10bc.sdkstatcache -output-file-map /Users/admin/builder/spi-builder-workspace/.derivedData/Build/Intermediates.noindex/Sentry.build/Debug-watchos/SentryCppHelper-t.build/Objects-normal/arm64/SentryCppHelper-OutputFileMap.json -save-temps -no-color-diagnostics -explicit-module-build -module-cache-path /Users/admin/builder/spi-builder-workspace/.derivedData/Build/Intermediates.noindex/SwiftExplicitPrecompiledModules -clang-scanner-module-cache-path /Users/admin/builder/spi-builder-workspace/.derivedData/ModuleCache.noindex -sdk-module-cache-path /Users/admin/builder/spi-builder-workspace/.derivedData/SDKExplicitPrecompiledModules -emit-dependencies -emit-module -emit-module-path /Users/admin/builder/spi-builder-workspace/.derivedData/Build/Intermediates.noindex/Sentry.build/Debug-watchos/SentryCppHelper-t.build/Objects-normal/arm64/SentryCppHelper.swiftmodule -serialize-diagnostics -dependency-scan-serialize-diagnostics-path /Users/admin/builder/spi-builder-workspace/.derivedData/Build/Intermediates.noindex/Sentry.build/Debug-watchos/SentryCppHelper-t.build/Objects-normal/arm64/SentryCppHelper-dependency-scan.dia -user-module-version 8.58.4 -validate-clang-modules-once -clang-build-session-file /Users/admin/builder/spi-builder-workspace/.derivedData/ModuleCache.noindex/Session.modulevalidation -Xcc -fmodules-prune-interval\=86400 -Xcc -fmodules-prune-after\=345600 -package-name sentry_cocoa -emit-const-values -const-gather-protocols-list /Users/admin/builder/spi-builder-workspace/.derivedData/Build/Intermediates.noindex/Sentry.build/Debug-watchos/SentryCppHelper-t.build/Objects-normal/arm64/SentryCppHelper_const_extract_protocols.json -Xcc -I/Users/admin/builder/spi-builder-workspace/.derivedData/Build/Products/Debug-watchos/include -Xcc -I/Users/admin/builder/spi-builder-workspace/.derivedData/Build/Intermediates.noindex/Sentry.build/Debug-watchos/SentryCppHelper-t.build/DerivedSources-normal/arm64 -Xcc -I/Users/admin/builder/spi-builder-workspace/.derivedData/Build/Intermediates.noindex/Sentry.build/Debug-watchos/SentryCppHelper-t.build/DerivedSources/arm64 -Xcc -I/Users/admin/builder/spi-builder-workspace/.derivedData/Build/Intermediates.noindex/Sentry.build/Debug-watchos/SentryCppHelper-t.build/DerivedSources -Xcc -DSWIFT_PACKAGE -Xcc -DDEBUG\=1 -emit-objc-header -emit-objc-header-path /Users/admin/builder/spi-builder-workspace/.derivedData/Build/Intermediates.noindex/Sentry.build/Debug-watchos/SentryCppHelper-t.build/Objects-normal/arm64/SentryCppHelper-Swift.h -working-directory /Users/admin/builder/spi-builder-workspace/.swiftpm/xcode -experimental-emit-module-separately -disable-cmo
SwiftExplicitDependencyGeneratePcm arm64_32 /Users/admin/builder/spi-builder-workspace/.derivedData/SDKExplicitPrecompiledModules/SwiftShims-FK6J9H4F4DCVC1W0HC6IAN7E.pcm
SwiftExplicitDependencyGeneratePcm arm64 /Users/admin/builder/spi-builder-workspace/.derivedData/SDKExplicitPrecompiledModules/SwiftShims-EF6MVIY0O67MYUVBFUXUVMSI1.pcm
SwiftExplicitDependencyGeneratePcm arm64_32 /Users/admin/builder/spi-builder-workspace/.derivedData/SDKExplicitPrecompiledModules/_SwiftConcurrencyShims-EMXWUK5EGT5ME6C38RQNDWMNP.pcm
SwiftExplicitDependencyGeneratePcm arm64 /Users/admin/builder/spi-builder-workspace/.derivedData/SDKExplicitPrecompiledModules/_SwiftConcurrencyShims-DV7QQKPN6TGJGC9GZTKV2BO5H.pcm
SwiftEmitModule normal arm64_32 Emitting\ module\ for\ SentryCppHelper (in target 'SentryCppHelper' from project 'Sentry')
SwiftCompile normal arm64_32 (in target 'SentryCppHelper' from project 'Sentry')
cd /Users/admin/builder/spi-builder-workspace/.swiftpm/xcode
SwiftCompile normal arm64_32 Compiling\ SentryCppHelper.swift /Users/admin/builder/spi-builder-workspace/.dependencies/checkouts/sentry-cocoa/Sources/SentryCppHelper/SentryCppHelper.swift (in target 'SentryCppHelper' from project 'Sentry')
SwiftCompile normal arm64_32 /Users/admin/builder/spi-builder-workspace/.dependencies/checkouts/sentry-cocoa/Sources/SentryCppHelper/SentryCppHelper.swift (in target 'SentryCppHelper' from project 'Sentry')
cd /Users/admin/builder/spi-builder-workspace/.swiftpm/xcode
builtin-SwiftPerFileCompile SentryCppHelper.swift
SwiftEmitModule normal arm64 Emitting\ module\ for\ SentryCppHelper (in target 'SentryCppHelper' from project 'Sentry')
SwiftCompile normal arm64 (in target 'SentryCppHelper' from project 'Sentry')
cd /Users/admin/builder/spi-builder-workspace/.swiftpm/xcode
SwiftCompile normal arm64 Compiling\ SentryCppHelper.swift /Users/admin/builder/spi-builder-workspace/.dependencies/checkouts/sentry-cocoa/Sources/SentryCppHelper/SentryCppHelper.swift (in target 'SentryCppHelper' from project 'Sentry')
SwiftCompile normal arm64 /Users/admin/builder/spi-builder-workspace/.dependencies/checkouts/sentry-cocoa/Sources/SentryCppHelper/SentryCppHelper.swift (in target 'SentryCppHelper' from project 'Sentry')
cd /Users/admin/builder/spi-builder-workspace/.swiftpm/xcode
builtin-SwiftPerFileCompile SentryCppHelper.swift
SwiftDriverJobDiscovery normal arm64_32 Emitting module for SentryCppHelper (in target 'SentryCppHelper' from project 'Sentry')
SwiftDriverJobDiscovery normal arm64 Emitting module for SentryCppHelper (in target 'SentryCppHelper' from project 'Sentry')
SwiftDriver\ Compilation\ Requirements SentryCppHelper normal arm64_32 com.apple.xcode.tools.swift.compiler (in target 'SentryCppHelper' from project 'Sentry')
cd /Users/admin/builder/spi-builder-workspace/.swiftpm/xcode
builtin-Swift-Compilation-Requirements -- /Applications/Xcode-27.0.0.app/Contents/Developer/Toolchains/XcodeDefault.xctoolchain/usr/bin/swiftc -parse-as-library -module-name SentryCppHelper -Onone @/Users/admin/builder/spi-builder-workspace/.derivedData/Build/Intermediates.noindex/Sentry.build/Debug-watchos/SentryCppHelper-t.build/Objects-normal/arm64_32/SentryCppHelper.SwiftFileList -DSWIFT_PACKAGE -DDEBUG -DSWIFT_MODULE_RESOURCE_BUNDLE_UNAVAILABLE -DXcode -plugin-path /Applications/Xcode-27.0.0.app/Contents/Developer/Toolchains/XcodeDefault.xctoolchain/usr/lib/swift/host/plugins/testing -enable-experimental-feature DebugDescriptionMacro -sdk /Applications/Xcode-27.0.0.app/Contents/Developer/Platforms/WatchOS.platform/Developer/SDKs/WatchOS27.0.sdk -target arm64_32-apple-watchos9.0 -g -module-cache-path /Users/admin/builder/spi-builder-workspace/.derivedData/ModuleCache.noindex -Xfrontend -serialize-debugging-options -profile-coverage-mapping -profile-generate -enable-testing -suppress-warnings -index-store-path /Users/admin/builder/spi-builder-workspace/.derivedData/Index.noindex/DataStore -Xcc -D_LIBCPP_HARDENING_MODE\=_LIBCPP_HARDENING_MODE_DEBUG -swift-version 5 -I /Users/admin/builder/spi-builder-workspace/.derivedData/Build/Products/Debug-watchos -Isystem /Applications/Xcode-27.0.0.app/Contents/Developer/Platforms/WatchOS.platform/Developer/usr/lib -F /Users/admin/builder/spi-builder-workspace/.derivedData/Build/Products/Debug-watchos -F /Applications/Xcode-27.0.0.app/Contents/Developer/Platforms/WatchOS.platform/Developer/Library/Frameworks -F /Applications/Xcode-27.0.0.app/Contents/Developer/Platforms/WatchOS.platform/Developer/SDKs/WatchOS27.0.sdk/Developer/Library/Frameworks -c -j10 -enable-batch-mode -incremental -Xcc -ivfsstatcache -Xcc /Users/admin/builder/spi-builder-workspace/.derivedData/SDKStatCaches.noindex/watchos27.0-24R360-e829b21a6f8c9b70876ba0858053c044b9db9bc9c079ee3c7b5f3373b13d10bc.sdkstatcache -output-file-map /Users/admin/builder/spi-builder-workspace/.derivedData/Build/Intermediates.noindex/Sentry.build/Debug-watchos/SentryCppHelper-t.build/Objects-normal/arm64_32/SentryCppHelper-OutputFileMap.json -save-temps -no-color-diagnostics -explicit-module-build -module-cache-path /Users/admin/builder/spi-builder-workspace/.derivedData/Build/Intermediates.noindex/SwiftExplicitPrecompiledModules -clang-scanner-module-cache-path /Users/admin/builder/spi-builder-workspace/.derivedData/ModuleCache.noindex -sdk-module-cache-path /Users/admin/builder/spi-builder-workspace/.derivedData/SDKExplicitPrecompiledModules -emit-dependencies -emit-module -emit-module-path /Users/admin/builder/spi-builder-workspace/.derivedData/Build/Intermediates.noindex/Sentry.build/Debug-watchos/SentryCppHelper-t.build/Objects-normal/arm64_32/SentryCppHelper.swiftmodule -serialize-diagnostics -dependency-scan-serialize-diagnostics-path /Users/admin/builder/spi-builder-workspace/.derivedData/Build/Intermediates.noindex/Sentry.build/Debug-watchos/SentryCppHelper-t.build/Objects-normal/arm64_32/SentryCppHelper-dependency-scan.dia -user-module-version 8.58.4 -validate-clang-modules-once -clang-build-session-file /Users/admin/builder/spi-builder-workspace/.derivedData/ModuleCache.noindex/Session.modulevalidation -Xcc -fmodules-prune-interval\=86400 -Xcc -fmodules-prune-after\=345600 -package-name sentry_cocoa -emit-const-values -const-gather-protocols-list /Users/admin/builder/spi-builder-workspace/.derivedData/Build/Intermediates.noindex/Sentry.build/Debug-watchos/SentryCppHelper-t.build/Objects-normal/arm64_32/SentryCppHelper_const_extract_protocols.json -Xcc -I/Users/admin/builder/spi-builder-workspace/.derivedData/Build/Products/Debug-watchos/include -Xcc -I/Users/admin/builder/spi-builder-workspace/.derivedData/Build/Intermediates.noindex/Sentry.build/Debug-watchos/SentryCppHelper-t.build/DerivedSources-normal/arm64_32 -Xcc -I/Users/admin/builder/spi-builder-workspace/.derivedData/Build/Intermediates.noindex/Sentry.build/Debug-watchos/SentryCppHelper-t.build/DerivedSources/arm64_32 -Xcc -I/Users/admin/builder/spi-builder-workspace/.derivedData/Build/Intermediates.noindex/Sentry.build/Debug-watchos/SentryCppHelper-t.build/DerivedSources -Xcc -DSWIFT_PACKAGE -Xcc -DDEBUG\=1 -emit-objc-header -emit-objc-header-path /Users/admin/builder/spi-builder-workspace/.derivedData/Build/Intermediates.noindex/Sentry.build/Debug-watchos/SentryCppHelper-t.build/Objects-normal/arm64_32/SentryCppHelper-Swift.h -working-directory /Users/admin/builder/spi-builder-workspace/.swiftpm/xcode -experimental-emit-module-separately -disable-cmo
SwiftDriver\ Compilation\ Requirements SentryCppHelper normal arm64 com.apple.xcode.tools.swift.compiler (in target 'SentryCppHelper' from project 'Sentry')
cd /Users/admin/builder/spi-builder-workspace/.swiftpm/xcode
builtin-Swift-Compilation-Requirements -- /Applications/Xcode-27.0.0.app/Contents/Developer/Toolchains/XcodeDefault.xctoolchain/usr/bin/swiftc -parse-as-library -module-name SentryCppHelper -Onone @/Users/admin/builder/spi-builder-workspace/.derivedData/Build/Intermediates.noindex/Sentry.build/Debug-watchos/SentryCppHelper-t.build/Objects-normal/arm64/SentryCppHelper.SwiftFileList -DSWIFT_PACKAGE -DDEBUG -DSWIFT_MODULE_RESOURCE_BUNDLE_UNAVAILABLE -DXcode -plugin-path /Applications/Xcode-27.0.0.app/Contents/Developer/Toolchains/XcodeDefault.xctoolchain/usr/lib/swift/host/plugins/testing -enable-experimental-feature DebugDescriptionMacro -sdk /Applications/Xcode-27.0.0.app/Contents/Developer/Platforms/WatchOS.platform/Developer/SDKs/WatchOS27.0.sdk -target arm64-apple-watchos9.0 -g -module-cache-path /Users/admin/builder/spi-builder-workspace/.derivedData/ModuleCache.noindex -Xfrontend -serialize-debugging-options -profile-coverage-mapping -profile-generate -enable-testing -suppress-warnings -index-store-path /Users/admin/builder/spi-builder-workspace/.derivedData/Index.noindex/DataStore -Xcc -D_LIBCPP_HARDENING_MODE\=_LIBCPP_HARDENING_MODE_DEBUG -swift-version 5 -I /Users/admin/builder/spi-builder-workspace/.derivedData/Build/Products/Debug-watchos -Isystem /Applications/Xcode-27.0.0.app/Contents/Developer/Platforms/WatchOS.platform/Developer/usr/lib -F /Users/admin/builder/spi-builder-workspace/.derivedData/Build/Products/Debug-watchos -F /Applications/Xcode-27.0.0.app/Contents/Developer/Platforms/WatchOS.platform/Developer/Library/Frameworks -F /Applications/Xcode-27.0.0.app/Contents/Developer/Platforms/WatchOS.platform/Developer/SDKs/WatchOS27.0.sdk/Developer/Library/Frameworks -c -j10 -enable-batch-mode -incremental -Xcc -ivfsstatcache -Xcc /Users/admin/builder/spi-builder-workspace/.derivedData/SDKStatCaches.noindex/watchos27.0-24R360-e829b21a6f8c9b70876ba0858053c044b9db9bc9c079ee3c7b5f3373b13d10bc.sdkstatcache -output-file-map /Users/admin/builder/spi-builder-workspace/.derivedData/Build/Intermediates.noindex/Sentry.build/Debug-watchos/SentryCppHelper-t.build/Objects-normal/arm64/SentryCppHelper-OutputFileMap.json -save-temps -no-color-diagnostics -explicit-module-build -module-cache-path /Users/admin/builder/spi-builder-workspace/.derivedData/Build/Intermediates.noindex/SwiftExplicitPrecompiledModules -clang-scanner-module-cache-path /Users/admin/builder/spi-builder-workspace/.derivedData/ModuleCache.noindex -sdk-module-cache-path /Users/admin/builder/spi-builder-workspace/.derivedData/SDKExplicitPrecompiledModules -emit-dependencies -emit-module -emit-module-path /Users/admin/builder/spi-builder-workspace/.derivedData/Build/Intermediates.noindex/Sentry.build/Debug-watchos/SentryCppHelper-t.build/Objects-normal/arm64/SentryCppHelper.swiftmodule -serialize-diagnostics -dependency-scan-serialize-diagnostics-path /Users/admin/builder/spi-builder-workspace/.derivedData/Build/Intermediates.noindex/Sentry.build/Debug-watchos/SentryCppHelper-t.build/Objects-normal/arm64/SentryCppHelper-dependency-scan.dia -user-module-version 8.58.4 -validate-clang-modules-once -clang-build-session-file /Users/admin/builder/spi-builder-workspace/.derivedData/ModuleCache.noindex/Session.modulevalidation -Xcc -fmodules-prune-interval\=86400 -Xcc -fmodules-prune-after\=345600 -package-name sentry_cocoa -emit-const-values -const-gather-protocols-list /Users/admin/builder/spi-builder-workspace/.derivedData/Build/Intermediates.noindex/Sentry.build/Debug-watchos/SentryCppHelper-t.build/Objects-normal/arm64/SentryCppHelper_const_extract_protocols.json -Xcc -I/Users/admin/builder/spi-builder-workspace/.derivedData/Build/Products/Debug-watchos/include -Xcc -I/Users/admin/builder/spi-builder-workspace/.derivedData/Build/Intermediates.noindex/Sentry.build/Debug-watchos/SentryCppHelper-t.build/DerivedSources-normal/arm64 -Xcc -I/Users/admin/builder/spi-builder-workspace/.derivedData/Build/Intermediates.noindex/Sentry.build/Debug-watchos/SentryCppHelper-t.build/DerivedSources/arm64 -Xcc -I/Users/admin/builder/spi-builder-workspace/.derivedData/Build/Intermediates.noindex/Sentry.build/Debug-watchos/SentryCppHelper-t.build/DerivedSources -Xcc -DSWIFT_PACKAGE -Xcc -DDEBUG\=1 -emit-objc-header -emit-objc-header-path /Users/admin/builder/spi-builder-workspace/.derivedData/Build/Intermediates.noindex/Sentry.build/Debug-watchos/SentryCppHelper-t.build/Objects-normal/arm64/SentryCppHelper-Swift.h -working-directory /Users/admin/builder/spi-builder-workspace/.swiftpm/xcode -experimental-emit-module-separately -disable-cmo
SwiftMergeGeneratedHeaders /Users/admin/builder/spi-builder-workspace/.derivedData/Build/Intermediates.noindex/GeneratedModuleMaps-watchos/SentryCppHelper-Swift.h /Users/admin/builder/spi-builder-workspace/.derivedData/Build/Intermediates.noindex/Sentry.build/Debug-watchos/SentryCppHelper-t.build/Objects-normal/arm64/SentryCppHelper-Swift.h /Users/admin/builder/spi-builder-workspace/.derivedData/Build/Intermediates.noindex/Sentry.build/Debug-watchos/SentryCppHelper-t.build/Objects-normal/arm64_32/SentryCppHelper-Swift.h (in target 'SentryCppHelper' from project 'Sentry')
cd /Users/admin/builder/spi-builder-workspace/.dependencies/checkouts/sentry-cocoa
builtin-swiftHeaderTool -arch arm64 /Users/admin/builder/spi-builder-workspace/.derivedData/Build/Intermediates.noindex/Sentry.build/Debug-watchos/SentryCppHelper-t.build/Objects-normal/arm64/SentryCppHelper-Swift.h -arch arm64_32 /Users/admin/builder/spi-builder-workspace/.derivedData/Build/Intermediates.noindex/Sentry.build/Debug-watchos/SentryCppHelper-t.build/Objects-normal/arm64_32/SentryCppHelper-Swift.h -o /Users/admin/builder/spi-builder-workspace/.derivedData/Build/Intermediates.noindex/GeneratedModuleMaps-watchos/SentryCppHelper-Swift.h
Copy /Users/admin/builder/spi-builder-workspace/.derivedData/Build/Products/Debug-watchos/SentryCppHelper.swiftmodule/arm64-apple-watchos.abi.json /Users/admin/builder/spi-builder-workspace/.derivedData/Build/Intermediates.noindex/Sentry.build/Debug-watchos/SentryCppHelper-t.build/Objects-normal/arm64/SentryCppHelper.abi.json (in target 'SentryCppHelper' from project 'Sentry')
cd /Users/admin/builder/spi-builder-workspace/.dependencies/checkouts/sentry-cocoa
builtin-copy -exclude .DS_Store -exclude CVS -exclude .svn -exclude .git -exclude .hg -resolve-src-symlinks -rename /Users/admin/builder/spi-builder-workspace/.derivedData/Build/Intermediates.noindex/Sentry.build/Debug-watchos/SentryCppHelper-t.build/Objects-normal/arm64/SentryCppHelper.abi.json /Users/admin/builder/spi-builder-workspace/.derivedData/Build/Products/Debug-watchos/SentryCppHelper.swiftmodule/arm64-apple-watchos.abi.json
Copy /Users/admin/builder/spi-builder-workspace/.derivedData/Build/Products/Debug-watchos/SentryCppHelper.swiftmodule/arm64-apple-watchos.swiftdoc /Users/admin/builder/spi-builder-workspace/.derivedData/Build/Intermediates.noindex/Sentry.build/Debug-watchos/SentryCppHelper-t.build/Objects-normal/arm64/SentryCppHelper.swiftdoc (in target 'SentryCppHelper' from project 'Sentry')
cd /Users/admin/builder/spi-builder-workspace/.dependencies/checkouts/sentry-cocoa
builtin-copy -exclude .DS_Store -exclude CVS -exclude .svn -exclude .git -exclude .hg -resolve-src-symlinks -rename /Users/admin/builder/spi-builder-workspace/.derivedData/Build/Intermediates.noindex/Sentry.build/Debug-watchos/SentryCppHelper-t.build/Objects-normal/arm64/SentryCppHelper.swiftdoc /Users/admin/builder/spi-builder-workspace/.derivedData/Build/Products/Debug-watchos/SentryCppHelper.swiftmodule/arm64-apple-watchos.swiftdoc
Copy /Users/admin/builder/spi-builder-workspace/.derivedData/Build/Products/Debug-watchos/SentryCppHelper.swiftmodule/arm64-apple-watchos.swiftmodule /Users/admin/builder/spi-builder-workspace/.derivedData/Build/Intermediates.noindex/Sentry.build/Debug-watchos/SentryCppHelper-t.build/Objects-normal/arm64/SentryCppHelper.swiftmodule (in target 'SentryCppHelper' from project 'Sentry')
cd /Users/admin/builder/spi-builder-workspace/.dependencies/checkouts/sentry-cocoa
builtin-copy -exclude .DS_Store -exclude CVS -exclude .svn -exclude .git -exclude .hg -resolve-src-symlinks -rename /Users/admin/builder/spi-builder-workspace/.derivedData/Build/Intermediates.noindex/Sentry.build/Debug-watchos/SentryCppHelper-t.build/Objects-normal/arm64/SentryCppHelper.swiftmodule /Users/admin/builder/spi-builder-workspace/.derivedData/Build/Products/Debug-watchos/SentryCppHelper.swiftmodule/arm64-apple-watchos.swiftmodule
Copy /Users/admin/builder/spi-builder-workspace/.derivedData/Build/Products/Debug-watchos/SentryCppHelper.swiftmodule/arm64_32-apple-watchos.swiftdoc /Users/admin/builder/spi-builder-workspace/.derivedData/Build/Intermediates.noindex/Sentry.build/Debug-watchos/SentryCppHelper-t.build/Objects-normal/arm64_32/SentryCppHelper.swiftdoc (in target 'SentryCppHelper' from project 'Sentry')
cd /Users/admin/builder/spi-builder-workspace/.dependencies/checkouts/sentry-cocoa
builtin-copy -exclude .DS_Store -exclude CVS -exclude .svn -exclude .git -exclude .hg -resolve-src-symlinks -rename /Users/admin/builder/spi-builder-workspace/.derivedData/Build/Intermediates.noindex/Sentry.build/Debug-watchos/SentryCppHelper-t.build/Objects-normal/arm64_32/SentryCppHelper.swiftdoc /Users/admin/builder/spi-builder-workspace/.derivedData/Build/Products/Debug-watchos/SentryCppHelper.swiftmodule/arm64_32-apple-watchos.swiftdoc
Copy /Users/admin/builder/spi-builder-workspace/.derivedData/Build/Products/Debug-watchos/SentryCppHelper.swiftmodule/arm64_32-apple-watchos.swiftmodule /Users/admin/builder/spi-builder-workspace/.derivedData/Build/Intermediates.noindex/Sentry.build/Debug-watchos/SentryCppHelper-t.build/Objects-normal/arm64_32/SentryCppHelper.swiftmodule (in target 'SentryCppHelper' from project 'Sentry')
cd /Users/admin/builder/spi-builder-workspace/.dependencies/checkouts/sentry-cocoa
builtin-copy -exclude .DS_Store -exclude CVS -exclude .svn -exclude .git -exclude .hg -resolve-src-symlinks -rename /Users/admin/builder/spi-builder-workspace/.derivedData/Build/Intermediates.noindex/Sentry.build/Debug-watchos/SentryCppHelper-t.build/Objects-normal/arm64_32/SentryCppHelper.swiftmodule /Users/admin/builder/spi-builder-workspace/.derivedData/Build/Products/Debug-watchos/SentryCppHelper.swiftmodule/arm64_32-apple-watchos.swiftmodule
Copy /Users/admin/builder/spi-builder-workspace/.derivedData/Build/Products/Debug-watchos/SentryCppHelper.swiftmodule/arm64_32-apple-watchos.abi.json /Users/admin/builder/spi-builder-workspace/.derivedData/Build/Intermediates.noindex/Sentry.build/Debug-watchos/SentryCppHelper-t.build/Objects-normal/arm64_32/SentryCppHelper.abi.json (in target 'SentryCppHelper' from project 'Sentry')
cd /Users/admin/builder/spi-builder-workspace/.dependencies/checkouts/sentry-cocoa
builtin-copy -exclude .DS_Store -exclude CVS -exclude .svn -exclude .git -exclude .hg -resolve-src-symlinks -rename /Users/admin/builder/spi-builder-workspace/.derivedData/Build/Intermediates.noindex/Sentry.build/Debug-watchos/SentryCppHelper-t.build/Objects-normal/arm64_32/SentryCppHelper.abi.json /Users/admin/builder/spi-builder-workspace/.derivedData/Build/Products/Debug-watchos/SentryCppHelper.swiftmodule/arm64_32-apple-watchos.abi.json
Copy /Users/admin/builder/spi-builder-workspace/.derivedData/Build/Products/Debug-watchos/SentryCppHelper.swiftmodule/Project/arm64_32-apple-watchos.swiftsourceinfo /Users/admin/builder/spi-builder-workspace/.derivedData/Build/Intermediates.noindex/Sentry.build/Debug-watchos/SentryCppHelper-t.build/Objects-normal/arm64_32/SentryCppHelper.swiftsourceinfo (in target 'SentryCppHelper' from project 'Sentry')
cd /Users/admin/builder/spi-builder-workspace/.dependencies/checkouts/sentry-cocoa
builtin-copy -exclude .DS_Store -exclude CVS -exclude .svn -exclude .git -exclude .hg -resolve-src-symlinks -rename /Users/admin/builder/spi-builder-workspace/.derivedData/Build/Intermediates.noindex/Sentry.build/Debug-watchos/SentryCppHelper-t.build/Objects-normal/arm64_32/SentryCppHelper.swiftsourceinfo /Users/admin/builder/spi-builder-workspace/.derivedData/Build/Products/Debug-watchos/SentryCppHelper.swiftmodule/Project/arm64_32-apple-watchos.swiftsourceinfo
Copy /Users/admin/builder/spi-builder-workspace/.derivedData/Build/Products/Debug-watchos/SentryCppHelper.swiftmodule/Project/arm64-apple-watchos.swiftsourceinfo /Users/admin/builder/spi-builder-workspace/.derivedData/Build/Intermediates.noindex/Sentry.build/Debug-watchos/SentryCppHelper-t.build/Objects-normal/arm64/SentryCppHelper.swiftsourceinfo (in target 'SentryCppHelper' from project 'Sentry')
cd /Users/admin/builder/spi-builder-workspace/.dependencies/checkouts/sentry-cocoa
builtin-copy -exclude .DS_Store -exclude CVS -exclude .svn -exclude .git -exclude .hg -resolve-src-symlinks -rename /Users/admin/builder/spi-builder-workspace/.derivedData/Build/Intermediates.noindex/Sentry.build/Debug-watchos/SentryCppHelper-t.build/Objects-normal/arm64/SentryCppHelper.swiftsourceinfo /Users/admin/builder/spi-builder-workspace/.derivedData/Build/Products/Debug-watchos/SentryCppHelper.swiftmodule/Project/arm64-apple-watchos.swiftsourceinfo
SwiftDriver FronteggSwift normal arm64 com.apple.xcode.tools.swift.compiler (in target 'FronteggSwift' from project 'FronteggSwift')
cd /Users/admin/builder/spi-builder-workspace/.swiftpm/xcode
builtin-SwiftDriver -- /Applications/Xcode-27.0.0.app/Contents/Developer/Toolchains/XcodeDefault.xctoolchain/usr/bin/swiftc -parse-as-library -module-name FronteggSwift -Onone @/Users/admin/builder/spi-builder-workspace/.derivedData/Build/Intermediates.noindex/FronteggSwift.build/Debug-watchos/FronteggSwift-t.build/Objects-normal/arm64/FronteggSwift.SwiftFileList -DSWIFT_PACKAGE -DDEBUG -DSWIFT_MODULE_RESOURCE_BUNDLE_AVAILABLE -DXcode -plugin-path /Applications/Xcode-27.0.0.app/Contents/Developer/Toolchains/XcodeDefault.xctoolchain/usr/lib/swift/host/plugins/testing -enable-experimental-feature DebugDescriptionMacro -sdk /Applications/Xcode-27.0.0.app/Contents/Developer/Platforms/WatchOS.platform/Developer/SDKs/WatchOS27.0.sdk -target arm64-apple-watchos9.0 -g -module-cache-path /Users/admin/builder/spi-builder-workspace/.derivedData/ModuleCache.noindex -Xfrontend -serialize-debugging-options -profile-coverage-mapping -profile-generate -enable-testing -index-store-path /Users/admin/builder/spi-builder-workspace/.derivedData/Index.noindex/DataStore -Xcc -D_LIBCPP_HARDENING_MODE\=_LIBCPP_HARDENING_MODE_DEBUG -swift-version 5 -I /Users/admin/builder/spi-builder-workspace/.derivedData/Build/Products/Debug-watchos -Isystem /Applications/Xcode-27.0.0.app/Contents/Developer/Platforms/WatchOS.platform/Developer/usr/lib -F /Users/admin/builder/spi-builder-workspace/.derivedData/Build/Products/Debug-watchos/PackageFrameworks -F /Users/admin/builder/spi-builder-workspace/.derivedData/Build/Products/Debug-watchos -F /Applications/Xcode-27.0.0.app/Contents/Developer/Platforms/WatchOS.platform/Developer/Library/Frameworks -F /Applications/Xcode-27.0.0.app/Contents/Developer/Platforms/WatchOS.platform/Developer/SDKs/WatchOS27.0.sdk/Developer/Library/Frameworks -c -j10 -enable-batch-mode -incremental -Xcc -ivfsstatcache -Xcc /Users/admin/builder/spi-builder-workspace/.derivedData/SDKStatCaches.noindex/watchos27.0-24R360-e829b21a6f8c9b70876ba0858053c044b9db9bc9c079ee3c7b5f3373b13d10bc.sdkstatcache -output-file-map /Users/admin/builder/spi-builder-workspace/.derivedData/Build/Intermediates.noindex/FronteggSwift.build/Debug-watchos/FronteggSwift-t.build/Objects-normal/arm64/FronteggSwift-OutputFileMap.json -save-temps -no-color-diagnostics -explicit-module-build -module-cache-path /Users/admin/builder/spi-builder-workspace/.derivedData/Build/Intermediates.noindex/SwiftExplicitPrecompiledModules -clang-scanner-module-cache-path /Users/admin/builder/spi-builder-workspace/.derivedData/ModuleCache.noindex -sdk-module-cache-path /Users/admin/builder/spi-builder-workspace/.derivedData/SDKExplicitPrecompiledModules -emit-dependencies -emit-module -emit-module-path /Users/admin/builder/spi-builder-workspace/.derivedData/Build/Intermediates.noindex/FronteggSwift.build/Debug-watchos/FronteggSwift-t.build/Objects-normal/arm64/FronteggSwift.swiftmodule -serialize-diagnostics -dependency-scan-serialize-diagnostics-path /Users/admin/builder/spi-builder-workspace/.derivedData/Build/Intermediates.noindex/FronteggSwift.build/Debug-watchos/FronteggSwift-t.build/Objects-normal/arm64/FronteggSwift-dependency-scan.dia -validate-clang-modules-once -clang-build-session-file /Users/admin/builder/spi-builder-workspace/.derivedData/ModuleCache.noindex/Session.modulevalidation -Xcc -fmodules-prune-interval\=86400 -Xcc -fmodules-prune-after\=345600 -emit-const-values -const-gather-protocols-list /Users/admin/builder/spi-builder-workspace/.derivedData/Build/Intermediates.noindex/FronteggSwift.build/Debug-watchos/FronteggSwift-t.build/Objects-normal/arm64/FronteggSwift_const_extract_protocols.json -Xcc -I/Users/admin/builder/spi-builder-workspace/.derivedData/Build/Products/Debug-watchos/include -Xcc -I/Users/admin/builder/spi-builder-workspace/.derivedData/Build/Intermediates.noindex/FronteggSwift.build/Debug-watchos/FronteggSwift-t.build/DerivedSources-normal/arm64 -Xcc -I/Users/admin/builder/spi-builder-workspace/.derivedData/Build/Intermediates.noindex/FronteggSwift.build/Debug-watchos/FronteggSwift-t.build/DerivedSources/arm64 -Xcc -I/Users/admin/builder/spi-builder-workspace/.derivedData/Build/Intermediates.noindex/FronteggSwift.build/Debug-watchos/FronteggSwift-t.build/DerivedSources -Xcc -DSWIFT_PACKAGE -Xcc -DDEBUG\=1 -emit-objc-header -emit-objc-header-path /Users/admin/builder/spi-builder-workspace/.derivedData/Build/Intermediates.noindex/FronteggSwift.build/Debug-watchos/FronteggSwift-t.build/Objects-normal/arm64/FronteggSwift-Swift.h -working-directory /Users/admin/builder/spi-builder-workspace/.swiftpm/xcode -experimental-emit-module-separately -disable-cmo
/Users/admin/builder/spi-builder-workspace/Sources/FronteggSwift/FronteggAuth.swift:9:8: error: Unable to resolve module dependency: 'WebKit' (in target 'FronteggSwift' from project 'FronteggSwift')
note: A dependency of main module 'FronteggSwift'
/Users/admin/builder/spi-builder-workspace/Sources/FronteggSwift/admin-portal/AdminPortalBridge.swift:2:8: note: Also imported here
/Users/admin/builder/spi-builder-workspace/Sources/FronteggSwift/admin-portal/AdminPortalView.swift:14:8: note: Also imported here
/Users/admin/builder/spi-builder-workspace/Sources/FronteggSwift/admin-portal/AdminPortalWebView.swift:7:8: note: Also imported here
/Users/admin/builder/spi-builder-workspace/Sources/FronteggSwift/auth/FronteggAuth+Logout.swift:8:8: note: Also imported here
/Users/admin/builder/spi-builder-workspace/Sources/FronteggSwift/auth/FronteggAuth+SessionRestore.swift:8:8: note: Also imported here
/Users/admin/builder/spi-builder-workspace/Sources/FronteggSwift/auth/FronteggAuth+SocialFlows.swift:11:8: note: Also imported here
/Users/admin/builder/spi-builder-workspace/Sources/FronteggSwift/auth/FronteggAuth+Testing.swift:8:8: note: Also imported here
/Users/admin/builder/spi-builder-workspace/Sources/FronteggSwift/authenticators/WebAuthenticator.swift:9:8: note: Also imported here
/Users/admin/builder/spi-builder-workspace/Sources/FronteggSwift/embedded/CustomWebView.swift:7:24: note: Also imported here
/Users/admin/builder/spi-builder-workspace/Sources/FronteggSwift/embedded/FronteggWKContentController.swift:9:8: note: Also imported here
/Users/admin/builder/spi-builder-workspace/Sources/FronteggSwift/embedded/FronteggWebView.swift:8:8: note: Also imported here
/Users/admin/builder/spi-builder-workspace/Sources/FronteggSwift/embedded/StepUpWebDriver.swift:8:8: note: Also imported here
/Users/admin/builder/spi-builder-workspace/Sources/FronteggSwift/services/WebSessionCookies.swift:7:8: note: Also imported here
/Users/admin/builder/spi-builder-workspace/Sources/FronteggSwift/utils/generators/SocialLoginUrlGenerator.swift:12:8: note: Also imported here
/Users/admin/builder/spi-builder-workspace/Sources/FronteggSwift/FronteggAuth.swift:9:8: note: A dependency of main module 'FronteggSwift'
import WebKit
^ (in target 'FronteggSwift' from project 'FronteggSwift')
/Users/admin/builder/spi-builder-workspace/Sources/FronteggSwift/admin-portal/AdminPortalBridge.swift:2:8: note: Also imported here
import WebKit
^ (in target 'FronteggSwift' from project 'FronteggSwift')
/Users/admin/builder/spi-builder-workspace/Sources/FronteggSwift/admin-portal/AdminPortalView.swift:14:8: note: Also imported here
import WebKit
^ (in target 'FronteggSwift' from project 'FronteggSwift')
/Users/admin/builder/spi-builder-workspace/Sources/FronteggSwift/admin-portal/AdminPortalWebView.swift:7:8: note: Also imported here
import WebKit
^ (in target 'FronteggSwift' from project 'FronteggSwift')
/Users/admin/builder/spi-builder-workspace/Sources/FronteggSwift/auth/FronteggAuth+Logout.swift:8:8: note: Also imported here
import WebKit
^ (in target 'FronteggSwift' from project 'FronteggSwift')
/Users/admin/builder/spi-builder-workspace/Sources/FronteggSwift/auth/FronteggAuth+SessionRestore.swift:8:8: note: Also imported here
import WebKit
^ (in target 'FronteggSwift' from project 'FronteggSwift')
/Users/admin/builder/spi-builder-workspace/Sources/FronteggSwift/auth/FronteggAuth+SocialFlows.swift:11:8: note: Also imported here
import WebKit
^ (in target 'FronteggSwift' from project 'FronteggSwift')
/Users/admin/builder/spi-builder-workspace/Sources/FronteggSwift/auth/FronteggAuth+Testing.swift:8:8: note: Also imported here
import WebKit
^ (in target 'FronteggSwift' from project 'FronteggSwift')
/Users/admin/builder/spi-builder-workspace/Sources/FronteggSwift/authenticators/WebAuthenticator.swift:9:8: note: Also imported here
import WebKit
^ (in target 'FronteggSwift' from project 'FronteggSwift')
/Users/admin/builder/spi-builder-workspace/Sources/FronteggSwift/embedded/CustomWebView.swift:7:24: note: Also imported here
@preconcurrency import WebKit
^ (in target 'FronteggSwift' from project 'FronteggSwift')
/Users/admin/builder/spi-builder-workspace/Sources/FronteggSwift/embedded/FronteggWKContentController.swift:9:8: note: Also imported here
import WebKit
^ (in target 'FronteggSwift' from project 'FronteggSwift')
/Users/admin/builder/spi-builder-workspace/Sources/FronteggSwift/embedded/FronteggWebView.swift:8:8: note: Also imported here
import WebKit
^ (in target 'FronteggSwift' from project 'FronteggSwift')
/Users/admin/builder/spi-builder-workspace/Sources/FronteggSwift/embedded/StepUpWebDriver.swift:8:8: note: Also imported here
import WebKit
^ (in target 'FronteggSwift' from project 'FronteggSwift')
/Users/admin/builder/spi-builder-workspace/Sources/FronteggSwift/services/WebSessionCookies.swift:7:8: note: Also imported here
import WebKit
^ (in target 'FronteggSwift' from project 'FronteggSwift')
/Users/admin/builder/spi-builder-workspace/Sources/FronteggSwift/utils/generators/SocialLoginUrlGenerator.swift:12:8: note: Also imported here
import WebKit
^ (in target 'FronteggSwift' from project 'FronteggSwift')
SwiftDriver FronteggSwift normal arm64_32 com.apple.xcode.tools.swift.compiler (in target 'FronteggSwift' from project 'FronteggSwift')
cd /Users/admin/builder/spi-builder-workspace/.swiftpm/xcode
builtin-SwiftDriver -- /Applications/Xcode-27.0.0.app/Contents/Developer/Toolchains/XcodeDefault.xctoolchain/usr/bin/swiftc -parse-as-library -module-name FronteggSwift -Onone @/Users/admin/builder/spi-builder-workspace/.derivedData/Build/Intermediates.noindex/FronteggSwift.build/Debug-watchos/FronteggSwift-t.build/Objects-normal/arm64_32/FronteggSwift.SwiftFileList -DSWIFT_PACKAGE -DDEBUG -DSWIFT_MODULE_RESOURCE_BUNDLE_AVAILABLE -DXcode -plugin-path /Applications/Xcode-27.0.0.app/Contents/Developer/Toolchains/XcodeDefault.xctoolchain/usr/lib/swift/host/plugins/testing -enable-experimental-feature DebugDescriptionMacro -sdk /Applications/Xcode-27.0.0.app/Contents/Developer/Platforms/WatchOS.platform/Developer/SDKs/WatchOS27.0.sdk -target arm64_32-apple-watchos9.0 -g -module-cache-path /Users/admin/builder/spi-builder-workspace/.derivedData/ModuleCache.noindex -Xfrontend -serialize-debugging-options -profile-coverage-mapping -profile-generate -enable-testing -index-store-path /Users/admin/builder/spi-builder-workspace/.derivedData/Index.noindex/DataStore -Xcc -D_LIBCPP_HARDENING_MODE\=_LIBCPP_HARDENING_MODE_DEBUG -swift-version 5 -I /Users/admin/builder/spi-builder-workspace/.derivedData/Build/Products/Debug-watchos -Isystem /Applications/Xcode-27.0.0.app/Contents/Developer/Platforms/WatchOS.platform/Developer/usr/lib -F /Users/admin/builder/spi-builder-workspace/.derivedData/Build/Products/Debug-watchos/PackageFrameworks -F /Users/admin/builder/spi-builder-workspace/.derivedData/Build/Products/Debug-watchos -F /Applications/Xcode-27.0.0.app/Contents/Developer/Platforms/WatchOS.platform/Developer/Library/Frameworks -F /Applications/Xcode-27.0.0.app/Contents/Developer/Platforms/WatchOS.platform/Developer/SDKs/WatchOS27.0.sdk/Developer/Library/Frameworks -c -j10 -enable-batch-mode -incremental -Xcc -ivfsstatcache -Xcc /Users/admin/builder/spi-builder-workspace/.derivedData/SDKStatCaches.noindex/watchos27.0-24R360-e829b21a6f8c9b70876ba0858053c044b9db9bc9c079ee3c7b5f3373b13d10bc.sdkstatcache -output-file-map /Users/admin/builder/spi-builder-workspace/.derivedData/Build/Intermediates.noindex/FronteggSwift.build/Debug-watchos/FronteggSwift-t.build/Objects-normal/arm64_32/FronteggSwift-OutputFileMap.json -save-temps -no-color-diagnostics -explicit-module-build -module-cache-path /Users/admin/builder/spi-builder-workspace/.derivedData/Build/Intermediates.noindex/SwiftExplicitPrecompiledModules -clang-scanner-module-cache-path /Users/admin/builder/spi-builder-workspace/.derivedData/ModuleCache.noindex -sdk-module-cache-path /Users/admin/builder/spi-builder-workspace/.derivedData/SDKExplicitPrecompiledModules -emit-dependencies -emit-module -emit-module-path /Users/admin/builder/spi-builder-workspace/.derivedData/Build/Intermediates.noindex/FronteggSwift.build/Debug-watchos/FronteggSwift-t.build/Objects-normal/arm64_32/FronteggSwift.swiftmodule -serialize-diagnostics -dependency-scan-serialize-diagnostics-path /Users/admin/builder/spi-builder-workspace/.derivedData/Build/Intermediates.noindex/FronteggSwift.build/Debug-watchos/FronteggSwift-t.build/Objects-normal/arm64_32/FronteggSwift-dependency-scan.dia -validate-clang-modules-once -clang-build-session-file /Users/admin/builder/spi-builder-workspace/.derivedData/ModuleCache.noindex/Session.modulevalidation -Xcc -fmodules-prune-interval\=86400 -Xcc -fmodules-prune-after\=345600 -emit-const-values -const-gather-protocols-list /Users/admin/builder/spi-builder-workspace/.derivedData/Build/Intermediates.noindex/FronteggSwift.build/Debug-watchos/FronteggSwift-t.build/Objects-normal/arm64_32/FronteggSwift_const_extract_protocols.json -Xcc -I/Users/admin/builder/spi-builder-workspace/.derivedData/Build/Products/Debug-watchos/include -Xcc -I/Users/admin/builder/spi-builder-workspace/.derivedData/Build/Intermediates.noindex/FronteggSwift.build/Debug-watchos/FronteggSwift-t.build/DerivedSources-normal/arm64_32 -Xcc -I/Users/admin/builder/spi-builder-workspace/.derivedData/Build/Intermediates.noindex/FronteggSwift.build/Debug-watchos/FronteggSwift-t.build/DerivedSources/arm64_32 -Xcc -I/Users/admin/builder/spi-builder-workspace/.derivedData/Build/Intermediates.noindex/FronteggSwift.build/Debug-watchos/FronteggSwift-t.build/DerivedSources -Xcc -DSWIFT_PACKAGE -Xcc -DDEBUG\=1 -emit-objc-header -emit-objc-header-path /Users/admin/builder/spi-builder-workspace/.derivedData/Build/Intermediates.noindex/FronteggSwift.build/Debug-watchos/FronteggSwift-t.build/Objects-normal/arm64_32/FronteggSwift-Swift.h -working-directory /Users/admin/builder/spi-builder-workspace/.swiftpm/xcode -experimental-emit-module-separately -disable-cmo
/Users/admin/builder/spi-builder-workspace/Sources/FronteggSwift/FronteggAuth.swift:9:8: error: Unable to resolve module dependency: 'WebKit' (in target 'FronteggSwift' from project 'FronteggSwift')
note: A dependency of main module 'FronteggSwift'
/Users/admin/builder/spi-builder-workspace/Sources/FronteggSwift/admin-portal/AdminPortalBridge.swift:2:8: note: Also imported here
/Users/admin/builder/spi-builder-workspace/Sources/FronteggSwift/admin-portal/AdminPortalView.swift:14:8: note: Also imported here
/Users/admin/builder/spi-builder-workspace/Sources/FronteggSwift/admin-portal/AdminPortalWebView.swift:7:8: note: Also imported here
/Users/admin/builder/spi-builder-workspace/Sources/FronteggSwift/auth/FronteggAuth+Logout.swift:8:8: note: Also imported here
/Users/admin/builder/spi-builder-workspace/Sources/FronteggSwift/auth/FronteggAuth+SessionRestore.swift:8:8: note: Also imported here
/Users/admin/builder/spi-builder-workspace/Sources/FronteggSwift/auth/FronteggAuth+SocialFlows.swift:11:8: note: Also imported here
/Users/admin/builder/spi-builder-workspace/Sources/FronteggSwift/auth/FronteggAuth+Testing.swift:8:8: note: Also imported here
/Users/admin/builder/spi-builder-workspace/Sources/FronteggSwift/authenticators/WebAuthenticator.swift:9:8: note: Also imported here
/Users/admin/builder/spi-builder-workspace/Sources/FronteggSwift/embedded/CustomWebView.swift:7:24: note: Also imported here
/Users/admin/builder/spi-builder-workspace/Sources/FronteggSwift/embedded/FronteggWKContentController.swift:9:8: note: Also imported here
/Users/admin/builder/spi-builder-workspace/Sources/FronteggSwift/embedded/FronteggWebView.swift:8:8: note: Also imported here
/Users/admin/builder/spi-builder-workspace/Sources/FronteggSwift/embedded/StepUpWebDriver.swift:8:8: note: Also imported here
/Users/admin/builder/spi-builder-workspace/Sources/FronteggSwift/services/WebSessionCookies.swift:7:8: note: Also imported here
/Users/admin/builder/spi-builder-workspace/Sources/FronteggSwift/utils/generators/SocialLoginUrlGenerator.swift:12:8: note: Also imported here
/Users/admin/builder/spi-builder-workspace/Sources/FronteggSwift/FronteggAuth.swift:9:8: note: A dependency of main module 'FronteggSwift'
import WebKit
^ (in target 'FronteggSwift' from project 'FronteggSwift')
/Users/admin/builder/spi-builder-workspace/Sources/FronteggSwift/admin-portal/AdminPortalBridge.swift:2:8: note: Also imported here
import WebKit
^ (in target 'FronteggSwift' from project 'FronteggSwift')
/Users/admin/builder/spi-builder-workspace/Sources/FronteggSwift/admin-portal/AdminPortalView.swift:14:8: note: Also imported here
import WebKit
^ (in target 'FronteggSwift' from project 'FronteggSwift')
/Users/admin/builder/spi-builder-workspace/Sources/FronteggSwift/admin-portal/AdminPortalWebView.swift:7:8: note: Also imported here
import WebKit
^ (in target 'FronteggSwift' from project 'FronteggSwift')
/Users/admin/builder/spi-builder-workspace/Sources/FronteggSwift/auth/FronteggAuth+Logout.swift:8:8: note: Also imported here
import WebKit
^ (in target 'FronteggSwift' from project 'FronteggSwift')
/Users/admin/builder/spi-builder-workspace/Sources/FronteggSwift/auth/FronteggAuth+SessionRestore.swift:8:8: note: Also imported here
import WebKit
^ (in target 'FronteggSwift' from project 'FronteggSwift')
/Users/admin/builder/spi-builder-workspace/Sources/FronteggSwift/auth/FronteggAuth+SocialFlows.swift:11:8: note: Also imported here
import WebKit
^ (in target 'FronteggSwift' from project 'FronteggSwift')
/Users/admin/builder/spi-builder-workspace/Sources/FronteggSwift/auth/FronteggAuth+Testing.swift:8:8: note: Also imported here
import WebKit
^ (in target 'FronteggSwift' from project 'FronteggSwift')
/Users/admin/builder/spi-builder-workspace/Sources/FronteggSwift/authenticators/WebAuthenticator.swift:9:8: note: Also imported here
import WebKit
^ (in target 'FronteggSwift' from project 'FronteggSwift')
/Users/admin/builder/spi-builder-workspace/Sources/FronteggSwift/embedded/CustomWebView.swift:7:24: note: Also imported here
@preconcurrency import WebKit
^ (in target 'FronteggSwift' from project 'FronteggSwift')
/Users/admin/builder/spi-builder-workspace/Sources/FronteggSwift/embedded/FronteggWKContentController.swift:9:8: note: Also imported here
import WebKit
^ (in target 'FronteggSwift' from project 'FronteggSwift')
/Users/admin/builder/spi-builder-workspace/Sources/FronteggSwift/embedded/FronteggWebView.swift:8:8: note: Also imported here
import WebKit
^ (in target 'FronteggSwift' from project 'FronteggSwift')
/Users/admin/builder/spi-builder-workspace/Sources/FronteggSwift/embedded/StepUpWebDriver.swift:8:8: note: Also imported here
import WebKit
^ (in target 'FronteggSwift' from project 'FronteggSwift')
/Users/admin/builder/spi-builder-workspace/Sources/FronteggSwift/services/WebSessionCookies.swift:7:8: note: Also imported here
import WebKit
^ (in target 'FronteggSwift' from project 'FronteggSwift')
/Users/admin/builder/spi-builder-workspace/Sources/FronteggSwift/utils/generators/SocialLoginUrlGenerator.swift:12:8: note: Also imported here
import WebKit
^ (in target 'FronteggSwift' from project 'FronteggSwift')
SwiftDriverJobDiscovery normal arm64_32 Compiling SentryCppHelper.swift (in target 'SentryCppHelper' from project 'Sentry')
SwiftDriver\ Compilation SentryCppHelper normal arm64_32 com.apple.xcode.tools.swift.compiler (in target 'SentryCppHelper' from project 'Sentry')
cd /Users/admin/builder/spi-builder-workspace/.swiftpm/xcode
builtin-Swift-Compilation -- /Applications/Xcode-27.0.0.app/Contents/Developer/Toolchains/XcodeDefault.xctoolchain/usr/bin/swiftc -parse-as-library -module-name SentryCppHelper -Onone @/Users/admin/builder/spi-builder-workspace/.derivedData/Build/Intermediates.noindex/Sentry.build/Debug-watchos/SentryCppHelper-t.build/Objects-normal/arm64_32/SentryCppHelper.SwiftFileList -DSWIFT_PACKAGE -DDEBUG -DSWIFT_MODULE_RESOURCE_BUNDLE_UNAVAILABLE -DXcode -plugin-path /Applications/Xcode-27.0.0.app/Contents/Developer/Toolchains/XcodeDefault.xctoolchain/usr/lib/swift/host/plugins/testing -enable-experimental-feature DebugDescriptionMacro -sdk /Applications/Xcode-27.0.0.app/Contents/Developer/Platforms/WatchOS.platform/Developer/SDKs/WatchOS27.0.sdk -target arm64_32-apple-watchos9.0 -g -module-cache-path /Users/admin/builder/spi-builder-workspace/.derivedData/ModuleCache.noindex -Xfrontend -serialize-debugging-options -profile-coverage-mapping -profile-generate -enable-testing -suppress-warnings -index-store-path /Users/admin/builder/spi-builder-workspace/.derivedData/Index.noindex/DataStore -Xcc -D_LIBCPP_HARDENING_MODE\=_LIBCPP_HARDENING_MODE_DEBUG -swift-version 5 -I /Users/admin/builder/spi-builder-workspace/.derivedData/Build/Products/Debug-watchos -Isystem /Applications/Xcode-27.0.0.app/Contents/Developer/Platforms/WatchOS.platform/Developer/usr/lib -F /Users/admin/builder/spi-builder-workspace/.derivedData/Build/Products/Debug-watchos -F /Applications/Xcode-27.0.0.app/Contents/Developer/Platforms/WatchOS.platform/Developer/Library/Frameworks -F /Applications/Xcode-27.0.0.app/Contents/Developer/Platforms/WatchOS.platform/Developer/SDKs/WatchOS27.0.sdk/Developer/Library/Frameworks -c -j10 -enable-batch-mode -incremental -Xcc -ivfsstatcache -Xcc /Users/admin/builder/spi-builder-workspace/.derivedData/SDKStatCaches.noindex/watchos27.0-24R360-e829b21a6f8c9b70876ba0858053c044b9db9bc9c079ee3c7b5f3373b13d10bc.sdkstatcache -output-file-map /Users/admin/builder/spi-builder-workspace/.derivedData/Build/Intermediates.noindex/Sentry.build/Debug-watchos/SentryCppHelper-t.build/Objects-normal/arm64_32/SentryCppHelper-OutputFileMap.json -save-temps -no-color-diagnostics -explicit-module-build -module-cache-path /Users/admin/builder/spi-builder-workspace/.derivedData/Build/Intermediates.noindex/SwiftExplicitPrecompiledModules -clang-scanner-module-cache-path /Users/admin/builder/spi-builder-workspace/.derivedData/ModuleCache.noindex -sdk-module-cache-path /Users/admin/builder/spi-builder-workspace/.derivedData/SDKExplicitPrecompiledModules -emit-dependencies -emit-module -emit-module-path /Users/admin/builder/spi-builder-workspace/.derivedData/Build/Intermediates.noindex/Sentry.build/Debug-watchos/SentryCppHelper-t.build/Objects-normal/arm64_32/SentryCppHelper.swiftmodule -serialize-diagnostics -dependency-scan-serialize-diagnostics-path /Users/admin/builder/spi-builder-workspace/.derivedData/Build/Intermediates.noindex/Sentry.build/Debug-watchos/SentryCppHelper-t.build/Objects-normal/arm64_32/SentryCppHelper-dependency-scan.dia -user-module-version 8.58.4 -validate-clang-modules-once -clang-build-session-file /Users/admin/builder/spi-builder-workspace/.derivedData/ModuleCache.noindex/Session.modulevalidation -Xcc -fmodules-prune-interval\=86400 -Xcc -fmodules-prune-after\=345600 -package-name sentry_cocoa -emit-const-values -const-gather-protocols-list /Users/admin/builder/spi-builder-workspace/.derivedData/Build/Intermediates.noindex/Sentry.build/Debug-watchos/SentryCppHelper-t.build/Objects-normal/arm64_32/SentryCppHelper_const_extract_protocols.json -Xcc -I/Users/admin/builder/spi-builder-workspace/.derivedData/Build/Products/Debug-watchos/include -Xcc -I/Users/admin/builder/spi-builder-workspace/.derivedData/Build/Intermediates.noindex/Sentry.build/Debug-watchos/SentryCppHelper-t.build/DerivedSources-normal/arm64_32 -Xcc -I/Users/admin/builder/spi-builder-workspace/.derivedData/Build/Intermediates.noindex/Sentry.build/Debug-watchos/SentryCppHelper-t.build/DerivedSources/arm64_32 -Xcc -I/Users/admin/builder/spi-builder-workspace/.derivedData/Build/Intermediates.noindex/Sentry.build/Debug-watchos/SentryCppHelper-t.build/DerivedSources -Xcc -DSWIFT_PACKAGE -Xcc -DDEBUG\=1 -emit-objc-header -emit-objc-header-path /Users/admin/builder/spi-builder-workspace/.derivedData/Build/Intermediates.noindex/Sentry.build/Debug-watchos/SentryCppHelper-t.build/Objects-normal/arm64_32/SentryCppHelper-Swift.h -working-directory /Users/admin/builder/spi-builder-workspace/.swiftpm/xcode -experimental-emit-module-separately -disable-cmo
Ld /Users/admin/builder/spi-builder-workspace/.derivedData/Build/Intermediates.noindex/Sentry.build/Debug-watchos/SentryCppHelper-t.build/Objects-normal/arm64_32/Binary/SentryCppHelper.o normal arm64_32 (in target 'SentryCppHelper' from project 'Sentry')
cd /Users/admin/builder/spi-builder-workspace/.dependencies/checkouts/sentry-cocoa
/Applications/Xcode-27.0.0.app/Contents/Developer/Toolchains/XcodeDefault.xctoolchain/usr/bin/clang -Xlinker -reproducible -target arm64_32-apple-watchos9.0 -r -isysroot /Applications/Xcode-27.0.0.app/Contents/Developer/Platforms/WatchOS.platform/Developer/SDKs/WatchOS27.0.sdk -O0 -w -Xlinker -no_warn_duplicate_libraries -F/Users/admin/builder/spi-builder-workspace/.derivedData/Build/Intermediates.noindex/EagerLinkingTBDs/Debug-watchos -F/Users/admin/builder/spi-builder-workspace/.derivedData/Build/Products/Debug-watchos -iframework /Applications/Xcode-27.0.0.app/Contents/Developer/Platforms/WatchOS.platform/Developer/Library/Frameworks -iframework /Applications/Xcode-27.0.0.app/Contents/Developer/Platforms/WatchOS.platform/Developer/SDKs/WatchOS27.0.sdk/Developer/Library/Frameworks -filelist /Users/admin/builder/spi-builder-workspace/.derivedData/Build/Intermediates.noindex/Sentry.build/Debug-watchos/SentryCppHelper-t.build/Objects-normal/arm64_32/SentryCppHelper.LinkFileList -nostdlib -Xlinker -object_path_lto -Xlinker /Users/admin/builder/spi-builder-workspace/.derivedData/Build/Intermediates.noindex/Sentry.build/Debug-watchos/SentryCppHelper-t.build/Objects-normal/arm64_32/SentryCppHelper_lto.o -Xlinker -no_deduplicate -Xlinker -debug_variant -Xlinker -dependency_info -Xlinker /Users/admin/builder/spi-builder-workspace/.derivedData/Build/Intermediates.noindex/Sentry.build/Debug-watchos/SentryCppHelper-t.build/Objects-normal/arm64_32/SentryCppHelper_dependency_info.dat -fobjc-link-runtime -L/Applications/Xcode-27.0.0.app/Contents/Developer/Toolchains/XcodeDefault.xctoolchain/usr/lib/swift/watchos -L/usr/lib/swift -Xlinker -add_ast_path -Xlinker /Users/admin/builder/spi-builder-workspace/.derivedData/Build/Intermediates.noindex/Sentry.build/Debug-watchos/SentryCppHelper-t.build/Objects-normal/arm64_32/SentryCppHelper.swiftmodule -o /Users/admin/builder/spi-builder-workspace/.derivedData/Build/Intermediates.noindex/Sentry.build/Debug-watchos/SentryCppHelper-t.build/Objects-normal/arm64_32/Binary/SentryCppHelper.o
SwiftDriverJobDiscovery normal arm64 Compiling SentryCppHelper.swift (in target 'SentryCppHelper' from project 'Sentry')
SwiftDriver\ Compilation SentryCppHelper normal arm64 com.apple.xcode.tools.swift.compiler (in target 'SentryCppHelper' from project 'Sentry')
cd /Users/admin/builder/spi-builder-workspace/.swiftpm/xcode
builtin-Swift-Compilation -- /Applications/Xcode-27.0.0.app/Contents/Developer/Toolchains/XcodeDefault.xctoolchain/usr/bin/swiftc -parse-as-library -module-name SentryCppHelper -Onone @/Users/admin/builder/spi-builder-workspace/.derivedData/Build/Intermediates.noindex/Sentry.build/Debug-watchos/SentryCppHelper-t.build/Objects-normal/arm64/SentryCppHelper.SwiftFileList -DSWIFT_PACKAGE -DDEBUG -DSWIFT_MODULE_RESOURCE_BUNDLE_UNAVAILABLE -DXcode -plugin-path /Applications/Xcode-27.0.0.app/Contents/Developer/Toolchains/XcodeDefault.xctoolchain/usr/lib/swift/host/plugins/testing -enable-experimental-feature DebugDescriptionMacro -sdk /Applications/Xcode-27.0.0.app/Contents/Developer/Platforms/WatchOS.platform/Developer/SDKs/WatchOS27.0.sdk -target arm64-apple-watchos9.0 -g -module-cache-path /Users/admin/builder/spi-builder-workspace/.derivedData/ModuleCache.noindex -Xfrontend -serialize-debugging-options -profile-coverage-mapping -profile-generate -enable-testing -suppress-warnings -index-store-path /Users/admin/builder/spi-builder-workspace/.derivedData/Index.noindex/DataStore -Xcc -D_LIBCPP_HARDENING_MODE\=_LIBCPP_HARDENING_MODE_DEBUG -swift-version 5 -I /Users/admin/builder/spi-builder-workspace/.derivedData/Build/Products/Debug-watchos -Isystem /Applications/Xcode-27.0.0.app/Contents/Developer/Platforms/WatchOS.platform/Developer/usr/lib -F /Users/admin/builder/spi-builder-workspace/.derivedData/Build/Products/Debug-watchos -F /Applications/Xcode-27.0.0.app/Contents/Developer/Platforms/WatchOS.platform/Developer/Library/Frameworks -F /Applications/Xcode-27.0.0.app/Contents/Developer/Platforms/WatchOS.platform/Developer/SDKs/WatchOS27.0.sdk/Developer/Library/Frameworks -c -j10 -enable-batch-mode -incremental -Xcc -ivfsstatcache -Xcc /Users/admin/builder/spi-builder-workspace/.derivedData/SDKStatCaches.noindex/watchos27.0-24R360-e829b21a6f8c9b70876ba0858053c044b9db9bc9c079ee3c7b5f3373b13d10bc.sdkstatcache -output-file-map /Users/admin/builder/spi-builder-workspace/.derivedData/Build/Intermediates.noindex/Sentry.build/Debug-watchos/SentryCppHelper-t.build/Objects-normal/arm64/SentryCppHelper-OutputFileMap.json -save-temps -no-color-diagnostics -explicit-module-build -module-cache-path /Users/admin/builder/spi-builder-workspace/.derivedData/Build/Intermediates.noindex/SwiftExplicitPrecompiledModules -clang-scanner-module-cache-path /Users/admin/builder/spi-builder-workspace/.derivedData/ModuleCache.noindex -sdk-module-cache-path /Users/admin/builder/spi-builder-workspace/.derivedData/SDKExplicitPrecompiledModules -emit-dependencies -emit-module -emit-module-path /Users/admin/builder/spi-builder-workspace/.derivedData/Build/Intermediates.noindex/Sentry.build/Debug-watchos/SentryCppHelper-t.build/Objects-normal/arm64/SentryCppHelper.swiftmodule -serialize-diagnostics -dependency-scan-serialize-diagnostics-path /Users/admin/builder/spi-builder-workspace/.derivedData/Build/Intermediates.noindex/Sentry.build/Debug-watchos/SentryCppHelper-t.build/Objects-normal/arm64/SentryCppHelper-dependency-scan.dia -user-module-version 8.58.4 -validate-clang-modules-once -clang-build-session-file /Users/admin/builder/spi-builder-workspace/.derivedData/ModuleCache.noindex/Session.modulevalidation -Xcc -fmodules-prune-interval\=86400 -Xcc -fmodules-prune-after\=345600 -package-name sentry_cocoa -emit-const-values -const-gather-protocols-list /Users/admin/builder/spi-builder-workspace/.derivedData/Build/Intermediates.noindex/Sentry.build/Debug-watchos/SentryCppHelper-t.build/Objects-normal/arm64/SentryCppHelper_const_extract_protocols.json -Xcc -I/Users/admin/builder/spi-builder-workspace/.derivedData/Build/Products/Debug-watchos/include -Xcc -I/Users/admin/builder/spi-builder-workspace/.derivedData/Build/Intermediates.noindex/Sentry.build/Debug-watchos/SentryCppHelper-t.build/DerivedSources-normal/arm64 -Xcc -I/Users/admin/builder/spi-builder-workspace/.derivedData/Build/Intermediates.noindex/Sentry.build/Debug-watchos/SentryCppHelper-t.build/DerivedSources/arm64 -Xcc -I/Users/admin/builder/spi-builder-workspace/.derivedData/Build/Intermediates.noindex/Sentry.build/Debug-watchos/SentryCppHelper-t.build/DerivedSources -Xcc -DSWIFT_PACKAGE -Xcc -DDEBUG\=1 -emit-objc-header -emit-objc-header-path /Users/admin/builder/spi-builder-workspace/.derivedData/Build/Intermediates.noindex/Sentry.build/Debug-watchos/SentryCppHelper-t.build/Objects-normal/arm64/SentryCppHelper-Swift.h -working-directory /Users/admin/builder/spi-builder-workspace/.swiftpm/xcode -experimental-emit-module-separately -disable-cmo
Ld /Users/admin/builder/spi-builder-workspace/.derivedData/Build/Intermediates.noindex/Sentry.build/Debug-watchos/SentryCppHelper-t.build/Objects-normal/arm64/Binary/SentryCppHelper.o normal arm64 (in target 'SentryCppHelper' from project 'Sentry')
cd /Users/admin/builder/spi-builder-workspace/.dependencies/checkouts/sentry-cocoa
/Applications/Xcode-27.0.0.app/Contents/Developer/Toolchains/XcodeDefault.xctoolchain/usr/bin/clang -Xlinker -reproducible -target arm64-apple-watchos9.0 -r -isysroot /Applications/Xcode-27.0.0.app/Contents/Developer/Platforms/WatchOS.platform/Developer/SDKs/WatchOS27.0.sdk -O0 -w -Xlinker -no_warn_duplicate_libraries -F/Users/admin/builder/spi-builder-workspace/.derivedData/Build/Intermediates.noindex/EagerLinkingTBDs/Debug-watchos -F/Users/admin/builder/spi-builder-workspace/.derivedData/Build/Products/Debug-watchos -iframework /Applications/Xcode-27.0.0.app/Contents/Developer/Platforms/WatchOS.platform/Developer/Library/Frameworks -iframework /Applications/Xcode-27.0.0.app/Contents/Developer/Platforms/WatchOS.platform/Developer/SDKs/WatchOS27.0.sdk/Developer/Library/Frameworks -filelist /Users/admin/builder/spi-builder-workspace/.derivedData/Build/Intermediates.noindex/Sentry.build/Debug-watchos/SentryCppHelper-t.build/Objects-normal/arm64/SentryCppHelper.LinkFileList -nostdlib -Xlinker -object_path_lto -Xlinker /Users/admin/builder/spi-builder-workspace/.derivedData/Build/Intermediates.noindex/Sentry.build/Debug-watchos/SentryCppHelper-t.build/Objects-normal/arm64/SentryCppHelper_lto.o -Xlinker -no_deduplicate -Xlinker -debug_variant -Xlinker -dependency_info -Xlinker /Users/admin/builder/spi-builder-workspace/.derivedData/Build/Intermediates.noindex/Sentry.build/Debug-watchos/SentryCppHelper-t.build/Objects-normal/arm64/SentryCppHelper_dependency_info.dat -fobjc-link-runtime -L/Applications/Xcode-27.0.0.app/Contents/Developer/Toolchains/XcodeDefault.xctoolchain/usr/lib/swift/watchos -L/usr/lib/swift -Xlinker -add_ast_path -Xlinker /Users/admin/builder/spi-builder-workspace/.derivedData/Build/Intermediates.noindex/Sentry.build/Debug-watchos/SentryCppHelper-t.build/Objects-normal/arm64/SentryCppHelper.swiftmodule -o /Users/admin/builder/spi-builder-workspace/.derivedData/Build/Intermediates.noindex/Sentry.build/Debug-watchos/SentryCppHelper-t.build/Objects-normal/arm64/Binary/SentryCppHelper.o
CreateUniversalBinary /Users/admin/builder/spi-builder-workspace/.derivedData/Build/Products/Debug-watchos/SentryCppHelper.o normal arm64\ arm64_32 (in target 'SentryCppHelper' from project 'Sentry')
cd /Users/admin/builder/spi-builder-workspace/.dependencies/checkouts/sentry-cocoa
/Applications/Xcode-27.0.0.app/Contents/Developer/Toolchains/XcodeDefault.xctoolchain/usr/bin/lipo -create /Users/admin/builder/spi-builder-workspace/.derivedData/Build/Intermediates.noindex/Sentry.build/Debug-watchos/SentryCppHelper-t.build/Objects-normal/arm64/Binary/SentryCppHelper.o /Users/admin/builder/spi-builder-workspace/.derivedData/Build/Intermediates.noindex/Sentry.build/Debug-watchos/SentryCppHelper-t.build/Objects-normal/arm64_32/Binary/SentryCppHelper.o -output /Users/admin/builder/spi-builder-workspace/.derivedData/Build/Products/Debug-watchos/SentryCppHelper.o
ExtractAppIntentsMetadata (in target 'SentryCppHelper' from project 'Sentry')
cd /Users/admin/builder/spi-builder-workspace/.dependencies/checkouts/sentry-cocoa
/Applications/Xcode-27.0.0.app/Contents/Developer/Toolchains/XcodeDefault.xctoolchain/usr/bin/appintentsmetadataprocessor --toolchain-dir /var/run/com.apple.security.cryptexd/mnt/com.apple.MobileAsset.MetalToolchain-v27.1.266.1.TMiKrb/Metal.xctoolchain --module-name SentryCppHelper --sdk-root /Applications/Xcode-27.0.0.app/Contents/Developer/Platforms/WatchOS.platform/Developer/SDKs/WatchOS27.0.sdk --xcode-version 27A266a --platform-family watchOS --deployment-target 9.0 --bundle-identifier sentry-cocoa.SentryCppHelper --output /Users/admin/builder/spi-builder-workspace/.derivedData/Build/Products/Debug-watchos/SentryCppHelper.appintents --target-triple arm64-apple-watchos9.0 --target-triple arm64_32-apple-watchos9.0 --binary-file /Users/admin/builder/spi-builder-workspace/.derivedData/Build/Products/Debug-watchos/SentryCppHelper.o --dependency-file /Users/admin/builder/spi-builder-workspace/.derivedData/Build/Intermediates.noindex/Sentry.build/Debug-watchos/SentryCppHelper-t.build/Objects-normal/arm64/SentryCppHelper_dependency_info.dat --dependency-file /Users/admin/builder/spi-builder-workspace/.derivedData/Build/Intermediates.noindex/Sentry.build/Debug-watchos/SentryCppHelper-t.build/Objects-normal/arm64_32/SentryCppHelper_dependency_info.dat --stringsdata-file /Users/admin/builder/spi-builder-workspace/.derivedData/Build/Intermediates.noindex/Sentry.build/Debug-watchos/SentryCppHelper-t.build/Objects-normal/arm64/ExtractedAppShortcutsMetadata.stringsdata --stringsdata-file /Users/admin/builder/spi-builder-workspace/.derivedData/Build/Intermediates.noindex/Sentry.build/Debug-watchos/SentryCppHelper-t.build/Objects-normal/arm64_32/ExtractedAppShortcutsMetadata.stringsdata --source-file-list /Users/admin/builder/spi-builder-workspace/.derivedData/Build/Intermediates.noindex/Sentry.build/Debug-watchos/SentryCppHelper-t.build/Objects-normal/arm64/SentryCppHelper.SwiftFileList --source-file-list /Users/admin/builder/spi-builder-workspace/.derivedData/Build/Intermediates.noindex/Sentry.build/Debug-watchos/SentryCppHelper-t.build/Objects-normal/arm64_32/SentryCppHelper.SwiftFileList --metadata-file-list /Users/admin/builder/spi-builder-workspace/.derivedData/Build/Intermediates.noindex/Sentry.build/Debug-watchos/SentryCppHelper-t.build/SentryCppHelper.DependencyMetadataFileList --static-metadata-file-list /Users/admin/builder/spi-builder-workspace/.derivedData/Build/Intermediates.noindex/Sentry.build/Debug-watchos/SentryCppHelper-t.build/SentryCppHelper.DependencyStaticMetadataFileList --swift-const-vals-list /Users/admin/builder/spi-builder-workspace/.derivedData/Build/Intermediates.noindex/Sentry.build/Debug-watchos/SentryCppHelper-t.build/Objects-normal/arm64/SentryCppHelper.SwiftConstValuesFileList --swift-const-vals-list /Users/admin/builder/spi-builder-workspace/.derivedData/Build/Intermediates.noindex/Sentry.build/Debug-watchos/SentryCppHelper-t.build/Objects-normal/arm64_32/SentryCppHelper.SwiftConstValuesFileList --force --compile-time-extraction --deployment-aware-processing --no-app-shortcuts-localization
2026-10-14 01:34:57.063 appintentsmetadataprocessor[937:5614] Starting appintentsmetadataprocessor export
2026-10-14 01:34:57.164 appintentsmetadataprocessor[937:5614] Extracted no relevant App Intents symbols, skipping writing output
PruneExplicitPrecompiledModules /Users/admin/builder/spi-builder-workspace/.derivedData/Build/Intermediates.noindex/ExplicitPrecompiledModules
PruneExplicitPrecompiledModules /Users/admin/builder/spi-builder-workspace/.derivedData/Build/Intermediates.noindex/SwiftExplicitPrecompiledModules
PruneExplicitPrecompiledModules /Users/admin/builder/spi-builder-workspace/.derivedData/SDKExplicitPrecompiledModules
2026-10-14 01:34:54.398 xcodebuild[898:5317] [MT] IDERunDestination: Supported platforms for the buildables in the current scheme is empty.
** BUILD FAILED **
The following build commands failed:
SwiftDriver FronteggSwift normal arm64 com.apple.xcode.tools.swift.compiler (in target 'FronteggSwift' from project 'FronteggSwift')
SwiftDriver FronteggSwift normal arm64_32 com.apple.xcode.tools.swift.compiler (in target 'FronteggSwift' from project 'FronteggSwift')
Building workspace FronteggSwift with scheme FronteggSwift
(3 failures)
Command line invocation:
/Applications/Xcode-27.0.0.app/Contents/Developer/usr/bin/xcodebuild -IDEClonedSourcePackagesDirPathOverride=/Users/admin/builder/spi-builder-workspace/.dependencies -resolvePackageDependencies
Resolve Package Graph
Resolved source packages:
Sentry: https://github.com/getsentry/sentry-cocoa.git @ 8.58.4
FronteggSwift: /Users/admin/builder/spi-builder-workspace
resolved source packages: Sentry, FronteggSwift
2026-10-14 01:34:58.970 xcodebuild[938:5718] [MT] IDERunDestination: Supported platforms for the buildables in the current scheme is empty.
{
"dependencies" : [
{
"identity" : "sentry-cocoa",
"requirement" : {
"range" : [
{
"lower_bound" : "8.46.0",
"upper_bound" : "9.0.0"
}
]
},
"type" : "sourceControl",
"url" : "https://github.com/getsentry/sentry-cocoa.git"
}
],
"manifest_display_name" : "FronteggSwift",
"name" : "FronteggSwift",
"path" : "/Users/admin/builder/spi-builder-workspace",
"platforms" : [
{
"name" : "ios",
"version" : "14.0"
}
],
"products" : [
{
"name" : "FronteggSwift",
"targets" : [
"FronteggSwift"
],
"type" : {
"library" : [
"automatic"
]
}
}
],
"targets" : [
{
"c99name" : "FronteggSwiftTests",
"module_type" : "SwiftTarget",
"name" : "FronteggSwiftTests",
"path" : "Tests/FronteggSwiftTests",
"resources" : [
{
"path" : "/Users/admin/builder/spi-builder-workspace/Tests/FronteggSwiftTests/MockRegions",
"rule" : {
"copy" : {
}
}
}
],
"sources" : [
"AdminPortalWebViewTests.swift",
"ApiGetRequestDiagnosticsTests.swift",
"ApiHelperTests.swift",
"ApiMeRecoveryTests.swift",
"ApiMeTests.swift",
"AssetLinksBasePathTests.swift",
"AssetLinksRedirectTests.swift",
"AuthResponseTests.swift",
"AuthenticationErrorTests.swift",
"AuthorizeUrlGeneratorTests.swift",
"ConstantsTests.swift",
"CredentialManagerLockedKeychainTests.swift",
"CredentialManagerTests.swift",
"CustomWebViewTests.swift",
"DisableAutoRefreshTests.swift",
"EmbeddedLoginRootViewControllerTests.swift",
"EmbeddedTokenBridgeTests.swift",
"EncodingUtilsTests.swift",
"EntitlementEvaluatorsTests.swift",
"EntitlementsTests.swift",
"FeatureFlagsTests.swift",
"FronteggAuthEntitlementsTests.swift",
"FronteggAuthFeatureFlagsRaceTests.swift",
"FronteggAuthOAuthCallbackTests.swift",
"FronteggAuthRefreshRecoveryTests.swift",
"FronteggAuthRegionManagementTests.swift",
"FronteggAuthResetForTestingTests.swift",
"FronteggErrorTests.swift",
"FronteggSecurityAPITests.swift",
"FronteggSecurityCenterViewModelTests.swift",
"FronteggStateTests.swift",
"FronteggTenantSwitcherViewModelTests.swift",
"JWTHelperTests.swift",
"JsStringLiteralTests.swift",
"LogLevelMappingTests.swift",
"LoggerDelegateTests.swift",
"LoginBoxCustomizationTests.swift",
"LoginBoxFooterTests.swift",
"LoginPerAccountTests.swift",
"MockRegion.swift",
"MultiFactorAuthenticatorTests.swift",
"NetworkStatusMonitorTests.swift",
"OfflineScenarioTests.swift",
"PackageConfigurationTests.swift",
"PasskeysLoginCompletionTests.swift",
"PasskeysRegistrationCompletionTests.swift",
"PlistHelperTests.swift",
"PrivacyManifestTests.swift",
"RefreshGateTests.swift",
"RefreshTokenMainThreadGuardTests.swift",
"RegionConfigTests.swift",
"SDKCompatibilityTests.swift",
"SentryIsolatedHubTests.swift",
"SentryLoggingTests.swift",
"SessionRestoreLockedKeychainTests.swift",
"SocialLoginCallbackFR26132Tests.swift",
"SocialLoginConfigTests.swift",
"SocialLoginUrlGeneratorTests.swift",
"SocialLoginWebViewHandoffTests.swift",
"SsoCallbackRecoveryTests.swift",
"StepUpAuthenticatorTests.swift",
"StepUpWebDriverTests.swift",
"SuggestSavePasswordTests.swift",
"TenantTests.swift",
"TestDataFactory.swift",
"UIColorHexTests.swift",
"UnlockAccountFlowTests.swift",
"UrlHelperExtendedTests.swift",
"UrlHelperTests.swift",
"UserFromJWTTests.swift",
"UserRolePermissionTests.swift",
"UserRoleTests.swift",
"UserTests.swift"
],
"target_dependencies" : [
"FronteggSwift"
],
"type" : "test"
},
{
"c99name" : "FronteggSwift",
"module_type" : "SwiftTarget",
"name" : "FronteggSwift",
"path" : "Sources/FronteggSwift",
"product_dependencies" : [
"Sentry"
],
"product_memberships" : [
"FronteggSwift"
],
"resources" : [
{
"path" : "/Users/admin/builder/spi-builder-workspace/Sources/FronteggSwift/PrivacyInfo.xcprivacy",
"rule" : {
"copy" : {
}
}
}
],
"sources" : [
"FronteggApp.swift",
"FronteggAuth.swift",
"admin-portal/AdminPortalBridge.swift",
"admin-portal/AdminPortalView.swift",
"admin-portal/AdminPortalWebView.swift",
"auth/FronteggAuth+Authorization.swift",
"auth/FronteggAuth+Connectivity.swift",
"auth/FronteggAuth+CredentialHydration.swift",
"auth/FronteggAuth+EmbeddedAndDeepLink.swift",
"auth/FronteggAuth+Entitlements.swift",
"auth/FronteggAuth+HostedFlows.swift",
"auth/FronteggAuth+Logout.swift",
"auth/FronteggAuth+MFA.swift",
"auth/FronteggAuth+OAuthCallbacks.swift",
"auth/FronteggAuth+OAuthErrors.swift",
"auth/FronteggAuth+Passkeys.swift",
"auth/FronteggAuth+Refresh.swift",
"auth/FronteggAuth+RegionManagement.swift",
"auth/FronteggAuth+SessionRestore.swift",
"auth/FronteggAuth+SocialFlows.swift",
"auth/FronteggAuth+SocialLoginCallback.swift",
"auth/FronteggAuth+StepUp.swift",
"auth/FronteggAuth+Testing.swift",
"auth/FronteggAuth+WebSessionRecovery.swift",
"auth/RefreshGate.swift",
"authenticators/AppleAuthenticator.swift",
"authenticators/PasskeysAuthenticator.swift",
"authenticators/WebAuthenticator.swift",
"components/FronteggComponentStrings.swift",
"components/FronteggSecurityAPI.swift",
"components/FronteggSecurityCenter.swift",
"components/FronteggSecurityCenterService.swift",
"components/FronteggSecurityCenterViewModel.swift",
"components/FronteggSecurityModels.swift",
"components/FronteggTenantSwitcher.swift",
"components/FronteggTenantSwitcherViewModel.swift",
"embedded/CustomWebView.swift",
"embedded/EmbeddedLoginModal.swift",
"embedded/EmbeddedLoginPage.swift",
"embedded/FronteggWKContentController.swift",
"embedded/FronteggWebView.swift",
"embedded/LoginBoxCustomization.swift",
"embedded/LoginBoxFooter.swift",
"embedded/StepUpWebDriver.swift",
"entitlements/AttributesPreparer.swift",
"entitlements/Evaluators.swift",
"entitlements/Operations.swift",
"entitlements/PermissionMatcher.swift",
"entitlements/UserEntitlementsContext.swift",
"entitlements/UserEntitlementsParser.swift",
"models/AuthResponse.swift",
"models/AuthTypes.swift",
"models/Entitlement.swift",
"models/Passkeys.swift",
"models/SocialLoginConfig.swift",
"models/Tenant.swift",
"models/User.swift",
"models/UserRole.swift",
"models/UserRolePermission.swift",
"models/errors/AuthenticationError.swift",
"models/errors/ConfigurationError.swift",
"models/errors/FronteggError.swift",
"models/plist/FronteggPlist.swift",
"models/plist/MultiRegionConfig.swift",
"models/plist/RegionConfig.swift",
"models/plist/SingleRegionConfig.swift",
"models/webauthn/WebauthnAssertion.swift",
"models/webauthn/WebauthnCallback.swift",
"models/webauthn/WebauthnPreloginResponse.swift",
"models/webauthn/WebauthnRegistration.swift",
"services/Api.swift",
"services/CredentialManager.swift",
"services/Entitlements.swift",
"services/FeatureFlags.swift",
"services/MultiFactorAuthenticator.swift",
"services/StepUpAuthenticator.swift",
"services/WebSessionCookies.swift",
"state/FronteggState.swift",
"utils/ConfigurationCheck.swift",
"utils/Constants.swift",
"utils/EncodingUtils.swift",
"utils/FronteggOAuthToastPresenter.swift",
"utils/FronteggResources.swift",
"utils/FronteggRuntime.swift",
"utils/JWTHelper.swift",
"utils/Logger.swift",
"utils/NetworkStatusMonitor.swift",
"utils/NoRedirectSessionDelegate.swift",
"utils/PlistHelper.swift",
"utils/SDKVersion.swift",
"utils/SentryHelper.swift",
"utils/TraceIdLogger.swift",
"utils/UIColor+Hex.swift",
"utils/UIWindow+FronteggPresentation.swift",
"utils/UrlHelper.swift",
"utils/generateErrorPage.swift",
"utils/generators/AuthorizeUrlGenerator.swift",
"utils/generators/SocialLoginUrlGenerator.swift",
"views/AbstractFronteggController.swift",
"views/DefaultLoader.swift",
"views/FronteggUIKitWrapper.swift",
"views/FronteggWrapper.swift"
],
"type" : "library"
}
],
"tools_version" : "5.5"
}
{
"workspace" : {
"name" : "FronteggSwift",
"schemes" : [
"FronteggSwift"
]
}
}
2026-10-14 01:35:00.516 xcodebuild[946:5789] [MT] IDERunDestination: Supported platforms for the buildables in the current scheme is empty.
Running build ...
env DEVELOPER_DIR=/Applications/Xcode-27.0.0.app xcrun xcodebuild -IDEClonedSourcePackagesDirPathOverride=$PWD/.dependencies -skipMacroValidation -skipPackagePluginValidation -derivedDataPath $PWD/.derivedData build -scheme FronteggSwift -destination generic/platform=watchOS
Command line invocation:
/Applications/Xcode-27.0.0.app/Contents/Developer/usr/bin/xcodebuild -IDEClonedSourcePackagesDirPathOverride=/Users/admin/builder/spi-builder-workspace/.dependencies -skipMacroValidation -skipPackagePluginValidation -derivedDataPath /Users/admin/builder/spi-builder-workspace/.derivedData build -scheme FronteggSwift -destination generic/platform=watchOS
Resolve Package Graph
Resolved source packages:
FronteggSwift: /Users/admin/builder/spi-builder-workspace
Sentry: https://github.com/getsentry/sentry-cocoa.git @ 8.58.4
ComputePackagePrebuildTargetDependencyGraph
Prepare packages
CreateBuildRequest
SendProjectDescription
CreateBuildOperation
ComputeTargetDependencyGraph
note: Building targets in dependency order
note: Target dependency graph (5 targets)
Target 'FronteggSwift-product' in project 'FronteggSwift'
➜ Explicit dependency on target 'FronteggSwift' in project 'FronteggSwift'
➜ Explicit dependency on target 'FronteggSwift_FronteggSwift' in project 'FronteggSwift'
➜ Explicit dependency on target 'Sentry-product' in project 'Sentry'
Target 'FronteggSwift' in project 'FronteggSwift'
➜ Explicit dependency on target 'FronteggSwift_FronteggSwift' in project 'FronteggSwift'
➜ Explicit dependency on target 'Sentry-product' in project 'Sentry'
Target 'Sentry-product' in project 'Sentry'
➜ Explicit dependency on target 'SentryCppHelper' in project 'Sentry'
Target 'SentryCppHelper' in project 'Sentry' (no dependencies)
Target 'FronteggSwift_FronteggSwift' in project 'FronteggSwift' (no dependencies)
GatherProvisioningInputs
CreateBuildDescription
ClangStatCache /Applications/Xcode-27.0.0.app/Contents/Developer/Toolchains/XcodeDefault.xctoolchain/usr/bin/clang-stat-cache /Applications/Xcode-27.0.0.app/Contents/Developer/Platforms/WatchOS.platform/Developer/SDKs/WatchOS27.0.sdk /Users/admin/builder/spi-builder-workspace/.derivedData/SDKStatCaches.noindex/watchos27.0-24R360-e829b21a6f8c9b70876ba0858053c044b9db9bc9c079ee3c7b5f3373b13d10bc.sdkstatcache
cd /Users/admin/builder/spi-builder-workspace/.swiftpm/xcode
/Applications/Xcode-27.0.0.app/Contents/Developer/Toolchains/XcodeDefault.xctoolchain/usr/bin/clang-stat-cache /Applications/Xcode-27.0.0.app/Contents/Developer/Platforms/WatchOS.platform/Developer/SDKs/WatchOS27.0.sdk -o /Users/admin/builder/spi-builder-workspace/.derivedData/SDKStatCaches.noindex/watchos27.0-24R360-e829b21a6f8c9b70876ba0858053c044b9db9bc9c079ee3c7b5f3373b13d10bc.sdkstatcache
SwiftDriver FronteggSwift normal arm64 com.apple.xcode.tools.swift.compiler (in target 'FronteggSwift' from project 'FronteggSwift')
cd /Users/admin/builder/spi-builder-workspace/.swiftpm/xcode
builtin-SwiftDriver -- /Applications/Xcode-27.0.0.app/Contents/Developer/Toolchains/XcodeDefault.xctoolchain/usr/bin/swiftc -parse-as-library -module-name FronteggSwift -Onone @/Users/admin/builder/spi-builder-workspace/.derivedData/Build/Intermediates.noindex/FronteggSwift.build/Debug-watchos/FronteggSwift-t.build/Objects-normal/arm64/FronteggSwift.SwiftFileList -DSWIFT_PACKAGE -DDEBUG -DSWIFT_MODULE_RESOURCE_BUNDLE_AVAILABLE -DXcode -plugin-path /Applications/Xcode-27.0.0.app/Contents/Developer/Toolchains/XcodeDefault.xctoolchain/usr/lib/swift/host/plugins/testing -enable-experimental-feature DebugDescriptionMacro -sdk /Applications/Xcode-27.0.0.app/Contents/Developer/Platforms/WatchOS.platform/Developer/SDKs/WatchOS27.0.sdk -target arm64-apple-watchos9.0 -g -module-cache-path /Users/admin/builder/spi-builder-workspace/.derivedData/ModuleCache.noindex -Xfrontend -serialize-debugging-options -profile-coverage-mapping -profile-generate -enable-testing -index-store-path /Users/admin/builder/spi-builder-workspace/.derivedData/Index.noindex/DataStore -Xcc -D_LIBCPP_HARDENING_MODE\=_LIBCPP_HARDENING_MODE_DEBUG -swift-version 5 -I /Users/admin/builder/spi-builder-workspace/.derivedData/Build/Products/Debug-watchos -Isystem /Applications/Xcode-27.0.0.app/Contents/Developer/Platforms/WatchOS.platform/Developer/usr/lib -F /Users/admin/builder/spi-builder-workspace/.derivedData/Build/Products/Debug-watchos/PackageFrameworks -F /Users/admin/builder/spi-builder-workspace/.derivedData/Build/Products/Debug-watchos -F /Applications/Xcode-27.0.0.app/Contents/Developer/Platforms/WatchOS.platform/Developer/Library/Frameworks -F /Applications/Xcode-27.0.0.app/Contents/Developer/Platforms/WatchOS.platform/Developer/SDKs/WatchOS27.0.sdk/Developer/Library/Frameworks -c -j10 -enable-batch-mode -incremental -Xcc -ivfsstatcache -Xcc /Users/admin/builder/spi-builder-workspace/.derivedData/SDKStatCaches.noindex/watchos27.0-24R360-e829b21a6f8c9b70876ba0858053c044b9db9bc9c079ee3c7b5f3373b13d10bc.sdkstatcache -output-file-map /Users/admin/builder/spi-builder-workspace/.derivedData/Build/Intermediates.noindex/FronteggSwift.build/Debug-watchos/FronteggSwift-t.build/Objects-normal/arm64/FronteggSwift-OutputFileMap.json -save-temps -no-color-diagnostics -explicit-module-build -module-cache-path /Users/admin/builder/spi-builder-workspace/.derivedData/Build/Intermediates.noindex/SwiftExplicitPrecompiledModules -clang-scanner-module-cache-path /Users/admin/builder/spi-builder-workspace/.derivedData/ModuleCache.noindex -sdk-module-cache-path /Users/admin/builder/spi-builder-workspace/.derivedData/SDKExplicitPrecompiledModules -emit-dependencies -emit-module -emit-module-path /Users/admin/builder/spi-builder-workspace/.derivedData/Build/Intermediates.noindex/FronteggSwift.build/Debug-watchos/FronteggSwift-t.build/Objects-normal/arm64/FronteggSwift.swiftmodule -serialize-diagnostics -dependency-scan-serialize-diagnostics-path /Users/admin/builder/spi-builder-workspace/.derivedData/Build/Intermediates.noindex/FronteggSwift.build/Debug-watchos/FronteggSwift-t.build/Objects-normal/arm64/FronteggSwift-dependency-scan.dia -validate-clang-modules-once -clang-build-session-file /Users/admin/builder/spi-builder-workspace/.derivedData/ModuleCache.noindex/Session.modulevalidation -Xcc -fmodules-prune-interval\=86400 -Xcc -fmodules-prune-after\=345600 -emit-const-values -const-gather-protocols-list /Users/admin/builder/spi-builder-workspace/.derivedData/Build/Intermediates.noindex/FronteggSwift.build/Debug-watchos/FronteggSwift-t.build/Objects-normal/arm64/FronteggSwift_const_extract_protocols.json -Xcc -I/Users/admin/builder/spi-builder-workspace/.derivedData/Build/Products/Debug-watchos/include -Xcc -I/Users/admin/builder/spi-builder-workspace/.derivedData/Build/Intermediates.noindex/FronteggSwift.build/Debug-watchos/FronteggSwift-t.build/DerivedSources-normal/arm64 -Xcc -I/Users/admin/builder/spi-builder-workspace/.derivedData/Build/Intermediates.noindex/FronteggSwift.build/Debug-watchos/FronteggSwift-t.build/DerivedSources/arm64 -Xcc -I/Users/admin/builder/spi-builder-workspace/.derivedData/Build/Intermediates.noindex/FronteggSwift.build/Debug-watchos/FronteggSwift-t.build/DerivedSources -Xcc -DSWIFT_PACKAGE -Xcc -DDEBUG\=1 -emit-objc-header -emit-objc-header-path /Users/admin/builder/spi-builder-workspace/.derivedData/Build/Intermediates.noindex/FronteggSwift.build/Debug-watchos/FronteggSwift-t.build/Objects-normal/arm64/FronteggSwift-Swift.h -working-directory /Users/admin/builder/spi-builder-workspace/.swiftpm/xcode -experimental-emit-module-separately -disable-cmo
/Users/admin/builder/spi-builder-workspace/Sources/FronteggSwift/FronteggAuth.swift:9:8: error: Unable to resolve module dependency: 'WebKit' (in target 'FronteggSwift' from project 'FronteggSwift')
note: A dependency of main module 'FronteggSwift'
/Users/admin/builder/spi-builder-workspace/Sources/FronteggSwift/admin-portal/AdminPortalBridge.swift:2:8: note: Also imported here
/Users/admin/builder/spi-builder-workspace/Sources/FronteggSwift/admin-portal/AdminPortalView.swift:14:8: note: Also imported here
/Users/admin/builder/spi-builder-workspace/Sources/FronteggSwift/admin-portal/AdminPortalWebView.swift:7:8: note: Also imported here
/Users/admin/builder/spi-builder-workspace/Sources/FronteggSwift/auth/FronteggAuth+Logout.swift:8:8: note: Also imported here
/Users/admin/builder/spi-builder-workspace/Sources/FronteggSwift/auth/FronteggAuth+SessionRestore.swift:8:8: note: Also imported here
/Users/admin/builder/spi-builder-workspace/Sources/FronteggSwift/auth/FronteggAuth+SocialFlows.swift:11:8: note: Also imported here
/Users/admin/builder/spi-builder-workspace/Sources/FronteggSwift/auth/FronteggAuth+Testing.swift:8:8: note: Also imported here
/Users/admin/builder/spi-builder-workspace/Sources/FronteggSwift/authenticators/WebAuthenticator.swift:9:8: note: Also imported here
/Users/admin/builder/spi-builder-workspace/Sources/FronteggSwift/embedded/CustomWebView.swift:7:24: note: Also imported here
/Users/admin/builder/spi-builder-workspace/Sources/FronteggSwift/embedded/FronteggWKContentController.swift:9:8: note: Also imported here
/Users/admin/builder/spi-builder-workspace/Sources/FronteggSwift/embedded/FronteggWebView.swift:8:8: note: Also imported here
/Users/admin/builder/spi-builder-workspace/Sources/FronteggSwift/embedded/StepUpWebDriver.swift:8:8: note: Also imported here
/Users/admin/builder/spi-builder-workspace/Sources/FronteggSwift/services/WebSessionCookies.swift:7:8: note: Also imported here
/Users/admin/builder/spi-builder-workspace/Sources/FronteggSwift/utils/generators/SocialLoginUrlGenerator.swift:12:8: note: Also imported here
/Users/admin/builder/spi-builder-workspace/Sources/FronteggSwift/FronteggAuth.swift:9:8: note: A dependency of main module 'FronteggSwift'
import WebKit
^ (in target 'FronteggSwift' from project 'FronteggSwift')
/Users/admin/builder/spi-builder-workspace/Sources/FronteggSwift/admin-portal/AdminPortalBridge.swift:2:8: note: Also imported here
import WebKit
^ (in target 'FronteggSwift' from project 'FronteggSwift')
/Users/admin/builder/spi-builder-workspace/Sources/FronteggSwift/admin-portal/AdminPortalView.swift:14:8: note: Also imported here
import WebKit
^ (in target 'FronteggSwift' from project 'FronteggSwift')
/Users/admin/builder/spi-builder-workspace/Sources/FronteggSwift/admin-portal/AdminPortalWebView.swift:7:8: note: Also imported here
import WebKit
^ (in target 'FronteggSwift' from project 'FronteggSwift')
/Users/admin/builder/spi-builder-workspace/Sources/FronteggSwift/auth/FronteggAuth+Logout.swift:8:8: note: Also imported here
import WebKit
^ (in target 'FronteggSwift' from project 'FronteggSwift')
/Users/admin/builder/spi-builder-workspace/Sources/FronteggSwift/auth/FronteggAuth+SessionRestore.swift:8:8: note: Also imported here
import WebKit
^ (in target 'FronteggSwift' from project 'FronteggSwift')
/Users/admin/builder/spi-builder-workspace/Sources/FronteggSwift/auth/FronteggAuth+SocialFlows.swift:11:8: note: Also imported here
import WebKit
^ (in target 'FronteggSwift' from project 'FronteggSwift')
/Users/admin/builder/spi-builder-workspace/Sources/FronteggSwift/auth/FronteggAuth+Testing.swift:8:8: note: Also imported here
import WebKit
^ (in target 'FronteggSwift' from project 'FronteggSwift')
/Users/admin/builder/spi-builder-workspace/Sources/FronteggSwift/authenticators/WebAuthenticator.swift:9:8: note: Also imported here
import WebKit
^ (in target 'FronteggSwift' from project 'FronteggSwift')
/Users/admin/builder/spi-builder-workspace/Sources/FronteggSwift/embedded/CustomWebView.swift:7:24: note: Also imported here
@preconcurrency import WebKit
^ (in target 'FronteggSwift' from project 'FronteggSwift')
/Users/admin/builder/spi-builder-workspace/Sources/FronteggSwift/embedded/FronteggWKContentController.swift:9:8: note: Also imported here
import WebKit
^ (in target 'FronteggSwift' from project 'FronteggSwift')
/Users/admin/builder/spi-builder-workspace/Sources/FronteggSwift/embedded/FronteggWebView.swift:8:8: note: Also imported here
import WebKit
^ (in target 'FronteggSwift' from project 'FronteggSwift')
/Users/admin/builder/spi-builder-workspace/Sources/FronteggSwift/embedded/StepUpWebDriver.swift:8:8: note: Also imported here
import WebKit
^ (in target 'FronteggSwift' from project 'FronteggSwift')
/Users/admin/builder/spi-builder-workspace/Sources/FronteggSwift/services/WebSessionCookies.swift:7:8: note: Also imported here
import WebKit
^ (in target 'FronteggSwift' from project 'FronteggSwift')
/Users/admin/builder/spi-builder-workspace/Sources/FronteggSwift/utils/generators/SocialLoginUrlGenerator.swift:12:8: note: Also imported here
import WebKit
^ (in target 'FronteggSwift' from project 'FronteggSwift')
SwiftDriver FronteggSwift normal arm64_32 com.apple.xcode.tools.swift.compiler (in target 'FronteggSwift' from project 'FronteggSwift')
cd /Users/admin/builder/spi-builder-workspace/.swiftpm/xcode
builtin-SwiftDriver -- /Applications/Xcode-27.0.0.app/Contents/Developer/Toolchains/XcodeDefault.xctoolchain/usr/bin/swiftc -parse-as-library -module-name FronteggSwift -Onone @/Users/admin/builder/spi-builder-workspace/.derivedData/Build/Intermediates.noindex/FronteggSwift.build/Debug-watchos/FronteggSwift-t.build/Objects-normal/arm64_32/FronteggSwift.SwiftFileList -DSWIFT_PACKAGE -DDEBUG -DSWIFT_MODULE_RESOURCE_BUNDLE_AVAILABLE -DXcode -plugin-path /Applications/Xcode-27.0.0.app/Contents/Developer/Toolchains/XcodeDefault.xctoolchain/usr/lib/swift/host/plugins/testing -enable-experimental-feature DebugDescriptionMacro -sdk /Applications/Xcode-27.0.0.app/Contents/Developer/Platforms/WatchOS.platform/Developer/SDKs/WatchOS27.0.sdk -target arm64_32-apple-watchos9.0 -g -module-cache-path /Users/admin/builder/spi-builder-workspace/.derivedData/ModuleCache.noindex -Xfrontend -serialize-debugging-options -profile-coverage-mapping -profile-generate -enable-testing -index-store-path /Users/admin/builder/spi-builder-workspace/.derivedData/Index.noindex/DataStore -Xcc -D_LIBCPP_HARDENING_MODE\=_LIBCPP_HARDENING_MODE_DEBUG -swift-version 5 -I /Users/admin/builder/spi-builder-workspace/.derivedData/Build/Products/Debug-watchos -Isystem /Applications/Xcode-27.0.0.app/Contents/Developer/Platforms/WatchOS.platform/Developer/usr/lib -F /Users/admin/builder/spi-builder-workspace/.derivedData/Build/Products/Debug-watchos/PackageFrameworks -F /Users/admin/builder/spi-builder-workspace/.derivedData/Build/Products/Debug-watchos -F /Applications/Xcode-27.0.0.app/Contents/Developer/Platforms/WatchOS.platform/Developer/Library/Frameworks -F /Applications/Xcode-27.0.0.app/Contents/Developer/Platforms/WatchOS.platform/Developer/SDKs/WatchOS27.0.sdk/Developer/Library/Frameworks -c -j10 -enable-batch-mode -incremental -Xcc -ivfsstatcache -Xcc /Users/admin/builder/spi-builder-workspace/.derivedData/SDKStatCaches.noindex/watchos27.0-24R360-e829b21a6f8c9b70876ba0858053c044b9db9bc9c079ee3c7b5f3373b13d10bc.sdkstatcache -output-file-map /Users/admin/builder/spi-builder-workspace/.derivedData/Build/Intermediates.noindex/FronteggSwift.build/Debug-watchos/FronteggSwift-t.build/Objects-normal/arm64_32/FronteggSwift-OutputFileMap.json -save-temps -no-color-diagnostics -explicit-module-build -module-cache-path /Users/admin/builder/spi-builder-workspace/.derivedData/Build/Intermediates.noindex/SwiftExplicitPrecompiledModules -clang-scanner-module-cache-path /Users/admin/builder/spi-builder-workspace/.derivedData/ModuleCache.noindex -sdk-module-cache-path /Users/admin/builder/spi-builder-workspace/.derivedData/SDKExplicitPrecompiledModules -emit-dependencies -emit-module -emit-module-path /Users/admin/builder/spi-builder-workspace/.derivedData/Build/Intermediates.noindex/FronteggSwift.build/Debug-watchos/FronteggSwift-t.build/Objects-normal/arm64_32/FronteggSwift.swiftmodule -serialize-diagnostics -dependency-scan-serialize-diagnostics-path /Users/admin/builder/spi-builder-workspace/.derivedData/Build/Intermediates.noindex/FronteggSwift.build/Debug-watchos/FronteggSwift-t.build/Objects-normal/arm64_32/FronteggSwift-dependency-scan.dia -validate-clang-modules-once -clang-build-session-file /Users/admin/builder/spi-builder-workspace/.derivedData/ModuleCache.noindex/Session.modulevalidation -Xcc -fmodules-prune-interval\=86400 -Xcc -fmodules-prune-after\=345600 -emit-const-values -const-gather-protocols-list /Users/admin/builder/spi-builder-workspace/.derivedData/Build/Intermediates.noindex/FronteggSwift.build/Debug-watchos/FronteggSwift-t.build/Objects-normal/arm64_32/FronteggSwift_const_extract_protocols.json -Xcc -I/Users/admin/builder/spi-builder-workspace/.derivedData/Build/Products/Debug-watchos/include -Xcc -I/Users/admin/builder/spi-builder-workspace/.derivedData/Build/Intermediates.noindex/FronteggSwift.build/Debug-watchos/FronteggSwift-t.build/DerivedSources-normal/arm64_32 -Xcc -I/Users/admin/builder/spi-builder-workspace/.derivedData/Build/Intermediates.noindex/FronteggSwift.build/Debug-watchos/FronteggSwift-t.build/DerivedSources/arm64_32 -Xcc -I/Users/admin/builder/spi-builder-workspace/.derivedData/Build/Intermediates.noindex/FronteggSwift.build/Debug-watchos/FronteggSwift-t.build/DerivedSources -Xcc -DSWIFT_PACKAGE -Xcc -DDEBUG\=1 -emit-objc-header -emit-objc-header-path /Users/admin/builder/spi-builder-workspace/.derivedData/Build/Intermediates.noindex/FronteggSwift.build/Debug-watchos/FronteggSwift-t.build/Objects-normal/arm64_32/FronteggSwift-Swift.h -working-directory /Users/admin/builder/spi-builder-workspace/.swiftpm/xcode -experimental-emit-module-separately -disable-cmo
/Users/admin/builder/spi-builder-workspace/Sources/FronteggSwift/FronteggAuth.swift:9:8: error: Unable to resolve module dependency: 'WebKit' (in target 'FronteggSwift' from project 'FronteggSwift')
note: A dependency of main module 'FronteggSwift'
/Users/admin/builder/spi-builder-workspace/Sources/FronteggSwift/admin-portal/AdminPortalBridge.swift:2:8: note: Also imported here
/Users/admin/builder/spi-builder-workspace/Sources/FronteggSwift/admin-portal/AdminPortalView.swift:14:8: note: Also imported here
/Users/admin/builder/spi-builder-workspace/Sources/FronteggSwift/admin-portal/AdminPortalWebView.swift:7:8: note: Also imported here
/Users/admin/builder/spi-builder-workspace/Sources/FronteggSwift/auth/FronteggAuth+Logout.swift:8:8: note: Also imported here
/Users/admin/builder/spi-builder-workspace/Sources/FronteggSwift/auth/FronteggAuth+SessionRestore.swift:8:8: note: Also imported here
/Users/admin/builder/spi-builder-workspace/Sources/FronteggSwift/auth/FronteggAuth+SocialFlows.swift:11:8: note: Also imported here
/Users/admin/builder/spi-builder-workspace/Sources/FronteggSwift/auth/FronteggAuth+Testing.swift:8:8: note: Also imported here
/Users/admin/builder/spi-builder-workspace/Sources/FronteggSwift/authenticators/WebAuthenticator.swift:9:8: note: Also imported here
/Users/admin/builder/spi-builder-workspace/Sources/FronteggSwift/embedded/CustomWebView.swift:7:24: note: Also imported here
/Users/admin/builder/spi-builder-workspace/Sources/FronteggSwift/embedded/FronteggWKContentController.swift:9:8: note: Also imported here
/Users/admin/builder/spi-builder-workspace/Sources/FronteggSwift/embedded/FronteggWebView.swift:8:8: note: Also imported here
/Users/admin/builder/spi-builder-workspace/Sources/FronteggSwift/embedded/StepUpWebDriver.swift:8:8: note: Also imported here
/Users/admin/builder/spi-builder-workspace/Sources/FronteggSwift/services/WebSessionCookies.swift:7:8: note: Also imported here
/Users/admin/builder/spi-builder-workspace/Sources/FronteggSwift/utils/generators/SocialLoginUrlGenerator.swift:12:8: note: Also imported here
/Users/admin/builder/spi-builder-workspace/Sources/FronteggSwift/FronteggAuth.swift:9:8: note: A dependency of main module 'FronteggSwift'
import WebKit
^ (in target 'FronteggSwift' from project 'FronteggSwift')
/Users/admin/builder/spi-builder-workspace/Sources/FronteggSwift/admin-portal/AdminPortalBridge.swift:2:8: note: Also imported here
import WebKit
^ (in target 'FronteggSwift' from project 'FronteggSwift')
/Users/admin/builder/spi-builder-workspace/Sources/FronteggSwift/admin-portal/AdminPortalView.swift:14:8: note: Also imported here
import WebKit
^ (in target 'FronteggSwift' from project 'FronteggSwift')
/Users/admin/builder/spi-builder-workspace/Sources/FronteggSwift/admin-portal/AdminPortalWebView.swift:7:8: note: Also imported here
import WebKit
^ (in target 'FronteggSwift' from project 'FronteggSwift')
/Users/admin/builder/spi-builder-workspace/Sources/FronteggSwift/auth/FronteggAuth+Logout.swift:8:8: note: Also imported here
import WebKit
^ (in target 'FronteggSwift' from project 'FronteggSwift')
/Users/admin/builder/spi-builder-workspace/Sources/FronteggSwift/auth/FronteggAuth+SessionRestore.swift:8:8: note: Also imported here
import WebKit
^ (in target 'FronteggSwift' from project 'FronteggSwift')
/Users/admin/builder/spi-builder-workspace/Sources/FronteggSwift/auth/FronteggAuth+SocialFlows.swift:11:8: note: Also imported here
import WebKit
^ (in target 'FronteggSwift' from project 'FronteggSwift')
/Users/admin/builder/spi-builder-workspace/Sources/FronteggSwift/auth/FronteggAuth+Testing.swift:8:8: note: Also imported here
import WebKit
^ (in target 'FronteggSwift' from project 'FronteggSwift')
/Users/admin/builder/spi-builder-workspace/Sources/FronteggSwift/authenticators/WebAuthenticator.swift:9:8: note: Also imported here
import WebKit
^ (in target 'FronteggSwift' from project 'FronteggSwift')
/Users/admin/builder/spi-builder-workspace/Sources/FronteggSwift/embedded/CustomWebView.swift:7:24: note: Also imported here
@preconcurrency import WebKit
^ (in target 'FronteggSwift' from project 'FronteggSwift')
/Users/admin/builder/spi-builder-workspace/Sources/FronteggSwift/embedded/FronteggWKContentController.swift:9:8: note: Also imported here
import WebKit
^ (in target 'FronteggSwift' from project 'FronteggSwift')
/Users/admin/builder/spi-builder-workspace/Sources/FronteggSwift/embedded/FronteggWebView.swift:8:8: note: Also imported here
import WebKit
^ (in target 'FronteggSwift' from project 'FronteggSwift')
/Users/admin/builder/spi-builder-workspace/Sources/FronteggSwift/embedded/StepUpWebDriver.swift:8:8: note: Also imported here
import WebKit
^ (in target 'FronteggSwift' from project 'FronteggSwift')
/Users/admin/builder/spi-builder-workspace/Sources/FronteggSwift/services/WebSessionCookies.swift:7:8: note: Also imported here
import WebKit
^ (in target 'FronteggSwift' from project 'FronteggSwift')
/Users/admin/builder/spi-builder-workspace/Sources/FronteggSwift/utils/generators/SocialLoginUrlGenerator.swift:12:8: note: Also imported here
import WebKit
^ (in target 'FronteggSwift' from project 'FronteggSwift')
PruneExplicitPrecompiledModules /Users/admin/builder/spi-builder-workspace/.derivedData/Build/Intermediates.noindex/SwiftExplicitPrecompiledModules
PruneExplicitPrecompiledModules /Users/admin/builder/spi-builder-workspace/.derivedData/SDKExplicitPrecompiledModules
PruneExplicitPrecompiledModules /Users/admin/builder/spi-builder-workspace/.derivedData/Build/Intermediates.noindex/ExplicitPrecompiledModules
2026-10-14 01:35:01.872 xcodebuild[947:5822] [MT] IDERunDestination: Supported platforms for the buildables in the current scheme is empty.
** BUILD FAILED **
The following build commands failed:
SwiftDriver FronteggSwift normal arm64 com.apple.xcode.tools.swift.compiler (in target 'FronteggSwift' from project 'FronteggSwift')
SwiftDriver FronteggSwift normal arm64_32 com.apple.xcode.tools.swift.compiler (in target 'FronteggSwift' from project 'FronteggSwift')
Building workspace FronteggSwift with scheme FronteggSwift
(3 failures)
BUILD FAILURE 6.4 watchOS